[INFO] fetching crate chrono-wasi 0.4.10...
[INFO] testing chrono-wasi-0.4.10 against 1.54.0 for beta-1.55-1
[INFO] extracting crate chrono-wasi 0.4.10 into /workspace/builds/worker-12/source
[INFO] validating manifest of crates.io crate chrono-wasi 0.4.10 on toolchain 1.54.0
[INFO] running `Command { std: "/workspace/cargo-home/bin/cargo" "+1.54.0" "metadata" "--manifest-path" "Cargo.toml" "--no-deps", kill_on_drop: false }`
[INFO] started tweaking crates.io crate chrono-wasi 0.4.10
[INFO] finished tweaking crates.io crate chrono-wasi 0.4.10
[INFO] tweaked toml for crates.io crate chrono-wasi 0.4.10 written to /workspace/builds/worker-12/source/Cargo.toml
[INFO] running `Command { std: "/workspace/cargo-home/bin/cargo" "+1.54.0" "generate-lockfile" "--manifest-path" "Cargo.toml" "-Zno-index-update", kill_on_drop: false }`
[INFO] running `Command { std: "/workspace/cargo-home/bin/cargo" "+1.54.0" "fetch" "--manifest-path" "Cargo.toml", kill_on_drop: false }`
[INFO] running `Command { std: "docker" "create" "-v" "/var/lib/crater-agent-workspace/builds/worker-12/target:/opt/rustwide/target:rw,Z" "-v" "/var/lib/crater-agent-workspace/builds/worker-12/source:/opt/rustwide/workdir:ro,Z" "-v" "/var/lib/crater-agent-workspace/cargo-home:/opt/rustwide/cargo-home:ro,Z" "-v" "/var/lib/crater-agent-workspace/rustup-home:/opt/rustwide/rustup-home:ro,Z" "-e" "SOURCE_DIR=/opt/rustwide/workdir" "-e" "CARGO_TARGET_DIR=/opt/rustwide/target" "-e" "CARGO_HOME=/opt/rustwide/cargo-home" "-e" "RUSTUP_HOME=/opt/rustwide/rustup-home" "-w" "/opt/rustwide/workdir" "-m" "1610612736" "--user" "0:0" "--network" "none" "ghcr.io/rust-lang/crates-build-env/linux@sha256:34b6a614d2c27851fe6cbf88fbd1137609cefab8b10d0615aaeb6fd47975d74e" "/opt/rustwide/cargo-home/bin/cargo" "+1.54.0" "metadata" "--no-deps" "--format-version=1", kill_on_drop: false }`
[INFO] [stderr] WARNING: Your kernel does not support swap limit capabilities or the cgroup is not mounted. Memory limited without swap.
[INFO] [stdout] 09ef11180b4c54117bb83029e594c2b57181f3f860e7614d811904ae4c70243f
[INFO] running `Command { std: "docker" "start" "-a" "09ef11180b4c54117bb83029e594c2b57181f3f860e7614d811904ae4c70243f", kill_on_drop: false }`
[INFO] running `Command { std: "docker" "inspect" "09ef11180b4c54117bb83029e594c2b57181f3f860e7614d811904ae4c70243f", kill_on_drop: false }`
[INFO] running `Command { std: "docker" "rm" "-f" "09ef11180b4c54117bb83029e594c2b57181f3f860e7614d811904ae4c70243f", kill_on_drop: false }`
[INFO] [stdout] 09ef11180b4c54117bb83029e594c2b57181f3f860e7614d811904ae4c70243f
[INFO] running `Command { std: "docker" "create" "-v" "/var/lib/crater-agent-workspace/builds/worker-12/target:/opt/rustwide/target:rw,Z" "-v" "/var/lib/crater-agent-workspace/builds/worker-12/source:/opt/rustwide/workdir:ro,Z" "-v" "/var/lib/crater-agent-workspace/cargo-home:/opt/rustwide/cargo-home:ro,Z" "-v" "/var/lib/crater-agent-workspace/rustup-home:/opt/rustwide/rustup-home:ro,Z" "-e" "SOURCE_DIR=/opt/rustwide/workdir" "-e" "CARGO_TARGET_DIR=/opt/rustwide/target" "-e" "CARGO_INCREMENTAL=0" "-e" "RUST_BACKTRACE=full" "-e" "RUSTFLAGS=--cap-lints=warn" "-e" "CARGO_HOME=/opt/rustwide/cargo-home" "-e" "RUSTUP_HOME=/opt/rustwide/rustup-home" "-w" "/opt/rustwide/workdir" "-m" "1610612736" "--user" "0:0" "--network" "none" "ghcr.io/rust-lang/crates-build-env/linux@sha256:34b6a614d2c27851fe6cbf88fbd1137609cefab8b10d0615aaeb6fd47975d74e" "/opt/rustwide/cargo-home/bin/cargo" "+1.54.0" "build" "--frozen" "--message-format=json", kill_on_drop: false }`
[INFO] [stdout] 0fb9e799322006ec31d832b3384ae4fd2ab260b6e80986f03e41d7d9f8a4071d
[INFO] [stderr] WARNING: Your kernel does not support swap limit capabilities or the cgroup is not mounted. Memory limited without swap.
[INFO] running `Command { std: "docker" "start" "-a" "0fb9e799322006ec31d832b3384ae4fd2ab260b6e80986f03e41d7d9f8a4071d", kill_on_drop: false }`
[INFO] [stderr]    Compiling num-integer v0.1.44
[INFO] [stderr]    Compiling chrono-wasi v0.4.10 (/opt/rustwide/workdir)
[INFO] [stdout] warning: unnecessary parentheses around block return value
[INFO] [stdout]    --> src/format/parsed.rs:348:13
[INFO] [stdout]     |
[INFO] [stdout] 348 | /             (self.year.unwrap_or(year) == year &&
[INFO] [stdout] 349 | |              self.year_div_100.or(year_div_100) == year_div_100 &&
[INFO] [stdout] 350 | |              self.year_mod_100.or(year_mod_100) == year_mod_100 &&
[INFO] [stdout] 351 | |              self.month.unwrap_or(month) == month &&
[INFO] [stdout] 352 | |              self.day.unwrap_or(day) == day)
[INFO] [stdout]     | |____________________________________________^
[INFO] [stdout]     |
[INFO] [stdout]     = note: `#[warn(unused_parens)]` on by default
[INFO] [stdout] help: remove these parentheses
[INFO] [stdout]     |
[INFO] [stdout] 348 |             self.year.unwrap_or(year) == year &&
[INFO] [stdout] 349 |              self.year_div_100.or(year_div_100) == year_div_100 &&
[INFO] [stdout] 350 |              self.year_mod_100.or(year_mod_100) == year_mod_100 &&
[INFO] [stdout] 351 |              self.month.unwrap_or(month) == month &&
[INFO] [stdout] 352 |              self.day.unwrap_or(day) == day
[INFO] [stdout]     |
[INFO] [stdout] 
[INFO] [stdout] 
[INFO] [stdout] warning: unnecessary parentheses around block return value
[INFO] [stdout]    --> src/format/parsed.rs:367:13
[INFO] [stdout]     |
[INFO] [stdout] 367 | /             (self.isoyear.unwrap_or(isoyear) == isoyear &&
[INFO] [stdout] 368 | |              self.isoyear_div_100.or(isoyear_div_100) == isoyear_div_100 &&
[INFO] [stdout] 369 | |              self.isoyear_mod_100.or(isoyear_mod_100) == isoyear_mod_100 &&
[INFO] [stdout] 370 | |              self.isoweek.unwrap_or(isoweek) == isoweek &&
[INFO] [stdout] 371 | |              self.weekday.unwrap_or(weekday) == weekday)
[INFO] [stdout]     | |________________________________________________________^
[INFO] [stdout]     |
[INFO] [stdout] help: remove these parentheses
[INFO] [stdout]     |
[INFO] [stdout] 367 |             self.isoyear.unwrap_or(isoyear) == isoyear &&
[INFO] [stdout] 368 |              self.isoyear_div_100.or(isoyear_div_100) == isoyear_div_100 &&
[INFO] [stdout] 369 |              self.isoyear_mod_100.or(isoyear_mod_100) == isoyear_mod_100 &&
[INFO] [stdout] 370 |              self.isoweek.unwrap_or(isoweek) == isoweek &&
[INFO] [stdout] 371 |              self.weekday.unwrap_or(weekday) == weekday
[INFO] [stdout]     |
[INFO] [stdout] 
[INFO] [stdout] 
[INFO] [stdout] warning: unnecessary parentheses around block return value
[INFO] [stdout]    --> src/format/parsed.rs:380:13
[INFO] [stdout]     |
[INFO] [stdout] 380 | /             (self.ordinal.unwrap_or(ordinal) == ordinal &&
[INFO] [stdout] 381 | |              self.week_from_sun.map_or(week_from_sun, |v| v as i32) == week_from_sun &&
[INFO] [stdout] 382 | |              self.week_from_mon.map_or(week_from_mon, |v| v as i32) == week_from_mon)
[INFO] [stdout]     | |_____________________________________________________________________________________^
[INFO] [stdout]     |
[INFO] [stdout] help: remove these parentheses
[INFO] [stdout]     |
[INFO] [stdout] 380 |             self.ordinal.unwrap_or(ordinal) == ordinal &&
[INFO] [stdout] 381 |              self.week_from_sun.map_or(week_from_sun, |v| v as i32) == week_from_sun &&
[INFO] [stdout] 382 |              self.week_from_mon.map_or(week_from_mon, |v| v as i32) == week_from_mon
[INFO] [stdout]     |
[INFO] [stdout] 
[INFO] [stdout] 
[INFO] [stdout] warning: this attribute can only be applied at the crate level
[INFO] [stdout]   --> src/time/mod.rs:17:8
[INFO] [stdout]    |
[INFO] [stdout] 17 | #![doc(html_logo_url = "https://www.rust-lang.org/logos/rust-logo-128x128-blk-v2.png",
[INFO] [stdout]    |        ^^^^^^^^^^^^^^^^^^^^^^^^^^^^^^^^^^^^^^^^^^^^^^^^^^^^^^^^^^^^^^^^^^^^^^^^^^^^^^
[INFO] [stdout]    |
[INFO] [stdout]    = note: `#[warn(invalid_doc_attributes)]` on by default
[INFO] [stdout]    = warning: this was previously accepted by the compiler but is being phased out; it will become a hard error in a future release!
[INFO] [stdout]    = note: for more information, see issue #82730 <https://github.com/rust-lang/rust/issues/82730>
[INFO] [stdout]    = note: read https://doc.rust-lang.org/nightly/rustdoc/the-doc-attribute.html#at-the-crate-level for more information
[INFO] [stdout] 
[INFO] [stdout] 
[INFO] [stdout] warning: this attribute can only be applied at the crate level
[INFO] [stdout]   --> src/time/mod.rs:18:8
[INFO] [stdout]    |
[INFO] [stdout] 18 |        html_favicon_url = "https://www.rust-lang.org/favicon.ico",
[INFO] [stdout]    |        ^^^^^^^^^^^^^^^^^^^^^^^^^^^^^^^^^^^^^^^^^^^^^^^^^^^^^^^^^^
[INFO] [stdout]    |
[INFO] [stdout]    = warning: this was previously accepted by the compiler but is being phased out; it will become a hard error in a future release!
[INFO] [stdout]    = note: for more information, see issue #82730 <https://github.com/rust-lang/rust/issues/82730>
[INFO] [stdout]    = note: read https://doc.rust-lang.org/nightly/rustdoc/the-doc-attribute.html#at-the-crate-level for more information
[INFO] [stdout] 
[INFO] [stdout] 
[INFO] [stdout] warning: this attribute can only be applied at the crate level
[INFO] [stdout]   --> src/time/mod.rs:19:8
[INFO] [stdout]    |
[INFO] [stdout] 19 |        html_root_url = "https://doc.rust-lang.org/time/")]
[INFO] [stdout]    |        ^^^^^^^^^^^^^^^^^^^^^^^^^^^^^^^^^^^^^^^^^^^^^^^^^
[INFO] [stdout]    |
[INFO] [stdout]    = warning: this was previously accepted by the compiler but is being phased out; it will become a hard error in a future release!
[INFO] [stdout]    = note: for more information, see issue #82730 <https://github.com/rust-lang/rust/issues/82730>
[INFO] [stdout]    = note: read https://doc.rust-lang.org/nightly/rustdoc/the-doc-attribute.html#at-the-crate-level for more information
[INFO] [stdout] 
[INFO] [stdout] 
[INFO] [stdout] warning: use of deprecated associated function `std::error::Error::description`: use the Display impl or to_string()
[INFO] [stdout]    --> src/time/mod.rs:540:43
[INFO] [stdout]     |
[INFO] [stdout] 540 |                 write!(f, "{}: %{}", self.description(), ch)
[INFO] [stdout]     |                                           ^^^^^^^^^^^
[INFO] [stdout]     |
[INFO] [stdout]     = note: `#[warn(deprecated)]` on by default
[INFO] [stdout] 
[INFO] [stdout] 
[INFO] [stdout] warning: use of deprecated associated function `std::error::Error::description`: use the Display impl or to_string()
[INFO] [stdout]    --> src/time/mod.rs:545:39
[INFO] [stdout]     |
[INFO] [stdout] 545 |             _ => write!(f, "{}", self.description())
[INFO] [stdout]     |                                       ^^^^^^^^^^^
[INFO] [stdout] 
[INFO] [stdout] 
[INFO] [stdout] warning: use of deprecated associated function `std::error::Error::description`: use the Display impl or to_string()
[INFO] [stdout]    --> src/time/duration.rs:405:30
[INFO] [stdout]     |
[INFO] [stdout] 405 |         write!(f, "{}", self.description())
[INFO] [stdout]     |                              ^^^^^^^^^^^
[INFO] [stdout] 
[INFO] [stdout] 
[INFO] [stdout] warning: 9 warnings emitted
[INFO] [stdout] 
[INFO] [stdout] 
[INFO] [stderr]     Finished dev [unoptimized + debuginfo] target(s) in 4.29s
[INFO] running `Command { std: "docker" "inspect" "0fb9e799322006ec31d832b3384ae4fd2ab260b6e80986f03e41d7d9f8a4071d", kill_on_drop: false }`
[INFO] running `Command { std: "docker" "rm" "-f" "0fb9e799322006ec31d832b3384ae4fd2ab260b6e80986f03e41d7d9f8a4071d", kill_on_drop: false }`
[INFO] [stdout] 0fb9e799322006ec31d832b3384ae4fd2ab260b6e80986f03e41d7d9f8a4071d
[INFO] running `Command { std: "docker" "create" "-v" "/var/lib/crater-agent-workspace/builds/worker-12/target:/opt/rustwide/target:rw,Z" "-v" "/var/lib/crater-agent-workspace/builds/worker-12/source:/opt/rustwide/workdir:ro,Z" "-v" "/var/lib/crater-agent-workspace/cargo-home:/opt/rustwide/cargo-home:ro,Z" "-v" "/var/lib/crater-agent-workspace/rustup-home:/opt/rustwide/rustup-home:ro,Z" "-e" "SOURCE_DIR=/opt/rustwide/workdir" "-e" "CARGO_TARGET_DIR=/opt/rustwide/target" "-e" "CARGO_INCREMENTAL=0" "-e" "RUST_BACKTRACE=full" "-e" "RUSTFLAGS=--cap-lints=warn" "-e" "CARGO_HOME=/opt/rustwide/cargo-home" "-e" "RUSTUP_HOME=/opt/rustwide/rustup-home" "-w" "/opt/rustwide/workdir" "-m" "1610612736" "--user" "0:0" "--network" "none" "ghcr.io/rust-lang/crates-build-env/linux@sha256:34b6a614d2c27851fe6cbf88fbd1137609cefab8b10d0615aaeb6fd47975d74e" "/opt/rustwide/cargo-home/bin/cargo" "+1.54.0" "test" "--frozen" "--no-run" "--message-format=json", kill_on_drop: false }`
[INFO] [stderr] WARNING: Your kernel does not support swap limit capabilities or the cgroup is not mounted. Memory limited without swap.
[INFO] [stdout] 8b15763877f1b9a0b51fecbef55afa6227c4fab2462f135adaeebe34c5544e24
[INFO] running `Command { std: "docker" "start" "-a" "8b15763877f1b9a0b51fecbef55afa6227c4fab2462f135adaeebe34c5544e24", kill_on_drop: false }`
[INFO] [stderr]    Compiling num-iter v0.1.42
[INFO] [stderr]    Compiling bincode v0.8.0
[INFO] [stdout] warning: unnecessary parentheses around block return value
[INFO] [stdout]    --> src/format/parsed.rs:348:13
[INFO] [stdout]     |
[INFO] [stdout] 348 | /             (self.year.unwrap_or(year) == year &&
[INFO] [stdout] 349 | |              self.year_div_100.or(year_div_100) == year_div_100 &&
[INFO] [stdout] 350 | |              self.year_mod_100.or(year_mod_100) == year_mod_100 &&
[INFO] [stdout] 351 | |              self.month.unwrap_or(month) == month &&
[INFO] [stdout] 352 | |              self.day.unwrap_or(day) == day)
[INFO] [stdout]     | |____________________________________________^
[INFO] [stdout]     |
[INFO] [stdout]     = note: `#[warn(unused_parens)]` on by default
[INFO] [stdout] help: remove these parentheses
[INFO] [stdout]     |
[INFO] [stdout] 348 |             self.year.unwrap_or(year) == year &&
[INFO] [stdout] 349 |              self.year_div_100.or(year_div_100) == year_div_100 &&
[INFO] [stdout] 350 |              self.year_mod_100.or(year_mod_100) == year_mod_100 &&
[INFO] [stdout] 351 |              self.month.unwrap_or(month) == month &&
[INFO] [stdout] 352 |              self.day.unwrap_or(day) == day
[INFO] [stdout]     |
[INFO] [stdout] 
[INFO] [stdout] 
[INFO] [stdout] warning: unnecessary parentheses around block return value
[INFO] [stdout]    --> src/format/parsed.rs:367:13
[INFO] [stdout]     |
[INFO] [stdout] 367 | /             (self.isoyear.unwrap_or(isoyear) == isoyear &&
[INFO] [stdout] 368 | |              self.isoyear_div_100.or(isoyear_div_100) == isoyear_div_100 &&
[INFO] [stdout] 369 | |              self.isoyear_mod_100.or(isoyear_mod_100) == isoyear_mod_100 &&
[INFO] [stdout] 370 | |              self.isoweek.unwrap_or(isoweek) == isoweek &&
[INFO] [stdout] 371 | |              self.weekday.unwrap_or(weekday) == weekday)
[INFO] [stdout]     | |________________________________________________________^
[INFO] [stdout]     |
[INFO] [stdout] help: remove these parentheses
[INFO] [stdout]     |
[INFO] [stdout] 367 |             self.isoyear.unwrap_or(isoyear) == isoyear &&
[INFO] [stdout] 368 |              self.isoyear_div_100.or(isoyear_div_100) == isoyear_div_100 &&
[INFO] [stdout] 369 |              self.isoyear_mod_100.or(isoyear_mod_100) == isoyear_mod_100 &&
[INFO] [stdout] 370 |              self.isoweek.unwrap_or(isoweek) == isoweek &&
[INFO] [stdout] 371 |              self.weekday.unwrap_or(weekday) == weekday
[INFO] [stdout]     |
[INFO] [stdout] 
[INFO] [stdout] 
[INFO] [stdout] warning: unnecessary parentheses around block return value
[INFO] [stdout]    --> src/format/parsed.rs:380:13
[INFO] [stdout]     |
[INFO] [stdout] 380 | /             (self.ordinal.unwrap_or(ordinal) == ordinal &&
[INFO] [stdout] 381 | |              self.week_from_sun.map_or(week_from_sun, |v| v as i32) == week_from_sun &&
[INFO] [stdout] 382 | |              self.week_from_mon.map_or(week_from_mon, |v| v as i32) == week_from_mon)
[INFO] [stdout]     | |_____________________________________________________________________________________^
[INFO] [stdout]     |
[INFO] [stdout] help: remove these parentheses
[INFO] [stdout]     |
[INFO] [stdout] 380 |             self.ordinal.unwrap_or(ordinal) == ordinal &&
[INFO] [stdout] 381 |              self.week_from_sun.map_or(week_from_sun, |v| v as i32) == week_from_sun &&
[INFO] [stdout] 382 |              self.week_from_mon.map_or(week_from_mon, |v| v as i32) == week_from_mon
[INFO] [stdout]     |
[INFO] [stdout] 
[INFO] [stdout] 
[INFO] [stdout] warning: this attribute can only be applied at the crate level
[INFO] [stdout]   --> src/time/mod.rs:17:8
[INFO] [stdout]    |
[INFO] [stdout] 17 | #![doc(html_logo_url = "https://www.rust-lang.org/logos/rust-logo-128x128-blk-v2.png",
[INFO] [stdout]    |        ^^^^^^^^^^^^^^^^^^^^^^^^^^^^^^^^^^^^^^^^^^^^^^^^^^^^^^^^^^^^^^^^^^^^^^^^^^^^^^
[INFO] [stdout]    |
[INFO] [stdout]    = note: `#[warn(invalid_doc_attributes)]` on by default
[INFO] [stdout]    = warning: this was previously accepted by the compiler but is being phased out; it will become a hard error in a future release!
[INFO] [stdout]    = note: for more information, see issue #82730 <https://github.com/rust-lang/rust/issues/82730>
[INFO] [stdout]    = note: read https://doc.rust-lang.org/nightly/rustdoc/the-doc-attribute.html#at-the-crate-level for more information
[INFO] [stdout] 
[INFO] [stdout] 
[INFO] [stdout] warning: this attribute can only be applied at the crate level
[INFO] [stdout]   --> src/time/mod.rs:18:8
[INFO] [stdout]    |
[INFO] [stdout] 18 |        html_favicon_url = "https://www.rust-lang.org/favicon.ico",
[INFO] [stdout]    |        ^^^^^^^^^^^^^^^^^^^^^^^^^^^^^^^^^^^^^^^^^^^^^^^^^^^^^^^^^^
[INFO] [stdout]    |
[INFO] [stdout]    = warning: this was previously accepted by the compiler but is being phased out; it will become a hard error in a future release!
[INFO] [stdout]    = note: for more information, see issue #82730 <https://github.com/rust-lang/rust/issues/82730>
[INFO] [stdout]    = note: read https://doc.rust-lang.org/nightly/rustdoc/the-doc-attribute.html#at-the-crate-level for more information
[INFO] [stdout] 
[INFO] [stdout] 
[INFO] [stdout] warning: this attribute can only be applied at the crate level
[INFO] [stdout]   --> src/time/mod.rs:19:8
[INFO] [stdout]    |
[INFO] [stdout] 19 |        html_root_url = "https://doc.rust-lang.org/time/")]
[INFO] [stdout]    |        ^^^^^^^^^^^^^^^^^^^^^^^^^^^^^^^^^^^^^^^^^^^^^^^^^
[INFO] [stdout]    |
[INFO] [stdout]    = warning: this was previously accepted by the compiler but is being phased out; it will become a hard error in a future release!
[INFO] [stdout]    = note: for more information, see issue #82730 <https://github.com/rust-lang/rust/issues/82730>
[INFO] [stdout]    = note: read https://doc.rust-lang.org/nightly/rustdoc/the-doc-attribute.html#at-the-crate-level for more information
[INFO] [stdout] 
[INFO] [stdout] 
[INFO] [stdout] warning: use of deprecated associated function `std::error::Error::description`: use the Display impl or to_string()
[INFO] [stdout]    --> src/time/mod.rs:540:43
[INFO] [stdout]     |
[INFO] [stdout] 540 |                 write!(f, "{}: %{}", self.description(), ch)
[INFO] [stdout]     |                                           ^^^^^^^^^^^
[INFO] [stdout]     |
[INFO] [stdout]     = note: `#[warn(deprecated)]` on by default
[INFO] [stdout] 
[INFO] [stdout] 
[INFO] [stdout] warning: use of deprecated associated function `std::error::Error::description`: use the Display impl or to_string()
[INFO] [stdout]    --> src/time/mod.rs:545:39
[INFO] [stdout]     |
[INFO] [stdout] 545 |             _ => write!(f, "{}", self.description())
[INFO] [stdout]     |                                       ^^^^^^^^^^^
[INFO] [stdout] 
[INFO] [stdout] 
[INFO] [stdout] warning: use of deprecated associated function `std::error::Error::description`: use the Display impl or to_string()
[INFO] [stdout]    --> src/time/duration.rs:405:30
[INFO] [stdout]     |
[INFO] [stdout] 405 |         write!(f, "{}", self.description())
[INFO] [stdout]     |                              ^^^^^^^^^^^
[INFO] [stdout] 
[INFO] [stdout] 
[INFO] [stdout] warning: 9 warnings emitted
[INFO] [stdout] 
[INFO] [stdout] 
[INFO] [stderr]    Compiling chrono-wasi v0.4.10 (/opt/rustwide/workdir)
[INFO] [stdout] warning: unnecessary trailing semicolon
[INFO] [stdout]     --> src/naive/datetime.rs:2198:10
[INFO] [stdout]      |
[INFO] [stdout] 2198 |         };
[INFO] [stdout]      |          ^ help: remove this semicolon
[INFO] [stdout]      |
[INFO] [stdout]      = note: `#[warn(redundant_semicolons)]` on by default
[INFO] [stdout] 
[INFO] [stdout] 
[INFO] [stdout] warning: unnecessary parentheses around block return value
[INFO] [stdout]    --> src/format/parsed.rs:348:13
[INFO] [stdout]     |
[INFO] [stdout] 348 | /             (self.year.unwrap_or(year) == year &&
[INFO] [stdout] 349 | |              self.year_div_100.or(year_div_100) == year_div_100 &&
[INFO] [stdout] 350 | |              self.year_mod_100.or(year_mod_100) == year_mod_100 &&
[INFO] [stdout] 351 | |              self.month.unwrap_or(month) == month &&
[INFO] [stdout] 352 | |              self.day.unwrap_or(day) == day)
[INFO] [stdout]     | |____________________________________________^
[INFO] [stdout]     |
[INFO] [stdout]     = note: `#[warn(unused_parens)]` on by default
[INFO] [stdout] help: remove these parentheses
[INFO] [stdout]     |
[INFO] [stdout] 348 |             self.year.unwrap_or(year) == year &&
[INFO] [stdout] 349 |              self.year_div_100.or(year_div_100) == year_div_100 &&
[INFO] [stdout] 350 |              self.year_mod_100.or(year_mod_100) == year_mod_100 &&
[INFO] [stdout] 351 |              self.month.unwrap_or(month) == month &&
[INFO] [stdout] 352 |              self.day.unwrap_or(day) == day
[INFO] [stdout]     |
[INFO] [stdout] 
[INFO] [stdout] 
[INFO] [stdout] warning: unnecessary parentheses around block return value
[INFO] [stdout]    --> src/format/parsed.rs:367:13
[INFO] [stdout]     |
[INFO] [stdout] 367 | /             (self.isoyear.unwrap_or(isoyear) == isoyear &&
[INFO] [stdout] 368 | |              self.isoyear_div_100.or(isoyear_div_100) == isoyear_div_100 &&
[INFO] [stdout] 369 | |              self.isoyear_mod_100.or(isoyear_mod_100) == isoyear_mod_100 &&
[INFO] [stdout] 370 | |              self.isoweek.unwrap_or(isoweek) == isoweek &&
[INFO] [stdout] 371 | |              self.weekday.unwrap_or(weekday) == weekday)
[INFO] [stdout]     | |________________________________________________________^
[INFO] [stdout]     |
[INFO] [stdout] help: remove these parentheses
[INFO] [stdout]     |
[INFO] [stdout] 367 |             self.isoyear.unwrap_or(isoyear) == isoyear &&
[INFO] [stdout] 368 |              self.isoyear_div_100.or(isoyear_div_100) == isoyear_div_100 &&
[INFO] [stdout] 369 |              self.isoyear_mod_100.or(isoyear_mod_100) == isoyear_mod_100 &&
[INFO] [stdout] 370 |              self.isoweek.unwrap_or(isoweek) == isoweek &&
[INFO] [stdout] 371 |              self.weekday.unwrap_or(weekday) == weekday
[INFO] [stdout]     |
[INFO] [stdout] 
[INFO] [stdout] 
[INFO] [stdout] warning: unnecessary parentheses around block return value
[INFO] [stdout]    --> src/format/parsed.rs:380:13
[INFO] [stdout]     |
[INFO] [stdout] 380 | /             (self.ordinal.unwrap_or(ordinal) == ordinal &&
[INFO] [stdout] 381 | |              self.week_from_sun.map_or(week_from_sun, |v| v as i32) == week_from_sun &&
[INFO] [stdout] 382 | |              self.week_from_mon.map_or(week_from_mon, |v| v as i32) == week_from_mon)
[INFO] [stdout]     | |_____________________________________________________________________________________^
[INFO] [stdout]     |
[INFO] [stdout] help: remove these parentheses
[INFO] [stdout]     |
[INFO] [stdout] 380 |             self.ordinal.unwrap_or(ordinal) == ordinal &&
[INFO] [stdout] 381 |              self.week_from_sun.map_or(week_from_sun, |v| v as i32) == week_from_sun &&
[INFO] [stdout] 382 |              self.week_from_mon.map_or(week_from_mon, |v| v as i32) == week_from_mon
[INFO] [stdout]     |
[INFO] [stdout] 
[INFO] [stdout] 
[INFO] [stdout] warning: this attribute can only be applied at the crate level
[INFO] [stdout]   --> src/time/mod.rs:17:8
[INFO] [stdout]    |
[INFO] [stdout] 17 | #![doc(html_logo_url = "https://www.rust-lang.org/logos/rust-logo-128x128-blk-v2.png",
[INFO] [stdout]    |        ^^^^^^^^^^^^^^^^^^^^^^^^^^^^^^^^^^^^^^^^^^^^^^^^^^^^^^^^^^^^^^^^^^^^^^^^^^^^^^
[INFO] [stdout]    |
[INFO] [stdout]    = note: `#[warn(invalid_doc_attributes)]` on by default
[INFO] [stdout]    = warning: this was previously accepted by the compiler but is being phased out; it will become a hard error in a future release!
[INFO] [stdout]    = note: for more information, see issue #82730 <https://github.com/rust-lang/rust/issues/82730>
[INFO] [stdout]    = note: read https://doc.rust-lang.org/nightly/rustdoc/the-doc-attribute.html#at-the-crate-level for more information
[INFO] [stdout] 
[INFO] [stdout] 
[INFO] [stdout] warning: this attribute can only be applied at the crate level
[INFO] [stdout]   --> src/time/mod.rs:18:8
[INFO] [stdout]    |
[INFO] [stdout] 18 |        html_favicon_url = "https://www.rust-lang.org/favicon.ico",
[INFO] [stdout]    |        ^^^^^^^^^^^^^^^^^^^^^^^^^^^^^^^^^^^^^^^^^^^^^^^^^^^^^^^^^^
[INFO] [stdout]    |
[INFO] [stdout]    = warning: this was previously accepted by the compiler but is being phased out; it will become a hard error in a future release!
[INFO] [stdout]    = note: for more information, see issue #82730 <https://github.com/rust-lang/rust/issues/82730>
[INFO] [stdout]    = note: read https://doc.rust-lang.org/nightly/rustdoc/the-doc-attribute.html#at-the-crate-level for more information
[INFO] [stdout] 
[INFO] [stdout] 
[INFO] [stdout] warning: this attribute can only be applied at the crate level
[INFO] [stdout]   --> src/time/mod.rs:19:8
[INFO] [stdout]    |
[INFO] [stdout] 19 |        html_root_url = "https://doc.rust-lang.org/time/")]
[INFO] [stdout]    |        ^^^^^^^^^^^^^^^^^^^^^^^^^^^^^^^^^^^^^^^^^^^^^^^^^
[INFO] [stdout]    |
[INFO] [stdout]    = warning: this was previously accepted by the compiler but is being phased out; it will become a hard error in a future release!
[INFO] [stdout]    = note: for more information, see issue #82730 <https://github.com/rust-lang/rust/issues/82730>
[INFO] [stdout]    = note: read https://doc.rust-lang.org/nightly/rustdoc/the-doc-attribute.html#at-the-crate-level for more information
[INFO] [stdout] 
[INFO] [stdout] 
[INFO] [stdout] warning: use of deprecated associated function `std::error::Error::description`: use the Display impl or to_string()
[INFO] [stdout]    --> src/time/mod.rs:540:43
[INFO] [stdout]     |
[INFO] [stdout] 540 |                 write!(f, "{}: %{}", self.description(), ch)
[INFO] [stdout]     |                                           ^^^^^^^^^^^
[INFO] [stdout]     |
[INFO] [stdout]     = note: `#[warn(deprecated)]` on by default
[INFO] [stdout] 
[INFO] [stdout] 
[INFO] [stdout] warning: use of deprecated associated function `std::error::Error::description`: use the Display impl or to_string()
[INFO] [stdout]    --> src/time/mod.rs:545:39
[INFO] [stdout]     |
[INFO] [stdout] 545 |             _ => write!(f, "{}", self.description())
[INFO] [stdout]     |                                       ^^^^^^^^^^^
[INFO] [stdout] 
[INFO] [stdout] 
[INFO] [stdout] warning: use of deprecated associated function `std::error::Error::description`: use the Display impl or to_string()
[INFO] [stdout]    --> src/time/duration.rs:405:30
[INFO] [stdout]     |
[INFO] [stdout] 405 |         write!(f, "{}", self.description())
[INFO] [stdout]     |                              ^^^^^^^^^^^
[INFO] [stdout] 
[INFO] [stdout] 
[INFO] [stdout] warning: 10 warnings emitted
[INFO] [stdout] 
[INFO] [stdout] 
[INFO] [stderr]     Finished test [unoptimized + debuginfo] target(s) in 10.97s
[INFO] running `Command { std: "docker" "inspect" "8b15763877f1b9a0b51fecbef55afa6227c4fab2462f135adaeebe34c5544e24", kill_on_drop: false }`
[INFO] running `Command { std: "docker" "rm" "-f" "8b15763877f1b9a0b51fecbef55afa6227c4fab2462f135adaeebe34c5544e24", kill_on_drop: false }`
[INFO] [stdout] 8b15763877f1b9a0b51fecbef55afa6227c4fab2462f135adaeebe34c5544e24
[INFO] running `Command { std: "docker" "create" "-v" "/var/lib/crater-agent-workspace/builds/worker-12/target:/opt/rustwide/target:rw,Z" "-v" "/var/lib/crater-agent-workspace/builds/worker-12/source:/opt/rustwide/workdir:ro,Z" "-v" "/var/lib/crater-agent-workspace/cargo-home:/opt/rustwide/cargo-home:ro,Z" "-v" "/var/lib/crater-agent-workspace/rustup-home:/opt/rustwide/rustup-home:ro,Z" "-e" "SOURCE_DIR=/opt/rustwide/workdir" "-e" "CARGO_TARGET_DIR=/opt/rustwide/target" "-e" "CARGO_INCREMENTAL=0" "-e" "RUST_BACKTRACE=full" "-e" "RUSTFLAGS=--cap-lints=warn" "-e" "CARGO_HOME=/opt/rustwide/cargo-home" "-e" "RUSTUP_HOME=/opt/rustwide/rustup-home" "-w" "/opt/rustwide/workdir" "-m" "1610612736" "--user" "0:0" "--network" "none" "ghcr.io/rust-lang/crates-build-env/linux@sha256:34b6a614d2c27851fe6cbf88fbd1137609cefab8b10d0615aaeb6fd47975d74e" "/opt/rustwide/cargo-home/bin/cargo" "+1.54.0" "test" "--frozen", kill_on_drop: false }`
[INFO] [stdout] 6564f3ce448ce08cd0b6bbd93fe16627a93b9f86528368df91a39d89f80eb2d9
[INFO] [stderr] WARNING: Your kernel does not support swap limit capabilities or the cgroup is not mounted. Memory limited without swap.
[INFO] running `Command { std: "docker" "start" "-a" "6564f3ce448ce08cd0b6bbd93fe16627a93b9f86528368df91a39d89f80eb2d9", kill_on_drop: false }`
[INFO] [stderr] warning: unnecessary parentheses around block return value
[INFO] [stderr]    --> src/format/parsed.rs:348:13
[INFO] [stderr]     |
[INFO] [stderr] 348 | /             (self.year.unwrap_or(year) == year &&
[INFO] [stderr] 349 | |              self.year_div_100.or(year_div_100) == year_div_100 &&
[INFO] [stderr] 350 | |              self.year_mod_100.or(year_mod_100) == year_mod_100 &&
[INFO] [stderr] 351 | |              self.month.unwrap_or(month) == month &&
[INFO] [stderr] 352 | |              self.day.unwrap_or(day) == day)
[INFO] [stderr]     | |____________________________________________^
[INFO] [stderr]     |
[INFO] [stderr]     = note: `#[warn(unused_parens)]` on by default
[INFO] [stderr] help: remove these parentheses
[INFO] [stderr]     |
[INFO] [stderr] 348 |             self.year.unwrap_or(year) == year &&
[INFO] [stderr] 349 |              self.year_div_100.or(year_div_100) == year_div_100 &&
[INFO] [stderr] 350 |              self.year_mod_100.or(year_mod_100) == year_mod_100 &&
[INFO] [stderr] 351 |              self.month.unwrap_or(month) == month &&
[INFO] [stderr] 352 |              self.day.unwrap_or(day) == day
[INFO] [stderr]     |
[INFO] [stderr] 
[INFO] [stderr] warning: unnecessary parentheses around block return value
[INFO] [stderr]    --> src/format/parsed.rs:367:13
[INFO] [stderr]     |
[INFO] [stderr] 367 | /             (self.isoyear.unwrap_or(isoyear) == isoyear &&
[INFO] [stderr] 368 | |              self.isoyear_div_100.or(isoyear_div_100) == isoyear_div_100 &&
[INFO] [stderr] 369 | |              self.isoyear_mod_100.or(isoyear_mod_100) == isoyear_mod_100 &&
[INFO] [stderr] 370 | |              self.isoweek.unwrap_or(isoweek) == isoweek &&
[INFO] [stderr] 371 | |              self.weekday.unwrap_or(weekday) == weekday)
[INFO] [stderr]     | |________________________________________________________^
[INFO] [stderr]     |
[INFO] [stderr] help: remove these parentheses
[INFO] [stderr]     |
[INFO] [stderr] 367 |             self.isoyear.unwrap_or(isoyear) == isoyear &&
[INFO] [stderr] 368 |              self.isoyear_div_100.or(isoyear_div_100) == isoyear_div_100 &&
[INFO] [stderr] 369 |              self.isoyear_mod_100.or(isoyear_mod_100) == isoyear_mod_100 &&
[INFO] [stderr] 370 |              self.isoweek.unwrap_or(isoweek) == isoweek &&
[INFO] [stderr] 371 |              self.weekday.unwrap_or(weekday) == weekday
[INFO] [stderr]     |
[INFO] [stderr] 
[INFO] [stderr] warning: unnecessary parentheses around block return value
[INFO] [stderr]    --> src/format/parsed.rs:380:13
[INFO] [stderr]     |
[INFO] [stderr] 380 | /             (self.ordinal.unwrap_or(ordinal) == ordinal &&
[INFO] [stderr] 381 | |              self.week_from_sun.map_or(week_from_sun, |v| v as i32) == week_from_sun &&
[INFO] [stderr] 382 | |              self.week_from_mon.map_or(week_from_mon, |v| v as i32) == week_from_mon)
[INFO] [stderr]     | |_____________________________________________________________________________________^
[INFO] [stderr]     |
[INFO] [stderr] help: remove these parentheses
[INFO] [stderr]     |
[INFO] [stderr] 380 |             self.ordinal.unwrap_or(ordinal) == ordinal &&
[INFO] [stderr] 381 |              self.week_from_sun.map_or(week_from_sun, |v| v as i32) == week_from_sun &&
[INFO] [stderr] 382 |              self.week_from_mon.map_or(week_from_mon, |v| v as i32) == week_from_mon
[INFO] [stderr]     |
[INFO] [stderr] 
[INFO] [stderr] warning: this attribute can only be applied at the crate level
[INFO] [stderr]   --> src/time/mod.rs:17:8
[INFO] [stderr]    |
[INFO] [stderr] 17 | #![doc(html_logo_url = "https://www.rust-lang.org/logos/rust-logo-128x128-blk-v2.png",
[INFO] [stderr]    |        ^^^^^^^^^^^^^^^^^^^^^^^^^^^^^^^^^^^^^^^^^^^^^^^^^^^^^^^^^^^^^^^^^^^^^^^^^^^^^^
[INFO] [stderr]    |
[INFO] [stderr]    = note: `#[warn(invalid_doc_attributes)]` on by default
[INFO] [stderr]    = warning: this was previously accepted by the compiler but is being phased out; it will become a hard error in a future release!
[INFO] [stderr]    = note: for more information, see issue #82730 <https://github.com/rust-lang/rust/issues/82730>
[INFO] [stderr]    = note: read https://doc.rust-lang.org/nightly/rustdoc/the-doc-attribute.html#at-the-crate-level for more information
[INFO] [stderr] 
[INFO] [stderr] warning: this attribute can only be applied at the crate level
[INFO] [stderr]   --> src/time/mod.rs:18:8
[INFO] [stderr]    |
[INFO] [stderr] 18 |        html_favicon_url = "https://www.rust-lang.org/favicon.ico",
[INFO] [stderr]    |        ^^^^^^^^^^^^^^^^^^^^^^^^^^^^^^^^^^^^^^^^^^^^^^^^^^^^^^^^^^
[INFO] [stderr]    |
[INFO] [stderr]    = warning: this was previously accepted by the compiler but is being phased out; it will become a hard error in a future release!
[INFO] [stderr]    = note: for more information, see issue #82730 <https://github.com/rust-lang/rust/issues/82730>
[INFO] [stderr]    = note: read https://doc.rust-lang.org/nightly/rustdoc/the-doc-attribute.html#at-the-crate-level for more information
[INFO] [stderr] 
[INFO] [stderr] warning: this attribute can only be applied at the crate level
[INFO] [stderr]   --> src/time/mod.rs:19:8
[INFO] [stderr]    |
[INFO] [stderr] 19 |        html_root_url = "https://doc.rust-lang.org/time/")]
[INFO] [stderr]    |        ^^^^^^^^^^^^^^^^^^^^^^^^^^^^^^^^^^^^^^^^^^^^^^^^^
[INFO] [stderr]    |
[INFO] [stderr]    = warning: this was previously accepted by the compiler but is being phased out; it will become a hard error in a future release!
[INFO] [stderr]    = note: for more information, see issue #82730 <https://github.com/rust-lang/rust/issues/82730>
[INFO] [stderr]    = note: read https://doc.rust-lang.org/nightly/rustdoc/the-doc-attribute.html#at-the-crate-level for more information
[INFO] [stderr] 
[INFO] [stderr] warning: use of deprecated associated function `std::error::Error::description`: use the Display impl or to_string()
[INFO] [stderr]    --> src/time/mod.rs:540:43
[INFO] [stderr]     |
[INFO] [stderr] 540 |                 write!(f, "{}: %{}", self.description(), ch)
[INFO] [stderr]     |                                           ^^^^^^^^^^^
[INFO] [stderr]     |
[INFO] [stderr]     = note: `#[warn(deprecated)]` on by default
[INFO] [stderr] 
[INFO] [stderr] warning: use of deprecated associated function `std::error::Error::description`: use the Display impl or to_string()
[INFO] [stderr]    --> src/time/mod.rs:545:39
[INFO] [stderr]     |
[INFO] [stderr] 545 |             _ => write!(f, "{}", self.description())
[INFO] [stderr]     |                                       ^^^^^^^^^^^
[INFO] [stderr] 
[INFO] [stderr] warning: use of deprecated associated function `std::error::Error::description`: use the Display impl or to_string()
[INFO] [stderr]    --> src/time/duration.rs:405:30
[INFO] [stderr]     |
[INFO] [stderr] 405 |         write!(f, "{}", self.description())
[INFO] [stderr]     |                              ^^^^^^^^^^^
[INFO] [stderr] 
[INFO] [stderr] warning: 9 warnings emitted
[INFO] [stderr] 
[INFO] [stderr] warning: unnecessary trailing semicolon
[INFO] [stderr]     --> src/naive/datetime.rs:2198:10
[INFO] [stderr]      |
[INFO] [stderr] 2198 |         };
[INFO] [stderr]      |          ^ help: remove this semicolon
[INFO] [stderr]      |
[INFO] [stderr]      = note: `#[warn(redundant_semicolons)]` on by default
[INFO] [stderr] 
[INFO] [stderr] warning: unnecessary parentheses around block return value
[INFO] [stderr]    --> src/format/parsed.rs:348:13
[INFO] [stderr]     |
[INFO] [stderr] 348 | /             (self.year.unwrap_or(year) == year &&
[INFO] [stderr] 349 | |              self.year_div_100.or(year_div_100) == year_div_100 &&
[INFO] [stderr] 350 | |              self.year_mod_100.or(year_mod_100) == year_mod_100 &&
[INFO] [stderr] 351 | |              self.month.unwrap_or(month) == month &&
[INFO] [stderr] 352 | |              self.day.unwrap_or(day) == day)
[INFO] [stderr]     | |____________________________________________^
[INFO] [stderr]     |
[INFO] [stderr]     = note: `#[warn(unused_parens)]` on by default
[INFO] [stderr] help: remove these parentheses
[INFO] [stderr]     |
[INFO] [stderr] 348 |             self.year.unwrap_or(year) == year &&
[INFO] [stderr] 349 |              self.year_div_100.or(year_div_100) == year_div_100 &&
[INFO] [stderr] 350 |              self.year_mod_100.or(year_mod_100) == year_mod_100 &&
[INFO] [stderr] 351 |              self.month.unwrap_or(month) == month &&
[INFO] [stderr] 352 |              self.day.unwrap_or(day) == day
[INFO] [stderr]     |
[INFO] [stderr] 
[INFO] [stderr] warning: unnecessary parentheses around block return value
[INFO] [stderr]    --> src/format/parsed.rs:367:13
[INFO] [stderr]     |
[INFO] [stderr] 367 | /             (self.isoyear.unwrap_or(isoyear) == isoyear &&
[INFO] [stderr] 368 | |              self.isoyear_div_100.or(isoyear_div_100) == isoyear_div_100 &&
[INFO] [stderr] 369 | |              self.isoyear_mod_100.or(isoyear_mod_100) == isoyear_mod_100 &&
[INFO] [stderr] 370 | |              self.isoweek.unwrap_or(isoweek) == isoweek &&
[INFO] [stderr] 371 | |              self.weekday.unwrap_or(weekday) == weekday)
[INFO] [stderr]     | |________________________________________________________^
[INFO] [stderr]     |
[INFO] [stderr] help: remove these parentheses
[INFO] [stderr]     |
[INFO] [stderr] 367 |             self.isoyear.unwrap_or(isoyear) == isoyear &&
[INFO] [stderr] 368 |              self.isoyear_div_100.or(isoyear_div_100) == isoyear_div_100 &&
[INFO] [stderr] 369 |              self.isoyear_mod_100.or(isoyear_mod_100) == isoyear_mod_100 &&
[INFO] [stderr] 370 |              self.isoweek.unwrap_or(isoweek) == isoweek &&
[INFO] [stderr] 371 |              self.weekday.unwrap_or(weekday) == weekday
[INFO] [stderr]     |
[INFO] [stderr] 
[INFO] [stdout] 
[INFO] [stderr] warning: unnecessary parentheses around block return value
[INFO] [stdout] running 131 tests
[INFO] [stderr]    --> src/format/parsed.rs:380:13
[INFO] [stdout] test datetime::test_auto_conversion ... ok
[INFO] [stderr]     |
[INFO] [stdout] test div::tests::test_mod_floor ... ok
[INFO] [stderr] 380 | /             (self.ordinal.unwrap_or(ordinal) == ordinal &&
[INFO] [stdout] test datetime::tests::test_datetime_is_copy ... ok
[INFO] [stderr] 381 | |              self.week_from_sun.map_or(week_from_sun, |v| v as i32) == week_from_sun &&
[INFO] [stdout] test div::tests::test_div_mod_floor ... ok
[INFO] [stderr] 382 | |              self.week_from_mon.map_or(week_from_mon, |v| v as i32) == week_from_mon)
[INFO] [stdout] test datetime::tests::test_subsecond_part ... ok
[INFO] [stderr]     | |_____________________________________________________________________________________^
[INFO] [stdout] test datetime::tests::test_datetime_offset ... ok
[INFO] [stderr]     |
[INFO] [stdout] test datetime::tests::test_datetime_parse_from_str ... ok
[INFO] [stderr] help: remove these parentheses
[INFO] [stdout] test datetime::tests::test_rfc3339_opts ... ok
[INFO] [stderr]     |
[INFO] [stdout] test datetime::tests::test_datetime_rfc2822_and_rfc3339 ... ok
[INFO] [stderr] 380 |             self.ordinal.unwrap_or(ordinal) == ordinal &&
[INFO] [stdout] test format::parsed::tests::test_parsed_set_fields ... ok
[INFO] [stderr] 381 |              self.week_from_sun.map_or(week_from_sun, |v| v as i32) == week_from_sun &&
[INFO] [stdout] test format::parse::test_rfc2822 ... ok
[INFO] [stderr] 382 |              self.week_from_mon.map_or(week_from_mon, |v| v as i32) == week_from_mon
[INFO] [stdout] test format::parse::parse_rfc850 ... ok
[INFO] [stderr]     |
[INFO] [stdout] test datetime::tests::test_datetime_with_timezone ... ok
[INFO] [stderr] 
[INFO] [stdout] test datetime::tests::test_datetime_format_with_local ... ok
[INFO] [stderr] warning: this attribute can only be applied at the crate level
[INFO] [stdout] test format::parse::test_rfc3339 ... ok
[INFO] [stderr]   --> src/time/mod.rs:17:8
[INFO] [stdout] test format::parse::test_parse ... ok
[INFO] [stderr]    |
[INFO] [stdout] test datetime::tests::test_datetime_format_alignment ... ok
[INFO] [stderr] 17 | #![doc(html_logo_url = "https://www.rust-lang.org/logos/rust-logo-128x128-blk-v2.png",
[INFO] [stdout] test datetime::tests::test_datetime_from_str ... ok
[INFO] [stderr]    |        ^^^^^^^^^^^^^^^^^^^^^^^^^^^^^^^^^^^^^^^^^^^^^^^^^^^^^^^^^^^^^^^^^^^^^^^^^^^^^^
[INFO] [stdout] test format::parsed::tests::test_parsed_to_datetime_with_timezone ... ok
[INFO] [stderr]    |
[INFO] [stdout] test naive::date::tests::test_date_format ... ok
[INFO] [stderr]    = note: `#[warn(invalid_doc_attributes)]` on by default
[INFO] [stdout] test naive::date::tests::test_date_from_isoywd ... ok
[INFO] [stderr]    = warning: this was previously accepted by the compiler but is being phased out; it will become a hard error in a future release!
[INFO] [stdout] test format::parsed::tests::test_parsed_to_datetime ... ok
[INFO] [stderr]    = note: for more information, see issue #82730 <https://github.com/rust-lang/rust/issues/82730>
[INFO] [stdout] test format::parsed::tests::test_parsed_to_naive_date ... ok
[INFO] [stderr]    = note: read https://doc.rust-lang.org/nightly/rustdoc/the-doc-attribute.html#at-the-crate-level for more information
[INFO] [stderr] 
[INFO] [stderr] warning: this attribute can only be applied at the crate level
[INFO] [stderr]   --> src/time/mod.rs:18:8
[INFO] [stderr]    |
[INFO] [stderr] 18 |        html_favicon_url = "https://www.rust-lang.org/favicon.ico",
[INFO] [stderr]    |        ^^^^^^^^^^^^^^^^^^^^^^^^^^^^^^^^^^^^^^^^^^^^^^^^^^^^^^^^^^
[INFO] [stderr]    |
[INFO] [stderr]    = warning: this was previously accepted by the compiler but is being phased out; it will become a hard error in a future release!
[INFO] [stderr]    = note: for more information, see issue #82730 <https://github.com/rust-lang/rust/issues/82730>
[INFO] [stderr]    = note: read https://doc.rust-lang.org/nightly/rustdoc/the-doc-attribute.html#at-the-crate-level for more information
[INFO] [stderr] 
[INFO] [stderr] warning: this attribute can only be applied at the crate level
[INFO] [stderr]   --> src/time/mod.rs:19:8
[INFO] [stderr]    |
[INFO] [stderr] 19 |        html_root_url = "https://doc.rust-lang.org/time/")]
[INFO] [stderr]    |        ^^^^^^^^^^^^^^^^^^^^^^^^^^^^^^^^^^^^^^^^^^^^^^^^^
[INFO] [stderr]    |
[INFO] [stderr]    = warning: this was previously accepted by the compiler but is being phased out; it will become a hard error in a future release!
[INFO] [stderr]    = note: for more information, see issue #82730 <https://github.com/rust-lang/rust/issues/82730>
[INFO] [stderr]    = note: read https://doc.rust-lang.org/nightly/rustdoc/the-doc-attribute.html#at-the-crate-level for more information
[INFO] [stderr] 
[INFO] [stderr] warning: use of deprecated associated function `std::error::Error::description`: use the Display impl or to_string()
[INFO] [stderr]    --> src/time/mod.rs:540:43
[INFO] [stderr]     |
[INFO] [stderr] 540 |                 write!(f, "{}: %{}", self.description(), ch)
[INFO] [stderr]     |                                           ^^^^^^^^^^^
[INFO] [stderr]     |
[INFO] [stderr]     = note: `#[warn(deprecated)]` on by default
[INFO] [stderr] 
[INFO] [stderr] warning: use of deprecated associated function `std::error::Error::description`: use the Display impl or to_string()
[INFO] [stderr]    --> src/time/mod.rs:545:39
[INFO] [stderr]     |
[INFO] [stderr] 545 |             _ => write!(f, "{}", self.description())
[INFO] [stderr]     |                                       ^^^^^^^^^^^
[INFO] [stderr] 
[INFO] [stderr] warning: use of deprecated associated function `std::error::Error::description`: use the Display impl or to_string()
[INFO] [stderr]    --> src/time/duration.rs:405:30
[INFO] [stderr]     |
[INFO] [stderr] 405 |         write!(f, "{}", self.description())
[INFO] [stderr]     |                              ^^^^^^^^^^^
[INFO] [stderr] 
[INFO] [stderr] warning: 10 warnings emitted
[INFO] [stderr] 
[INFO] [stderr]     Finished test [unoptimized + debuginfo] target(s) in 0.08s
[INFO] [stderr]      Running unittests (/opt/rustwide/target/debug/deps/chrono-a413524d71714156)
[INFO] [stdout] test datetime::tests::test_datetime_is_send ... ok
[INFO] [stdout] test datetime::tests::test_datetime_date_and_time ... ok
[INFO] [stdout] test format::strftime::test_strftime_items ... ok
[INFO] [stdout] test naive::date::tests::test_date_from_yo ... ok
[INFO] [stdout] test naive::date::tests::test_date_from_ymd ... ok
[INFO] [stdout] test naive::date::tests::test_date_fields ... ok
[INFO] [stdout] test format::parsed::tests::test_parsed_to_naive_time ... ok
[INFO] [stdout] test naive::date::tests::test_date_fmt ... ok
[INFO] [stdout] test naive::date::tests::test_date_from_str ... ok
[INFO] [stdout] test naive::date::tests::test_date_parse_from_str ... ok
[INFO] [stdout] test naive::date::tests::test_date_add ... ok
[INFO] [stdout] test naive::date::tests::test_date_sub ... ok
[INFO] [stdout] test naive::date::tests::test_date_addassignment ... ok
[INFO] [stdout] test naive::date::test_date_bounds ... ok
[INFO] [stdout] test datetime::tests::test_from_system_time ... ok
[INFO] [stdout] test naive::date::tests::test_date_subassignment ... ok
[INFO] [stdout] test format::parsed::tests::test_parsed_to_naive_datetime_with_offset ... ok
[INFO] [stdout] test format::strftime::test_strftime_docs ... ok
[INFO] [stdout] test naive::datetime::tests::test_datetime_addassignment ... ok
[INFO] [stdout] test naive::date::tests::test_date_succ ... ok
[INFO] [stdout] test naive::datetime::tests::test_datetime_parse_from_str ... ok
[INFO] [stdout] test naive::datetime::tests::test_datetime_add ... ok
[INFO] [stdout] test naive::datetime::tests::test_datetime_from_str ... ok
[INFO] [stdout] test naive::datetime::tests::test_datetime_add_sub_invariant ... ok
[INFO] [stdout] test naive::date::tests::test_date_with_fields ... ok
[INFO] [stdout] test naive::datetime::tests::test_datetime_timestamp ... ok
[INFO] [stdout] test naive::datetime::tests::test_datetime_subassignment ... ok
[INFO] [stdout] test naive::datetime::tests::test_nanosecond_range ... ok
[INFO] [stdout] test naive::internals::tests::test_mdf_fields ... ok
[INFO] [stdout] test naive::internals::tests::test_mdf_to_of ... ok
[INFO] [stdout] test naive::internals::tests::test_mdf_to_of_to_mdf ... ok
[INFO] [stdout] test naive::date::tests::test_date_from_weekday_of_month_opt ... ok
[INFO] [stdout] test naive::date::tests::test_date_weekday ... ok
[INFO] [stdout] test naive::datetime::tests::test_datetime_from_timestamp ... ok
[INFO] [stdout] test naive::date::tests::test_date_pred ... ok
[INFO] [stdout] test naive::internals::tests::test_of ... ok
[INFO] [stdout] test naive::datetime::tests::test_datetime_format ... ok
[INFO] [stdout] test naive::datetime::tests::test_datetime_sub ... ok
[INFO] [stdout] test datetime::tests::test_rfc3339_opts_nonexhaustive - should panic ... ok
[INFO] [stdout] test naive::internals::tests::test_year_flags_ndays_from_year ... ok
[INFO] [stdout] test naive::internals::tests::test_of_to_mdf_to_of ... ok
[INFO] [stdout] test naive::internals::tests::test_of_isoweekdate_raw ... ok
[INFO] [stdout] test naive::isoweek::tests::test_iso_week_extremes ... ok
[INFO] [stdout] test naive::internals::tests::test_year_flags_nisoweeks ... ok
[INFO] [stdout] test naive::time::tests::test_time_from_hms_micro ... ok
[INFO] [stdout] test naive::time::tests::test_time_fmt ... ok
[INFO] [stdout] test naive::time::tests::test_date_from_str ... ok
[INFO] [stdout] test naive::time::tests::test_time_add ... ok
[INFO] [stdout] test naive::time::tests::test_time_addassignment ... ok
[INFO] [stdout] test naive::internals::tests::test_of_weekday ... ok
[INFO] [stdout] test naive::time::tests::test_time_sub ... ok
[INFO] [stdout] test naive::time::tests::test_time_subassignment ... ok
[INFO] [stdout] test naive::time::tests::test_time_format ... ok
[INFO] [stdout] test offset::local::tests::test_local_date_sanity_check ... ok
[INFO] [stdout] test offset::tests::test_negative_millis ... ok
[INFO] [stdout] test offset::tests::test_negative_nanos ... ok
[INFO] [stdout] test round::tests::test_round ... ok
[INFO] [stdout] test round::tests::test_round_leap_nanos ... ok
[INFO] [stdout] test round::tests::test_trunc ... ok
[INFO] [stdout] test round::tests::test_trunc_leap_nanos ... ok
[INFO] [stdout] test offset::fixed::tests::test_date_extreme_offset ... ok
[INFO] [stdout] test offset::local::tests::test_leap_second ... ok
[INFO] [stdout] test naive::internals::tests::test_of_fields ... ok
[INFO] [stdout] test time::duration::tests::test_duration ... ok
[INFO] [stdout] test naive::internals::tests::test_of_to_mdf ... ok
[INFO] [stdout] test naive::internals::tests::test_of_with_fields ... ok
[INFO] [stdout] test time::duration::tests::test_duration_div ... ok
[INFO] [stdout] test time::duration::tests::test_duration_fmt ... ok
[INFO] [stdout] test offset::tests::test_nanos_never_panics ... ok
[INFO] [stdout] test time::duration::tests::test_duration_checked_ops ... ok
[INFO] [stdout] test naive::date::tests::test_date_from_num_days_from_ce ... ok
[INFO] [stdout] test naive::date::tests::test_date_num_days_from_ce ... ok
[INFO] [stdout] test time::duration::tests::test_duration_num_nanoseconds ... ok
[INFO] [stdout] test time::duration::tests::test_duration_num_seconds ... ok
[INFO] [stdout] test time::duration::tests::test_to_std ... ok
[INFO] [stdout] test naive::time::tests::test_time_from_hms_milli ... ok
[INFO] [stdout] test naive::time::tests::test_time_hms ... ok
[INFO] [stdout] test naive::time::tests::test_time_overflowing_add ... ok
[INFO] [stdout] test naive::time::tests::test_time_parse_from_str ... ok
[INFO] [stdout] test time::duration::tests::test_duration_mul ... ok
[INFO] [stdout] test time::duration::tests::test_duration_num_days ... ok
[INFO] [stdout] test time::duration::tests::test_duration_num_milliseconds ... ok
[INFO] [stdout] test time::duration::tests::test_from_std ... ok
[INFO] [stdout] test time::tests::test_get_time ... FAILED
[INFO] [stdout] test time::tests::test_precise_time ... ok
[INFO] [stdout] test time::tests::test_precise_time_to ... ok
[INFO] [stdout] test time::tests::test_steadytime_sub ... ok
[INFO] [stdout] test naive::internals::tests::test_mdf_with_fields ... ok
[INFO] [stdout] test time::duration::tests::test_duration_num_microseconds ... ok
[INFO] [stdout] test time::tests::test_date_before_1970 ... ok
[INFO] [stdout] test time::tests::test_timespec_eq_ord ... ok
[INFO] [stdout] test time::tests::test_asctime ... ok
[INFO] [stdout] test time::tests::test_time_sub ... ok
[INFO] [stdout] test time::tests::test_timespec_add ... ok
[INFO] [stdout] test time::tests::test_at_utc ... ok
[INFO] [stdout] test time::tests::test_conversions ... ok
[INFO] [stdout] test time::tests::test_ctime ... ok
[INFO] [stdout] test time::tests::test_at ... ok
[INFO] [stdout] test time::tests::test_timespec_sub ... ok
[INFO] [stdout] test time::tests::test_dst ... ok
[INFO] [stdout] test time::tests::test_strptime ... ok
[INFO] [stdout] test time::tests::test_strftime ... ok
[INFO] [stdout] test time::tests::test_timespec_hash ... ok
[INFO] [stdout] test time::tests::test_to_timespec ... ok
[INFO] [stdout] test naive::internals::tests::test_mdf_valid ... ok
[INFO] [stdout] test naive::date::tests::test_date_from_isoywd_and_iso_week ... ok
[INFO] [stdout] test test_num_days_from_ce_against_alternative_impl ... ok
[INFO] [stderr] error: test failed, to rerun pass '--lib'
[INFO] [stdout] test test_readme_doomsday ... ok
[INFO] [stdout] 
[INFO] [stdout] failures:
[INFO] [stdout] 
[INFO] [stdout] ---- time::tests::test_get_time stdout ----
[INFO] [stdout] thread 'time::tests::test_get_time' panicked at 'assertion failed: tv2.sec < SOME_FUTURE_DATE', src/time/mod.rs:697:9
[INFO] [stdout] stack backtrace:
[INFO] [stdout]    0:     0x559ceb6d7cd0 - std::backtrace_rs::backtrace::libunwind::trace::h34055254b57d8e79
[INFO] [stdout]                                at /rustc/a178d0322ce20e33eac124758e837cbd80a6f633/library/std/src/../../backtrace/src/backtrace/libunwind.rs:90:5
[INFO] [stdout]    1:     0x559ceb6d7cd0 - std::backtrace_rs::backtrace::trace_unsynchronized::h8f1e3fbd9afff6ec
[INFO] [stdout]                                at /rustc/a178d0322ce20e33eac124758e837cbd80a6f633/library/std/src/../../backtrace/src/backtrace/mod.rs:66:5
[INFO] [stdout]    2:     0x559ceb6d7cd0 - std::sys_common::backtrace::_print_fmt::h3a99a796b770c360
[INFO] [stdout]                                at /rustc/a178d0322ce20e33eac124758e837cbd80a6f633/library/std/src/sys_common/backtrace.rs:67:5
[INFO] [stdout]    3:     0x559ceb6d7cd0 - <std::sys_common::backtrace::_print::DisplayBacktrace as core::fmt::Display>::fmt::h32d1f94a80615d18
[INFO] [stdout]                                at /rustc/a178d0322ce20e33eac124758e837cbd80a6f633/library/std/src/sys_common/backtrace.rs:46:22
[INFO] [stdout]    4:     0x559ceb6fa5ac - core::fmt::write::h306731c068f7162c
[INFO] [stdout]                                at /rustc/a178d0322ce20e33eac124758e837cbd80a6f633/library/core/src/fmt/mod.rs:1110:17
[INFO] [stdout]    5:     0x559ceb6d4a85 - std::io::Write::write_fmt::h87f19b0a2cd190bc
[INFO] [stdout]                                at /rustc/a178d0322ce20e33eac124758e837cbd80a6f633/library/std/src/io/mod.rs:1588:15
[INFO] [stdout]    6:     0x559ceb6d9e3b - std::sys_common::backtrace::_print::h5abaa2601a852287
[INFO] [stdout]                                at /rustc/a178d0322ce20e33eac124758e837cbd80a6f633/library/std/src/sys_common/backtrace.rs:49:5
[INFO] [stdout]    7:     0x559ceb6d9e3b - std::sys_common::backtrace::print::h8d81445442bb638f
[INFO] [stdout]                                at /rustc/a178d0322ce20e33eac124758e837cbd80a6f633/library/std/src/sys_common/backtrace.rs:36:9
[INFO] [stdout]    8:     0x559ceb6d9e3b - std::panicking::default_hook::{{closure}}::hcfe804496a9fa747
[INFO] [stdout]                                at /rustc/a178d0322ce20e33eac124758e837cbd80a6f633/library/std/src/panicking.rs:208:50
[INFO] [stdout]    9:     0x559ceb6d994c - std::panicking::default_hook::hbea8e3ccf2ba8901
[INFO] [stdout]                                at /rustc/a178d0322ce20e33eac124758e837cbd80a6f633/library/std/src/panicking.rs:222:9
[INFO] [stdout]   10:     0x559ceb6da504 - std::panicking::rust_panic_with_hook::h7ee9e1a2d0f8975a
[INFO] [stdout]                                at /rustc/a178d0322ce20e33eac124758e837cbd80a6f633/library/std/src/panicking.rs:622:17
[INFO] [stdout]   11:     0x559ceb6d9fb7 - std::panicking::begin_panic_handler::{{closure}}::h8ab3b4491718b2c7
[INFO] [stdout]                                at /rustc/a178d0322ce20e33eac124758e837cbd80a6f633/library/std/src/panicking.rs:517:13
[INFO] [stdout]   12:     0x559ceb6d81cc - std::sys_common::backtrace::__rust_end_short_backtrace::hd489062ffa586a9f
[INFO] [stdout]                                at /rustc/a178d0322ce20e33eac124758e837cbd80a6f633/library/std/src/sys_common/backtrace.rs:141:18
[INFO] [stdout]   13:     0x559ceb6d9f49 - rust_begin_unwind
[INFO] [stdout]                                at /rustc/a178d0322ce20e33eac124758e837cbd80a6f633/library/std/src/panicking.rs:515:5
[INFO] [stdout]   14:     0x559ceb58d651 - core::panicking::panic_fmt::hca6330e3e14086b4
[INFO] [stdout]                                at /rustc/a178d0322ce20e33eac124758e837cbd80a6f633/library/core/src/panicking.rs:92:14
[INFO] [stdout]   15:     0x559ceb58d59d - core::panicking::panic::h1a48d878ff3dcd40
[INFO] [stdout]                                at /rustc/a178d0322ce20e33eac124758e837cbd80a6f633/library/core/src/panicking.rs:50:5
[INFO] [stdout]   16:     0x559ceb5caf0f - chrono::time::tests::test_get_time::h7fb1e3fbb4d1be83
[INFO] [stdout]                                at /opt/rustwide/workdir/src/time/mod.rs:697:9
[INFO] [stdout]   17:     0x559ceb5caada - chrono::time::tests::test_get_time::{{closure}}::hdfbd914bb013b912
[INFO] [stdout]                                at /opt/rustwide/workdir/src/time/mod.rs:683:5
[INFO] [stdout]   18:     0x559ceb6592de - core::ops::function::FnOnce::call_once::hddbdeab6404b05e0
[INFO] [stdout]                                at /rustc/a178d0322ce20e33eac124758e837cbd80a6f633/library/core/src/ops/function.rs:227:5
[INFO] [stdout]   19:     0x559ceb6ac483 - core::ops::function::FnOnce::call_once::h152e7e439ff59e19
[INFO] [stdout]                                at /rustc/a178d0322ce20e33eac124758e837cbd80a6f633/library/core/src/ops/function.rs:227:5
[INFO] [stdout]   20:     0x559ceb6ac483 - test::__rust_begin_short_backtrace::h0908f3b1fdbb72ab
[INFO] [stdout]                                at /rustc/a178d0322ce20e33eac124758e837cbd80a6f633/library/test/src/lib.rs:577:5
[INFO] [stdout]   21:     0x559ceb6aaf40 - <alloc::boxed::Box<F,A> as core::ops::function::FnOnce<Args>>::call_once::hf6d2a51e5587546c
[INFO] [stdout]                                at /rustc/a178d0322ce20e33eac124758e837cbd80a6f633/library/alloc/src/boxed.rs:1575:9
[INFO] [stdout]   22:     0x559ceb6aaf40 - <std::panic::AssertUnwindSafe<F> as core::ops::function::FnOnce<()>>::call_once::h8af660f3a89ef593
[INFO] [stdout]                                at /rustc/a178d0322ce20e33eac124758e837cbd80a6f633/library/std/src/panic.rs:347:9
[INFO] [stdout]   23:     0x559ceb6aaf40 - std::panicking::try::do_call::hd36aef60f84b6d36
[INFO] [stdout]                                at /rustc/a178d0322ce20e33eac124758e837cbd80a6f633/library/std/src/panicking.rs:401:40
[INFO] [stdout]   24:     0x559ceb6aaf40 - std::panicking::try::h9932b4480e69817c
[INFO] [stdout]                                at /rustc/a178d0322ce20e33eac124758e837cbd80a6f633/library/std/src/panicking.rs:365:19
[INFO] [stdout]   25:     0x559ceb6aaf40 - std::panic::catch_unwind::h6aa177099cfff5f8
[INFO] [stdout]                                at /rustc/a178d0322ce20e33eac124758e837cbd80a6f633/library/std/src/panic.rs:434:14
[INFO] [stdout]   26:     0x559ceb6aaf40 - test::run_test_in_process::h5884d6f2d99e20c3
[INFO] [stdout]                                at /rustc/a178d0322ce20e33eac124758e837cbd80a6f633/library/test/src/lib.rs:600:18
[INFO] [stdout]   27:     0x559ceb6aaf40 - test::run_test::run_test_inner::{{closure}}::h6fdc58c6d5f5b6e3
[INFO] [stdout]                                at /rustc/a178d0322ce20e33eac124758e837cbd80a6f633/library/test/src/lib.rs:492:39
[INFO] [stdout]   28:     0x559ceb6845f2 - test::run_test::run_test_inner::{{closure}}::h408365d67a78ade8
[INFO] [stdout]                                at /rustc/a178d0322ce20e33eac124758e837cbd80a6f633/library/test/src/lib.rs:519:37
[INFO] [stdout]   29:     0x559ceb6845f2 - std::sys_common::backtrace::__rust_begin_short_backtrace::hb560b77c4f701523
[INFO] [stdout]                                at /rustc/a178d0322ce20e33eac124758e837cbd80a6f633/library/std/src/sys_common/backtrace.rs:125:18
[INFO] [stdout]   30:     0x559ceb6881a8 - std::thread::Builder::spawn_unchecked::{{closure}}::{{closure}}::hf2e7831dad93c597
[INFO] [stdout]                                at /rustc/a178d0322ce20e33eac124758e837cbd80a6f633/library/std/src/thread/mod.rs:481:17
[INFO] [stdout]   31:     0x559ceb6881a8 - <std::panic::AssertUnwindSafe<F> as core::ops::function::FnOnce<()>>::call_once::hd2e08783d8be4d02
[INFO] [stdout]                                at /rustc/a178d0322ce20e33eac124758e837cbd80a6f633/library/std/src/panic.rs:347:9
[INFO] [stdout]   32:     0x559ceb6881a8 - std::panicking::try::do_call::h062597b7acfd6b82
[INFO] [stdout]                                at /rustc/a178d0322ce20e33eac124758e837cbd80a6f633/library/std/src/panicking.rs:401:40
[INFO] [stdout]   33:     0x559ceb6881a8 - std::panicking::try::h0d7b79db04c14552
[INFO] [stdout]                                at /rustc/a178d0322ce20e33eac124758e837cbd80a6f633/library/std/src/panicking.rs:365:19
[INFO] [stdout]   34:     0x559ceb6881a8 - std::panic::catch_unwind::hb01a0b5e7c8cd43b
[INFO] [stdout]                                at /rustc/a178d0322ce20e33eac124758e837cbd80a6f633/library/std/src/panic.rs:434:14
[INFO] [stdout]   35:     0x559ceb6881a8 - std::thread::Builder::spawn_unchecked::{{closure}}::h5bde48cc887e0d1e
[INFO] [stdout]                                at /rustc/a178d0322ce20e33eac124758e837cbd80a6f633/library/std/src/thread/mod.rs:480:30
[INFO] [stdout]   36:     0x559ceb6881a8 - core::ops::function::FnOnce::call_once{{vtable.shim}}::h745ea30807a29e55
[INFO] [stdout]                                at /rustc/a178d0322ce20e33eac124758e837cbd80a6f633/library/core/src/ops/function.rs:227:5
[INFO] [stdout]   37:     0x559ceb6defd7 - <alloc::boxed::Box<F,A> as core::ops::function::FnOnce<Args>>::call_once::h7ece6cfefaff1005
[INFO] [stdout]                                at /rustc/a178d0322ce20e33eac124758e837cbd80a6f633/library/alloc/src/boxed.rs:1575:9
[INFO] [stdout]   38:     0x559ceb6defd7 - <alloc::boxed::Box<F,A> as core::ops::function::FnOnce<Args>>::call_once::hb8b48e55c21f193e
[INFO] [stdout]                                at /rustc/a178d0322ce20e33eac124758e837cbd80a6f633/library/alloc/src/boxed.rs:1575:9
[INFO] [stdout]   39:     0x559ceb6defd7 - std::sys::unix::thread::Thread::new::thread_start::h8c7c4450dba62914
[INFO] [stdout]                                at /rustc/a178d0322ce20e33eac124758e837cbd80a6f633/library/std/src/sys/unix/thread.rs:71:17
[INFO] [stdout]   40:     0x7f03fe5a7609 - start_thread
[INFO] [stdout]   41:     0x7f03fe379293 - clone
[INFO] [stdout]   42:                0x0 - <unknown>
[INFO] [stdout] 
[INFO] [stdout] 
[INFO] [stdout] failures:
[INFO] [stdout]     time::tests::test_get_time
[INFO] [stdout] 
[INFO] [stdout] test result: FAILED. 130 passed; 1 failed; 0 ignored; 0 measured; 0 filtered out; finished in 1.48s
[INFO] [stdout] 
[INFO] running `Command { std: "docker" "inspect" "6564f3ce448ce08cd0b6bbd93fe16627a93b9f86528368df91a39d89f80eb2d9", kill_on_drop: false }`
[INFO] running `Command { std: "docker" "rm" "-f" "6564f3ce448ce08cd0b6bbd93fe16627a93b9f86528368df91a39d89f80eb2d9", kill_on_drop: false }`
[INFO] [stdout] 6564f3ce448ce08cd0b6bbd93fe16627a93b9f86528368df91a39d89f80eb2d9
