[INFO] fetching crate chopper 0.1.0...
[INFO] testing chopper-0.1.0 against beta-2021-08-01 for beta-1.55-1
[INFO] extracting crate chopper 0.1.0 into /workspace/builds/worker-11/source
[INFO] validating manifest of crates.io crate chopper 0.1.0 on toolchain beta-2021-08-01
[INFO] running `Command { std: "/workspace/cargo-home/bin/cargo" "+beta-2021-08-01" "metadata" "--manifest-path" "Cargo.toml" "--no-deps", kill_on_drop: false }`
[INFO] started tweaking crates.io crate chopper 0.1.0
[INFO] finished tweaking crates.io crate chopper 0.1.0
[INFO] tweaked toml for crates.io crate chopper 0.1.0 written to /workspace/builds/worker-11/source/Cargo.toml
[INFO] crate crates.io crate chopper 0.1.0 already has a lockfile, it will not be regenerated
[INFO] running `Command { std: "/workspace/cargo-home/bin/cargo" "+beta-2021-08-01" "fetch" "--manifest-path" "Cargo.toml", kill_on_drop: false }`
[INFO] [stderr]  Downloading crates ...
[INFO] [stderr]   Downloaded paku v0.0.2
[INFO] [stderr]   Downloaded serde_with_macros v1.4.1
[INFO] [stderr]   Downloaded ndarray v0.15.2
[INFO] [stderr]   Downloaded serde_with v1.9.1
[INFO] running `Command { std: "docker" "create" "-v" "/var/lib/crater-agent-workspace/builds/worker-11/target:/opt/rustwide/target:rw,Z" "-v" "/var/lib/crater-agent-workspace/builds/worker-11/source:/opt/rustwide/workdir:ro,Z" "-v" "/var/lib/crater-agent-workspace/cargo-home:/opt/rustwide/cargo-home:ro,Z" "-v" "/var/lib/crater-agent-workspace/rustup-home:/opt/rustwide/rustup-home:ro,Z" "-e" "SOURCE_DIR=/opt/rustwide/workdir" "-e" "CARGO_TARGET_DIR=/opt/rustwide/target" "-e" "CARGO_HOME=/opt/rustwide/cargo-home" "-e" "RUSTUP_HOME=/opt/rustwide/rustup-home" "-w" "/opt/rustwide/workdir" "-m" "1610612736" "--user" "0:0" "--network" "none" "ghcr.io/rust-lang/crates-build-env/linux@sha256:34b6a614d2c27851fe6cbf88fbd1137609cefab8b10d0615aaeb6fd47975d74e" "/opt/rustwide/cargo-home/bin/cargo" "+beta-2021-08-01" "metadata" "--no-deps" "--format-version=1", kill_on_drop: false }`
[INFO] [stderr] WARNING: Your kernel does not support swap limit capabilities or the cgroup is not mounted. Memory limited without swap.
[INFO] [stdout] b0a50cf3ba05936dcfc5ecca225478373b4eb962ed3cfcef563c0bef199a8432
[INFO] running `Command { std: "docker" "start" "-a" "b0a50cf3ba05936dcfc5ecca225478373b4eb962ed3cfcef563c0bef199a8432", kill_on_drop: false }`
[INFO] running `Command { std: "docker" "inspect" "b0a50cf3ba05936dcfc5ecca225478373b4eb962ed3cfcef563c0bef199a8432", kill_on_drop: false }`
[INFO] running `Command { std: "docker" "rm" "-f" "b0a50cf3ba05936dcfc5ecca225478373b4eb962ed3cfcef563c0bef199a8432", kill_on_drop: false }`
[INFO] [stdout] b0a50cf3ba05936dcfc5ecca225478373b4eb962ed3cfcef563c0bef199a8432
[INFO] running `Command { std: "docker" "create" "-v" "/var/lib/crater-agent-workspace/builds/worker-11/target:/opt/rustwide/target:rw,Z" "-v" "/var/lib/crater-agent-workspace/builds/worker-11/source:/opt/rustwide/workdir:ro,Z" "-v" "/var/lib/crater-agent-workspace/cargo-home:/opt/rustwide/cargo-home:ro,Z" "-v" "/var/lib/crater-agent-workspace/rustup-home:/opt/rustwide/rustup-home:ro,Z" "-e" "SOURCE_DIR=/opt/rustwide/workdir" "-e" "CARGO_TARGET_DIR=/opt/rustwide/target" "-e" "CARGO_INCREMENTAL=0" "-e" "RUST_BACKTRACE=full" "-e" "RUSTFLAGS=--cap-lints=warn" "-e" "CARGO_HOME=/opt/rustwide/cargo-home" "-e" "RUSTUP_HOME=/opt/rustwide/rustup-home" "-w" "/opt/rustwide/workdir" "-m" "1610612736" "--user" "0:0" "--network" "none" "ghcr.io/rust-lang/crates-build-env/linux@sha256:34b6a614d2c27851fe6cbf88fbd1137609cefab8b10d0615aaeb6fd47975d74e" "/opt/rustwide/cargo-home/bin/cargo" "+beta-2021-08-01" "build" "--frozen" "--message-format=json", kill_on_drop: false }`
[INFO] [stdout] cc18fc72c47d859bc3704d56e070c5650b59aee2a8198d31be5c766b7b77700c
[INFO] [stderr] WARNING: Your kernel does not support swap limit capabilities or the cgroup is not mounted. Memory limited without swap.
[INFO] running `Command { std: "docker" "start" "-a" "cc18fc72c47d859bc3704d56e070c5650b59aee2a8198d31be5c766b7b77700c", kill_on_drop: false }`
[INFO] [stderr]    Compiling libc v0.2.95
[INFO] [stderr]    Compiling syn v1.0.72
[INFO] [stderr]    Compiling encoding_index_tests v0.1.4
[INFO] [stderr]    Compiling chunked_transfer v1.4.0
[INFO] [stderr]    Compiling encode_unicode v0.3.6
[INFO] [stderr]    Compiling ring v0.16.20
[INFO] [stderr]    Compiling num-traits v0.2.14
[INFO] [stderr]    Compiling time v0.2.26
[INFO] [stderr]    Compiling cookie v0.14.4
[INFO] [stderr]    Compiling qstring v0.7.2
[INFO] [stderr]    Compiling bzip2-sys v0.1.10+1.0.8
[INFO] [stderr]    Compiling paku v0.0.2
[INFO] [stderr]    Compiling twox-hash v1.6.0
[INFO] [stderr]    Compiling matrixmultiply v0.3.1
[INFO] [stderr]    Compiling chrono-tz v0.5.3
[INFO] [stderr]    Compiling publicsuffix v1.5.6
[INFO] [stderr]    Compiling encoding-index-simpchinese v1.20141219.5
[INFO] [stderr]    Compiling encoding-index-korean v1.20141219.5
[INFO] [stderr]    Compiling encoding-index-singlebyte v1.20141219.5
[INFO] [stderr]    Compiling encoding-index-japanese v1.20141219.5
[INFO] [stderr]    Compiling encoding-index-tradchinese v1.20141219.5
[INFO] [stderr]    Compiling ruzstd v0.2.2
[INFO] [stderr]    Compiling encoding v0.2.33
[INFO] [stderr]    Compiling time v0.1.44
[INFO] [stderr]    Compiling atty v0.2.14
[INFO] [stderr]    Compiling flate2 v1.0.20
[INFO] [stderr]    Compiling clap v2.33.3
[INFO] [stderr]    Compiling bzip2 v0.4.2
[INFO] [stderr]    Compiling num-integer v0.1.44
[INFO] [stderr]    Compiling num-complex v0.4.0
[INFO] [stderr]    Compiling chrono v0.4.19
[INFO] [stderr]    Compiling ndarray v0.15.2
[INFO] [stderr]    Compiling webpki v0.21.4
[INFO] [stderr]    Compiling sct v0.6.1
[INFO] [stderr]    Compiling webpki-roots v0.21.1
[INFO] [stderr]    Compiling rustls v0.19.1
[INFO] [stderr]    Compiling serde_derive v1.0.126
[INFO] [stderr]    Compiling time-macros-impl v0.1.1
[INFO] [stderr]    Compiling fehler-macros v1.0.0
[INFO] [stderr]    Compiling thiserror-impl v1.0.25
[INFO] [stderr]    Compiling time-macros v0.1.1
[INFO] [stderr]    Compiling thiserror v1.0.25
[INFO] [stderr]    Compiling fehler v1.0.0
[INFO] [stderr]    Compiling lz-fear v0.1.1
[INFO] [stderr]    Compiling serde v1.0.126
[INFO] [stderr]    Compiling serde_json v1.0.64
[INFO] [stderr]    Compiling bstr v0.2.16
[INFO] [stderr]    Compiling csv v1.1.6
[INFO] [stderr]    Compiling cookie_store v0.12.0
[INFO] [stderr]    Compiling ureq v1.5.5
[INFO] [stderr]    Compiling chopper v0.1.0 (/opt/rustwide/workdir)
[INFO] [stdout] warning: field is never read: `central_directory_size`
[INFO] [stdout]    --> src/decompress/zip.rs:218:5
[INFO] [stdout]     |
[INFO] [stdout] 218 |     pub central_directory_size: u32,
[INFO] [stdout]     |     ^^^^^^^^^^^^^^^^^^^^^^^^^^^^^^^
[INFO] [stdout]     |
[INFO] [stdout]     = note: `#[warn(dead_code)]` on by default
[INFO] [stdout] 
[INFO] [stdout] 
[INFO] [stdout] warning: field is never read: `uncompressed_size`
[INFO] [stdout]    --> src/decompress/zip.rs:262:5
[INFO] [stdout]     |
[INFO] [stdout] 262 |     pub uncompressed_size: u64,
[INFO] [stdout]     |     ^^^^^^^^^^^^^^^^^^^^^^^^^^
[INFO] [stdout] 
[INFO] [stdout] 
[INFO] [stdout] warning: field is never read: `central_header_start`
[INFO] [stdout]    --> src/decompress/zip.rs:265:5
[INFO] [stdout]     |
[INFO] [stdout] 265 |     pub central_header_start: u64,
[INFO] [stdout]     |     ^^^^^^^^^^^^^^^^^^^^^^^^^^^^^
[INFO] [stdout] 
[INFO] [stdout] 
[INFO] [stdout] warning: 3 warnings emitted
[INFO] [stdout] 
[INFO] [stdout] 
[INFO] [stderr]     Finished dev [unoptimized + debuginfo] target(s) in 1m 51s
[INFO] running `Command { std: "docker" "inspect" "cc18fc72c47d859bc3704d56e070c5650b59aee2a8198d31be5c766b7b77700c", kill_on_drop: false }`
[INFO] running `Command { std: "docker" "rm" "-f" "cc18fc72c47d859bc3704d56e070c5650b59aee2a8198d31be5c766b7b77700c", kill_on_drop: false }`
[INFO] [stdout] cc18fc72c47d859bc3704d56e070c5650b59aee2a8198d31be5c766b7b77700c
[INFO] running `Command { std: "docker" "create" "-v" "/var/lib/crater-agent-workspace/builds/worker-11/target:/opt/rustwide/target:rw,Z" "-v" "/var/lib/crater-agent-workspace/builds/worker-11/source:/opt/rustwide/workdir:ro,Z" "-v" "/var/lib/crater-agent-workspace/cargo-home:/opt/rustwide/cargo-home:ro,Z" "-v" "/var/lib/crater-agent-workspace/rustup-home:/opt/rustwide/rustup-home:ro,Z" "-e" "SOURCE_DIR=/opt/rustwide/workdir" "-e" "CARGO_TARGET_DIR=/opt/rustwide/target" "-e" "CARGO_INCREMENTAL=0" "-e" "RUST_BACKTRACE=full" "-e" "RUSTFLAGS=--cap-lints=warn" "-e" "CARGO_HOME=/opt/rustwide/cargo-home" "-e" "RUSTUP_HOME=/opt/rustwide/rustup-home" "-w" "/opt/rustwide/workdir" "-m" "1610612736" "--user" "0:0" "--network" "none" "ghcr.io/rust-lang/crates-build-env/linux@sha256:34b6a614d2c27851fe6cbf88fbd1137609cefab8b10d0615aaeb6fd47975d74e" "/opt/rustwide/cargo-home/bin/cargo" "+beta-2021-08-01" "test" "--frozen" "--no-run" "--message-format=json", kill_on_drop: false }`
[INFO] [stdout] 611b218ce76eb53660f9d717ce4539262c42927e9bcb7e82eb0770caf18912c3
[INFO] [stderr] WARNING: Your kernel does not support swap limit capabilities or the cgroup is not mounted. Memory limited without swap.
[INFO] running `Command { std: "docker" "start" "-a" "611b218ce76eb53660f9d717ce4539262c42927e9bcb7e82eb0770caf18912c3", kill_on_drop: false }`
[INFO] [stderr]    Compiling ident_case v1.0.1
[INFO] [stderr]    Compiling strsim v0.10.0
[INFO] [stdout] warning: field is never read: `central_directory_size`
[INFO] [stdout]    --> src/decompress/zip.rs:218:5
[INFO] [stdout]     |
[INFO] [stdout] 218 |     pub central_directory_size: u32,
[INFO] [stdout]     |     ^^^^^^^^^^^^^^^^^^^^^^^^^^^^^^^
[INFO] [stdout]     |
[INFO] [stdout]     = note: `#[warn(dead_code)]` on by default
[INFO] [stdout] 
[INFO] [stdout] 
[INFO] [stdout] warning: field is never read: `uncompressed_size`
[INFO] [stdout]    --> src/decompress/zip.rs:262:5
[INFO] [stdout]     |
[INFO] [stdout] 262 |     pub uncompressed_size: u64,
[INFO] [stdout]     |     ^^^^^^^^^^^^^^^^^^^^^^^^^^
[INFO] [stdout] 
[INFO] [stdout] 
[INFO] [stdout] warning: field is never read: `central_header_start`
[INFO] [stdout]    --> src/decompress/zip.rs:265:5
[INFO] [stdout]     |
[INFO] [stdout] 265 |     pub central_header_start: u64,
[INFO] [stdout]     |     ^^^^^^^^^^^^^^^^^^^^^^^^^^^^^
[INFO] [stdout] 
[INFO] [stdout] 
[INFO] [stdout] warning: 3 warnings emitted
[INFO] [stdout] 
[INFO] [stdout] 
[INFO] [stderr]    Compiling darling_core v0.12.4
[INFO] [stderr]    Compiling darling_macro v0.12.4
[INFO] [stderr]    Compiling darling v0.12.4
[INFO] [stderr]    Compiling serde_with_macros v1.4.1
[INFO] [stderr]    Compiling serde_with v1.9.1
[INFO] [stderr]    Compiling chopper v0.1.0 (/opt/rustwide/workdir)
[INFO] [stdout] warning: field is never read: `central_directory_size`
[INFO] [stdout]    --> src/decompress/zip.rs:218:5
[INFO] [stdout]     |
[INFO] [stdout] 218 |     pub central_directory_size: u32,
[INFO] [stdout]     |     ^^^^^^^^^^^^^^^^^^^^^^^^^^^^^^^
[INFO] [stdout]     |
[INFO] [stdout]     = note: `#[warn(dead_code)]` on by default
[INFO] [stdout] 
[INFO] [stdout] 
[INFO] [stdout] warning: field is never read: `uncompressed_size`
[INFO] [stdout]    --> src/decompress/zip.rs:262:5
[INFO] [stdout]     |
[INFO] [stdout] 262 |     pub uncompressed_size: u64,
[INFO] [stdout]     |     ^^^^^^^^^^^^^^^^^^^^^^^^^^
[INFO] [stdout] 
[INFO] [stdout] 
[INFO] [stdout] warning: field is never read: `central_header_start`
[INFO] [stdout]    --> src/decompress/zip.rs:265:5
[INFO] [stdout]     |
[INFO] [stdout] 265 |     pub central_header_start: u64,
[INFO] [stdout]     |     ^^^^^^^^^^^^^^^^^^^^^^^^^^^^^
[INFO] [stdout] 
[INFO] [stdout] 
[INFO] [stdout] warning: 3 warnings emitted
[INFO] [stdout] 
[INFO] [stdout] 
[INFO] [stderr]     Finished test [unoptimized + debuginfo] target(s) in 24.71s
[INFO] running `Command { std: "docker" "inspect" "611b218ce76eb53660f9d717ce4539262c42927e9bcb7e82eb0770caf18912c3", kill_on_drop: false }`
[INFO] running `Command { std: "docker" "rm" "-f" "611b218ce76eb53660f9d717ce4539262c42927e9bcb7e82eb0770caf18912c3", kill_on_drop: false }`
[INFO] [stdout] 611b218ce76eb53660f9d717ce4539262c42927e9bcb7e82eb0770caf18912c3
[INFO] running `Command { std: "docker" "create" "-v" "/var/lib/crater-agent-workspace/builds/worker-11/target:/opt/rustwide/target:rw,Z" "-v" "/var/lib/crater-agent-workspace/builds/worker-11/source:/opt/rustwide/workdir:ro,Z" "-v" "/var/lib/crater-agent-workspace/cargo-home:/opt/rustwide/cargo-home:ro,Z" "-v" "/var/lib/crater-agent-workspace/rustup-home:/opt/rustwide/rustup-home:ro,Z" "-e" "SOURCE_DIR=/opt/rustwide/workdir" "-e" "CARGO_TARGET_DIR=/opt/rustwide/target" "-e" "CARGO_INCREMENTAL=0" "-e" "RUST_BACKTRACE=full" "-e" "RUSTFLAGS=--cap-lints=warn" "-e" "CARGO_HOME=/opt/rustwide/cargo-home" "-e" "RUSTUP_HOME=/opt/rustwide/rustup-home" "-w" "/opt/rustwide/workdir" "-m" "1610612736" "--user" "0:0" "--network" "none" "ghcr.io/rust-lang/crates-build-env/linux@sha256:34b6a614d2c27851fe6cbf88fbd1137609cefab8b10d0615aaeb6fd47975d74e" "/opt/rustwide/cargo-home/bin/cargo" "+beta-2021-08-01" "test" "--frozen", kill_on_drop: false }`
[INFO] [stderr] WARNING: Your kernel does not support swap limit capabilities or the cgroup is not mounted. Memory limited without swap.
[INFO] [stdout] c300a1b6f4b904e80756d40da459bdb315e9f96fdb8d92639a9d6f2b33b364a2
[INFO] running `Command { std: "docker" "start" "-a" "c300a1b6f4b904e80756d40da459bdb315e9f96fdb8d92639a9d6f2b33b364a2", kill_on_drop: false }`
[INFO] [stderr] warning: field is never read: `central_directory_size`
[INFO] [stderr]    --> src/decompress/zip.rs:218:5
[INFO] [stderr]     |
[INFO] [stderr] 218 |     pub central_directory_size: u32,
[INFO] [stderr]     |     ^^^^^^^^^^^^^^^^^^^^^^^^^^^^^^^
[INFO] [stderr]     |
[INFO] [stderr]     = note: `#[warn(dead_code)]` on by default
[INFO] [stderr] 
[INFO] [stderr] warning: field is never read: `uncompressed_size`
[INFO] [stderr]    --> src/decompress/zip.rs:262:5
[INFO] [stderr]     |
[INFO] [stderr] 262 |     pub uncompressed_size: u64,
[INFO] [stderr]     |     ^^^^^^^^^^^^^^^^^^^^^^^^^^
[INFO] [stderr] 
[INFO] [stderr] warning: field is never read: `central_header_start`
[INFO] [stderr]    --> src/decompress/zip.rs:265:5
[INFO] [stderr]     |
[INFO] [stderr] 265 |     pub central_header_start: u64,
[INFO] [stderr]     |     ^^^^^^^^^^^^^^^^^^^^^^^^^^^^^
[INFO] [stderr] 
[INFO] [stderr] warning: `chopper` (lib) generated 3 warnings
[INFO] [stderr] warning: `chopper` (lib test) generated 3 warnings (3 duplicates)
[INFO] [stderr]     Finished test [unoptimized + debuginfo] target(s) in 0.12s
[INFO] [stdout] 
[INFO] [stderr]      Running unittests (/opt/rustwide/target/debug/deps/chopper-36a4d04e267987b3)
[INFO] [stdout] running 46 tests
[INFO] [stdout] test serde::de::field_value::tests::test ... ok
[INFO] [stdout] test serde::de::row::tests::test_with_header_struct ... ok
[INFO] [stdout] test serde::de::row::tests::test_with_header_tuple ... ok
[INFO] [stdout] test serde::de::row::tests::test_without_header_struct ... ok
[INFO] [stdout] test serde::ser::field_type::tests::test_bytes ... ok
[INFO] [stdout] test serde::ser::field_value::tests::test ... ok
[INFO] [stdout] test serde::ser::from_seq::data_sink_box::tests::test ... ok
[INFO] [stdout] test serde::ser::from_seq::row::tests::test ... ok
[INFO] [stdout] test serde::ser::field_value::tests::test_bytes ... ok
[INFO] [stdout] test serde::de::row::tests::test_without_header_tuple ... ok
[INFO] [stdout] test serde::ser::field_type::tests::test ... ok
[INFO] [stdout] test serde::ser::from_seq::data_sink::tests::test ... ok
[INFO] [stdout] test serde::ser::from_seq::header::tests::test ... ok
[INFO] [stdout] test serde::ser::from_seq::typed_header_sink::tests::test ... ok
[INFO] [stdout] test serde::ser::from_struct::data_sink::tests::test ... ok
[INFO] [stdout] test serde::ser::from_struct::data_sink_box::tests::test ... ok
[INFO] [stdout] test serde::ser::from_struct::dyn_header_sink::tests::test ... ok
[INFO] [stdout] test serde::ser::from_seq::dyn_header_sink::tests::test ... ok
[INFO] [stdout] test serde::ser::from_struct::header::tests::test ... ok
[INFO] [stdout] test serde::ser::from_struct::row::tests::test ... ok
[INFO] [stdout] test serde::ser::from_struct::typed_header_sink::tests::test ... ok
[INFO] [stdout] test util::csv_util::tests::test_guess_type ... ok
[INFO] [stdout] test util::reader::tests::test_preview_1_4 ... ok
[INFO] [stdout] test util::reader::tests::test_preview_1_1 ... ok
[INFO] [stdout] test util::reader::tests::test_preview_1_3 ... ok
[INFO] [stdout] test util::reader::tests::test_capacity_too_small ... ok
[INFO] [stdout] test util::csv_util::tests::test_guess_has_header ... ok
[INFO] [stdout] test util::reader::tests::test_preview_1_2 ... ok
[INFO] [stdout] test util::reader::tests::test_multiple_capacities ... ok
[INFO] [stdout] test source::multi_file_source::tests::test_check_headers_match_and_return_swap_map ... ok
[INFO] [stdout] test util::reader::tests::test_preview_3_4_7 ... ok
[INFO] [stdout] test serde::de::source::tests::test ... ok
[INFO] [stdout] test util::remove_multiple::tests::test_remove_multiple ... ok
[INFO] [stdout] test util::reader::tests::test_preview_2_4 ... ok
[INFO] [stdout] test util::reader::tests::test_preview_trimmed_buf ... ok
[INFO] [stdout] test util::reader::tests::test_preview_3_8_11 ... ok
[INFO] [stdout] test util::reader::tests::test_preview_2_3 ... ok
[INFO] [stdout] test util::reader::tests::test_preview_3_1_3 ... ok
[INFO] [stdout] test util::reader::tests::test_preview_2_2 ... ok
[INFO] [stdout] test util::reader::tests::test_preview_3_12_20 ... ok
[INFO] [stdout] test util::reader::tests::test_preview_empty ... ok
[INFO] [stdout] test util::reader::tests::test_preview_2_1 ... ok
[INFO] [stdout] test util::timestamp_util::tests::test_parse_timestamp_range ... ok
[INFO] [stdout] test util::reader::tests::test_preview_1_5 ... ok
[INFO] [stdout] test input::files_in_dir_provider::tests::test ... FAILED
[INFO] [stdout] test transport::dir::file::tests::test_read_dir ... FAILED
[INFO] [stdout] 
[INFO] [stdout] failures:
[INFO] [stdout] 
[INFO] [stdout] ---- input::files_in_dir_provider::tests::test stdout ----
[INFO] [stdout] thread 'input::files_in_dir_provider::tests::test' panicked at 'called `Result::unwrap()` on an `Err` value: Io(Custom { kind: InvalidData, error: "directory expected: \"./tests/input/multi_file\"" })', src/input/files_in_dir_provider.rs:59:74
[INFO] [stdout] stack backtrace:
[INFO] [stdout]    0:     0x55a0559cda60 - std::backtrace_rs::backtrace::libunwind::trace::hff4d1766e93f64f1
[INFO] [stdout]                                at /rustc/53fd98ca776cb875bc9e5514f56b52eb74f9e7a9/library/std/src/../../backtrace/src/backtrace/libunwind.rs:90:5
[INFO] [stdout]    1:     0x55a0559cda60 - std::backtrace_rs::backtrace::trace_unsynchronized::h56bbc8eb78770bcb
[INFO] [stdout]                                at /rustc/53fd98ca776cb875bc9e5514f56b52eb74f9e7a9/library/std/src/../../backtrace/src/backtrace/mod.rs:66:5
[INFO] [stdout]    2:     0x55a0559cda60 - std::sys_common::backtrace::_print_fmt::h5c8e75464faca780
[INFO] [stdout]                                at /rustc/53fd98ca776cb875bc9e5514f56b52eb74f9e7a9/library/std/src/sys_common/backtrace.rs:67:5
[INFO] [stdout]    3:     0x55a0559cda60 - <std::sys_common::backtrace::_print::DisplayBacktrace as core::fmt::Display>::fmt::h48b88277def8b362
[INFO] [stdout]                                at /rustc/53fd98ca776cb875bc9e5514f56b52eb74f9e7a9/library/std/src/sys_common/backtrace.rs:46:22
[INFO] [stdout]    4:     0x55a0559f246c - core::fmt::write::h3381b3176fe2b3d3
[INFO] [stdout]                                at /rustc/53fd98ca776cb875bc9e5514f56b52eb74f9e7a9/library/core/src/fmt/mod.rs:1115:17
[INFO] [stdout]    5:     0x55a0559ca705 - std::io::Write::write_fmt::h5f34a676f60246b5
[INFO] [stdout]                                at /rustc/53fd98ca776cb875bc9e5514f56b52eb74f9e7a9/library/std/src/io/mod.rs:1665:15
[INFO] [stdout]    6:     0x55a0559cfbdb - std::sys_common::backtrace::_print::ha537687d6c17dd0d
[INFO] [stdout]                                at /rustc/53fd98ca776cb875bc9e5514f56b52eb74f9e7a9/library/std/src/sys_common/backtrace.rs:49:5
[INFO] [stdout]    7:     0x55a0559cfbdb - std::sys_common::backtrace::print::h61376ae57d131d72
[INFO] [stdout]                                at /rustc/53fd98ca776cb875bc9e5514f56b52eb74f9e7a9/library/std/src/sys_common/backtrace.rs:36:9
[INFO] [stdout]    8:     0x55a0559cfbdb - std::panicking::default_hook::{{closure}}::h0f7208c0b9644a54
[INFO] [stdout]                                at /rustc/53fd98ca776cb875bc9e5514f56b52eb74f9e7a9/library/std/src/panicking.rs:208:50
[INFO] [stdout]    9:     0x55a0559cf6ec - std::panicking::default_hook::hdac7fc06578c14ce
[INFO] [stdout]                                at /rustc/53fd98ca776cb875bc9e5514f56b52eb74f9e7a9/library/std/src/panicking.rs:222:9
[INFO] [stdout]   10:     0x55a0559d02a4 - std::panicking::rust_panic_with_hook::h72b21c283da3d1ef
[INFO] [stdout]                                at /rustc/53fd98ca776cb875bc9e5514f56b52eb74f9e7a9/library/std/src/panicking.rs:622:17
[INFO] [stdout]   11:     0x55a0559cfd87 - std::panicking::begin_panic_handler::{{closure}}::he5778f1729cff84a
[INFO] [stdout]                                at /rustc/53fd98ca776cb875bc9e5514f56b52eb74f9e7a9/library/std/src/panicking.rs:519:13
[INFO] [stdout]   12:     0x55a0559cdf3c - std::sys_common::backtrace::__rust_end_short_backtrace::h2d11ca8b453b4b1d
[INFO] [stdout]                                at /rustc/53fd98ca776cb875bc9e5514f56b52eb74f9e7a9/library/std/src/sys_common/backtrace.rs:141:18
[INFO] [stdout]   13:     0x55a0559cfce9 - rust_begin_unwind
[INFO] [stdout]                                at /rustc/53fd98ca776cb875bc9e5514f56b52eb74f9e7a9/library/std/src/panicking.rs:515:5
[INFO] [stdout]   14:     0x55a05581a431 - core::panicking::panic_fmt::hf9de31d4acbce4db
[INFO] [stdout]                                at /rustc/53fd98ca776cb875bc9e5514f56b52eb74f9e7a9/library/core/src/panicking.rs:92:14
[INFO] [stdout]   15:     0x55a05581a523 - core::result::unwrap_failed::ha0c84e81219e5878
[INFO] [stdout]                                at /rustc/53fd98ca776cb875bc9e5514f56b52eb74f9e7a9/library/core/src/result.rs:1599:5
[INFO] [stdout]   16:     0x55a05582ebef - core::result::Result<T,E>::unwrap::ha1082812189f2182
[INFO] [stdout]                                at /rustc/53fd98ca776cb875bc9e5514f56b52eb74f9e7a9/library/core/src/result.rs:1281:23
[INFO] [stdout]   17:     0x55a0558c413a - chopper::input::files_in_dir_provider::tests::test::h7eb78885429509ee
[INFO] [stdout]                                at /opt/rustwide/workdir/src/input/files_in_dir_provider.rs:59:28
[INFO] [stdout]   18:     0x55a0558c402a - chopper::input::files_in_dir_provider::tests::test::{{closure}}::h1b7d4142002f2e5d
[INFO] [stdout]                                at /opt/rustwide/workdir/src/input/files_in_dir_provider.rs:56:5
[INFO] [stdout]   19:     0x55a0558b78be - core::ops::function::FnOnce::call_once::hea2d6e2a5d86de10
[INFO] [stdout]                                at /rustc/53fd98ca776cb875bc9e5514f56b52eb74f9e7a9/library/core/src/ops/function.rs:227:5
[INFO] [stdout]   20:     0x55a055920663 - core::ops::function::FnOnce::call_once::hbb52c4519d3137b0
[INFO] [stdout]                                at /rustc/53fd98ca776cb875bc9e5514f56b52eb74f9e7a9/library/core/src/ops/function.rs:227:5
[INFO] [stdout]   21:     0x55a055920663 - test::__rust_begin_short_backtrace::h86fe3a2a5a5121af
[INFO] [stdout]                                at /rustc/53fd98ca776cb875bc9e5514f56b52eb74f9e7a9/library/test/src/lib.rs:578:5
[INFO] [stdout]   22:     0x55a05591f118 - <alloc::boxed::Box<F,A> as core::ops::function::FnOnce<Args>>::call_once::hfd956bc3d57399be
[INFO] [stdout]                                at /rustc/53fd98ca776cb875bc9e5514f56b52eb74f9e7a9/library/alloc/src/boxed.rs:1572:9
[INFO] [stdout]   23:     0x55a05591f118 - <std::panic::AssertUnwindSafe<F> as core::ops::function::FnOnce<()>>::call_once::h40dc93e0ddb5938a
[INFO] [stdout]                                at /rustc/53fd98ca776cb875bc9e5514f56b52eb74f9e7a9/library/std/src/panic.rs:347:9
[INFO] [stdout]   24:     0x55a05591f118 - std::panicking::try::do_call::h90d07750cb47c562
[INFO] [stdout]                                at /rustc/53fd98ca776cb875bc9e5514f56b52eb74f9e7a9/library/std/src/panicking.rs:401:40
[INFO] [stdout]   25:     0x55a05591f118 - std::panicking::try::h063c84733ad2a629
[INFO] [stdout]                                at /rustc/53fd98ca776cb875bc9e5514f56b52eb74f9e7a9/library/std/src/panicking.rs:365:19
[INFO] [stdout]   26:     0x55a05591f118 - std::panic::catch_unwind::h0c464836a84e7c08
[INFO] [stdout]                                at /rustc/53fd98ca776cb875bc9e5514f56b52eb74f9e7a9/library/std/src/panic.rs:434:14
[INFO] [stdout]   27:     0x55a05591f118 - test::run_test_in_process::h5cb06ef620b157fc
[INFO] [stdout]                                at /rustc/53fd98ca776cb875bc9e5514f56b52eb74f9e7a9/library/test/src/lib.rs:601:18
[INFO] [stdout]   28:     0x55a05591f118 - test::run_test::run_test_inner::{{closure}}::h76f677f4b93f9828
[INFO] [stdout]                                at /rustc/53fd98ca776cb875bc9e5514f56b52eb74f9e7a9/library/test/src/lib.rs:493:39
[INFO] [stdout]   29:     0x55a0558ed8ad - test::run_test::run_test_inner::{{closure}}::h366d01fe04f4d67a
[INFO] [stdout]                                at /rustc/53fd98ca776cb875bc9e5514f56b52eb74f9e7a9/library/test/src/lib.rs:520:37
[INFO] [stdout]   30:     0x55a0558ed8ad - std::sys_common::backtrace::__rust_begin_short_backtrace::h7dfa0de4eb395af2
[INFO] [stdout]                                at /rustc/53fd98ca776cb875bc9e5514f56b52eb74f9e7a9/library/std/src/sys_common/backtrace.rs:125:18
[INFO] [stdout]   31:     0x55a0558f2078 - std::thread::Builder::spawn_unchecked::{{closure}}::{{closure}}::hf0a74bb58798037f
[INFO] [stdout]                                at /rustc/53fd98ca776cb875bc9e5514f56b52eb74f9e7a9/library/std/src/thread/mod.rs:476:17
[INFO] [stdout]   32:     0x55a0558f2078 - <std::panic::AssertUnwindSafe<F> as core::ops::function::FnOnce<()>>::call_once::hb024e854818586ac
[INFO] [stdout]                                at /rustc/53fd98ca776cb875bc9e5514f56b52eb74f9e7a9/library/std/src/panic.rs:347:9
[INFO] [stdout]   33:     0x55a0558f2078 - std::panicking::try::do_call::hb2dd9f1d0d48e41d
[INFO] [stdout]                                at /rustc/53fd98ca776cb875bc9e5514f56b52eb74f9e7a9/library/std/src/panicking.rs:401:40
[INFO] [stdout]   34:     0x55a0558f2078 - std::panicking::try::h4717ae7bac8b2bf3
[INFO] [stdout]                                at /rustc/53fd98ca776cb875bc9e5514f56b52eb74f9e7a9/library/std/src/panicking.rs:365:19
[INFO] [stdout]   35:     0x55a0558f2078 - std::panic::catch_unwind::h0dc8a061326ce8d8
[INFO] [stdout]                                at /rustc/53fd98ca776cb875bc9e5514f56b52eb74f9e7a9/library/std/src/panic.rs:434:14
[INFO] [stdout]   36:     0x55a0558f2078 - std::thread::Builder::spawn_unchecked::{{closure}}::haa369e2d6fd00aa1
[INFO] [stdout]                                at /rustc/53fd98ca776cb875bc9e5514f56b52eb74f9e7a9/library/std/src/thread/mod.rs:475:30
[INFO] [stdout]   37:     0x55a0558f2078 - core::ops::function::FnOnce::call_once{{vtable.shim}}::h36dcf3de8b056f17
[INFO] [stdout]                                at /rustc/53fd98ca776cb875bc9e5514f56b52eb74f9e7a9/library/core/src/ops/function.rs:227:5
[INFO] [stdout]   38:     0x55a0559d5267 - <alloc::boxed::Box<F,A> as core::ops::function::FnOnce<Args>>::call_once::h65c29e4642be2358
[INFO] [stdout]                                at /rustc/53fd98ca776cb875bc9e5514f56b52eb74f9e7a9/library/alloc/src/boxed.rs:1572:9
[INFO] [stdout]   39:     0x55a0559d5267 - <alloc::boxed::Box<F,A> as core::ops::function::FnOnce<Args>>::call_once::hd0f8f7fbbd9fffbf
[INFO] [stdout]                                at /rustc/53fd98ca776cb875bc9e5514f56b52eb74f9e7a9/library/alloc/src/boxed.rs:1572:9
[INFO] [stdout]   40:     0x55a0559d5267 - std::sys::unix::thread::Thread::new::thread_start::h2fd22fee3ca77b65
[INFO] [stdout]                                at /rustc/53fd98ca776cb875bc9e5514f56b52eb74f9e7a9/library/std/src/sys/unix/thread.rs:74:17
[INFO] [stdout]   41:     0x7f45c3c7d609 - start_thread
[INFO] [stdout]   42:     0x7f45c3a4f293 - clone
[INFO] [stdout]   43:                0x0 - <unknown>
[INFO] [stdout] 
[INFO] [stdout] ---- transport::dir::file::tests::test_read_dir stdout ----
[INFO] [stdout] thread 'transport::dir::file::tests::test_read_dir' panicked at 'assertion failed: transport.is_dir(Path::new(\"./tests/input/multi_file\"))', src/transport/dir/file.rs:47:9
[INFO] [stdout] stack backtrace:
[INFO] [stdout]    0:     0x55a0559cda60 - std::backtrace_rs::backtrace::libunwind::trace::hff4d1766e93f64f1
[INFO] [stdout]                                at /rustc/53fd98ca776cb875bc9e5514f56b52eb74f9e7a9/library/std/src/../../backtrace/src/backtrace/libunwind.rs:90:5
[INFO] [stdout]    1:     0x55a0559cda60 - std::backtrace_rs::backtrace::trace_unsynchronized::h56bbc8eb78770bcb
[INFO] [stdout]                                at /rustc/53fd98ca776cb875bc9e5514f56b52eb74f9e7a9/library/std/src/../../backtrace/src/backtrace/mod.rs:66:5
[INFO] [stdout]    2:     0x55a0559cda60 - std::sys_common::backtrace::_print_fmt::h5c8e75464faca780
[INFO] [stdout]                                at /rustc/53fd98ca776cb875bc9e5514f56b52eb74f9e7a9/library/std/src/sys_common/backtrace.rs:67:5
[INFO] [stdout]    3:     0x55a0559cda60 - <std::sys_common::backtrace::_print::DisplayBacktrace as core::fmt::Display>::fmt::h48b88277def8b362
[INFO] [stdout]                                at /rustc/53fd98ca776cb875bc9e5514f56b52eb74f9e7a9/library/std/src/sys_common/backtrace.rs:46:22
[INFO] [stdout]    4:     0x55a0559f246c - core::fmt::write::h3381b3176fe2b3d3
[INFO] [stdout]                                at /rustc/53fd98ca776cb875bc9e5514f56b52eb74f9e7a9/library/core/src/fmt/mod.rs:1115:17
[INFO] [stdout]    5:     0x55a0559ca705 - std::io::Write::write_fmt::h5f34a676f60246b5
[INFO] [stdout]                                at /rustc/53fd98ca776cb875bc9e5514f56b52eb74f9e7a9/library/std/src/io/mod.rs:1665:15
[INFO] [stdout]    6:     0x55a0559cfbdb - std::sys_common::backtrace::_print::ha537687d6c17dd0d
[INFO] [stdout]                                at /rustc/53fd98ca776cb875bc9e5514f56b52eb74f9e7a9/library/std/src/sys_common/backtrace.rs:49:5
[INFO] [stdout]    7:     0x55a0559cfbdb - std::sys_common::backtrace::print::h61376ae57d131d72
[INFO] [stdout]                                at /rustc/53fd98ca776cb875bc9e5514f56b52eb74f9e7a9/library/std/src/sys_common/backtrace.rs:36:9
[INFO] [stdout]    8:     0x55a0559cfbdb - std::panicking::default_hook::{{closure}}::h0f7208c0b9644a54
[INFO] [stdout]                                at /rustc/53fd98ca776cb875bc9e5514f56b52eb74f9e7a9/library/std/src/panicking.rs:208:50
[INFO] [stdout]    9:     0x55a0559cf6ec - std::panicking::default_hook::hdac7fc06578c14ce
[INFO] [stdout]                                at /rustc/53fd98ca776cb875bc9e5514f56b52eb74f9e7a9/library/std/src/panicking.rs:222:9
[INFO] [stdout]   10:     0x55a0559d02a4 - std::panicking::rust_panic_with_hook::h72b21c283da3d1ef
[INFO] [stdout]                                at /rustc/53fd98ca776cb875bc9e5514f56b52eb74f9e7a9/library/std/src/panicking.rs:622:17
[INFO] [stdout]   11:     0x55a0559cfd57 - std::panicking::begin_panic_handler::{{closure}}::he5778f1729cff84a
[INFO] [stdout]                                at /rustc/53fd98ca776cb875bc9e5514f56b52eb74f9e7a9/library/std/src/panicking.rs:517:13
[INFO] [stdout]   12:     0x55a0559cdf3c - std::sys_common::backtrace::__rust_end_short_backtrace::h2d11ca8b453b4b1d
[INFO] [stdout]                                at /rustc/53fd98ca776cb875bc9e5514f56b52eb74f9e7a9/library/std/src/sys_common/backtrace.rs:141:18
[INFO] [stdout]   13:     0x55a0559cfce9 - rust_begin_unwind
[INFO] [stdout]                                at /rustc/53fd98ca776cb875bc9e5514f56b52eb74f9e7a9/library/std/src/panicking.rs:515:5
[INFO] [stdout]   14:     0x55a05581a431 - core::panicking::panic_fmt::hf9de31d4acbce4db
[INFO] [stdout]                                at /rustc/53fd98ca776cb875bc9e5514f56b52eb74f9e7a9/library/core/src/panicking.rs:92:14
[INFO] [stdout]   15:     0x55a05581a37d - core::panicking::panic::h8a6bc58a21c6c095
[INFO] [stdout]                                at /rustc/53fd98ca776cb875bc9e5514f56b52eb74f9e7a9/library/core/src/panicking.rs:50:5
[INFO] [stdout]   16:     0x55a0558a904a - chopper::transport::dir::file::tests::test_read_dir::h71f52a78d0231ac5
[INFO] [stdout]                                at /opt/rustwide/workdir/src/transport/dir/file.rs:47:9
[INFO] [stdout]   17:     0x55a0558a8f9a - chopper::transport::dir::file::tests::test_read_dir::{{closure}}::h021a48e0ec927ff8
[INFO] [stdout]                                at /opt/rustwide/workdir/src/transport/dir/file.rs:45:5
[INFO] [stdout]   18:     0x55a0558b6bde - core::ops::function::FnOnce::call_once::h0f0dbcda995bafe3
[INFO] [stdout]                                at /rustc/53fd98ca776cb875bc9e5514f56b52eb74f9e7a9/library/core/src/ops/function.rs:227:5
[INFO] [stdout]   19:     0x55a055920663 - core::ops::function::FnOnce::call_once::hbb52c4519d3137b0
[INFO] [stdout]                                at /rustc/53fd98ca776cb875bc9e5514f56b52eb74f9e7a9/library/core/src/ops/function.rs:227:5
[INFO] [stdout]   20:     0x55a055920663 - test::__rust_begin_short_backtrace::h86fe3a2a5a5121af
[INFO] [stdout]                                at /rustc/53fd98ca776cb875bc9e5514f56b52eb74f9e7a9/library/test/src/lib.rs:578:5
[INFO] [stdout]   21:     0x55a05591f118 - <alloc::boxed::Box<F,A> as core::ops::function::FnOnce<Args>>::call_once::hfd956bc3d57399be
[INFO] [stdout]                                at /rustc/53fd98ca776cb875bc9e5514f56b52eb74f9e7a9/library/alloc/src/boxed.rs:1572:9
[INFO] [stdout]   22:     0x55a05591f118 - <std::panic::AssertUnwindSafe<F> as core::ops::function::FnOnce<()>>::call_once::h40dc93e0ddb5938a
[INFO] [stdout]                                at /rustc/53fd98ca776cb875bc9e5514f56b52eb74f9e7a9/library/std/src/panic.rs:347:9
[INFO] [stdout]   23:     0x55a05591f118 - std::panicking::try::do_call::h90d07750cb47c562
[INFO] [stdout]                                at /rustc/53fd98ca776cb875bc9e5514f56b52eb74f9e7a9/library/std/src/panicking.rs:401:40
[INFO] [stdout]   24:     0x55a05591f118 - std::panicking::try::h063c84733ad2a629
[INFO] [stdout]                                at /rustc/53fd98ca776cb875bc9e5514f56b52eb74f9e7a9/library/std/src/panicking.rs:365:19
[INFO] [stdout]   25:     0x55a05591f118 - std::panic::catch_unwind::h0c464836a84e7c08
[INFO] [stdout]                                at /rustc/53fd98ca776cb875bc9e5514f56b52eb74f9e7a9/library/std/src/panic.rs:434:14
[INFO] [stdout]   26:     0x55a05591f118 - test::run_test_in_process::h5cb06ef620b157fc
[INFO] [stdout]                                at /rustc/53fd98ca776cb875bc9e5514f56b52eb74f9e7a9/library/test/src/lib.rs:601:18
[INFO] [stdout]   27:     0x55a05591f118 - test::run_test::run_test_inner::{{closure}}::h76f677f4b93f9828
[INFO] [stdout]                                at /rustc/53fd98ca776cb875bc9e5514f56b52eb74f9e7a9/library/test/src/lib.rs:493:39
[INFO] [stdout]   28:     0x55a0558ed8ad - test::run_test::run_test_inner::{{closure}}::h366d01fe04f4d67a
[INFO] [stdout]                                at /rustc/53fd98ca776cb875bc9e5514f56b52eb74f9e7a9/library/test/src/lib.rs:520:37
[INFO] [stdout]   29:     0x55a0558ed8ad - std::sys_common::backtrace::__rust_begin_short_backtrace::h7dfa0de4eb395af2
[INFO] [stdout]                                at /rustc/53fd98ca776cb875bc9e5514f56b52eb74f9e7a9/library/std/src/sys_common/backtrace.rs:125:18
[INFO] [stdout]   30:     0x55a0558f2078 - std::thread::Builder::spawn_unchecked::{{closure}}::{{closure}}::hf0a74bb58798037f
[INFO] [stdout]                                at /rustc/53fd98ca776cb875bc9e5514f56b52eb74f9e7a9/library/std/src/thread/mod.rs:476:17
[INFO] [stdout]   31:     0x55a0558f2078 - <std::panic::AssertUnwindSafe<F> as core::ops::function::FnOnce<()>>::call_once::hb024e854818586ac
[INFO] [stdout]                                at /rustc/53fd98ca776cb875bc9e5514f56b52eb74f9e7a9/library/std/src/panic.rs:347:9
[INFO] [stdout]   32:     0x55a0558f2078 - std::panicking::try::do_call::hb2dd9f1d0d48e41d
[INFO] [stdout]                                at /rustc/53fd98ca776cb875bc9e5514f56b52eb74f9e7a9/library/std/src/panicking.rs:401:40
[INFO] [stdout]   33:     0x55a0558f2078 - std::panicking::try::h4717ae7bac8b2bf3
[INFO] [stdout]                                at /rustc/53fd98ca776cb875bc9e5514f56b52eb74f9e7a9/library/std/src/panicking.rs:365:19
[INFO] [stdout]   34:     0x55a0558f2078 - std::panic::catch_unwind::h0dc8a061326ce8d8
[INFO] [stdout]                                at /rustc/53fd98ca776cb875bc9e5514f56b52eb74f9e7a9/library/std/src/panic.rs:434:14
[INFO] [stdout]   35:     0x55a0558f2078 - std::thread::Builder::spawn_unchecked::{{closure}}::haa369e2d6fd00aa1
[INFO] [stdout]                                at /rustc/53fd98ca776cb875bc9e5514f56b52eb74f9e7a9/library/std/src/thread/mod.rs:475:30
[INFO] [stdout]   36:     0x55a0558f2078 - core::ops::function::FnOnce::call_once{{vtable.shim}}::h36dcf3de8b056f17
[INFO] [stdout]                                at /rustc/53fd98ca776cb875bc9e5514f56b52eb74f9e7a9/library/core/src/ops/function.rs:227:5
[INFO] [stdout]   37:     0x55a0559d5267 - <alloc::boxed::Box<F,A> as core::ops::function::FnOnce<Args>>::call_once::h65c29e4642be2358
[INFO] [stdout]                                at /rustc/53fd98ca776cb875bc9e5514f56b52eb74f9e7a9/library/alloc/src/boxed.rs:1572:9
[INFO] [stdout]   38:     0x55a0559d5267 - <alloc::boxed::Box<F,A> as core::ops::function::FnOnce<Args>>::call_once::hd0f8f7fbbd9fffbf
[INFO] [stdout]                                at /rustc/53fd98ca776cb875bc9e5514f56b52eb74f9e7a9/library/alloc/src/boxed.rs:1572:9
[INFO] [stdout]   39:     0x55a0559d5267 - std::sys::unix::thread::Thread::new::thread_start::h2fd22fee3ca77b65
[INFO] [stdout]                                at /rustc/53fd98ca776cb875bc9e5514f56b52eb74f9e7a9/library/std/src/sys/unix/thread.rs:74:17
[INFO] [stdout]   40:     0x7f45c3c7d609 - start_thread
[INFO] [stdout]   41:     0x7f45c3a4f293 - clone
[INFO] [stdout]   42:                0x0 - <unknown>
[INFO] [stdout] 
[INFO] [stdout] 
[INFO] [stdout] failures:
[INFO] [stdout]     input::files_in_dir_provider::tests::test
[INFO] [stdout]     transport::dir::file::tests::test_read_dir
[INFO] [stdout] 
[INFO] [stdout] test result: FAILED. 44 passed; 2 failed; 0 ignored; 0 measured; 0 filtered out; finished in 0.12s
[INFO] [stdout] 
[INFO] [stderr] error: test failed, to rerun pass '--lib'
[INFO] running `Command { std: "docker" "inspect" "c300a1b6f4b904e80756d40da459bdb315e9f96fdb8d92639a9d6f2b33b364a2", kill_on_drop: false }`
[INFO] running `Command { std: "docker" "rm" "-f" "c300a1b6f4b904e80756d40da459bdb315e9f96fdb8d92639a9d6f2b33b364a2", kill_on_drop: false }`
[INFO] [stdout] c300a1b6f4b904e80756d40da459bdb315e9f96fdb8d92639a9d6f2b33b364a2
