[INFO] fetching crate chassis 0.1.1...
[INFO] testing chassis-0.1.1 against beta-2021-08-01 for beta-1.55-1
[INFO] extracting crate chassis 0.1.1 into /workspace/builds/worker-3/source
[INFO] validating manifest of crates.io crate chassis 0.1.1 on toolchain beta-2021-08-01
[INFO] running `Command { std: "/workspace/cargo-home/bin/cargo" "+beta-2021-08-01" "metadata" "--manifest-path" "Cargo.toml" "--no-deps", kill_on_drop: false }`
[INFO] started tweaking crates.io crate chassis 0.1.1
[INFO] finished tweaking crates.io crate chassis 0.1.1
[INFO] tweaked toml for crates.io crate chassis 0.1.1 written to /workspace/builds/worker-3/source/Cargo.toml
[INFO] crate crates.io crate chassis 0.1.1 already has a lockfile, it will not be regenerated
[INFO] running `Command { std: "/workspace/cargo-home/bin/cargo" "+beta-2021-08-01" "fetch" "--manifest-path" "Cargo.toml", kill_on_drop: false }`
[INFO] [stderr]  Downloading crates ...
[INFO] [stderr]   Downloaded trybuild v1.0.42
[INFO] running `Command { std: "docker" "create" "-v" "/var/lib/crater-agent-workspace/builds/worker-3/target:/opt/rustwide/target:rw,Z" "-v" "/var/lib/crater-agent-workspace/builds/worker-3/source:/opt/rustwide/workdir:ro,Z" "-v" "/var/lib/crater-agent-workspace/cargo-home:/opt/rustwide/cargo-home:ro,Z" "-v" "/var/lib/crater-agent-workspace/rustup-home:/opt/rustwide/rustup-home:ro,Z" "-e" "SOURCE_DIR=/opt/rustwide/workdir" "-e" "CARGO_TARGET_DIR=/opt/rustwide/target" "-e" "CARGO_HOME=/opt/rustwide/cargo-home" "-e" "RUSTUP_HOME=/opt/rustwide/rustup-home" "-w" "/opt/rustwide/workdir" "-m" "1610612736" "--user" "0:0" "--network" "none" "ghcr.io/rust-lang/crates-build-env/linux@sha256:34b6a614d2c27851fe6cbf88fbd1137609cefab8b10d0615aaeb6fd47975d74e" "/opt/rustwide/cargo-home/bin/cargo" "+beta-2021-08-01" "metadata" "--no-deps" "--format-version=1", kill_on_drop: false }`
[INFO] [stdout] 16970d2d353069b6f65c51dc0fb22501f3a3695f020359edd1fa3cab42f65bfb
[INFO] [stderr] WARNING: Your kernel does not support swap limit capabilities or the cgroup is not mounted. Memory limited without swap.
[INFO] running `Command { std: "docker" "start" "-a" "16970d2d353069b6f65c51dc0fb22501f3a3695f020359edd1fa3cab42f65bfb", kill_on_drop: false }`
[INFO] running `Command { std: "docker" "inspect" "16970d2d353069b6f65c51dc0fb22501f3a3695f020359edd1fa3cab42f65bfb", kill_on_drop: false }`
[INFO] running `Command { std: "docker" "rm" "-f" "16970d2d353069b6f65c51dc0fb22501f3a3695f020359edd1fa3cab42f65bfb", kill_on_drop: false }`
[INFO] [stdout] 16970d2d353069b6f65c51dc0fb22501f3a3695f020359edd1fa3cab42f65bfb
[INFO] running `Command { std: "docker" "create" "-v" "/var/lib/crater-agent-workspace/builds/worker-3/target:/opt/rustwide/target:rw,Z" "-v" "/var/lib/crater-agent-workspace/builds/worker-3/source:/opt/rustwide/workdir:ro,Z" "-v" "/var/lib/crater-agent-workspace/cargo-home:/opt/rustwide/cargo-home:ro,Z" "-v" "/var/lib/crater-agent-workspace/rustup-home:/opt/rustwide/rustup-home:ro,Z" "-e" "SOURCE_DIR=/opt/rustwide/workdir" "-e" "CARGO_TARGET_DIR=/opt/rustwide/target" "-e" "CARGO_INCREMENTAL=0" "-e" "RUST_BACKTRACE=full" "-e" "RUSTFLAGS=--cap-lints=warn" "-e" "CARGO_HOME=/opt/rustwide/cargo-home" "-e" "RUSTUP_HOME=/opt/rustwide/rustup-home" "-w" "/opt/rustwide/workdir" "-m" "1610612736" "--user" "0:0" "--network" "none" "ghcr.io/rust-lang/crates-build-env/linux@sha256:34b6a614d2c27851fe6cbf88fbd1137609cefab8b10d0615aaeb6fd47975d74e" "/opt/rustwide/cargo-home/bin/cargo" "+beta-2021-08-01" "build" "--frozen" "--message-format=json", kill_on_drop: false }`
[INFO] [stdout] a99e6020370cf7faf1b6d4213d4090fd593c4780217c6c608286923a9e3fa64c
[INFO] [stderr] WARNING: Your kernel does not support swap limit capabilities or the cgroup is not mounted. Memory limited without swap.
[INFO] running `Command { std: "docker" "start" "-a" "a99e6020370cf7faf1b6d4213d4090fd593c4780217c6c608286923a9e3fa64c", kill_on_drop: false }`
[INFO] [stderr]    Compiling syn v1.0.69
[INFO] [stderr]    Compiling chassis v0.1.1 (/opt/rustwide/workdir)
[INFO] [stderr]     Finished dev [unoptimized + debuginfo] target(s) in 10.30s
[INFO] running `Command { std: "docker" "inspect" "a99e6020370cf7faf1b6d4213d4090fd593c4780217c6c608286923a9e3fa64c", kill_on_drop: false }`
[INFO] running `Command { std: "docker" "rm" "-f" "a99e6020370cf7faf1b6d4213d4090fd593c4780217c6c608286923a9e3fa64c", kill_on_drop: false }`
[INFO] [stdout] a99e6020370cf7faf1b6d4213d4090fd593c4780217c6c608286923a9e3fa64c
[INFO] running `Command { std: "docker" "create" "-v" "/var/lib/crater-agent-workspace/builds/worker-3/target:/opt/rustwide/target:rw,Z" "-v" "/var/lib/crater-agent-workspace/builds/worker-3/source:/opt/rustwide/workdir:ro,Z" "-v" "/var/lib/crater-agent-workspace/cargo-home:/opt/rustwide/cargo-home:ro,Z" "-v" "/var/lib/crater-agent-workspace/rustup-home:/opt/rustwide/rustup-home:ro,Z" "-e" "SOURCE_DIR=/opt/rustwide/workdir" "-e" "CARGO_TARGET_DIR=/opt/rustwide/target" "-e" "CARGO_INCREMENTAL=0" "-e" "RUST_BACKTRACE=full" "-e" "RUSTFLAGS=--cap-lints=warn" "-e" "CARGO_HOME=/opt/rustwide/cargo-home" "-e" "RUSTUP_HOME=/opt/rustwide/rustup-home" "-w" "/opt/rustwide/workdir" "-m" "1610612736" "--user" "0:0" "--network" "none" "ghcr.io/rust-lang/crates-build-env/linux@sha256:34b6a614d2c27851fe6cbf88fbd1137609cefab8b10d0615aaeb6fd47975d74e" "/opt/rustwide/cargo-home/bin/cargo" "+beta-2021-08-01" "test" "--frozen" "--no-run" "--message-format=json", kill_on_drop: false }`
[INFO] [stdout] e63faaf9f0763c07519e5dca9dad18f0106887074f6f7f2e3fc44834c0aca689
[INFO] [stderr] WARNING: Your kernel does not support swap limit capabilities or the cgroup is not mounted. Memory limited without swap.
[INFO] running `Command { std: "docker" "start" "-a" "e63faaf9f0763c07519e5dca9dad18f0106887074f6f7f2e3fc44834c0aca689", kill_on_drop: false }`
[INFO] [stderr]    Compiling trybuild v1.0.42
[INFO] [stderr]    Compiling assert_matches v1.5.0
[INFO] [stderr]    Compiling serde_derive v1.0.125
[INFO] [stderr]    Compiling serde v1.0.125
[INFO] [stderr]    Compiling serde_json v1.0.64
[INFO] [stderr]    Compiling toml v0.5.8
[INFO] [stderr]    Compiling chassis v0.1.1 (/opt/rustwide/workdir)
[INFO] [stderr]     Finished test [unoptimized + debuginfo] target(s) in 20.41s
[INFO] running `Command { std: "docker" "inspect" "e63faaf9f0763c07519e5dca9dad18f0106887074f6f7f2e3fc44834c0aca689", kill_on_drop: false }`
[INFO] running `Command { std: "docker" "rm" "-f" "e63faaf9f0763c07519e5dca9dad18f0106887074f6f7f2e3fc44834c0aca689", kill_on_drop: false }`
[INFO] [stdout] e63faaf9f0763c07519e5dca9dad18f0106887074f6f7f2e3fc44834c0aca689
[INFO] running `Command { std: "docker" "create" "-v" "/var/lib/crater-agent-workspace/builds/worker-3/target:/opt/rustwide/target:rw,Z" "-v" "/var/lib/crater-agent-workspace/builds/worker-3/source:/opt/rustwide/workdir:ro,Z" "-v" "/var/lib/crater-agent-workspace/cargo-home:/opt/rustwide/cargo-home:ro,Z" "-v" "/var/lib/crater-agent-workspace/rustup-home:/opt/rustwide/rustup-home:ro,Z" "-e" "SOURCE_DIR=/opt/rustwide/workdir" "-e" "CARGO_TARGET_DIR=/opt/rustwide/target" "-e" "CARGO_INCREMENTAL=0" "-e" "RUST_BACKTRACE=full" "-e" "RUSTFLAGS=--cap-lints=warn" "-e" "CARGO_HOME=/opt/rustwide/cargo-home" "-e" "RUSTUP_HOME=/opt/rustwide/rustup-home" "-w" "/opt/rustwide/workdir" "-m" "1610612736" "--user" "0:0" "--network" "none" "ghcr.io/rust-lang/crates-build-env/linux@sha256:34b6a614d2c27851fe6cbf88fbd1137609cefab8b10d0615aaeb6fd47975d74e" "/opt/rustwide/cargo-home/bin/cargo" "+beta-2021-08-01" "test" "--frozen", kill_on_drop: false }`
[INFO] [stdout] 2b2d668cd15c1a34a0f1174137597518cce5aaff58a97f702a1b06096f559b14
[INFO] [stderr] WARNING: Your kernel does not support swap limit capabilities or the cgroup is not mounted. Memory limited without swap.
[INFO] running `Command { std: "docker" "start" "-a" "2b2d668cd15c1a34a0f1174137597518cce5aaff58a97f702a1b06096f559b14", kill_on_drop: false }`
[INFO] [stderr]     Blocking waiting for file lock on package cache
[INFO] [stderr]     Blocking waiting for file lock on package cache
[INFO] [stderr]     Finished test [unoptimized + debuginfo] target(s) in 0.44s
[INFO] [stderr]      Running unittests (/opt/rustwide/target/debug/deps/chassis-dd4fdd6a55a2160e)
[INFO] [stdout] 
[INFO] [stdout] running 11 tests
[INFO] [stdout] test key::tests::check_bound ... ok
[INFO] [stdout] test key::tests::check_full_path ... ok
[INFO] [stdout] test key::tests::check_dyn_bound ... ok
[INFO] [stdout] test key::tests::check_impl_bound ... ok
[INFO] [stdout] test key::tests::check_tuple ... ok
[INFO] [stdout] test key::tests::check_mut_ref ... ok
[INFO] [stdout] test key::tests::check_type ... ok
[INFO] [stderr]      Running tests/deps.rs (/opt/rustwide/target/debug/deps/deps-bba6dd1876f3cef5)
[INFO] [stdout] test key::tests::check_ref ... ok
[INFO] [stdout] test key::tests::check_paren ... ok
[INFO] [stdout] test key::tests::check_generic ... ok
[INFO] [stdout] test key::tests::check_path ... ok
[INFO] [stdout] 
[INFO] [stdout] test result: ok. 11 passed; 0 failed; 0 ignored; 0 measured; 0 filtered out; finished in 0.01s
[INFO] [stdout] 
[INFO] [stderr]      Running tests/multiple_components.rs (/opt/rustwide/target/debug/deps/multiple_components-f3de637265803e41)
[INFO] [stdout] 
[INFO] [stdout] running 1 test
[INFO] [stdout] test check ... ok
[INFO] [stdout] 
[INFO] [stdout] test result: ok. 1 passed; 0 failed; 0 ignored; 0 measured; 0 filtered out; finished in 0.00s
[INFO] [stdout] 
[INFO] [stdout] 
[INFO] [stdout] running 1 test
[INFO] [stdout] test check ... ok
[INFO] [stdout] 
[INFO] [stdout] test result: ok. 1 passed; 0 failed; 0 ignored; 0 measured; 0 filtered out; finished in 0.00s
[INFO] [stdout] 
[INFO] [stderr]      Running tests/multiple_modules.rs (/opt/rustwide/target/debug/deps/multiple_modules-c9168ee425232373)
[INFO] [stdout] 
[INFO] [stdout] running 1 test
[INFO] [stdout] test check ... ok
[INFO] [stdout] 
[INFO] [stdout] test result: ok. 1 passed; 0 failed; 0 ignored; 0 measured; 0 filtered out; finished in 0.00s
[INFO] [stdout] 
[INFO] [stderr]      Running tests/no_dep.rs (/opt/rustwide/target/debug/deps/no_dep-2202009b5683502d)
[INFO] [stdout] 
[INFO] [stdout] running 1 test
[INFO] [stderr]      Running tests/singleton.rs (/opt/rustwide/target/debug/deps/singleton-4e1a8f38ed9da0c6)
[INFO] [stdout] test check ... ok
[INFO] [stdout] 
[INFO] [stdout] test result: ok. 1 passed; 0 failed; 0 ignored; 0 measured; 0 filtered out; finished in 0.00s
[INFO] [stdout] 
[INFO] [stdout] 
[INFO] [stdout] running 1 test
[INFO] [stdout] test check ... ok
[INFO] [stdout] 
[INFO] [stdout] test result: ok. 1 passed; 0 failed; 0 ignored; 0 measured; 0 filtered out; finished in 0.00s
[INFO] [stdout] 
[INFO] [stderr]      Running tests/singleton_deps.rs (/opt/rustwide/target/debug/deps/singleton_deps-13191735bab816fd)
[INFO] [stdout] 
[INFO] [stdout] running 2 tests
[INFO] [stdout] test check_dep ... ok
[INFO] [stdout] test check_multiple ... ok
[INFO] [stdout] 
[INFO] [stdout] test result: ok. 2 passed; 0 failed; 0 ignored; 0 measured; 0 filtered out; finished in 0.00s
[INFO] [stdout] 
[INFO] [stderr]      Running tests/test_failing.rs (/opt/rustwide/target/debug/deps/test_failing-270fdb00fcba0733)
[INFO] [stdout] 
[INFO] [stdout] running 1 test
[INFO] [stderr]    Compiling proc-macro2 v1.0.26
[INFO] [stderr]    Compiling syn v1.0.69
[INFO] [stderr]    Compiling unicode-xid v0.2.1
[INFO] [stderr]    Compiling version_check v0.9.3
[INFO] [stderr]     Checking assert_matches v1.5.0
[INFO] [stderr]    Compiling chassis v0.1.1 (/opt/rustwide/workdir)
[INFO] [stderr]     Checking quote v1.0.9
[INFO] [stderr]     Checking chassis-tests v0.0.0 (/opt/rustwide/target/tests/chassis)
[INFO] [stderr]     Finished dev [unoptimized + debuginfo] target(s) in 23.50s
[INFO] [stderr] 
[INFO] [stderr] 
[INFO] [stderr] test tests/failing/comp_cyclic_dep.rs ... mismatch
[INFO] [stderr] 
[INFO] [stderr] EXPECTED:
[INFO] [stderr] ┈┈┈┈┈┈┈┈┈┈┈┈┈┈┈┈┈┈┈┈┈┈┈┈┈┈┈┈┈┈┈┈┈┈┈┈┈┈┈┈┈┈┈┈┈┈┈┈┈┈┈┈┈┈┈┈┈┈┈┈
[INFO] [stderr] error: Cyclic dependency for `Dummy`
[INFO] [stderr]   --> $DIR/comp_cyclic_dep.rs:12:37
[INFO] [stderr]    |
[INFO] [stderr] 12 |         pub fn provide_dummy(dummy: Dummy) -> Dummy {
[INFO] [stderr]    |                                     ^^^^^
[INFO] [stderr]    |
[INFO] [stderr] help: required for `Dummy`
[INFO] [stderr]   --> $DIR/comp_cyclic_dep.rs:18:36
[INFO] [stderr]    |
[INFO] [stderr] 18 |         fn resolve_dummy(&self) -> Dummy;
[INFO] [stderr]    |                                    ^^^^^
[INFO] [stderr] ┈┈┈┈┈┈┈┈┈┈┈┈┈┈┈┈┈┈┈┈┈┈┈┈┈┈┈┈┈┈┈┈┈┈┈┈┈┈┈┈┈┈┈┈┈┈┈┈┈┈┈┈┈┈┈┈┈┈┈┈
[INFO] [stderr] 
[INFO] [stderr] ACTUAL OUTPUT:
[INFO] [stderr] ┈┈┈┈┈┈┈┈┈┈┈┈┈┈┈┈┈┈┈┈┈┈┈┈┈┈┈┈┈┈┈┈┈┈┈┈┈┈┈┈┈┈┈┈┈┈┈┈┈┈┈┈┈┈┈┈┈┈┈┈
[INFO] [stderr] error: Cyclic dependency for `Dummy`
[INFO] [stderr]   --> $DIR/comp_cyclic_dep.rs:12:37
[INFO] [stderr]    |
[INFO] [stderr] 12 |         pub fn provide_dummy(dummy: Dummy) -> Dummy {
[INFO] [stderr]    |                                     ^^^^^
[INFO] [stderr] 
[INFO] [stderr] error: help: required for `Dummy`
[INFO] [stderr]   --> $DIR/comp_cyclic_dep.rs:18:36
[INFO] [stderr]    |
[INFO] [stderr] 18 |         fn resolve_dummy(&self) -> Dummy;
[INFO] [stderr]    |                                    ^^^^^
[INFO] [stderr] ┈┈┈┈┈┈┈┈┈┈┈┈┈┈┈┈┈┈┈┈┈┈┈┈┈┈┈┈┈┈┈┈┈┈┈┈┈┈┈┈┈┈┈┈┈┈┈┈┈┈┈┈┈┈┈┈┈┈┈┈
[INFO] [stderr] note: If the actual output is the correct output you can bless it by rerunning
[INFO] [stderr]       your test with the environment variable TRYBUILD=overwrite
[INFO] [stderr] 
[INFO] [stderr] test tests/failing/comp_cyclic_dep2.rs ... mismatch
[INFO] [stderr] 
[INFO] [stderr] EXPECTED:
[INFO] [stderr] ┈┈┈┈┈┈┈┈┈┈┈┈┈┈┈┈┈┈┈┈┈┈┈┈┈┈┈┈┈┈┈┈┈┈┈┈┈┈┈┈┈┈┈┈┈┈┈┈┈┈┈┈┈┈┈┈┈┈┈┈
[INFO] [stderr] error: Cyclic dependency for `Dummy1`
[INFO] [stderr]   --> $DIR/comp_cyclic_dep2.rs:13:38
[INFO] [stderr]    |
[INFO] [stderr] 13 |         pub fn provide_dummy2(dummy: Dummy1) -> Dummy2 {
[INFO] [stderr]    |                                      ^^^^^^
[INFO] [stderr]    |
[INFO] [stderr] help: required for `Dummy2`
[INFO] [stderr]   --> $DIR/comp_cyclic_dep2.rs:17:38
[INFO] [stderr]    |
[INFO] [stderr] 17 |         pub fn provide_dummy1(dummy: Dummy2) -> Dummy1 {
[INFO] [stderr]    |                                      ^^^^^^
[INFO] [stderr] help: required for `Dummy1`
[INFO] [stderr]   --> $DIR/comp_cyclic_dep2.rs:23:36
[INFO] [stderr]    |
[INFO] [stderr] 23 |         fn resolve_dummy(&self) -> Dummy1;
[INFO] [stderr]    |                                    ^^^^^^
[INFO] [stderr] ┈┈┈┈┈┈┈┈┈┈┈┈┈┈┈┈┈┈┈┈┈┈┈┈┈┈┈┈┈┈┈┈┈┈┈┈┈┈┈┈┈┈┈┈┈┈┈┈┈┈┈┈┈┈┈┈┈┈┈┈
[INFO] [stderr] 
[INFO] [stderr] ACTUAL OUTPUT:
[INFO] [stderr] ┈┈┈┈┈┈┈┈┈┈┈┈┈┈┈┈┈┈┈┈┈┈┈┈┈┈┈┈┈┈┈┈┈┈┈┈┈┈┈┈┈┈┈┈┈┈┈┈┈┈┈┈┈┈┈┈┈┈┈┈
[INFO] [stderr] error: Cyclic dependency for `Dummy1`
[INFO] [stderr]   --> $DIR/comp_cyclic_dep2.rs:13:38
[INFO] [stderr]    |
[INFO] [stderr] 13 |         pub fn provide_dummy2(dummy: Dummy1) -> Dummy2 {
[INFO] [stderr]    |                                      ^^^^^^
[INFO] [stderr] 
[INFO] [stderr] error: help: required for `Dummy2`
[INFO] [stderr]   --> $DIR/comp_cyclic_dep2.rs:17:38
[INFO] [stderr]    |
[INFO] [stderr] 17 |         pub fn provide_dummy1(dummy: Dummy2) -> Dummy1 {
[INFO] [stderr]    |                                      ^^^^^^
[INFO] [stderr] 
[INFO] [stderr] error: help: required for `Dummy1`
[INFO] [stderr]   --> $DIR/comp_cyclic_dep2.rs:23:36
[INFO] [stderr]    |
[INFO] [stderr] 23 |         fn resolve_dummy(&self) -> Dummy1;
[INFO] [stderr]    |                                    ^^^^^^
[INFO] [stderr] ┈┈┈┈┈┈┈┈┈┈┈┈┈┈┈┈┈┈┈┈┈┈┈┈┈┈┈┈┈┈┈┈┈┈┈┈┈┈┈┈┈┈┈┈┈┈┈┈┈┈┈┈┈┈┈┈┈┈┈┈
[INFO] [stderr] note: If the actual output is the correct output you can bless it by rerunning
[INFO] [stderr]       your test with the environment variable TRYBUILD=overwrite
[INFO] [stderr] 
[INFO] [stderr] test tests/failing/comp_default_impl.rs ... ok
[INFO] [stderr] test tests/failing/comp_no_return_type.rs ... mismatch
[INFO] [stderr] 
[INFO] [stderr] EXPECTED:
[INFO] [stderr] ┈┈┈┈┈┈┈┈┈┈┈┈┈┈┈┈┈┈┈┈┈┈┈┈┈┈┈┈┈┈┈┈┈┈┈┈┈┈┈┈┈┈┈┈┈┈┈┈┈┈┈┈┈┈┈┈┈┈┈┈
[INFO] [stderr] error: Return type is required
[INFO] [stderr]   --> $DIR/comp_no_return_type.rs:18:9
[INFO] [stderr]    |
[INFO] [stderr] 18 |         fn resolve_dummy(&self);
[INFO] [stderr]    |         ^^^^^^^^^^^^^^^^^^^^^^^
[INFO] [stderr] ┈┈┈┈┈┈┈┈┈┈┈┈┈┈┈┈┈┈┈┈┈┈┈┈┈┈┈┈┈┈┈┈┈┈┈┈┈┈┈┈┈┈┈┈┈┈┈┈┈┈┈┈┈┈┈┈┈┈┈┈
[INFO] [stderr] 
[INFO] [stderr] ACTUAL OUTPUT:
[INFO] [stderr] ┈┈┈┈┈┈┈┈┈┈┈┈┈┈┈┈┈┈┈┈┈┈┈┈┈┈┈┈┈┈┈┈┈┈┈┈┈┈┈┈┈┈┈┈┈┈┈┈┈┈┈┈┈┈┈┈┈┈┈┈
[INFO] [stderr] error: Return type is required
[INFO] [stderr]   --> $DIR/comp_no_return_type.rs:18:9
[INFO] [stderr]    |
[INFO] [stderr] 18 |         fn resolve_dummy(&self);
[INFO] [stderr]    |         ^^
[INFO] [stderr] ┈┈┈┈┈┈┈┈┈┈┈┈┈┈┈┈┈┈┈┈┈┈┈┈┈┈┈┈┈┈┈┈┈┈┈┈┈┈┈┈┈┈┈┈┈┈┈┈┈┈┈┈┈┈┈┈┈┈┈┈
[INFO] [stderr] note: If the actual output is the correct output you can bless it by rerunning
[INFO] [stderr]       your test with the environment variable TRYBUILD=overwrite
[INFO] [stderr] 
[INFO] [stderr] test tests/failing/comp_no_self_ref.rs ... mismatch
[INFO] [stderr] 
[INFO] [stderr] EXPECTED:
[INFO] [stderr] ┈┈┈┈┈┈┈┈┈┈┈┈┈┈┈┈┈┈┈┈┈┈┈┈┈┈┈┈┈┈┈┈┈┈┈┈┈┈┈┈┈┈┈┈┈┈┈┈┈┈┈┈┈┈┈┈┈┈┈┈
[INFO] [stderr] error[E0053]: method `resolve_dummy` has an incompatible type for trait
[INFO] [stderr]   --> $DIR/comp_no_self_ref.rs:18:12
[INFO] [stderr]    |
[INFO] [stderr] 18 |         fn resolve_dummy(&mut self) -> Dummy;
[INFO] [stderr]    |            ^^^^^^^^^^^^^ --------- type in trait
[INFO] [stderr]    |            |
[INFO] [stderr]    |            types differ in mutability
[INFO] [stderr]    |
[INFO] [stderr]    = note: expected fn pointer `fn(&mut mut_self::DummyFactoryImpl) -> Dummy`
[INFO] [stderr]               found fn pointer `fn(&mut_self::DummyFactoryImpl) -> Dummy`
[INFO] [stderr] help: consider change the type to match the mutability in trait
[INFO] [stderr]    |
[INFO] [stderr] 18 |         fn &mut self(&mut self) -> Dummy;
[INFO] [stderr]    |            ^^^^^^^^^
[INFO] [stderr] 
[INFO] [stderr] error[E0053]: method `resolve_dummy` has an incompatible type for trait
[INFO] [stderr]   --> $DIR/comp_no_self_ref.rs:35:12
[INFO] [stderr]    |
[INFO] [stderr] 35 |         fn resolve_dummy(self) -> Dummy;
[INFO] [stderr]    |            ^^^^^^^^^^^^^ ---- type in trait
[INFO] [stderr]    |            |
[INFO] [stderr]    |            expected struct `move_self::DummyFactoryImpl`, found `&move_self::DummyFactoryImpl`
[INFO] [stderr]    |
[INFO] [stderr]    = note: expected fn pointer `fn(move_self::DummyFactoryImpl) -> Dummy`
[INFO] [stderr]               found fn pointer `fn(&move_self::DummyFactoryImpl) -> Dummy`
[INFO] [stderr] 
[INFO] [stderr] error[E0053]: method `resolve_dummy` has an incompatible type for trait
[INFO] [stderr]   --> $DIR/comp_no_self_ref.rs:52:12
[INFO] [stderr]    |
[INFO] [stderr] 52 |         fn resolve_dummy(self: &Box<Self>) -> Dummy;
[INFO] [stderr]    |            ^^^^^^^^^^^^^       ---------- type in trait
[INFO] [stderr]    |            |
[INFO] [stderr]    |            expected struct `Box`, found struct `box_self::DummyFactoryImpl`
[INFO] [stderr]    |
[INFO] [stderr]    = note: expected fn pointer `fn(&Box<box_self::DummyFactoryImpl>) -> Dummy`
[INFO] [stderr]               found fn pointer `fn(&box_self::DummyFactoryImpl) -> Dummy`
[INFO] [stderr] ┈┈┈┈┈┈┈┈┈┈┈┈┈┈┈┈┈┈┈┈┈┈┈┈┈┈┈┈┈┈┈┈┈┈┈┈┈┈┈┈┈┈┈┈┈┈┈┈┈┈┈┈┈┈┈┈┈┈┈┈
[INFO] [stderr] 
[INFO] [stderr] ACTUAL OUTPUT:
[INFO] [stderr] ┈┈┈┈┈┈┈┈┈┈┈┈┈┈┈┈┈┈┈┈┈┈┈┈┈┈┈┈┈┈┈┈┈┈┈┈┈┈┈┈┈┈┈┈┈┈┈┈┈┈┈┈┈┈┈┈┈┈┈┈
[INFO] [stderr] error[E0053]: method `resolve_dummy` has an incompatible type for trait
[INFO] [stderr]   --> $DIR/comp_no_self_ref.rs:18:12
[INFO] [stderr]    |
[INFO] [stderr] 18 |         fn resolve_dummy(&mut self) -> Dummy;
[INFO] [stderr]    |            ^^^^^^^^^^^^^ --------- type in trait
[INFO] [stderr]    |            |
[INFO] [stderr]    |            types differ in mutability
[INFO] [stderr]    |            help: change the self-receiver type to match the trait: `self: &mut mut_self::DummyFactoryImpl`
[INFO] [stderr]    |
[INFO] [stderr]    = note: expected fn pointer `fn(&mut mut_self::DummyFactoryImpl) -> Dummy`
[INFO] [stderr]               found fn pointer `fn(&mut_self::DummyFactoryImpl) -> Dummy`
[INFO] [stderr] 
[INFO] [stderr] error[E0053]: method `resolve_dummy` has an incompatible type for trait
[INFO] [stderr]   --> $DIR/comp_no_self_ref.rs:35:12
[INFO] [stderr]    |
[INFO] [stderr] 35 |         fn resolve_dummy(self) -> Dummy;
[INFO] [stderr]    |            ^^^^^^^^^^^^^ ---- type in trait
[INFO] [stderr]    |            |
[INFO] [stderr]    |            expected struct `move_self::DummyFactoryImpl`, found `&move_self::DummyFactoryImpl`
[INFO] [stderr]    |            help: change the self-receiver type to match the trait: `self`
[INFO] [stderr]    |
[INFO] [stderr]    = note: expected fn pointer `fn(move_self::DummyFactoryImpl) -> Dummy`
[INFO] [stderr]               found fn pointer `fn(&move_self::DummyFactoryImpl) -> Dummy`
[INFO] [stderr] 
[INFO] [stderr] error[E0053]: method `resolve_dummy` has an incompatible type for trait
[INFO] [stderr]   --> $DIR/comp_no_self_ref.rs:52:12
[INFO] [stderr]    |
[INFO] [stderr] 52 |         fn resolve_dummy(self: &Box<Self>) -> Dummy;
[INFO] [stderr]    |            ^^^^^^^^^^^^^       ---------- type in trait
[INFO] [stderr]    |            |
[INFO] [stderr]    |            expected struct `Box`, found struct `box_self::DummyFactoryImpl`
[INFO] [stderr]    |            help: change the self-receiver type to match the trait: `self: &Box<box_self::DummyFactoryImpl>`
[INFO] [stderr]    |
[INFO] [stderr]    = note: expected fn pointer `fn(&Box<box_self::DummyFactoryImpl>) -> Dummy`
[INFO] [stderr]               found fn pointer `fn(&box_self::DummyFactoryImpl) -> Dummy`
[INFO] [stderr] ┈┈┈┈┈┈┈┈┈┈┈┈┈┈┈┈┈┈┈┈┈┈┈┈┈┈┈┈┈┈┈┈┈┈┈┈┈┈┈┈┈┈┈┈┈┈┈┈┈┈┈┈┈┈┈┈┈┈┈┈
[INFO] [stderr] note: If the actual output is the correct output you can bless it by rerunning
[INFO] [stderr]       your test with the environment variable TRYBUILD=overwrite
[INFO] [stderr] 
[INFO] [stderr] test tests/failing/comp_type_item.rs ... mismatch
[INFO] [stderr] 
[INFO] [stderr] EXPECTED:
[INFO] [stderr] ┈┈┈┈┈┈┈┈┈┈┈┈┈┈┈┈┈┈┈┈┈┈┈┈┈┈┈┈┈┈┈┈┈┈┈┈┈┈┈┈┈┈┈┈┈┈┈┈┈┈┈┈┈┈┈┈┈┈┈┈
[INFO] [stderr] error: Associated type not allowed in component
[INFO] [stderr]   --> $DIR/comp_type_item.rs:18:9
[INFO] [stderr]    |
[INFO] [stderr] 18 |         type Item;
[INFO] [stderr]    |         ^^^^^^^^^^
[INFO] [stderr] ┈┈┈┈┈┈┈┈┈┈┈┈┈┈┈┈┈┈┈┈┈┈┈┈┈┈┈┈┈┈┈┈┈┈┈┈┈┈┈┈┈┈┈┈┈┈┈┈┈┈┈┈┈┈┈┈┈┈┈┈
[INFO] [stderr] 
[INFO] [stderr] ACTUAL OUTPUT:
[INFO] [stderr] ┈┈┈┈┈┈┈┈┈┈┈┈┈┈┈┈┈┈┈┈┈┈┈┈┈┈┈┈┈┈┈┈┈┈┈┈┈┈┈┈┈┈┈┈┈┈┈┈┈┈┈┈┈┈┈┈┈┈┈┈
[INFO] [stderr] error: Associated type not allowed in component
[INFO] [stderr]   --> $DIR/comp_type_item.rs:18:9
[INFO] [stderr]    |
[INFO] [stderr] 18 |         type Item;
[INFO] [stderr]    |         ^^^^
[INFO] [stderr] ┈┈┈┈┈┈┈┈┈┈┈┈┈┈┈┈┈┈┈┈┈┈┈┈┈┈┈┈┈┈┈┈┈┈┈┈┈┈┈┈┈┈┈┈┈┈┈┈┈┈┈┈┈┈┈┈┈┈┈┈
[INFO] [stderr] note: If the actual output is the correct output you can bless it by rerunning
[INFO] [stderr]       your test with the environment variable TRYBUILD=overwrite
[INFO] [stderr] 
[INFO] [stderr] test tests/failing/missing_dep.rs ... mismatch
[INFO] [stderr] 
[INFO] [stderr] EXPECTED:
[INFO] [stderr] ┈┈┈┈┈┈┈┈┈┈┈┈┈┈┈┈┈┈┈┈┈┈┈┈┈┈┈┈┈┈┈┈┈┈┈┈┈┈┈┈┈┈┈┈┈┈┈┈┈┈┈┈┈┈┈┈┈┈┈┈
[INFO] [stderr] error: Missing dependency `IntArg`
[INFO] [stderr]   --> $DIR/missing_dep.rs:22:54
[INFO] [stderr]    |
[INFO] [stderr] 22 |         pub fn provide_dummy(string: StringArg, int: IntArg) -> Dummy {
[INFO] [stderr]    |                                                      ^^^^^^
[INFO] [stderr]    |
[INFO] [stderr] help: required for `Dummy`
[INFO] [stderr]   --> $DIR/missing_dep.rs:28:36
[INFO] [stderr]    |
[INFO] [stderr] 28 |         fn resolve_dummy(&self) -> Dummy;
[INFO] [stderr]    |                                    ^^^^^
[INFO] [stderr] ┈┈┈┈┈┈┈┈┈┈┈┈┈┈┈┈┈┈┈┈┈┈┈┈┈┈┈┈┈┈┈┈┈┈┈┈┈┈┈┈┈┈┈┈┈┈┈┈┈┈┈┈┈┈┈┈┈┈┈┈
[INFO] [stderr] 
[INFO] [stderr] ACTUAL OUTPUT:
[INFO] [stderr] ┈┈┈┈┈┈┈┈┈┈┈┈┈┈┈┈┈┈┈┈┈┈┈┈┈┈┈┈┈┈┈┈┈┈┈┈┈┈┈┈┈┈┈┈┈┈┈┈┈┈┈┈┈┈┈┈┈┈┈┈
[INFO] [stderr] error: Missing dependency `IntArg`
[INFO] [stderr]   --> $DIR/missing_dep.rs:22:54
[INFO] [stderr]    |
[INFO] [stderr] 22 |         pub fn provide_dummy(string: StringArg, int: IntArg) -> Dummy {
[INFO] [stderr]    |                                                      ^^^^^^
[INFO] [stderr] 
[INFO] [stderr] error: help: required for `Dummy`
[INFO] [stderr]   --> $DIR/missing_dep.rs:28:36
[INFO] [stderr]    |
[INFO] [stderr] 28 |         fn resolve_dummy(&self) -> Dummy;
[INFO] [stderr]    |                                    ^^^^^
[INFO] [stderr] ┈┈┈┈┈┈┈┈┈┈┈┈┈┈┈┈┈┈┈┈┈┈┈┈┈┈┈┈┈┈┈┈┈┈┈┈┈┈┈┈┈┈┈┈┈┈┈┈┈┈┈┈┈┈┈┈┈┈┈┈
[INFO] [stderr] note: If the actual output is the correct output you can bless it by rerunning
[INFO] [stderr]       your test with the environment variable TRYBUILD=overwrite
[INFO] [stderr] 
[INFO] [stderr] test tests/failing/module_multiple_same_provider.rs ... mismatch
[INFO] [stderr] 
[INFO] [stderr] EXPECTED:
[INFO] [stderr] ┈┈┈┈┈┈┈┈┈┈┈┈┈┈┈┈┈┈┈┈┈┈┈┈┈┈┈┈┈┈┈┈┈┈┈┈┈┈┈┈┈┈┈┈┈┈┈┈┈┈┈┈┈┈┈┈┈┈┈┈
[INFO] [stderr] error: Duplicate implementation for `Dummy`
[INFO] [stderr]   --> $DIR/module_multiple_same_provider.rs:15:36
[INFO] [stderr]    |
[INFO] [stderr] 15 |         pub fn provide_dummy2() -> Dummy {
[INFO] [stderr]    |                                    ^^^^^
[INFO] [stderr]    |
[INFO] [stderr] help: Other implementation found here
[INFO] [stderr]   --> $DIR/module_multiple_same_provider.rs:12:36
[INFO] [stderr]    |
[INFO] [stderr] 12 |         pub fn provide_dummy1() -> Dummy {
[INFO] [stderr]    |                                    ^^^^^
[INFO] [stderr] ┈┈┈┈┈┈┈┈┈┈┈┈┈┈┈┈┈┈┈┈┈┈┈┈┈┈┈┈┈┈┈┈┈┈┈┈┈┈┈┈┈┈┈┈┈┈┈┈┈┈┈┈┈┈┈┈┈┈┈┈
[INFO] [stderr] 
[INFO] [stderr] ACTUAL OUTPUT:
[INFO] [stderr] ┈┈┈┈┈┈┈┈┈┈┈┈┈┈┈┈┈┈┈┈┈┈┈┈┈┈┈┈┈┈┈┈┈┈┈┈┈┈┈┈┈┈┈┈┈┈┈┈┈┈┈┈┈┈┈┈┈┈┈┈
[INFO] [stderr] error: Duplicate implementation for `Dummy`
[INFO] [stderr]   --> $DIR/module_multiple_same_provider.rs:15:36
[INFO] [stderr]    |
[INFO] [stderr] 15 |         pub fn provide_dummy2() -> Dummy {
[INFO] [stderr]    |                                    ^^^^^
[INFO] [stderr] 
[INFO] [stderr] error: help: Other implementation found here
[INFO] [stderr]   --> $DIR/module_multiple_same_provider.rs:12:36
[INFO] [stderr]    |
[INFO] [stderr] 12 |         pub fn provide_dummy1() -> Dummy {
[INFO] [stderr]    |                                    ^^^^^
[INFO] [stderr] ┈┈┈┈┈┈┈┈┈┈┈┈┈┈┈┈┈┈┈┈┈┈┈┈┈┈┈┈┈┈┈┈┈┈┈┈┈┈┈┈┈┈┈┈┈┈┈┈┈┈┈┈┈┈┈┈┈┈┈┈
[INFO] [stderr] note: If the actual output is the correct output you can bless it by rerunning
[INFO] [stderr]       your test with the environment variable TRYBUILD=overwrite
[INFO] [stderr] 
[INFO] [stderr] test tests/failing/module_no_return_type.rs ... ok
[INFO] [stderr] 
[INFO] [stderr] 
[INFO] [stdout] test ui ... FAILED
[INFO] [stdout] 
[INFO] [stdout] failures:
[INFO] [stdout] 
[INFO] [stdout] ---- ui stdout ----
[INFO] [stdout] thread 'ui' panicked at '7 of 9 tests failed', /opt/rustwide/cargo-home/registry/src/github.com-1ecc6299db9ec823/trybuild-1.0.42/src/run.rs:73:13
[INFO] [stdout] stack backtrace:
[INFO] [stdout]    0:     0x560a81dd02e0 - std::backtrace_rs::backtrace::libunwind::trace::hff4d1766e93f64f1
[INFO] [stdout]                                at /rustc/53fd98ca776cb875bc9e5514f56b52eb74f9e7a9/library/std/src/../../backtrace/src/backtrace/libunwind.rs:90:5
[INFO] [stdout]    1:     0x560a81dd02e0 - std::backtrace_rs::backtrace::trace_unsynchronized::h56bbc8eb78770bcb
[INFO] [stdout]                                at /rustc/53fd98ca776cb875bc9e5514f56b52eb74f9e7a9/library/std/src/../../backtrace/src/backtrace/mod.rs:66:5
[INFO] [stdout]    2:     0x560a81dd02e0 - std::sys_common::backtrace::_print_fmt::h5c8e75464faca780
[INFO] [stdout]                                at /rustc/53fd98ca776cb875bc9e5514f56b52eb74f9e7a9/library/std/src/sys_common/backtrace.rs:67:5
[INFO] [stdout]    3:     0x560a81dd02e0 - <std::sys_common::backtrace::_print::DisplayBacktrace as core::fmt::Display>::fmt::h48b88277def8b362
[INFO] [stdout]                                at /rustc/53fd98ca776cb875bc9e5514f56b52eb74f9e7a9/library/std/src/sys_common/backtrace.rs:46:22
[INFO] [stdout]    4:     0x560a81df546c - core::fmt::write::h3381b3176fe2b3d3
[INFO] [stdout]                                at /rustc/53fd98ca776cb875bc9e5514f56b52eb74f9e7a9/library/core/src/fmt/mod.rs:1115:17
[INFO] [stdout]    5:     0x560a81dcc745 - std::io::Write::write_fmt::h5f34a676f60246b5
[INFO] [stdout]                                at /rustc/53fd98ca776cb875bc9e5514f56b52eb74f9e7a9/library/std/src/io/mod.rs:1665:15
[INFO] [stdout]    6:     0x560a81dd260b - std::sys_common::backtrace::_print::ha537687d6c17dd0d
[INFO] [stdout]                                at /rustc/53fd98ca776cb875bc9e5514f56b52eb74f9e7a9/library/std/src/sys_common/backtrace.rs:49:5
[INFO] [stdout]    7:     0x560a81dd260b - std::sys_common::backtrace::print::h61376ae57d131d72
[INFO] [stdout]                                at /rustc/53fd98ca776cb875bc9e5514f56b52eb74f9e7a9/library/std/src/sys_common/backtrace.rs:36:9
[INFO] [stdout]    8:     0x560a81dd260b - std::panicking::default_hook::{{closure}}::h0f7208c0b9644a54
[INFO] [stdout]                                at /rustc/53fd98ca776cb875bc9e5514f56b52eb74f9e7a9/library/std/src/panicking.rs:208:50
[INFO] [stdout]    9:     0x560a81dd211c - std::panicking::default_hook::hdac7fc06578c14ce
[INFO] [stdout]                                at /rustc/53fd98ca776cb875bc9e5514f56b52eb74f9e7a9/library/std/src/panicking.rs:222:9
[INFO] [stdout]   10:     0x560a81dd2cd4 - std::panicking::rust_panic_with_hook::h72b21c283da3d1ef
[INFO] [stdout]                                at /rustc/53fd98ca776cb875bc9e5514f56b52eb74f9e7a9/library/std/src/panicking.rs:622:17
[INFO] [stdout]   11:     0x560a81dd27b7 - std::panicking::begin_panic_handler::{{closure}}::he5778f1729cff84a
[INFO] [stdout]                                at /rustc/53fd98ca776cb875bc9e5514f56b52eb74f9e7a9/library/std/src/panicking.rs:519:13
[INFO] [stdout]   12:     0x560a81dd07bc - std::sys_common::backtrace::__rust_end_short_backtrace::h2d11ca8b453b4b1d
[INFO] [stdout]                                at /rustc/53fd98ca776cb875bc9e5514f56b52eb74f9e7a9/library/std/src/sys_common/backtrace.rs:141:18
[INFO] [stdout]   13:     0x560a81dd2719 - rust_begin_unwind
[INFO] [stdout]                                at /rustc/53fd98ca776cb875bc9e5514f56b52eb74f9e7a9/library/std/src/panicking.rs:515:5
[INFO] [stdout]   14:     0x560a81b76cfb - std::panicking::begin_panic_fmt::h746518bde832d259
[INFO] [stdout]                                at /rustc/53fd98ca776cb875bc9e5514f56b52eb74f9e7a9/library/std/src/panicking.rs:457:5
[INFO] [stdout]   15:     0x560a81bacf92 - trybuild::run::<impl trybuild::Runner>::run::heff3a692964a3d5e
[INFO] [stdout]                                at /opt/rustwide/cargo-home/registry/src/github.com-1ecc6299db9ec823/trybuild-1.0.42/src/run.rs:73:13
[INFO] [stdout]   16:     0x560a81bb1c04 - <trybuild::TestCases as core::ops::drop::Drop>::drop::hfd40a4f2d067fdfa
[INFO] [stdout]                                at /opt/rustwide/cargo-home/registry/src/github.com-1ecc6299db9ec823/trybuild-1.0.42/src/lib.rs:305:13
[INFO] [stdout]   17:     0x560a81b78ba7 - core::ptr::drop_in_place<trybuild::TestCases>::h55c83d9644a312e3
[INFO] [stdout]                                at /rustc/53fd98ca776cb875bc9e5514f56b52eb74f9e7a9/library/core/src/ptr/mod.rs:192:1
[INFO] [stdout]   18:     0x560a81b79411 - test_failing::ui::h0d77b23f07df34f7
[INFO] [stdout]                                at /opt/rustwide/workdir/tests/test_failing.rs:5:1
[INFO] [stdout]   19:     0x560a81b793ca - test_failing::ui::{{closure}}::h8b8c42fd4fe3401b
[INFO] [stdout]                                at /opt/rustwide/workdir/tests/test_failing.rs:2:1
[INFO] [stdout]   20:     0x560a81b78aee - core::ops::function::FnOnce::call_once::h07b0234f1c344de5
[INFO] [stdout]                                at /rustc/53fd98ca776cb875bc9e5514f56b52eb74f9e7a9/library/core/src/ops/function.rs:227:5
[INFO] [stdout]   21:     0x560a81db2c23 - core::ops::function::FnOnce::call_once::hbb52c4519d3137b0
[INFO] [stdout]                                at /rustc/53fd98ca776cb875bc9e5514f56b52eb74f9e7a9/library/core/src/ops/function.rs:227:5
[INFO] [stdout]   22:     0x560a81db2c23 - test::__rust_begin_short_backtrace::h86fe3a2a5a5121af
[INFO] [stdout]                                at /rustc/53fd98ca776cb875bc9e5514f56b52eb74f9e7a9/library/test/src/lib.rs:578:5
[INFO] [stdout]   23:     0x560a81db16d8 - <alloc::boxed::Box<F,A> as core::ops::function::FnOnce<Args>>::call_once::hfd956bc3d57399be
[INFO] [stdout]                                at /rustc/53fd98ca776cb875bc9e5514f56b52eb74f9e7a9/library/alloc/src/boxed.rs:1572:9
[INFO] [stdout]   24:     0x560a81db16d8 - <std::panic::AssertUnwindSafe<F> as core::ops::function::FnOnce<()>>::call_once::h40dc93e0ddb5938a
[INFO] [stdout]                                at /rustc/53fd98ca776cb875bc9e5514f56b52eb74f9e7a9/library/std/src/panic.rs:347:9
[INFO] [stdout]   25:     0x560a81db16d8 - std::panicking::try::do_call::h90d07750cb47c562
[INFO] [stdout]                                at /rustc/53fd98ca776cb875bc9e5514f56b52eb74f9e7a9/library/std/src/panicking.rs:401:40
[INFO] [stdout]   26:     0x560a81db16d8 - std::panicking::try::h063c84733ad2a629
[INFO] [stdout]                                at /rustc/53fd98ca776cb875bc9e5514f56b52eb74f9e7a9/library/std/src/panicking.rs:365:19
[INFO] [stdout]   27:     0x560a81db16d8 - std::panic::catch_unwind::h0c464836a84e7c08
[INFO] [stdout]                                at /rustc/53fd98ca776cb875bc9e5514f56b52eb74f9e7a9/library/std/src/panic.rs:434:14
[INFO] [stdout]   28:     0x560a81db16d8 - test::run_test_in_process::h5cb06ef620b157fc
[INFO] [stdout]                                at /rustc/53fd98ca776cb875bc9e5514f56b52eb74f9e7a9/library/test/src/lib.rs:601:18
[INFO] [stdout]   29:     0x560a81db16d8 - test::run_test::run_test_inner::{{closure}}::h76f677f4b93f9828
[INFO] [stdout]                                at /rustc/53fd98ca776cb875bc9e5514f56b52eb74f9e7a9/library/test/src/lib.rs:493:39
[INFO] [stdout]   30:     0x560a81d7fe6d - test::run_test::run_test_inner::{{closure}}::h366d01fe04f4d67a
[INFO] [stdout]                                at /rustc/53fd98ca776cb875bc9e5514f56b52eb74f9e7a9/library/test/src/lib.rs:520:37
[INFO] [stdout]   31:     0x560a81d7fe6d - std::sys_common::backtrace::__rust_begin_short_backtrace::h7dfa0de4eb395af2
[INFO] [stdout]                                at /rustc/53fd98ca776cb875bc9e5514f56b52eb74f9e7a9/library/std/src/sys_common/backtrace.rs:125:18
[INFO] [stdout]   32:     0x560a81d84638 - std::thread::Builder::spawn_unchecked::{{closure}}::{{closure}}::hf0a74bb58798037f
[INFO] [stdout]                                at /rustc/53fd98ca776cb875bc9e5514f56b52eb74f9e7a9/library/std/src/thread/mod.rs:476:17
[INFO] [stdout]   33:     0x560a81d84638 - <std::panic::AssertUnwindSafe<F> as core::ops::function::FnOnce<()>>::call_once::hb024e854818586ac
[INFO] [stdout]                                at /rustc/53fd98ca776cb875bc9e5514f56b52eb74f9e7a9/library/std/src/panic.rs:347:9
[INFO] [stdout]   34:     0x560a81d84638 - std::panicking::try::do_call::hb2dd9f1d0d48e41d
[INFO] [stdout]                                at /rustc/53fd98ca776cb875bc9e5514f56b52eb74f9e7a9/library/std/src/panicking.rs:401:40
[INFO] [stdout]   35:     0x560a81d84638 - std::panicking::try::h4717ae7bac8b2bf3
[INFO] [stdout]                                at /rustc/53fd98ca776cb875bc9e5514f56b52eb74f9e7a9/library/std/src/panicking.rs:365:19
[INFO] [stdout]   36:     0x560a81d84638 - std::panic::catch_unwind::h0dc8a061326ce8d8
[INFO] [stdout]                                at /rustc/53fd98ca776cb875bc9e5514f56b52eb74f9e7a9/library/std/src/panic.rs:434:14
[INFO] [stdout]   37:     0x560a81d84638 - std::thread::Builder::spawn_unchecked::{{closure}}::haa369e2d6fd00aa1
[INFO] [stdout]                                at /rustc/53fd98ca776cb875bc9e5514f56b52eb74f9e7a9/library/std/src/thread/mod.rs:475:30
[INFO] [stdout]   38:     0x560a81d84638 - core::ops::function::FnOnce::call_once{{vtable.shim}}::h36dcf3de8b056f17
[INFO] [stdout]                                at /rustc/53fd98ca776cb875bc9e5514f56b52eb74f9e7a9/library/core/src/ops/function.rs:227:5
[INFO] [stdout]   39:     0x560a81dd8d47 - <alloc::boxed::Box<F,A> as core::ops::function::FnOnce<Args>>::call_once::h65c29e4642be2358
[INFO] [stdout]                                at /rustc/53fd98ca776cb875bc9e5514f56b52eb74f9e7a9/library/alloc/src/boxed.rs:1572:9
[INFO] [stdout]   40:     0x560a81dd8d47 - <alloc::boxed::Box<F,A> as core::ops::function::FnOnce<Args>>::call_once::hd0f8f7fbbd9fffbf
[INFO] [stdout]                                at /rustc/53fd98ca776cb875bc9e5514f56b52eb74f9e7a9/library/alloc/src/boxed.rs:1572:9
[INFO] [stdout]   41:     0x560a81dd8d47 - std::sys::unix::thread::Thread::new::thread_start::h2fd22fee3ca77b65
[INFO] [stdout]                                at /rustc/53fd98ca776cb875bc9e5514f56b52eb74f9e7a9/library/std/src/sys/unix/thread.rs:74:17
[INFO] [stdout]   42:     0x7f147b09e609 - start_thread
[INFO] [stdout]   43:     0x7f147ae70293 - clone
[INFO] [stdout]   44:                0x0 - <unknown>
[INFO] [stdout] 
[INFO] [stdout] 
[INFO] [stdout] failures:
[INFO] [stdout]     ui
[INFO] [stdout] 
[INFO] [stdout] test result: FAILED. 0 passed; 1 failed; 0 ignored; 0 measured; 0 filtered out; finished in 26.42s
[INFO] [stdout] 
[INFO] [stderr] error: test failed, to rerun pass '--test test_failing'
[INFO] running `Command { std: "docker" "inspect" "2b2d668cd15c1a34a0f1174137597518cce5aaff58a97f702a1b06096f559b14", kill_on_drop: false }`
[INFO] running `Command { std: "docker" "rm" "-f" "2b2d668cd15c1a34a0f1174137597518cce5aaff58a97f702a1b06096f559b14", kill_on_drop: false }`
[INFO] [stdout] 2b2d668cd15c1a34a0f1174137597518cce5aaff58a97f702a1b06096f559b14
