[INFO] fetching crate ch8-isa 0.1.1...
[INFO] testing ch8-isa-0.1.1 against 1.54.0 for beta-1.55-1
[INFO] extracting crate ch8-isa 0.1.1 into /workspace/builds/worker-2/source
[INFO] validating manifest of crates.io crate ch8-isa 0.1.1 on toolchain 1.54.0
[INFO] running `Command { std: "/workspace/cargo-home/bin/cargo" "+1.54.0" "metadata" "--manifest-path" "Cargo.toml" "--no-deps", kill_on_drop: false }`
[INFO] started tweaking crates.io crate ch8-isa 0.1.1
[INFO] finished tweaking crates.io crate ch8-isa 0.1.1
[INFO] tweaked toml for crates.io crate ch8-isa 0.1.1 written to /workspace/builds/worker-2/source/Cargo.toml
[INFO] running `Command { std: "/workspace/cargo-home/bin/cargo" "+1.54.0" "generate-lockfile" "--manifest-path" "Cargo.toml" "-Zno-index-update", kill_on_drop: false }`
[INFO] running `Command { std: "/workspace/cargo-home/bin/cargo" "+1.54.0" "fetch" "--manifest-path" "Cargo.toml", kill_on_drop: false }`
[INFO] running `Command { std: "docker" "create" "-v" "/var/lib/crater-agent-workspace/builds/worker-2/target:/opt/rustwide/target:rw,Z" "-v" "/var/lib/crater-agent-workspace/builds/worker-2/source:/opt/rustwide/workdir:ro,Z" "-v" "/var/lib/crater-agent-workspace/cargo-home:/opt/rustwide/cargo-home:ro,Z" "-v" "/var/lib/crater-agent-workspace/rustup-home:/opt/rustwide/rustup-home:ro,Z" "-e" "SOURCE_DIR=/opt/rustwide/workdir" "-e" "CARGO_TARGET_DIR=/opt/rustwide/target" "-e" "CARGO_HOME=/opt/rustwide/cargo-home" "-e" "RUSTUP_HOME=/opt/rustwide/rustup-home" "-w" "/opt/rustwide/workdir" "-m" "1610612736" "--user" "0:0" "--network" "none" "ghcr.io/rust-lang/crates-build-env/linux@sha256:34b6a614d2c27851fe6cbf88fbd1137609cefab8b10d0615aaeb6fd47975d74e" "/opt/rustwide/cargo-home/bin/cargo" "+1.54.0" "metadata" "--no-deps" "--format-version=1", kill_on_drop: false }`
[INFO] [stderr] WARNING: Your kernel does not support swap limit capabilities or the cgroup is not mounted. Memory limited without swap.
[INFO] [stdout] 5edc35ca1b04a6875b2569b4b127a4333e015d7eb7fe0f54a3ea2178562f72bf
[INFO] running `Command { std: "docker" "start" "-a" "5edc35ca1b04a6875b2569b4b127a4333e015d7eb7fe0f54a3ea2178562f72bf", kill_on_drop: false }`
[INFO] running `Command { std: "docker" "inspect" "5edc35ca1b04a6875b2569b4b127a4333e015d7eb7fe0f54a3ea2178562f72bf", kill_on_drop: false }`
[INFO] running `Command { std: "docker" "rm" "-f" "5edc35ca1b04a6875b2569b4b127a4333e015d7eb7fe0f54a3ea2178562f72bf", kill_on_drop: false }`
[INFO] [stdout] 5edc35ca1b04a6875b2569b4b127a4333e015d7eb7fe0f54a3ea2178562f72bf
[INFO] running `Command { std: "docker" "create" "-v" "/var/lib/crater-agent-workspace/builds/worker-2/target:/opt/rustwide/target:rw,Z" "-v" "/var/lib/crater-agent-workspace/builds/worker-2/source:/opt/rustwide/workdir:ro,Z" "-v" "/var/lib/crater-agent-workspace/cargo-home:/opt/rustwide/cargo-home:ro,Z" "-v" "/var/lib/crater-agent-workspace/rustup-home:/opt/rustwide/rustup-home:ro,Z" "-e" "SOURCE_DIR=/opt/rustwide/workdir" "-e" "CARGO_TARGET_DIR=/opt/rustwide/target" "-e" "CARGO_INCREMENTAL=0" "-e" "RUST_BACKTRACE=full" "-e" "RUSTFLAGS=--cap-lints=warn" "-e" "CARGO_HOME=/opt/rustwide/cargo-home" "-e" "RUSTUP_HOME=/opt/rustwide/rustup-home" "-w" "/opt/rustwide/workdir" "-m" "1610612736" "--user" "0:0" "--network" "none" "ghcr.io/rust-lang/crates-build-env/linux@sha256:34b6a614d2c27851fe6cbf88fbd1137609cefab8b10d0615aaeb6fd47975d74e" "/opt/rustwide/cargo-home/bin/cargo" "+1.54.0" "build" "--frozen" "--message-format=json", kill_on_drop: false }`
[INFO] [stdout] 56c21fdfd9f3b78933600e125919b3c94acf3bd61ee9d4e63d552e7d70413f5b
[INFO] [stderr] WARNING: Your kernel does not support swap limit capabilities or the cgroup is not mounted. Memory limited without swap.
[INFO] running `Command { std: "docker" "start" "-a" "56c21fdfd9f3b78933600e125919b3c94acf3bd61ee9d4e63d552e7d70413f5b", kill_on_drop: false }`
[INFO] [stderr]    Compiling ch8-isa v0.1.1 (/opt/rustwide/workdir)
[INFO] [stderr]     Finished dev [unoptimized + debuginfo] target(s) in 0.74s
[INFO] running `Command { std: "docker" "inspect" "56c21fdfd9f3b78933600e125919b3c94acf3bd61ee9d4e63d552e7d70413f5b", kill_on_drop: false }`
[INFO] running `Command { std: "docker" "rm" "-f" "56c21fdfd9f3b78933600e125919b3c94acf3bd61ee9d4e63d552e7d70413f5b", kill_on_drop: false }`
[INFO] [stdout] 56c21fdfd9f3b78933600e125919b3c94acf3bd61ee9d4e63d552e7d70413f5b
[INFO] running `Command { std: "docker" "create" "-v" "/var/lib/crater-agent-workspace/builds/worker-2/target:/opt/rustwide/target:rw,Z" "-v" "/var/lib/crater-agent-workspace/builds/worker-2/source:/opt/rustwide/workdir:ro,Z" "-v" "/var/lib/crater-agent-workspace/cargo-home:/opt/rustwide/cargo-home:ro,Z" "-v" "/var/lib/crater-agent-workspace/rustup-home:/opt/rustwide/rustup-home:ro,Z" "-e" "SOURCE_DIR=/opt/rustwide/workdir" "-e" "CARGO_TARGET_DIR=/opt/rustwide/target" "-e" "CARGO_INCREMENTAL=0" "-e" "RUST_BACKTRACE=full" "-e" "RUSTFLAGS=--cap-lints=warn" "-e" "CARGO_HOME=/opt/rustwide/cargo-home" "-e" "RUSTUP_HOME=/opt/rustwide/rustup-home" "-w" "/opt/rustwide/workdir" "-m" "1610612736" "--user" "0:0" "--network" "none" "ghcr.io/rust-lang/crates-build-env/linux@sha256:34b6a614d2c27851fe6cbf88fbd1137609cefab8b10d0615aaeb6fd47975d74e" "/opt/rustwide/cargo-home/bin/cargo" "+1.54.0" "test" "--frozen" "--no-run" "--message-format=json", kill_on_drop: false }`
[INFO] [stdout] 512dceeb992b022dfd8e8149493330bb5b8233df68ccf3c14ca6f6b28406f242
[INFO] [stderr] WARNING: Your kernel does not support swap limit capabilities or the cgroup is not mounted. Memory limited without swap.
[INFO] running `Command { std: "docker" "start" "-a" "512dceeb992b022dfd8e8149493330bb5b8233df68ccf3c14ca6f6b28406f242", kill_on_drop: false }`
[INFO] [stderr]    Compiling ch8-isa v0.1.1 (/opt/rustwide/workdir)
[INFO] [stdout] warning: unnecessary trailing semicolon
[INFO] [stdout]   --> src/data/jmp_data.rs:93:27
[INFO] [stdout]    |
[INFO] [stdout] 93 |     fn test_opcode_gen() {;
[INFO] [stdout]    |                           ^ help: remove this semicolon
[INFO] [stdout]    |
[INFO] [stdout]    = note: `#[warn(redundant_semicolons)]` on by default
[INFO] [stdout] 
[INFO] [stdout] 
[INFO] [stdout] warning: 1 warning emitted
[INFO] [stdout] 
[INFO] [stdout] 
[INFO] [stderr]     Finished test [unoptimized + debuginfo] target(s) in 1.34s
[INFO] running `Command { std: "docker" "inspect" "512dceeb992b022dfd8e8149493330bb5b8233df68ccf3c14ca6f6b28406f242", kill_on_drop: false }`
[INFO] running `Command { std: "docker" "rm" "-f" "512dceeb992b022dfd8e8149493330bb5b8233df68ccf3c14ca6f6b28406f242", kill_on_drop: false }`
[INFO] [stdout] 512dceeb992b022dfd8e8149493330bb5b8233df68ccf3c14ca6f6b28406f242
[INFO] running `Command { std: "docker" "create" "-v" "/var/lib/crater-agent-workspace/builds/worker-2/target:/opt/rustwide/target:rw,Z" "-v" "/var/lib/crater-agent-workspace/builds/worker-2/source:/opt/rustwide/workdir:ro,Z" "-v" "/var/lib/crater-agent-workspace/cargo-home:/opt/rustwide/cargo-home:ro,Z" "-v" "/var/lib/crater-agent-workspace/rustup-home:/opt/rustwide/rustup-home:ro,Z" "-e" "SOURCE_DIR=/opt/rustwide/workdir" "-e" "CARGO_TARGET_DIR=/opt/rustwide/target" "-e" "CARGO_INCREMENTAL=0" "-e" "RUST_BACKTRACE=full" "-e" "RUSTFLAGS=--cap-lints=warn" "-e" "CARGO_HOME=/opt/rustwide/cargo-home" "-e" "RUSTUP_HOME=/opt/rustwide/rustup-home" "-w" "/opt/rustwide/workdir" "-m" "1610612736" "--user" "0:0" "--network" "none" "ghcr.io/rust-lang/crates-build-env/linux@sha256:34b6a614d2c27851fe6cbf88fbd1137609cefab8b10d0615aaeb6fd47975d74e" "/opt/rustwide/cargo-home/bin/cargo" "+1.54.0" "test" "--frozen", kill_on_drop: false }`
[INFO] [stdout] cda6e2eeeb210dc0a0768ae69751be23d268fe9ef65d3a81e6ccfd86a3273701
[INFO] [stderr] WARNING: Your kernel does not support swap limit capabilities or the cgroup is not mounted. Memory limited without swap.
[INFO] running `Command { std: "docker" "start" "-a" "cda6e2eeeb210dc0a0768ae69751be23d268fe9ef65d3a81e6ccfd86a3273701", kill_on_drop: false }`
[INFO] [stdout] 
[INFO] [stderr] warning: unnecessary trailing semicolon
[INFO] [stdout] running 55 tests
[INFO] [stderr]   --> src/data/jmp_data.rs:93:27
[INFO] [stderr]    |
[INFO] [stderr] 93 |     fn test_opcode_gen() {;
[INFO] [stderr]    |                           ^ help: remove this semicolon
[INFO] [stderr]    |
[INFO] [stderr]    = note: `#[warn(redundant_semicolons)]` on by default
[INFO] [stderr] 
[INFO] [stderr] warning: 1 warning emitted
[INFO] [stderr] 
[INFO] [stderr]     Finished test [unoptimized + debuginfo] target(s) in 0.01s
[INFO] [stderr]      Running unittests (/opt/rustwide/target/debug/deps/ch8_isa-34c464e14afafd79)
[INFO] [stdout] test codegen::instruction::tests::test_ret_opcode_gen ... ok
[INFO] [stdout] test data::add_data::tests::test_constants_are_masked ... ok
[INFO] [stdout] test data::draw_data::tests::test_opcode_gen ... ok
[INFO] [stdout] test data::call_data::tests::test_opcode_gen ... ok
[INFO] [stdout] test data::draw_data::tests::test_height_is_masked ... ok
[INFO] [stdout] test data::bcd_data::tests::test_opcode_gen ... ok
[INFO] [stdout] test data::call_data::tests::test_address_is_masked ... ok
[INFO] [stdout] test data::jpc_data::tests::test_opcode_gen ... ok
[INFO] [stdout] test data::key_data::tests::test_opcode_gen ... ok
[INFO] [stdout] test data::jmp_data::tests::test_opcode_gen ... ok
[INFO] [stdout] test data::gdl_data::tests::test_opcode_gen ... ok
[INFO] [stdout] test data::jpc_data::tests::test_address_is_masked ... ok
[INFO] [stdout] test data::mov_data::tests::test_constants_are_masked ... ok
[INFO] [stdout] test data::mov_data::tests::test_opcode_gen ... ok
[INFO] [stdout] test data::add_data::tests::test_opcode_gen ... ok
[INFO] [stdout] test codegen::instruction::tests::test_cls_opcode_gen ... ok
[INFO] [stdout] test data::and_data::tests::test_opcode_gen ... ok
[INFO] [stdout] test data::jmp_data::tests::test_address_is_masked ... ok
[INFO] [stdout] test data::rdp_data::tests::test_opcode_gen ... ok
[INFO] [stdout] test data::rand_data::tests::test_opcode_gen ... ok
[INFO] [stdout] test data::or_data::tests::test_opcode_gen ... ok
[INFO] [stdout] test data::register::tests::test_register_to_id ... ok
[INFO] [stdout] test data::rld_data::tests::test_opcode_gen ... ok
[INFO] [stdout] test data::gdl_data::tests::test_cannot_delay_into_index - should panic ... ok
[INFO] [stdout] test data::draw_data::tests::test_index_cannot_be_used_as_coordinate - should panic ... ok
[INFO] [stdout] test data::sdl_data::tests::test_cannot_delay_from_index - should panic ... ok
[INFO] [stdout] test data::bcd_data::tests::test_cannot_get_bcd_from_index - should panic ... ok
[INFO] [stdout] test data::mov_data::tests::test_cannot_assign_register_to_index - should panic ... ok
[INFO] [stdout] test data::shl_data::tests::test_opcode_gen ... ok
[INFO] [stdout] test data::skip_data::tests::test_bad_skiptype_panic - should panic ... ok
[INFO] [stdout] test data::skip_data::tests::test_index_register_panic - should panic ... ok
[INFO] [stdout] test data::skip_data::tests::test_opcode_gen ... ok
[INFO] [stdout] test data::snd_data::tests::test_cannot_set_sound_from_index - should panic ... ok
[INFO] [stdout] test data::snd_data::tests::test_opcode_gen ... ok
[INFO] [stdout] test data::sdl_data::tests::test_opcode_gen ... ok
[INFO] [stdout] test data::shr_data::tests::test_opcode_gen ... ok
[INFO] [stdout] test data::sub_data::tests::test_cannot_subtract_index - should panic ... ok
[INFO] [stdout] test data::shr_data::tests::test_cannot_shift_index - should panic ... ok
[INFO] [stdout] test data::rand_data::tests::test_cannot_randomize_index - should panic ... ok
[INFO] [stdout] test data::sub_data::tests::test_opcode_gen ... ok
[INFO] [stdout] test data::add_data::tests::test_cannot_add_constant_to_index - should panic ... ok
[INFO] [stdout] test data::subn_data::tests::test_opcode_gen ... ok
[INFO] [stdout] test data::sch_data::tests::test_opcode_gen ... ok
[INFO] [stdout] test data::and_data::tests::test_cannot_and_index - should panic ... ok
[INFO] [stdout] test data::xor_data::tests::test_opcode_gen ... ok
[INFO] [stdout] test data::rdp_data::tests::test_cannot_dump_index - should panic ... ok
[INFO] [stdout] test data::mov_data::tests::test_cannot_assign_from_index - should panic ... ok
[INFO] [stdout] test data::xor_data::tests::test_cannot_xor_index - should panic ... ok
[INFO] [stdout] test data::add_data::tests::test_cannot_add_index_to_normal - should panic ... ok
[INFO] [stdout] test data::rld_data::tests::test_cannot_load_index - should panic ... ok
[INFO] [stdout] test data::key_data::tests::test_cannot_read_key_into_index - should panic ... ok
[INFO] [stdout] test data::or_data::tests::test_cannot_or_index - should panic ... ok
[INFO] [stdout] test data::sch_data::tests::test_cannot_get_character_from_index - should panic ... ok
[INFO] [stdout] test data::shl_data::tests::test_cannot_shift_index - should panic ... ok
[INFO] [stdout] test data::subn_data::tests::test_cannot_subtract_index - should panic ... ok
[INFO] [stdout] 
[INFO] [stdout] test result: ok. 55 passed; 0 failed; 0 ignored; 0 measured; 0 filtered out; finished in 0.04s
[INFO] [stdout] 
[INFO] [stdout] 
[INFO] [stdout] running 1 test
[INFO] [stderr]      Running tests/test_binary_creation.rs (/opt/rustwide/target/debug/deps/test_binary_creation-e2991a266a0cc87e)
[INFO] [stdout] test test_binary_creation ... FAILED
[INFO] [stdout] 
[INFO] [stdout] failures:
[INFO] [stdout] 
[INFO] [stdout] ---- test_binary_creation stdout ----
[INFO] [stdout] thread 'test_binary_creation' panicked at 'Couldn't create test_tmp.c8: Os { code: 30, kind: Other, message: "Read-only file system" }', src/codegen/binary.rs:166:25
[INFO] [stdout] stack backtrace:
[INFO] [stdout]    0:     0x55ed756a1d20 - std::backtrace_rs::backtrace::libunwind::trace::h34055254b57d8e79
[INFO] [stdout]                                at /rustc/a178d0322ce20e33eac124758e837cbd80a6f633/library/std/src/../../backtrace/src/backtrace/libunwind.rs:90:5
[INFO] [stdout]    1:     0x55ed756a1d20 - std::backtrace_rs::backtrace::trace_unsynchronized::h8f1e3fbd9afff6ec
[INFO] [stdout]                                at /rustc/a178d0322ce20e33eac124758e837cbd80a6f633/library/std/src/../../backtrace/src/backtrace/mod.rs:66:5
[INFO] [stdout]    2:     0x55ed756a1d20 - std::sys_common::backtrace::_print_fmt::h3a99a796b770c360
[INFO] [stdout]                                at /rustc/a178d0322ce20e33eac124758e837cbd80a6f633/library/std/src/sys_common/backtrace.rs:67:5
[INFO] [stdout]    3:     0x55ed756a1d20 - <std::sys_common::backtrace::_print::DisplayBacktrace as core::fmt::Display>::fmt::h32d1f94a80615d18
[INFO] [stdout]                                at /rustc/a178d0322ce20e33eac124758e837cbd80a6f633/library/std/src/sys_common/backtrace.rs:46:22
[INFO] [stdout]    4:     0x55ed756c46cc - core::fmt::write::h306731c068f7162c
[INFO] [stdout]                                at /rustc/a178d0322ce20e33eac124758e837cbd80a6f633/library/core/src/fmt/mod.rs:1110:17
[INFO] [stdout]    5:     0x55ed7569ec45 - std::io::Write::write_fmt::h87f19b0a2cd190bc
[INFO] [stdout]                                at /rustc/a178d0322ce20e33eac124758e837cbd80a6f633/library/std/src/io/mod.rs:1588:15
[INFO] [stdout]    6:     0x55ed756a3e8b - std::sys_common::backtrace::_print::h5abaa2601a852287
[INFO] [stdout]                                at /rustc/a178d0322ce20e33eac124758e837cbd80a6f633/library/std/src/sys_common/backtrace.rs:49:5
[INFO] [stdout]    7:     0x55ed756a3e8b - std::sys_common::backtrace::print::h8d81445442bb638f
[INFO] [stdout]                                at /rustc/a178d0322ce20e33eac124758e837cbd80a6f633/library/std/src/sys_common/backtrace.rs:36:9
[INFO] [stdout]    8:     0x55ed756a3e8b - std::panicking::default_hook::{{closure}}::hcfe804496a9fa747
[INFO] [stdout]                                at /rustc/a178d0322ce20e33eac124758e837cbd80a6f633/library/std/src/panicking.rs:208:50
[INFO] [stdout]    9:     0x55ed756a399c - std::panicking::default_hook::hbea8e3ccf2ba8901
[INFO] [stdout]                                at /rustc/a178d0322ce20e33eac124758e837cbd80a6f633/library/std/src/panicking.rs:222:9
[INFO] [stdout]   10:     0x55ed756a4554 - std::panicking::rust_panic_with_hook::h7ee9e1a2d0f8975a
[INFO] [stdout]                                at /rustc/a178d0322ce20e33eac124758e837cbd80a6f633/library/std/src/panicking.rs:622:17
[INFO] [stdout]   11:     0x55ed756a4037 - std::panicking::begin_panic_handler::{{closure}}::h8ab3b4491718b2c7
[INFO] [stdout]                                at /rustc/a178d0322ce20e33eac124758e837cbd80a6f633/library/std/src/panicking.rs:519:13
[INFO] [stdout]   12:     0x55ed756a221c - std::sys_common::backtrace::__rust_end_short_backtrace::hd489062ffa586a9f
[INFO] [stdout]                                at /rustc/a178d0322ce20e33eac124758e837cbd80a6f633/library/std/src/sys_common/backtrace.rs:141:18
[INFO] [stdout]   13:     0x55ed756a3f99 - rust_begin_unwind
[INFO] [stdout]                                at /rustc/a178d0322ce20e33eac124758e837cbd80a6f633/library/std/src/panicking.rs:515:5
[INFO] [stdout]   14:     0x55ed75645f2b - std::panicking::begin_panic_fmt::h5479575e112541f8
[INFO] [stdout]                                at /rustc/a178d0322ce20e33eac124758e837cbd80a6f633/library/std/src/panicking.rs:457:5
[INFO] [stdout]   15:     0x55ed75687caf - ch8_isa::codegen::binary::Binary::write_to_file::h93be5654528d6a14
[INFO] [stdout]                                at /opt/rustwide/workdir/src/codegen/binary.rs:166:25
[INFO] [stdout]   16:     0x55ed756476e5 - test_binary_creation::test_binary_creation::h130b7946222763ae
[INFO] [stdout]                                at /opt/rustwide/workdir/tests/test_binary_creation.rs:56:14
[INFO] [stdout]   17:     0x55ed7564744a - test_binary_creation::test_binary_creation::{{closure}}::hea92652ff5b7d1b4
[INFO] [stdout]                                at /opt/rustwide/workdir/tests/test_binary_creation.rs:32:1
[INFO] [stdout]   18:     0x55ed75647fae - core::ops::function::FnOnce::call_once::h11cdd54de690af54
[INFO] [stdout]                                at /rustc/a178d0322ce20e33eac124758e837cbd80a6f633/library/core/src/ops/function.rs:227:5
[INFO] [stdout]   19:     0x55ed75671573 - core::ops::function::FnOnce::call_once::h152e7e439ff59e19
[INFO] [stdout]                                at /rustc/a178d0322ce20e33eac124758e837cbd80a6f633/library/core/src/ops/function.rs:227:5
[INFO] [stdout]   20:     0x55ed75671573 - test::__rust_begin_short_backtrace::h0908f3b1fdbb72ab
[INFO] [stdout]                                at /rustc/a178d0322ce20e33eac124758e837cbd80a6f633/library/test/src/lib.rs:577:5
[INFO] [stdout]   21:     0x55ed75670030 - <alloc::boxed::Box<F,A> as core::ops::function::FnOnce<Args>>::call_once::hf6d2a51e5587546c
[INFO] [stdout]                                at /rustc/a178d0322ce20e33eac124758e837cbd80a6f633/library/alloc/src/boxed.rs:1575:9
[INFO] [stdout]   22:     0x55ed75670030 - <std::panic::AssertUnwindSafe<F> as core::ops::function::FnOnce<()>>::call_once::h8af660f3a89ef593
[INFO] [stdout]                                at /rustc/a178d0322ce20e33eac124758e837cbd80a6f633/library/std/src/panic.rs:347:9
[INFO] [stdout]   23:     0x55ed75670030 - std::panicking::try::do_call::hd36aef60f84b6d36
[INFO] [stdout]                                at /rustc/a178d0322ce20e33eac124758e837cbd80a6f633/library/std/src/panicking.rs:401:40
[INFO] [stdout]   24:     0x55ed75670030 - std::panicking::try::h9932b4480e69817c
[INFO] [stdout]                                at /rustc/a178d0322ce20e33eac124758e837cbd80a6f633/library/std/src/panicking.rs:365:19
[INFO] [stdout]   25:     0x55ed75670030 - std::panic::catch_unwind::h6aa177099cfff5f8
[INFO] [stdout]                                at /rustc/a178d0322ce20e33eac124758e837cbd80a6f633/library/std/src/panic.rs:434:14
[INFO] [stdout]   26:     0x55ed75670030 - test::run_test_in_process::h5884d6f2d99e20c3
[INFO] [stdout]                                at /rustc/a178d0322ce20e33eac124758e837cbd80a6f633/library/test/src/lib.rs:600:18
[INFO] [stdout]   27:     0x55ed75670030 - test::run_test::run_test_inner::{{closure}}::h6fdc58c6d5f5b6e3
[INFO] [stdout]                                at /rustc/a178d0322ce20e33eac124758e837cbd80a6f633/library/test/src/lib.rs:492:39
[INFO] [stdout]   28:     0x55ed756496e2 - test::run_test::run_test_inner::{{closure}}::h408365d67a78ade8
[INFO] [stdout]                                at /rustc/a178d0322ce20e33eac124758e837cbd80a6f633/library/test/src/lib.rs:519:37
[INFO] [stdout]   29:     0x55ed756496e2 - std::sys_common::backtrace::__rust_begin_short_backtrace::hb560b77c4f701523
[INFO] [stdout]                                at /rustc/a178d0322ce20e33eac124758e837cbd80a6f633/library/std/src/sys_common/backtrace.rs:125:18
[INFO] [stdout]   30:     0x55ed7564d298 - std::thread::Builder::spawn_unchecked::{{closure}}::{{closure}}::hf2e7831dad93c597
[INFO] [stdout]                                at /rustc/a178d0322ce20e33eac124758e837cbd80a6f633/library/std/src/thread/mod.rs:481:17
[INFO] [stdout]   31:     0x55ed7564d298 - <std::panic::AssertUnwindSafe<F> as core::ops::function::FnOnce<()>>::call_once::hd2e08783d8be4d02
[INFO] [stdout]                                at /rustc/a178d0322ce20e33eac124758e837cbd80a6f633/library/std/src/panic.rs:347:9
[INFO] [stdout]   32:     0x55ed7564d298 - std::panicking::try::do_call::h062597b7acfd6b82
[INFO] [stdout]                                at /rustc/a178d0322ce20e33eac124758e837cbd80a6f633/library/std/src/panicking.rs:401:40
[INFO] [stdout]   33:     0x55ed7564d298 - std::panicking::try::h0d7b79db04c14552
[INFO] [stdout]                                at /rustc/a178d0322ce20e33eac124758e837cbd80a6f633/library/std/src/panicking.rs:365:19
[INFO] [stdout]   34:     0x55ed7564d298 - std::panic::catch_unwind::hb01a0b5e7c8cd43b
[INFO] [stdout]                                at /rustc/a178d0322ce20e33eac124758e837cbd80a6f633/library/std/src/panic.rs:434:14
[INFO] [stdout]   35:     0x55ed7564d298 - std::thread::Builder::spawn_unchecked::{{closure}}::h5bde48cc887e0d1e
[INFO] [stdout]                                at /rustc/a178d0322ce20e33eac124758e837cbd80a6f633/library/std/src/thread/mod.rs:480:30
[INFO] [stdout]   36:     0x55ed7564d298 - core::ops::function::FnOnce::call_once{{vtable.shim}}::h745ea30807a29e55
[INFO] [stdout]                                at /rustc/a178d0322ce20e33eac124758e837cbd80a6f633/library/core/src/ops/function.rs:227:5
[INFO] [stdout]   37:     0x55ed756a91c7 - <alloc::boxed::Box<F,A> as core::ops::function::FnOnce<Args>>::call_once::h7ece6cfefaff1005
[INFO] [stdout]                                at /rustc/a178d0322ce20e33eac124758e837cbd80a6f633/library/alloc/src/boxed.rs:1575:9
[INFO] [stdout]   38:     0x55ed756a91c7 - <alloc::boxed::Box<F,A> as core::ops::function::FnOnce<Args>>::call_once::hb8b48e55c21f193e
[INFO] [stdout]                                at /rustc/a178d0322ce20e33eac124758e837cbd80a6f633/library/alloc/src/boxed.rs:1575:9
[INFO] [stdout]   39:     0x55ed756a91c7 - std::sys::unix::thread::Thread::new::thread_start::h8c7c4450dba62914
[INFO] [stdout]                                at /rustc/a178d0322ce20e33eac124758e837cbd80a6f633/library/std/src/sys/unix/thread.rs:71:17
[INFO] [stdout]   40:     0x7f3f30c1e609 - start_thread
[INFO] [stdout]   41:     0x7f3f309f0293 - clone
[INFO] [stdout]   42:                0x0 - <unknown>
[INFO] [stdout] 
[INFO] [stdout] 
[INFO] [stdout] failures:
[INFO] [stdout]     test_binary_creation
[INFO] [stdout] 
[INFO] [stdout] test result: FAILED. 0 passed; 1 failed; 0 ignored; 0 measured; 0 filtered out; finished in 0.05s
[INFO] [stdout] 
[INFO] [stderr] error: test failed, to rerun pass '--test test_binary_creation'
[INFO] running `Command { std: "docker" "inspect" "cda6e2eeeb210dc0a0768ae69751be23d268fe9ef65d3a81e6ccfd86a3273701", kill_on_drop: false }`
[INFO] running `Command { std: "docker" "rm" "-f" "cda6e2eeeb210dc0a0768ae69751be23d268fe9ef65d3a81e6ccfd86a3273701", kill_on_drop: false }`
[INFO] [stdout] cda6e2eeeb210dc0a0768ae69751be23d268fe9ef65d3a81e6ccfd86a3273701
