[INFO] fetching crate cfn-resource-provider 0.1.1...
[INFO] testing cfn-resource-provider-0.1.1 against 1.54.0 for beta-1.55-1
[INFO] extracting crate cfn-resource-provider 0.1.1 into /workspace/builds/worker-2/source
[INFO] validating manifest of crates.io crate cfn-resource-provider 0.1.1 on toolchain 1.54.0
[INFO] running `Command { std: "/workspace/cargo-home/bin/cargo" "+1.54.0" "metadata" "--manifest-path" "Cargo.toml" "--no-deps", kill_on_drop: false }`
[INFO] started tweaking crates.io crate cfn-resource-provider 0.1.1
[INFO] finished tweaking crates.io crate cfn-resource-provider 0.1.1
[INFO] tweaked toml for crates.io crate cfn-resource-provider 0.1.1 written to /workspace/builds/worker-2/source/Cargo.toml
[INFO] running `Command { std: "/workspace/cargo-home/bin/cargo" "+1.54.0" "generate-lockfile" "--manifest-path" "Cargo.toml" "-Zno-index-update", kill_on_drop: false }`
[INFO] running `Command { std: "/workspace/cargo-home/bin/cargo" "+1.54.0" "fetch" "--manifest-path" "Cargo.toml", kill_on_drop: false }`
[INFO] running `Command { std: "docker" "create" "-v" "/var/lib/crater-agent-workspace/builds/worker-2/target:/opt/rustwide/target:rw,Z" "-v" "/var/lib/crater-agent-workspace/builds/worker-2/source:/opt/rustwide/workdir:ro,Z" "-v" "/var/lib/crater-agent-workspace/cargo-home:/opt/rustwide/cargo-home:ro,Z" "-v" "/var/lib/crater-agent-workspace/rustup-home:/opt/rustwide/rustup-home:ro,Z" "-e" "SOURCE_DIR=/opt/rustwide/workdir" "-e" "CARGO_TARGET_DIR=/opt/rustwide/target" "-e" "CARGO_HOME=/opt/rustwide/cargo-home" "-e" "RUSTUP_HOME=/opt/rustwide/rustup-home" "-w" "/opt/rustwide/workdir" "-m" "1610612736" "--user" "0:0" "--network" "none" "ghcr.io/rust-lang/crates-build-env/linux@sha256:34b6a614d2c27851fe6cbf88fbd1137609cefab8b10d0615aaeb6fd47975d74e" "/opt/rustwide/cargo-home/bin/cargo" "+1.54.0" "metadata" "--no-deps" "--format-version=1", kill_on_drop: false }`
[INFO] [stderr] WARNING: Your kernel does not support swap limit capabilities or the cgroup is not mounted. Memory limited without swap.
[INFO] [stdout] 6bddd43c356bc9d088363433730f515037c45e2056cc7399343b11ae5fa6f45a
[INFO] running `Command { std: "docker" "start" "-a" "6bddd43c356bc9d088363433730f515037c45e2056cc7399343b11ae5fa6f45a", kill_on_drop: false }`
[INFO] running `Command { std: "docker" "inspect" "6bddd43c356bc9d088363433730f515037c45e2056cc7399343b11ae5fa6f45a", kill_on_drop: false }`
[INFO] running `Command { std: "docker" "rm" "-f" "6bddd43c356bc9d088363433730f515037c45e2056cc7399343b11ae5fa6f45a", kill_on_drop: false }`
[INFO] [stdout] 6bddd43c356bc9d088363433730f515037c45e2056cc7399343b11ae5fa6f45a
[INFO] running `Command { std: "docker" "create" "-v" "/var/lib/crater-agent-workspace/builds/worker-2/target:/opt/rustwide/target:rw,Z" "-v" "/var/lib/crater-agent-workspace/builds/worker-2/source:/opt/rustwide/workdir:ro,Z" "-v" "/var/lib/crater-agent-workspace/cargo-home:/opt/rustwide/cargo-home:ro,Z" "-v" "/var/lib/crater-agent-workspace/rustup-home:/opt/rustwide/rustup-home:ro,Z" "-e" "SOURCE_DIR=/opt/rustwide/workdir" "-e" "CARGO_TARGET_DIR=/opt/rustwide/target" "-e" "CARGO_INCREMENTAL=0" "-e" "RUST_BACKTRACE=full" "-e" "RUSTFLAGS=--cap-lints=warn" "-e" "CARGO_HOME=/opt/rustwide/cargo-home" "-e" "RUSTUP_HOME=/opt/rustwide/rustup-home" "-w" "/opt/rustwide/workdir" "-m" "1610612736" "--user" "0:0" "--network" "none" "ghcr.io/rust-lang/crates-build-env/linux@sha256:34b6a614d2c27851fe6cbf88fbd1137609cefab8b10d0615aaeb6fd47975d74e" "/opt/rustwide/cargo-home/bin/cargo" "+1.54.0" "build" "--frozen" "--message-format=json", kill_on_drop: false }`
[INFO] [stdout] 9777e96c9aacf7ab5425c29eefd025ee0346b8c245cedf6a1d168b8735d5cb1e
[INFO] [stderr] WARNING: Your kernel does not support swap limit capabilities or the cgroup is not mounted. Memory limited without swap.
[INFO] running `Command { std: "docker" "start" "-a" "9777e96c9aacf7ab5425c29eefd025ee0346b8c245cedf6a1d168b8735d5cb1e", kill_on_drop: false }`
[INFO] [stderr]    Compiling try_from v0.3.2
[INFO] [stderr]    Compiling rand_core v0.3.1
[INFO] [stderr]    Compiling hyper v0.12.36
[INFO] [stderr]    Compiling want v0.2.0
[INFO] [stderr]    Compiling bytes v0.4.12
[INFO] [stderr]    Compiling mio v0.6.23
[INFO] [stderr]    Compiling futures-cpupool v0.1.8
[INFO] [stderr]    Compiling cookie v0.12.0
[INFO] [stderr]    Compiling tokio-threadpool v0.1.18
[INFO] [stderr]    Compiling publicsuffix v1.5.6
[INFO] [stderr]    Compiling serde_json v1.0.66
[INFO] [stderr]    Compiling failure v0.1.8
[INFO] [stderr]    Compiling serde_urlencoded v0.5.5
[INFO] [stderr]    Compiling rand_isaac v0.1.1
[INFO] [stderr]    Compiling rand_xorshift v0.1.1
[INFO] [stderr]    Compiling rand_chacha v0.1.1
[INFO] [stderr]    Compiling rand_hc v0.1.0
[INFO] [stderr]    Compiling rand v0.6.5
[INFO] [stderr]    Compiling tokio-io v0.1.13
[INFO] [stderr]    Compiling http v0.1.21
[INFO] [stderr]    Compiling tokio-buf v0.1.1
[INFO] [stderr]    Compiling string v0.2.1
[INFO] [stderr]    Compiling mio-uds v0.6.8
[INFO] [stderr]    Compiling tokio-reactor v0.1.12
[INFO] [stderr]    Compiling tokio-codec v0.1.2
[INFO] [stderr]    Compiling tokio-fs v0.1.7
[INFO] [stderr]    Compiling cookie_store v0.7.0
[INFO] [stderr]    Compiling uuid v0.7.4
[INFO] [stderr]    Compiling tokio-tcp v0.1.4
[INFO] [stderr]    Compiling tokio-uds v0.2.7
[INFO] [stderr]    Compiling tokio-udp v0.1.6
[INFO] [stderr]    Compiling tokio v0.1.22
[INFO] [stderr]    Compiling h2 v0.1.26
[INFO] [stderr]    Compiling http-body v0.1.0
[INFO] [stderr]    Compiling hyper-tls v0.3.2
[INFO] [stderr]    Compiling reqwest v0.9.24
[INFO] [stderr]    Compiling cfn-resource-provider v0.1.1 (/opt/rustwide/workdir)
[INFO] [stdout] warning: trait objects without an explicit `dyn` are deprecated
[INFO] [stdout]    --> src/lib.rs:653:36
[INFO] [stdout]     |
[INFO] [stdout] 653 | ) -> impl Fn(CfnRequest<P>) -> Box<Future<Item = Option<S>, Error = Error> + Send>
[INFO] [stdout]     |                                    ^^^^^^^^^^^^^^^^^^^^^^^^^^^^^^^^^^^^^^^^^^^^^^ help: use `dyn`: `dyn Future<Item = Option<S>, Error = Error> + Send`
[INFO] [stdout]     |
[INFO] [stdout]     = note: `#[warn(bare_trait_objects)]` on by default
[INFO] [stdout]     = warning: this was previously accepted by the compiler but is being phased out; it will become a hard error in the 2021 edition!
[INFO] [stdout]     = note: for more information, see issue #80165 <https://github.com/rust-lang/rust/issues/80165>
[INFO] [stdout] 
[INFO] [stdout] 
[INFO] [stdout] warning: 1 warning emitted
[INFO] [stdout] 
[INFO] [stdout] 
[INFO] [stderr]     Finished dev [unoptimized + debuginfo] target(s) in 48.12s
[INFO] running `Command { std: "docker" "inspect" "9777e96c9aacf7ab5425c29eefd025ee0346b8c245cedf6a1d168b8735d5cb1e", kill_on_drop: false }`
[INFO] running `Command { std: "docker" "rm" "-f" "9777e96c9aacf7ab5425c29eefd025ee0346b8c245cedf6a1d168b8735d5cb1e", kill_on_drop: false }`
[INFO] [stdout] 9777e96c9aacf7ab5425c29eefd025ee0346b8c245cedf6a1d168b8735d5cb1e
[INFO] running `Command { std: "docker" "create" "-v" "/var/lib/crater-agent-workspace/builds/worker-2/target:/opt/rustwide/target:rw,Z" "-v" "/var/lib/crater-agent-workspace/builds/worker-2/source:/opt/rustwide/workdir:ro,Z" "-v" "/var/lib/crater-agent-workspace/cargo-home:/opt/rustwide/cargo-home:ro,Z" "-v" "/var/lib/crater-agent-workspace/rustup-home:/opt/rustwide/rustup-home:ro,Z" "-e" "SOURCE_DIR=/opt/rustwide/workdir" "-e" "CARGO_TARGET_DIR=/opt/rustwide/target" "-e" "CARGO_INCREMENTAL=0" "-e" "RUST_BACKTRACE=full" "-e" "RUSTFLAGS=--cap-lints=warn" "-e" "CARGO_HOME=/opt/rustwide/cargo-home" "-e" "RUSTUP_HOME=/opt/rustwide/rustup-home" "-w" "/opt/rustwide/workdir" "-m" "1610612736" "--user" "0:0" "--network" "none" "ghcr.io/rust-lang/crates-build-env/linux@sha256:34b6a614d2c27851fe6cbf88fbd1137609cefab8b10d0615aaeb6fd47975d74e" "/opt/rustwide/cargo-home/bin/cargo" "+1.54.0" "test" "--frozen" "--no-run" "--message-format=json", kill_on_drop: false }`
[INFO] [stdout] 1da05c1117da8605fdb664a82380d766aaf0466868d04d7d5012a448422214de
[INFO] [stderr] WARNING: Your kernel does not support swap limit capabilities or the cgroup is not mounted. Memory limited without swap.
[INFO] running `Command { std: "docker" "start" "-a" "1da05c1117da8605fdb664a82380d766aaf0466868d04d7d5012a448422214de", kill_on_drop: false }`
[INFO] [stderr]    Compiling rand v0.5.6
[INFO] [stdout] warning: trait objects without an explicit `dyn` are deprecated
[INFO] [stdout]    --> src/lib.rs:653:36
[INFO] [stdout]     |
[INFO] [stdout] 653 | ) -> impl Fn(CfnRequest<P>) -> Box<Future<Item = Option<S>, Error = Error> + Send>
[INFO] [stdout]     |                                    ^^^^^^^^^^^^^^^^^^^^^^^^^^^^^^^^^^^^^^^^^^^^^^ help: use `dyn`: `dyn Future<Item = Option<S>, Error = Error> + Send`
[INFO] [stdout]     |
[INFO] [stdout]     = note: `#[warn(bare_trait_objects)]` on by default
[INFO] [stdout]     = warning: this was previously accepted by the compiler but is being phased out; it will become a hard error in the 2021 edition!
[INFO] [stdout]     = note: for more information, see issue #80165 <https://github.com/rust-lang/rust/issues/80165>
[INFO] [stdout] 
[INFO] [stdout] 
[INFO] [stdout] warning: 1 warning emitted
[INFO] [stdout] 
[INFO] [stdout] 
[INFO] [stderr]    Compiling colored v1.9.3
[INFO] [stderr]    Compiling tokio-core v0.1.18
[INFO] [stderr]    Compiling mockito v0.14.1
[INFO] [stderr]    Compiling cfn-resource-provider v0.1.1 (/opt/rustwide/workdir)
[INFO] [stdout] warning: trait objects without an explicit `dyn` are deprecated
[INFO] [stdout]    --> src/lib.rs:653:36
[INFO] [stdout]     |
[INFO] [stdout] 653 | ) -> impl Fn(CfnRequest<P>) -> Box<Future<Item = Option<S>, Error = Error> + Send>
[INFO] [stdout]     |                                    ^^^^^^^^^^^^^^^^^^^^^^^^^^^^^^^^^^^^^^^^^^^^^^ help: use `dyn`: `dyn Future<Item = Option<S>, Error = Error> + Send`
[INFO] [stdout]     |
[INFO] [stdout]     = note: `#[warn(bare_trait_objects)]` on by default
[INFO] [stdout]     = warning: this was previously accepted by the compiler but is being phased out; it will become a hard error in the 2021 edition!
[INFO] [stdout]     = note: for more information, see issue #80165 <https://github.com/rust-lang/rust/issues/80165>
[INFO] [stdout] 
[INFO] [stdout] 
[INFO] [stdout] warning: 1 warning emitted
[INFO] [stdout] 
[INFO] [stdout] 
[INFO] [stderr]     Finished test [unoptimized + debuginfo] target(s) in 21.85s
[INFO] running `Command { std: "docker" "inspect" "1da05c1117da8605fdb664a82380d766aaf0466868d04d7d5012a448422214de", kill_on_drop: false }`
[INFO] running `Command { std: "docker" "rm" "-f" "1da05c1117da8605fdb664a82380d766aaf0466868d04d7d5012a448422214de", kill_on_drop: false }`
[INFO] [stdout] 1da05c1117da8605fdb664a82380d766aaf0466868d04d7d5012a448422214de
[INFO] running `Command { std: "docker" "create" "-v" "/var/lib/crater-agent-workspace/builds/worker-2/target:/opt/rustwide/target:rw,Z" "-v" "/var/lib/crater-agent-workspace/builds/worker-2/source:/opt/rustwide/workdir:ro,Z" "-v" "/var/lib/crater-agent-workspace/cargo-home:/opt/rustwide/cargo-home:ro,Z" "-v" "/var/lib/crater-agent-workspace/rustup-home:/opt/rustwide/rustup-home:ro,Z" "-e" "SOURCE_DIR=/opt/rustwide/workdir" "-e" "CARGO_TARGET_DIR=/opt/rustwide/target" "-e" "CARGO_INCREMENTAL=0" "-e" "RUST_BACKTRACE=full" "-e" "RUSTFLAGS=--cap-lints=warn" "-e" "CARGO_HOME=/opt/rustwide/cargo-home" "-e" "RUSTUP_HOME=/opt/rustwide/rustup-home" "-w" "/opt/rustwide/workdir" "-m" "1610612736" "--user" "0:0" "--network" "none" "ghcr.io/rust-lang/crates-build-env/linux@sha256:34b6a614d2c27851fe6cbf88fbd1137609cefab8b10d0615aaeb6fd47975d74e" "/opt/rustwide/cargo-home/bin/cargo" "+1.54.0" "test" "--frozen", kill_on_drop: false }`
[INFO] [stdout] 5a0bff43dd43034857d8494edd292362fce0f04ff7da335e84aadcc4f4f67bc7
[INFO] [stderr] WARNING: Your kernel does not support swap limit capabilities or the cgroup is not mounted. Memory limited without swap.
[INFO] running `Command { std: "docker" "start" "-a" "5a0bff43dd43034857d8494edd292362fce0f04ff7da335e84aadcc4f4f67bc7", kill_on_drop: false }`
[INFO] [stderr] warning: trait objects without an explicit `dyn` are deprecated
[INFO] [stderr]    --> src/lib.rs:653:36
[INFO] [stderr]     |
[INFO] [stderr] 653 | ) -> impl Fn(CfnRequest<P>) -> Box<Future<Item = Option<S>, Error = Error> + Send>
[INFO] [stderr]     |                                    ^^^^^^^^^^^^^^^^^^^^^^^^^^^^^^^^^^^^^^^^^^^^^^ help: use `dyn`: `dyn Future<Item = Option<S>, Error = Error> + Send`
[INFO] [stderr]     |
[INFO] [stderr]     = note: `#[warn(bare_trait_objects)]` on by default
[INFO] [stderr]     = warning: this was previously accepted by the compiler but is being phased out; it will become a hard error in the 2021 edition!
[INFO] [stderr]     = note: for more information, see issue #80165 <https://github.com/rust-lang/rust/issues/80165>
[INFO] [stderr] 
[INFO] [stderr] warning: 1 warning emitted
[INFO] [stderr] 
[INFO] [stderr] warning: trait objects without an explicit `dyn` are deprecated
[INFO] [stderr]    --> src/lib.rs:653:36
[INFO] [stderr]     |
[INFO] [stderr] 653 | ) -> impl Fn(CfnRequest<P>) -> Box<Future<Item = Option<S>, Error = Error> + Send>
[INFO] [stderr]     |                                    ^^^^^^^^^^^^^^^^^^^^^^^^^^^^^^^^^^^^^^^^^^^^^^ help: use `dyn`: `dyn Future<Item = Option<S>, Error = Error> + Send`
[INFO] [stderr]     |
[INFO] [stderr]     = note: `#[warn(bare_trait_objects)]` on by default
[INFO] [stderr]     = warning: this was previously accepted by the compiler but is being phased out; it will become a hard error in the 2021 edition!
[INFO] [stderr]     = note: for more information, see issue #80165 <https://github.com/rust-lang/rust/issues/80165>
[INFO] [stderr] 
[INFO] [stderr] warning: 1 warning emitted
[INFO] [stderr] 
[INFO] [stderr]     Finished test [unoptimized + debuginfo] target(s) in 0.20s
[INFO] [stderr]      Running unittests (/opt/rustwide/target/debug/deps/cfn_resource_provider-f06f8e9385a8ffa9)
[INFO] [stdout] 
[INFO] [stdout] running 25 tests
[INFO] [stdout] test test::cfnrequest_create_example ... ok
[INFO] [stdout] test test::cfnresponse_create_success_example ... ok
[INFO] [stdout] test test::cfnrequest_update_example ... ok
[INFO] [stdout] test test::cfnrequest_type_present ... ok
[INFO] [stdout] test test::cfnresponse_create_failed_example ... ok
[INFO] [stdout] test test::cfnrequest_generic_type_optional ... ok
[INFO] [stdout] test test::cfnresponse_from_cfnrequest_serializable ... ok
[INFO] [stdout] test test::cfnresponse_from_cfnrequest_unit ... ok
[INFO] [stdout] test test::cfnresponse_update_failed_example ... ok
[INFO] [stdout] test test::cfnrequest_delete_example ... ok
[INFO] [stdout] test test::cfnrequest_generic_type_optional_unit ... ok
[INFO] [stdout] test test::cfnrequest_generic_type_required ... ok
[INFO] [stdout] test test::cfnresponse_update_success_example ... ok
[INFO] [stdout] test test::cfnrequest_type_option_unit ... ok
[INFO] [stdout] test test::static_suffix_is_correctly_appended ... ok
[INFO] [stdout] test test::empty_suffix_has_no_trailing_slash ... ok
[INFO] [stdout] test test::cfnrequest_type_option_present ... ok
[INFO] [stdout] test test::cfnresponse_delete_failed_example ... ok
[INFO] [stdout] test test::cfnrequest_type_ignored ... ok
[INFO] [stdout] test test::cfnresponse_delete_success_example ... ok
[INFO] [stdout] test test::cfnrequest_type_option_absent ... ok
[INFO] [stdout] test test::cfnrequest_type_malformed - should panic ... ok
[INFO] [stdout] test test::cfnrequest_type_option_unit_data_provided - should panic ... ok
[INFO] [stdout] test test::cfnrequest_type_absent - should panic ... ok
[INFO] [stdout] test test::cfnrequest_type_option_malformed - should panic ... ok
[INFO] [stdout] 
[INFO] [stdout] test result: ok. 25 passed; 0 failed; 0 ignored; 0 measured; 0 filtered out; finished in 0.09s
[INFO] [stdout] 
[INFO] [stderr]      Running tests/cfnrequest_response_mock.rs (/opt/rustwide/target/debug/deps/cfnrequest_response_mock-ec983a92b7f60f34)
[INFO] [stdout] 
[INFO] [stdout] running 6 tests
[INFO] [stdout] test cfnrequest_delete_ignored_200 ... ok
[INFO] [stdout] test cfnrequest_delete_ignored_403 ... ok
[INFO] [stdout] test cfnrequest_create_ignored_200 ... ok
[INFO] [stdout] test cfnrequest_update_ignored_403 ... ok
[INFO] [stdout] test cfnrequest_update_ignored_200 ... ok
[INFO] [stdout] test cfnrequest_create_ignored_403 ... FAILED
[INFO] [stdout] 
[INFO] [stdout] failures:
[INFO] [stdout] 
[INFO] [stdout] ---- cfnrequest_create_ignored_403 stdout ----
[INFO] [stdout] thread 'cfnrequest_create_ignored_403' panicked at 'assertion failed: `(left == right)`
[INFO] [stdout]   left: `1`,
[INFO] [stdout]  right: `0`: 
[INFO] [stdout] > Expected 1 request(s) to:
[INFO] [stdout] 
[INFO] [stdout] PUT /presigned-url
[INFO] [stdout] content-type: 
[INFO] [stdout] content-length: (any)
[INFO] [stdout] arn:custom:cfn-resource-provider:::STACK-ID-LOGICAL-RESOURCE-ID
[INFO] [stdout] 
[INFO] [stdout] ...but received 0
[INFO] [stdout] 
[INFO] [stdout] > The last unmatched request was:
[INFO] [stdout] 
[INFO] [stdout] PUT /presigned-url
[INFO] [stdout] content-type: 
[INFO] [stdout] user-agent: reqwest/0.9.24
[INFO] [stdout] accept: */*
[INFO] [stdout] accept-encoding: gzip
[INFO] [stdout] host: 127.0.0.1:1234
[INFO] [stdout] content-length: 195
[INFO] [stdout] 
[INFO] [stdout] > Difference:
[INFO] [stdout] 
[INFO] [stdout] PUT /presigned-url
[INFO] [stdout] content-type: 
[INFO] [stdout] content-length: (any)
[INFO] [stdout] arn:custom:cfn-resource-provider:::STACK-ID-LOGICAL-RESOURCE-ID
[INFO] [stdout] user-agent: reqwest/0.9.24
[INFO] [stdout] accept: */*
[INFO] [stdout] accept-encoding: gzip
[INFO] [stdout] host: 127.0.0.1:1234
[INFO] [stdout] content-length: 195
[INFO] [stdout] 
[INFO] [stdout] 
[INFO] [stdout] ', /opt/rustwide/cargo-home/registry/src/github.com-1ecc6299db9ec823/mockito-0.14.1/src/lib.rs:748:44
[INFO] [stdout] stack backtrace:
[INFO] [stdout]    0:     0x5636ef951a60 - std::backtrace_rs::backtrace::libunwind::trace::h34055254b57d8e79
[INFO] [stdout]                                at /rustc/a178d0322ce20e33eac124758e837cbd80a6f633/library/std/src/../../backtrace/src/backtrace/libunwind.rs:90:5
[INFO] [stdout]    1:     0x5636ef951a60 - std::backtrace_rs::backtrace::trace_unsynchronized::h8f1e3fbd9afff6ec
[INFO] [stdout]                                at /rustc/a178d0322ce20e33eac124758e837cbd80a6f633/library/std/src/../../backtrace/src/backtrace/mod.rs:66:5
[INFO] [stdout]    2:     0x5636ef951a60 - std::sys_common::backtrace::_print_fmt::h3a99a796b770c360
[INFO] [stdout]                                at /rustc/a178d0322ce20e33eac124758e837cbd80a6f633/library/std/src/sys_common/backtrace.rs:67:5
[INFO] [stdout]    3:     0x5636ef951a60 - <std::sys_common::backtrace::_print::DisplayBacktrace as core::fmt::Display>::fmt::h32d1f94a80615d18
[INFO] [stdout]                                at /rustc/a178d0322ce20e33eac124758e837cbd80a6f633/library/std/src/sys_common/backtrace.rs:46:22
[INFO] [stdout]    4:     0x5636ef9769dc - core::fmt::write::h306731c068f7162c
[INFO] [stdout]                                at /rustc/a178d0322ce20e33eac124758e837cbd80a6f633/library/core/src/fmt/mod.rs:1110:17
[INFO] [stdout]    5:     0x5636ef94abd5 - std::io::Write::write_fmt::h87f19b0a2cd190bc
[INFO] [stdout]                                at /rustc/a178d0322ce20e33eac124758e837cbd80a6f633/library/std/src/io/mod.rs:1588:15
[INFO] [stdout]    6:     0x5636ef953c8b - std::sys_common::backtrace::_print::h5abaa2601a852287
[INFO] [stdout]                                at /rustc/a178d0322ce20e33eac124758e837cbd80a6f633/library/std/src/sys_common/backtrace.rs:49:5
[INFO] [stdout]    7:     0x5636ef953c8b - std::sys_common::backtrace::print::h8d81445442bb638f
[INFO] [stdout]                                at /rustc/a178d0322ce20e33eac124758e837cbd80a6f633/library/std/src/sys_common/backtrace.rs:36:9
[INFO] [stdout]    8:     0x5636ef953c8b - std::panicking::default_hook::{{closure}}::hcfe804496a9fa747
[INFO] [stdout]                                at /rustc/a178d0322ce20e33eac124758e837cbd80a6f633/library/std/src/panicking.rs:208:50
[INFO] [stdout]    9:     0x5636ef95379c - std::panicking::default_hook::hbea8e3ccf2ba8901
[INFO] [stdout]                                at /rustc/a178d0322ce20e33eac124758e837cbd80a6f633/library/std/src/panicking.rs:222:9
[INFO] [stdout]   10:     0x5636ef954354 - std::panicking::rust_panic_with_hook::h7ee9e1a2d0f8975a
[INFO] [stdout]                                at /rustc/a178d0322ce20e33eac124758e837cbd80a6f633/library/std/src/panicking.rs:622:17
[INFO] [stdout]   11:     0x5636ef953e37 - std::panicking::begin_panic_handler::{{closure}}::h8ab3b4491718b2c7
[INFO] [stdout]                                at /rustc/a178d0322ce20e33eac124758e837cbd80a6f633/library/std/src/panicking.rs:519:13
[INFO] [stdout]   12:     0x5636ef951f5c - std::sys_common::backtrace::__rust_end_short_backtrace::hd489062ffa586a9f
[INFO] [stdout]                                at /rustc/a178d0322ce20e33eac124758e837cbd80a6f633/library/std/src/sys_common/backtrace.rs:141:18
[INFO] [stdout]   13:     0x5636ef953d99 - rust_begin_unwind
[INFO] [stdout]                                at /rustc/a178d0322ce20e33eac124758e837cbd80a6f633/library/std/src/panicking.rs:515:5
[INFO] [stdout]   14:     0x5636ef278c81 - core::panicking::panic_fmt::hca6330e3e14086b4
[INFO] [stdout]                                at /rustc/a178d0322ce20e33eac124758e837cbd80a6f633/library/core/src/panicking.rs:92:14
[INFO] [stdout]   15:     0x5636ef9753de - core::panicking::assert_failed_inner::h33b45280069a80ed
[INFO] [stdout]   16:     0x5636ef4aeeca - core::panicking::assert_failed::hff12fb0d4e856d80
[INFO] [stdout]                                at /rustc/a178d0322ce20e33eac124758e837cbd80a6f633/library/core/src/panicking.rs:117:5
[INFO] [stdout]   17:     0x5636ef2e4b12 - mockito::Mock::assert::h68c832f6bf37b48a
[INFO] [stdout]                                at /opt/rustwide/cargo-home/registry/src/github.com-1ecc6299db9ec823/mockito-0.14.1/src/lib.rs:748:44
[INFO] [stdout]   18:     0x5636ef28116d - cfnrequest_response_mock::_simple_test::h6148e0231ffa061b
[INFO] [stdout]                                at /opt/rustwide/workdir/tests/cfnrequest_response_mock.rs:64:5
[INFO] [stdout]   19:     0x5636ef28133d - cfnrequest_response_mock::_simple_test_403::h50d278ba280f1668
[INFO] [stdout]                                at /opt/rustwide/workdir/tests/cfnrequest_response_mock.rs:80:18
[INFO] [stdout]   20:     0x5636ef281651 - cfnrequest_response_mock::cfnrequest_create_ignored_403::hfcbbe8c4691cd393
[INFO] [stdout]                                at /opt/rustwide/workdir/tests/cfnrequest_response_mock.rs:91:5
[INFO] [stdout]   21:     0x5636ef28160a - cfnrequest_response_mock::cfnrequest_create_ignored_403::{{closure}}::ha41aa3eda68e7a89
[INFO] [stdout]                                at /opt/rustwide/workdir/tests/cfnrequest_response_mock.rs:90:1
[INFO] [stdout]   22:     0x5636ef283cae - core::ops::function::FnOnce::call_once::h7117dc4ac740728a
[INFO] [stdout]                                at /rustc/a178d0322ce20e33eac124758e837cbd80a6f633/library/core/src/ops/function.rs:227:5
[INFO] [stdout]   23:     0x5636ef2bacb3 - core::ops::function::FnOnce::call_once::h152e7e439ff59e19
[INFO] [stdout]                                at /rustc/a178d0322ce20e33eac124758e837cbd80a6f633/library/core/src/ops/function.rs:227:5
[INFO] [stdout]   24:     0x5636ef2bacb3 - test::__rust_begin_short_backtrace::h0908f3b1fdbb72ab
[INFO] [stdout]                                at /rustc/a178d0322ce20e33eac124758e837cbd80a6f633/library/test/src/lib.rs:577:5
[INFO] [stdout]   25:     0x5636ef2b9770 - <alloc::boxed::Box<F,A> as core::ops::function::FnOnce<Args>>::call_once::hf6d2a51e5587546c
[INFO] [stdout]                                at /rustc/a178d0322ce20e33eac124758e837cbd80a6f633/library/alloc/src/boxed.rs:1575:9
[INFO] [stdout]   26:     0x5636ef2b9770 - <std::panic::AssertUnwindSafe<F> as core::ops::function::FnOnce<()>>::call_once::h8af660f3a89ef593
[INFO] [stdout]                                at /rustc/a178d0322ce20e33eac124758e837cbd80a6f633/library/std/src/panic.rs:347:9
[INFO] [stdout]   27:     0x5636ef2b9770 - std::panicking::try::do_call::hd36aef60f84b6d36
[INFO] [stdout]                                at /rustc/a178d0322ce20e33eac124758e837cbd80a6f633/library/std/src/panicking.rs:401:40
[INFO] [stdout]   28:     0x5636ef2b9770 - std::panicking::try::h9932b4480e69817c
[INFO] [stdout]                                at /rustc/a178d0322ce20e33eac124758e837cbd80a6f633/library/std/src/panicking.rs:365:19
[INFO] [stdout]   29:     0x5636ef2b9770 - std::panic::catch_unwind::h6aa177099cfff5f8
[INFO] [stdout]                                at /rustc/a178d0322ce20e33eac124758e837cbd80a6f633/library/std/src/panic.rs:434:14
[INFO] [stdout]   30:     0x5636ef2b9770 - test::run_test_in_process::h5884d6f2d99e20c3
[INFO] [stdout]                                at /rustc/a178d0322ce20e33eac124758e837cbd80a6f633/library/test/src/lib.rs:600:18
[INFO] [stdout]   31:     0x5636ef2b9770 - test::run_test::run_test_inner::{{closure}}::h6fdc58c6d5f5b6e3
[INFO] [stdout]                                at /rustc/a178d0322ce20e33eac124758e837cbd80a6f633/library/test/src/lib.rs:492:39
[INFO] [stdout]   32:     0x5636ef292e22 - test::run_test::run_test_inner::{{closure}}::h408365d67a78ade8
[INFO] [stdout]                                at /rustc/a178d0322ce20e33eac124758e837cbd80a6f633/library/test/src/lib.rs:519:37
[INFO] [stdout]   33:     0x5636ef292e22 - std::sys_common::backtrace::__rust_begin_short_backtrace::hb560b77c4f701523
[INFO] [stdout]                                at /rustc/a178d0322ce20e33eac124758e837cbd80a6f633/library/std/src/sys_common/backtrace.rs:125:18
[INFO] [stdout]   34:     0x5636ef2969d8 - std::thread::Builder::spawn_unchecked::{{closure}}::{{closure}}::hf2e7831dad93c597
[INFO] [stdout]                                at /rustc/a178d0322ce20e33eac124758e837cbd80a6f633/library/std/src/thread/mod.rs:481:17
[INFO] [stdout]   35:     0x5636ef2969d8 - <std::panic::AssertUnwindSafe<F> as core::ops::function::FnOnce<()>>::call_once::hd2e08783d8be4d02
[INFO] [stdout]                                at /rustc/a178d0322ce20e33eac124758e837cbd80a6f633/library/std/src/panic.rs:347:9
[INFO] [stdout]   36:     0x5636ef2969d8 - std::panicking::try::do_call::h062597b7acfd6b82
[INFO] [stdout]                                at /rustc/a178d0322ce20e33eac124758e837cbd80a6f633/library/std/src/panicking.rs:401:40
[INFO] [stdout]   37:     0x5636ef2969d8 - std::panicking::try::h0d7b79db04c14552
[INFO] [stdout]                                at /rustc/a178d0322ce20e33eac124758e837cbd80a6f633/library/std/src/panicking.rs:365:19
[INFO] [stdout]   38:     0x5636ef2969d8 - std::panic::catch_unwind::hb01a0b5e7c8cd43b
[INFO] [stdout]                                at /rustc/a178d0322ce20e33eac124758e837cbd80a6f633/library/std/src/panic.rs:434:14
[INFO] [stdout]   39:     0x5636ef2969d8 - std::thread::Builder::spawn_unchecked::{{closure}}::h5bde48cc887e0d1e
[INFO] [stdout]                                at /rustc/a178d0322ce20e33eac124758e837cbd80a6f633/library/std/src/thread/mod.rs:480:30
[INFO] [stdout]   40:     0x5636ef2969d8 - core::ops::function::FnOnce::call_once{{vtable.shim}}::h745ea30807a29e55
[INFO] [stdout]                                at /rustc/a178d0322ce20e33eac124758e837cbd80a6f633/library/core/src/ops/function.rs:227:5
[INFO] [stdout]   41:     0x5636ef959957 - <alloc::boxed::Box<F,A> as core::ops::function::FnOnce<Args>>::call_once::h7ece6cfefaff1005
[INFO] [stdout]                                at /rustc/a178d0322ce20e33eac124758e837cbd80a6f633/library/alloc/src/boxed.rs:1575:9
[INFO] [stdout]   42:     0x5636ef959957 - <alloc::boxed::Box<F,A> as core::ops::function::FnOnce<Args>>::call_once::hb8b48e55c21f193e
[INFO] [stdout]                                at /rustc/a178d0322ce20e33eac124758e837cbd80a6f633/library/alloc/src/boxed.rs:1575:9
[INFO] [stdout]   43:     0x5636ef959957 - std::sys::unix::thread::Thread::new::thread_start::h8c7c4450dba62914
[INFO] [stdout]                                at /rustc/a178d0322ce20e33eac124758e837cbd80a6f633/library/std/src/sys/unix/thread.rs:71:17
[INFO] [stdout]   44:     0x7ff896286609 - start_thread
[INFO] [stdout]   45:     0x7ff896056293 - clone
[INFO] [stdout]   46:                0x0 - <unknown>
[INFO] [stdout] 
[INFO] [stdout] 
[INFO] [stdout] failures:
[INFO] [stdout]     cfnrequest_create_ignored_403
[INFO] [stdout] 
[INFO] [stdout] test result: FAILED. 5 passed; 1 failed; 0 ignored; 0 measured; 0 filtered out; finished in 0.73s
[INFO] [stdout] 
[INFO] [stderr] error: test failed, to rerun pass '--test cfnrequest_response_mock'
[INFO] running `Command { std: "docker" "inspect" "5a0bff43dd43034857d8494edd292362fce0f04ff7da335e84aadcc4f4f67bc7", kill_on_drop: false }`
[INFO] running `Command { std: "docker" "rm" "-f" "5a0bff43dd43034857d8494edd292362fce0f04ff7da335e84aadcc4f4f67bc7", kill_on_drop: false }`
[INFO] [stdout] 5a0bff43dd43034857d8494edd292362fce0f04ff7da335e84aadcc4f4f67bc7
