[INFO] fetching crate cffi 0.1.6...
[INFO] testing cffi-0.1.6 against 1.54.0 for beta-1.55-1
[INFO] extracting crate cffi 0.1.6 into /workspace/builds/worker-10/source
[INFO] validating manifest of crates.io crate cffi 0.1.6 on toolchain 1.54.0
[INFO] running `Command { std: "/workspace/cargo-home/bin/cargo" "+1.54.0" "metadata" "--manifest-path" "Cargo.toml" "--no-deps", kill_on_drop: false }`
[INFO] started tweaking crates.io crate cffi 0.1.6
[INFO] finished tweaking crates.io crate cffi 0.1.6
[INFO] tweaked toml for crates.io crate cffi 0.1.6 written to /workspace/builds/worker-10/source/Cargo.toml
[INFO] running `Command { std: "/workspace/cargo-home/bin/cargo" "+1.54.0" "generate-lockfile" "--manifest-path" "Cargo.toml" "-Zno-index-update", kill_on_drop: false }`
[INFO] running `Command { std: "/workspace/cargo-home/bin/cargo" "+1.54.0" "fetch" "--manifest-path" "Cargo.toml", kill_on_drop: false }`
[INFO] [stderr]     Blocking waiting for file lock on package cache
[INFO] running `Command { std: "docker" "create" "-v" "/var/lib/crater-agent-workspace/builds/worker-10/target:/opt/rustwide/target:rw,Z" "-v" "/var/lib/crater-agent-workspace/builds/worker-10/source:/opt/rustwide/workdir:ro,Z" "-v" "/var/lib/crater-agent-workspace/cargo-home:/opt/rustwide/cargo-home:ro,Z" "-v" "/var/lib/crater-agent-workspace/rustup-home:/opt/rustwide/rustup-home:ro,Z" "-e" "SOURCE_DIR=/opt/rustwide/workdir" "-e" "CARGO_TARGET_DIR=/opt/rustwide/target" "-e" "CARGO_HOME=/opt/rustwide/cargo-home" "-e" "RUSTUP_HOME=/opt/rustwide/rustup-home" "-w" "/opt/rustwide/workdir" "-m" "1610612736" "--user" "0:0" "--network" "none" "ghcr.io/rust-lang/crates-build-env/linux@sha256:34b6a614d2c27851fe6cbf88fbd1137609cefab8b10d0615aaeb6fd47975d74e" "/opt/rustwide/cargo-home/bin/cargo" "+1.54.0" "metadata" "--no-deps" "--format-version=1", kill_on_drop: false }`
[INFO] [stderr] WARNING: Your kernel does not support swap limit capabilities or the cgroup is not mounted. Memory limited without swap.
[INFO] [stdout] 6e42987a7a505a9506f4373ff2baf3e1142b10934a87bc86073ef5d761c70d3b
[INFO] running `Command { std: "docker" "start" "-a" "6e42987a7a505a9506f4373ff2baf3e1142b10934a87bc86073ef5d761c70d3b", kill_on_drop: false }`
[INFO] running `Command { std: "docker" "inspect" "6e42987a7a505a9506f4373ff2baf3e1142b10934a87bc86073ef5d761c70d3b", kill_on_drop: false }`
[INFO] running `Command { std: "docker" "rm" "-f" "6e42987a7a505a9506f4373ff2baf3e1142b10934a87bc86073ef5d761c70d3b", kill_on_drop: false }`
[INFO] [stdout] 6e42987a7a505a9506f4373ff2baf3e1142b10934a87bc86073ef5d761c70d3b
[INFO] running `Command { std: "docker" "create" "-v" "/var/lib/crater-agent-workspace/builds/worker-10/target:/opt/rustwide/target:rw,Z" "-v" "/var/lib/crater-agent-workspace/builds/worker-10/source:/opt/rustwide/workdir:ro,Z" "-v" "/var/lib/crater-agent-workspace/cargo-home:/opt/rustwide/cargo-home:ro,Z" "-v" "/var/lib/crater-agent-workspace/rustup-home:/opt/rustwide/rustup-home:ro,Z" "-e" "SOURCE_DIR=/opt/rustwide/workdir" "-e" "CARGO_TARGET_DIR=/opt/rustwide/target" "-e" "CARGO_INCREMENTAL=0" "-e" "RUST_BACKTRACE=full" "-e" "RUSTFLAGS=--cap-lints=warn" "-e" "CARGO_HOME=/opt/rustwide/cargo-home" "-e" "RUSTUP_HOME=/opt/rustwide/rustup-home" "-w" "/opt/rustwide/workdir" "-m" "1610612736" "--user" "0:0" "--network" "none" "ghcr.io/rust-lang/crates-build-env/linux@sha256:34b6a614d2c27851fe6cbf88fbd1137609cefab8b10d0615aaeb6fd47975d74e" "/opt/rustwide/cargo-home/bin/cargo" "+1.54.0" "build" "--frozen" "--message-format=json", kill_on_drop: false }`
[INFO] [stdout] 5151ac7e6f0997cfe62621c46cba8bf15167607be327fc499eeb09dc16bf10c8
[INFO] [stderr] WARNING: Your kernel does not support swap limit capabilities or the cgroup is not mounted. Memory limited without swap.
[INFO] running `Command { std: "docker" "start" "-a" "5151ac7e6f0997cfe62621c46cba8bf15167607be327fc499eeb09dc16bf10c8", kill_on_drop: false }`
[INFO] [stderr]    Compiling strsim v0.9.3
[INFO] [stderr]    Compiling phf_generator v0.7.24
[INFO] [stderr]    Compiling env_logger v0.7.1
[INFO] [stderr]    Compiling ctor v0.1.20
[INFO] [stderr]    Compiling darling_core v0.10.2
[INFO] [stderr]    Compiling phf_codegen v0.7.24
[INFO] [stderr]    Compiling pretty_env_logger v0.4.0
[INFO] [stderr]    Compiling cffi-impl v0.1.6
[INFO] [stderr]    Compiling darling_macro v0.10.2
[INFO] [stderr]    Compiling darling v0.10.2
[INFO] [stderr]    Compiling cffi v0.1.6 (/opt/rustwide/workdir)
[INFO] [stderr]     Finished dev [unoptimized + debuginfo] target(s) in 15.85s
[INFO] running `Command { std: "docker" "inspect" "5151ac7e6f0997cfe62621c46cba8bf15167607be327fc499eeb09dc16bf10c8", kill_on_drop: false }`
[INFO] running `Command { std: "docker" "rm" "-f" "5151ac7e6f0997cfe62621c46cba8bf15167607be327fc499eeb09dc16bf10c8", kill_on_drop: false }`
[INFO] [stdout] 5151ac7e6f0997cfe62621c46cba8bf15167607be327fc499eeb09dc16bf10c8
[INFO] running `Command { std: "docker" "create" "-v" "/var/lib/crater-agent-workspace/builds/worker-10/target:/opt/rustwide/target:rw,Z" "-v" "/var/lib/crater-agent-workspace/builds/worker-10/source:/opt/rustwide/workdir:ro,Z" "-v" "/var/lib/crater-agent-workspace/cargo-home:/opt/rustwide/cargo-home:ro,Z" "-v" "/var/lib/crater-agent-workspace/rustup-home:/opt/rustwide/rustup-home:ro,Z" "-e" "SOURCE_DIR=/opt/rustwide/workdir" "-e" "CARGO_TARGET_DIR=/opt/rustwide/target" "-e" "CARGO_INCREMENTAL=0" "-e" "RUST_BACKTRACE=full" "-e" "RUSTFLAGS=--cap-lints=warn" "-e" "CARGO_HOME=/opt/rustwide/cargo-home" "-e" "RUSTUP_HOME=/opt/rustwide/rustup-home" "-w" "/opt/rustwide/workdir" "-m" "1610612736" "--user" "0:0" "--network" "none" "ghcr.io/rust-lang/crates-build-env/linux@sha256:34b6a614d2c27851fe6cbf88fbd1137609cefab8b10d0615aaeb6fd47975d74e" "/opt/rustwide/cargo-home/bin/cargo" "+1.54.0" "test" "--frozen" "--no-run" "--message-format=json", kill_on_drop: false }`
[INFO] [stdout] c794218e5c7023acf8a948991eeaee721f610ac8de5378971351ddf3d48f05e1
[INFO] [stderr] WARNING: Your kernel does not support swap limit capabilities or the cgroup is not mounted. Memory limited without swap.
[INFO] running `Command { std: "docker" "start" "-a" "c794218e5c7023acf8a948991eeaee721f610ac8de5378971351ddf3d48f05e1", kill_on_drop: false }`
[INFO] [stderr]    Compiling cffi v0.1.6 (/opt/rustwide/workdir)
[INFO] [stderr]     Finished test [unoptimized + debuginfo] target(s) in 0.76s
[INFO] running `Command { std: "docker" "inspect" "c794218e5c7023acf8a948991eeaee721f610ac8de5378971351ddf3d48f05e1", kill_on_drop: false }`
[INFO] running `Command { std: "docker" "rm" "-f" "c794218e5c7023acf8a948991eeaee721f610ac8de5378971351ddf3d48f05e1", kill_on_drop: false }`
[INFO] [stdout] c794218e5c7023acf8a948991eeaee721f610ac8de5378971351ddf3d48f05e1
[INFO] running `Command { std: "docker" "create" "-v" "/var/lib/crater-agent-workspace/builds/worker-10/target:/opt/rustwide/target:rw,Z" "-v" "/var/lib/crater-agent-workspace/builds/worker-10/source:/opt/rustwide/workdir:ro,Z" "-v" "/var/lib/crater-agent-workspace/cargo-home:/opt/rustwide/cargo-home:ro,Z" "-v" "/var/lib/crater-agent-workspace/rustup-home:/opt/rustwide/rustup-home:ro,Z" "-e" "SOURCE_DIR=/opt/rustwide/workdir" "-e" "CARGO_TARGET_DIR=/opt/rustwide/target" "-e" "CARGO_INCREMENTAL=0" "-e" "RUST_BACKTRACE=full" "-e" "RUSTFLAGS=--cap-lints=warn" "-e" "CARGO_HOME=/opt/rustwide/cargo-home" "-e" "RUSTUP_HOME=/opt/rustwide/rustup-home" "-w" "/opt/rustwide/workdir" "-m" "1610612736" "--user" "0:0" "--network" "none" "ghcr.io/rust-lang/crates-build-env/linux@sha256:34b6a614d2c27851fe6cbf88fbd1137609cefab8b10d0615aaeb6fd47975d74e" "/opt/rustwide/cargo-home/bin/cargo" "+1.54.0" "test" "--frozen", kill_on_drop: false }`
[INFO] [stdout] b7d2390755293104fa829125c1a9b738bb0eb5ece1cd0190bf03ff0f7d12806e
[INFO] [stderr] WARNING: Your kernel does not support swap limit capabilities or the cgroup is not mounted. Memory limited without swap.
[INFO] running `Command { std: "docker" "start" "-a" "b7d2390755293104fa829125c1a9b738bb0eb5ece1cd0190bf03ff0f7d12806e", kill_on_drop: false }`
[INFO] [stderr]     Finished test [unoptimized + debuginfo] target(s) in 0.04s
[INFO] [stderr]      Running unittests (/opt/rustwide/target/debug/deps/cffi-8c5fb060e4e78b4b)
[INFO] [stdout] 
[INFO] [stdout] running 1 test
[INFO] [stdout] test tests::test ... ok
[INFO] [stdout] 
[INFO] [stdout] test result: ok. 1 passed; 0 failed; 0 ignored; 0 measured; 0 filtered out; finished in 0.00s
[INFO] [stdout] 
[INFO] [stderr]    Doc-tests cffi
[INFO] [stdout] 
[INFO] [stdout] running 1 test
[INFO] [stdout] test src/boxed.rs - boxed::BoxMarshaler (line 30) ... FAILED
[INFO] [stdout] 
[INFO] [stdout] failures:
[INFO] [stdout] 
[INFO] [stdout] ---- src/boxed.rs - boxed::BoxMarshaler (line 30) stdout ----
[INFO] [stdout] error[E0277]: the trait bound `BoxMarshaler<_>: ToForeign<Something, _>` is not satisfied
[INFO] [stdout]   --> src/boxed.rs:41:33
[INFO] [stdout]    |
[INFO] [stdout] 14 |     let ptr: *const Something = BoxMarshaler::to_foreign(something).unwrap();
[INFO] [stdout]    |                                 ^^^^^^^^^^^^^^^^^^^^^^^^ the trait `ToForeign<Something, _>` is not implemented for `BoxMarshaler<_>`
[INFO] [stdout]    |
[INFO] [stdout]    = help: the following implementations were found:
[INFO] [stdout]              <BoxMarshaler<T> as ToForeign<Box<T>, *const T>>
[INFO] [stdout]              <BoxMarshaler<T> as ToForeign<Result<Box<T>, Box<(dyn std::error::Error + 'static)>>, *const T>>
[INFO] [stdout]    = note: required by `to_foreign`
[INFO] [stdout] 
[INFO] [stdout] error[E0277]: the trait bound `BoxMarshaler<_>: ToForeign<Something, _>` is not satisfied
[INFO] [stdout]   --> src/boxed.rs:41:33
[INFO] [stdout]    |
[INFO] [stdout] 14 |     let ptr: *const Something = BoxMarshaler::to_foreign(something).unwrap();
[INFO] [stdout]    |                                 ^^^^^^^^^^^^^^^^^^^^^^^^^^^^^^^^^^^ the trait `ToForeign<Something, _>` is not implemented for `BoxMarshaler<_>`
[INFO] [stdout]    |
[INFO] [stdout]    = help: the following implementations were found:
[INFO] [stdout]              <BoxMarshaler<T> as ToForeign<Box<T>, *const T>>
[INFO] [stdout]              <BoxMarshaler<T> as ToForeign<Result<Box<T>, Box<(dyn std::error::Error + 'static)>>, *const T>>
[INFO] [stdout] 
[INFO] [stdout] error: aborting due to 2 previous errors
[INFO] [stdout] 
[INFO] [stdout] For more information about this error, try `rustc --explain E0277`.
[INFO] [stdout] Couldn't compile the test.
[INFO] [stdout] 
[INFO] [stdout] failures:
[INFO] [stdout]     src/boxed.rs - boxed::BoxMarshaler (line 30)
[INFO] [stdout] 
[INFO] [stdout] test result: FAILED. 0 passed; 1 failed; 0 ignored; 0 measured; 0 filtered out; finished in 0.20s
[INFO] [stdout] 
[INFO] [stderr] error: test failed, to rerun pass '--doc'
[INFO] running `Command { std: "docker" "inspect" "b7d2390755293104fa829125c1a9b738bb0eb5ece1cd0190bf03ff0f7d12806e", kill_on_drop: false }`
[INFO] running `Command { std: "docker" "rm" "-f" "b7d2390755293104fa829125c1a9b738bb0eb5ece1cd0190bf03ff0f7d12806e", kill_on_drop: false }`
[INFO] [stdout] b7d2390755293104fa829125c1a9b738bb0eb5ece1cd0190bf03ff0f7d12806e
