[INFO] fetching crate cconst 0.2.2...
[INFO] testing cconst-0.2.2 against 1.54.0 for beta-1.55-1
[INFO] extracting crate cconst 0.2.2 into /workspace/builds/worker-11/source
[INFO] validating manifest of crates.io crate cconst 0.2.2 on toolchain 1.54.0
[INFO] running `Command { std: "/workspace/cargo-home/bin/cargo" "+1.54.0" "metadata" "--manifest-path" "Cargo.toml" "--no-deps", kill_on_drop: false }`
[INFO] started tweaking crates.io crate cconst 0.2.2
[INFO] finished tweaking crates.io crate cconst 0.2.2
[INFO] tweaked toml for crates.io crate cconst 0.2.2 written to /workspace/builds/worker-11/source/Cargo.toml
[INFO] running `Command { std: "/workspace/cargo-home/bin/cargo" "+1.54.0" "generate-lockfile" "--manifest-path" "Cargo.toml" "-Zno-index-update", kill_on_drop: false }`
[INFO] running `Command { std: "/workspace/cargo-home/bin/cargo" "+1.54.0" "fetch" "--manifest-path" "Cargo.toml", kill_on_drop: false }`
[INFO] [stderr] warning: unused manifest key: package.docs
[INFO] running `Command { std: "docker" "create" "-v" "/var/lib/crater-agent-workspace/builds/worker-11/target:/opt/rustwide/target:rw,Z" "-v" "/var/lib/crater-agent-workspace/builds/worker-11/source:/opt/rustwide/workdir:ro,Z" "-v" "/var/lib/crater-agent-workspace/cargo-home:/opt/rustwide/cargo-home:ro,Z" "-v" "/var/lib/crater-agent-workspace/rustup-home:/opt/rustwide/rustup-home:ro,Z" "-e" "SOURCE_DIR=/opt/rustwide/workdir" "-e" "CARGO_TARGET_DIR=/opt/rustwide/target" "-e" "CARGO_HOME=/opt/rustwide/cargo-home" "-e" "RUSTUP_HOME=/opt/rustwide/rustup-home" "-w" "/opt/rustwide/workdir" "-m" "1610612736" "--user" "0:0" "--network" "none" "ghcr.io/rust-lang/crates-build-env/linux@sha256:34b6a614d2c27851fe6cbf88fbd1137609cefab8b10d0615aaeb6fd47975d74e" "/opt/rustwide/cargo-home/bin/cargo" "+1.54.0" "metadata" "--no-deps" "--format-version=1", kill_on_drop: false }`
[INFO] [stdout] 6524661f40b60a867f2166102fb43d48d129d1adfa73a25df2abc49a19b40b7e
[INFO] [stderr] WARNING: Your kernel does not support swap limit capabilities or the cgroup is not mounted. Memory limited without swap.
[INFO] running `Command { std: "docker" "start" "-a" "6524661f40b60a867f2166102fb43d48d129d1adfa73a25df2abc49a19b40b7e", kill_on_drop: false }`
[INFO] running `Command { std: "docker" "inspect" "6524661f40b60a867f2166102fb43d48d129d1adfa73a25df2abc49a19b40b7e", kill_on_drop: false }`
[INFO] running `Command { std: "docker" "rm" "-f" "6524661f40b60a867f2166102fb43d48d129d1adfa73a25df2abc49a19b40b7e", kill_on_drop: false }`
[INFO] [stdout] 6524661f40b60a867f2166102fb43d48d129d1adfa73a25df2abc49a19b40b7e
[INFO] running `Command { std: "docker" "create" "-v" "/var/lib/crater-agent-workspace/builds/worker-11/target:/opt/rustwide/target:rw,Z" "-v" "/var/lib/crater-agent-workspace/builds/worker-11/source:/opt/rustwide/workdir:ro,Z" "-v" "/var/lib/crater-agent-workspace/cargo-home:/opt/rustwide/cargo-home:ro,Z" "-v" "/var/lib/crater-agent-workspace/rustup-home:/opt/rustwide/rustup-home:ro,Z" "-e" "SOURCE_DIR=/opt/rustwide/workdir" "-e" "CARGO_TARGET_DIR=/opt/rustwide/target" "-e" "CARGO_INCREMENTAL=0" "-e" "RUST_BACKTRACE=full" "-e" "RUSTFLAGS=--cap-lints=warn" "-e" "CARGO_HOME=/opt/rustwide/cargo-home" "-e" "RUSTUP_HOME=/opt/rustwide/rustup-home" "-w" "/opt/rustwide/workdir" "-m" "1610612736" "--user" "0:0" "--network" "none" "ghcr.io/rust-lang/crates-build-env/linux@sha256:34b6a614d2c27851fe6cbf88fbd1137609cefab8b10d0615aaeb6fd47975d74e" "/opt/rustwide/cargo-home/bin/cargo" "+1.54.0" "build" "--frozen" "--message-format=json", kill_on_drop: false }`
[INFO] [stdout] 5716169dfc3fd7430da8355fb0a4825791354afa2a378c897ae397fe7b8cf257
[INFO] [stderr] WARNING: Your kernel does not support swap limit capabilities or the cgroup is not mounted. Memory limited without swap.
[INFO] running `Command { std: "docker" "start" "-a" "5716169dfc3fd7430da8355fb0a4825791354afa2a378c897ae397fe7b8cf257", kill_on_drop: false }`
[INFO] [stderr] warning: unused manifest key: package.docs
[INFO] [stderr]    Compiling cconst v0.2.2 (/opt/rustwide/workdir)
[INFO] [stderr]     Finished dev [unoptimized + debuginfo] target(s) in 0.60s
[INFO] running `Command { std: "docker" "inspect" "5716169dfc3fd7430da8355fb0a4825791354afa2a378c897ae397fe7b8cf257", kill_on_drop: false }`
[INFO] running `Command { std: "docker" "rm" "-f" "5716169dfc3fd7430da8355fb0a4825791354afa2a378c897ae397fe7b8cf257", kill_on_drop: false }`
[INFO] [stdout] 5716169dfc3fd7430da8355fb0a4825791354afa2a378c897ae397fe7b8cf257
[INFO] running `Command { std: "docker" "create" "-v" "/var/lib/crater-agent-workspace/builds/worker-11/target:/opt/rustwide/target:rw,Z" "-v" "/var/lib/crater-agent-workspace/builds/worker-11/source:/opt/rustwide/workdir:ro,Z" "-v" "/var/lib/crater-agent-workspace/cargo-home:/opt/rustwide/cargo-home:ro,Z" "-v" "/var/lib/crater-agent-workspace/rustup-home:/opt/rustwide/rustup-home:ro,Z" "-e" "SOURCE_DIR=/opt/rustwide/workdir" "-e" "CARGO_TARGET_DIR=/opt/rustwide/target" "-e" "CARGO_INCREMENTAL=0" "-e" "RUST_BACKTRACE=full" "-e" "RUSTFLAGS=--cap-lints=warn" "-e" "CARGO_HOME=/opt/rustwide/cargo-home" "-e" "RUSTUP_HOME=/opt/rustwide/rustup-home" "-w" "/opt/rustwide/workdir" "-m" "1610612736" "--user" "0:0" "--network" "none" "ghcr.io/rust-lang/crates-build-env/linux@sha256:34b6a614d2c27851fe6cbf88fbd1137609cefab8b10d0615aaeb6fd47975d74e" "/opt/rustwide/cargo-home/bin/cargo" "+1.54.0" "test" "--frozen" "--no-run" "--message-format=json", kill_on_drop: false }`
[INFO] [stdout] 36d17b12b674d78193fb66c1a231d2dd5742679f25a0e7413eaa5c04c07fa97e
[INFO] [stderr] WARNING: Your kernel does not support swap limit capabilities or the cgroup is not mounted. Memory limited without swap.
[INFO] running `Command { std: "docker" "start" "-a" "36d17b12b674d78193fb66c1a231d2dd5742679f25a0e7413eaa5c04c07fa97e", kill_on_drop: false }`
[INFO] [stderr] warning: unused manifest key: package.docs
[INFO] [stderr]    Compiling cconst v0.2.2 (/opt/rustwide/workdir)
[INFO] [stderr]     Finished test [unoptimized + debuginfo] target(s) in 0.73s
[INFO] running `Command { std: "docker" "inspect" "36d17b12b674d78193fb66c1a231d2dd5742679f25a0e7413eaa5c04c07fa97e", kill_on_drop: false }`
[INFO] running `Command { std: "docker" "rm" "-f" "36d17b12b674d78193fb66c1a231d2dd5742679f25a0e7413eaa5c04c07fa97e", kill_on_drop: false }`
[INFO] [stdout] 36d17b12b674d78193fb66c1a231d2dd5742679f25a0e7413eaa5c04c07fa97e
[INFO] running `Command { std: "docker" "create" "-v" "/var/lib/crater-agent-workspace/builds/worker-11/target:/opt/rustwide/target:rw,Z" "-v" "/var/lib/crater-agent-workspace/builds/worker-11/source:/opt/rustwide/workdir:ro,Z" "-v" "/var/lib/crater-agent-workspace/cargo-home:/opt/rustwide/cargo-home:ro,Z" "-v" "/var/lib/crater-agent-workspace/rustup-home:/opt/rustwide/rustup-home:ro,Z" "-e" "SOURCE_DIR=/opt/rustwide/workdir" "-e" "CARGO_TARGET_DIR=/opt/rustwide/target" "-e" "CARGO_INCREMENTAL=0" "-e" "RUST_BACKTRACE=full" "-e" "RUSTFLAGS=--cap-lints=warn" "-e" "CARGO_HOME=/opt/rustwide/cargo-home" "-e" "RUSTUP_HOME=/opt/rustwide/rustup-home" "-w" "/opt/rustwide/workdir" "-m" "1610612736" "--user" "0:0" "--network" "none" "ghcr.io/rust-lang/crates-build-env/linux@sha256:34b6a614d2c27851fe6cbf88fbd1137609cefab8b10d0615aaeb6fd47975d74e" "/opt/rustwide/cargo-home/bin/cargo" "+1.54.0" "test" "--frozen", kill_on_drop: false }`
[INFO] [stderr] WARNING: Your kernel does not support swap limit capabilities or the cgroup is not mounted. Memory limited without swap.
[INFO] [stdout] 664c2bfa1fcd99fb06072b0c7ae8da88403cbc27bafe1056aaa6acc44b9bf457
[INFO] running `Command { std: "docker" "start" "-a" "664c2bfa1fcd99fb06072b0c7ae8da88403cbc27bafe1056aaa6acc44b9bf457", kill_on_drop: false }`
[INFO] [stdout] 
[INFO] [stderr] warning: unused manifest key: package.docs
[INFO] [stdout] running 0 tests
[INFO] [stderr]     Finished test [unoptimized + debuginfo] target(s) in 0.01s
[INFO] [stdout] 
[INFO] [stderr]      Running unittests (/opt/rustwide/target/debug/deps/cconst-9aa301e7fb5a6912)
[INFO] [stdout] test result: ok. 0 passed; 0 failed; 0 ignored; 0 measured; 0 filtered out; finished in 0.00s
[INFO] [stderr]    Doc-tests cconst
[INFO] [stdout] 
[INFO] [stdout] 
[INFO] [stdout] running 3 tests
[INFO] [stdout] test src/lib.rs - (line 23) ... ignored
[INFO] [stdout] test src/lib.rs - (line 41) ... ignored
[INFO] [stderr] error: test failed, to rerun pass '--doc'
[INFO] [stdout] test src/lib.rs - (line 6) ... FAILED
[INFO] [stdout] 
[INFO] [stdout] failures:
[INFO] [stdout] 
[INFO] [stdout] ---- src/lib.rs - (line 6) stdout ----
[INFO] [stdout] error[E0468]: an `extern crate` loading macros must be at the crate root
[INFO] [stdout]  --> src/lib.rs:9:1
[INFO] [stdout]   |
[INFO] [stdout] 5 | extern crate cconst;
[INFO] [stdout]   | ^^^^^^^^^^^^^^^^^^^^
[INFO] [stdout] 
[INFO] [stdout] error[E0433]: failed to resolve: use of undeclared type `CopyConsts`
[INFO] [stdout]  --> src/lib.rs:13:14
[INFO] [stdout]   |
[INFO] [stdout] 9 | let mut cs = CopyConsts::new();
[INFO] [stdout]   |              ^^^^^^^^^^ use of undeclared type `CopyConsts`
[INFO] [stdout] 
[INFO] [stdout] error: aborting due to 2 previous errors
[INFO] [stdout] 
[INFO] [stdout] Some errors have detailed explanations: E0433, E0468.
[INFO] [stdout] For more information about an error, try `rustc --explain E0433`.
[INFO] [stdout] Couldn't compile the test.
[INFO] [stdout] 
[INFO] [stdout] failures:
[INFO] [stdout]     src/lib.rs - (line 6)
[INFO] [stdout] 
[INFO] [stdout] test result: FAILED. 0 passed; 1 failed; 2 ignored; 0 measured; 0 filtered out; finished in 0.13s
[INFO] [stdout] 
[INFO] running `Command { std: "docker" "inspect" "664c2bfa1fcd99fb06072b0c7ae8da88403cbc27bafe1056aaa6acc44b9bf457", kill_on_drop: false }`
[INFO] running `Command { std: "docker" "rm" "-f" "664c2bfa1fcd99fb06072b0c7ae8da88403cbc27bafe1056aaa6acc44b9bf457", kill_on_drop: false }`
[INFO] [stdout] 664c2bfa1fcd99fb06072b0c7ae8da88403cbc27bafe1056aaa6acc44b9bf457
