[INFO] fetching crate cauldron 0.0.3...
[INFO] testing cauldron-0.0.3 against beta-2021-08-01 for beta-1.55-1
[INFO] extracting crate cauldron 0.0.3 into /workspace/builds/worker-6/source
[INFO] validating manifest of crates.io crate cauldron 0.0.3 on toolchain beta-2021-08-01
[INFO] running `Command { std: "/workspace/cargo-home/bin/cargo" "+beta-2021-08-01" "metadata" "--manifest-path" "Cargo.toml" "--no-deps", kill_on_drop: false }`
[INFO] started tweaking crates.io crate cauldron 0.0.3
[INFO] finished tweaking crates.io crate cauldron 0.0.3
[INFO] tweaked toml for crates.io crate cauldron 0.0.3 written to /workspace/builds/worker-6/source/Cargo.toml
[INFO] crate crates.io crate cauldron 0.0.3 already has a lockfile, it will not be regenerated
[INFO] running `Command { std: "/workspace/cargo-home/bin/cargo" "+beta-2021-08-01" "fetch" "--manifest-path" "Cargo.toml", kill_on_drop: false }`
[INFO] running `Command { std: "docker" "create" "-v" "/var/lib/crater-agent-workspace/builds/worker-6/target:/opt/rustwide/target:rw,Z" "-v" "/var/lib/crater-agent-workspace/builds/worker-6/source:/opt/rustwide/workdir:ro,Z" "-v" "/var/lib/crater-agent-workspace/cargo-home:/opt/rustwide/cargo-home:ro,Z" "-v" "/var/lib/crater-agent-workspace/rustup-home:/opt/rustwide/rustup-home:ro,Z" "-e" "SOURCE_DIR=/opt/rustwide/workdir" "-e" "CARGO_TARGET_DIR=/opt/rustwide/target" "-e" "CARGO_HOME=/opt/rustwide/cargo-home" "-e" "RUSTUP_HOME=/opt/rustwide/rustup-home" "-w" "/opt/rustwide/workdir" "-m" "1610612736" "--user" "0:0" "--network" "none" "ghcr.io/rust-lang/crates-build-env/linux@sha256:34b6a614d2c27851fe6cbf88fbd1137609cefab8b10d0615aaeb6fd47975d74e" "/opt/rustwide/cargo-home/bin/cargo" "+beta-2021-08-01" "metadata" "--no-deps" "--format-version=1", kill_on_drop: false }`
[INFO] [stdout] 896c91163f01b414434f7939bda4e839efe5100033ee21592598ab9df6e62550
[INFO] [stderr] WARNING: Your kernel does not support swap limit capabilities or the cgroup is not mounted. Memory limited without swap.
[INFO] running `Command { std: "docker" "start" "-a" "896c91163f01b414434f7939bda4e839efe5100033ee21592598ab9df6e62550", kill_on_drop: false }`
[INFO] running `Command { std: "docker" "inspect" "896c91163f01b414434f7939bda4e839efe5100033ee21592598ab9df6e62550", kill_on_drop: false }`
[INFO] running `Command { std: "docker" "rm" "-f" "896c91163f01b414434f7939bda4e839efe5100033ee21592598ab9df6e62550", kill_on_drop: false }`
[INFO] [stdout] 896c91163f01b414434f7939bda4e839efe5100033ee21592598ab9df6e62550
[INFO] running `Command { std: "docker" "create" "-v" "/var/lib/crater-agent-workspace/builds/worker-6/target:/opt/rustwide/target:rw,Z" "-v" "/var/lib/crater-agent-workspace/builds/worker-6/source:/opt/rustwide/workdir:ro,Z" "-v" "/var/lib/crater-agent-workspace/cargo-home:/opt/rustwide/cargo-home:ro,Z" "-v" "/var/lib/crater-agent-workspace/rustup-home:/opt/rustwide/rustup-home:ro,Z" "-e" "SOURCE_DIR=/opt/rustwide/workdir" "-e" "CARGO_TARGET_DIR=/opt/rustwide/target" "-e" "CARGO_INCREMENTAL=0" "-e" "RUST_BACKTRACE=full" "-e" "RUSTFLAGS=--cap-lints=warn" "-e" "CARGO_HOME=/opt/rustwide/cargo-home" "-e" "RUSTUP_HOME=/opt/rustwide/rustup-home" "-w" "/opt/rustwide/workdir" "-m" "1610612736" "--user" "0:0" "--network" "none" "ghcr.io/rust-lang/crates-build-env/linux@sha256:34b6a614d2c27851fe6cbf88fbd1137609cefab8b10d0615aaeb6fd47975d74e" "/opt/rustwide/cargo-home/bin/cargo" "+beta-2021-08-01" "build" "--frozen" "--message-format=json", kill_on_drop: false }`
[INFO] [stdout] 6a025fe43f4fe4a3bb84e4a45a89c4acf603d3c1e185efde4d25fd135056d68b
[INFO] [stderr] WARNING: Your kernel does not support swap limit capabilities or the cgroup is not mounted. Memory limited without swap.
[INFO] running `Command { std: "docker" "start" "-a" "6a025fe43f4fe4a3bb84e4a45a89c4acf603d3c1e185efde4d25fd135056d68b", kill_on_drop: false }`
[INFO] [stderr]    Compiling cauldron v0.0.3 (/opt/rustwide/workdir)
[INFO] [stdout] warning: unused variable: `buffer`
[INFO] [stdout]    --> src/mp3/frame.rs:407:29
[INFO] [stdout]     |
[INFO] [stdout] 407 | fn read_mpeg1_scale_factors(buffer: &[u8], channel_info: &mut GranuleChannel) -> Result<()> {
[INFO] [stdout]     |                             ^^^^^^ help: if this is intentional, prefix it with an underscore: `_buffer`
[INFO] [stdout]     |
[INFO] [stdout]     = note: `#[warn(unused_variables)]` on by default
[INFO] [stdout] 
[INFO] [stdout] 
[INFO] [stdout] warning: unused variable: `channel_info`
[INFO] [stdout]    --> src/mp3/frame.rs:407:44
[INFO] [stdout]     |
[INFO] [stdout] 407 | fn read_mpeg1_scale_factors(buffer: &[u8], channel_info: &mut GranuleChannel) -> Result<()> {
[INFO] [stdout]     |                                            ^^^^^^^^^^^^ help: if this is intentional, prefix it with an underscore: `_channel_info`
[INFO] [stdout] 
[INFO] [stdout] 
[INFO] [stdout] warning: unused variable: `buffer`
[INFO] [stdout]    --> src/mp3/frame.rs:412:5
[INFO] [stdout]     |
[INFO] [stdout] 412 |     buffer: &[u8],
[INFO] [stdout]     |     ^^^^^^ help: if this is intentional, prefix it with an underscore: `_buffer`
[INFO] [stdout] 
[INFO] [stdout] 
[INFO] [stdout] warning: unused variable: `intensity_stereo_channel`
[INFO] [stdout]    --> src/mp3/frame.rs:413:5
[INFO] [stdout]     |
[INFO] [stdout] 413 |     intensity_stereo_channel: bool,
[INFO] [stdout]     |     ^^^^^^^^^^^^^^^^^^^^^^^^ help: if this is intentional, prefix it with an underscore: `_intensity_stereo_channel`
[INFO] [stdout] 
[INFO] [stdout] 
[INFO] [stdout] warning: unused variable: `channel_info`
[INFO] [stdout]    --> src/mp3/frame.rs:414:5
[INFO] [stdout]     |
[INFO] [stdout] 414 |     channel_info: &mut GranuleChannel,
[INFO] [stdout]     |     ^^^^^^^^^^^^ help: if this is intentional, prefix it with an underscore: `_channel_info`
[INFO] [stdout] 
[INFO] [stdout] 
[INFO] [stdout] warning: field is never read: `sample_rate`
[INFO] [stdout]   --> src/flac/frame.rs:40:5
[INFO] [stdout]    |
[INFO] [stdout] 40 |     pub sample_rate: u32,
[INFO] [stdout]    |     ^^^^^^^^^^^^^^^^^^^^
[INFO] [stdout]    |
[INFO] [stdout]    = note: `#[warn(dead_code)]` on by default
[INFO] [stdout] 
[INFO] [stdout] 
[INFO] [stdout] warning: field is never read: `bits_per_sample`
[INFO] [stdout]   --> src/mp3/frame.rs:25:5
[INFO] [stdout]    |
[INFO] [stdout] 25 |     bits_per_sample: u32,
[INFO] [stdout]    |     ^^^^^^^^^^^^^^^^^^^^
[INFO] [stdout] 
[INFO] [stdout] 
[INFO] [stdout] warning: associated function is never used: `bits_per_sample`
[INFO] [stdout]   --> src/mp3/frame.rs:60:12
[INFO] [stdout]    |
[INFO] [stdout] 60 |     pub fn bits_per_sample(&self) -> u32 {
[INFO] [stdout]    |            ^^^^^^^^^^^^^^^
[INFO] [stdout] 
[INFO] [stdout] 
[INFO] [stdout] warning: unused attribute
[INFO] [stdout]   --> src/lib.rs:18:1
[INFO] [stdout]    |
[INFO] [stdout] 18 | #[macro_use]
[INFO] [stdout]    | ^^^^^^^^^^^^
[INFO] [stdout]    |
[INFO] [stdout]    = note: `#[warn(unused_attributes)]` on by default
[INFO] [stdout] 
[INFO] [stdout] 
[INFO] [stdout] warning: 9 warnings emitted
[INFO] [stdout] 
[INFO] [stdout] 
[INFO] [stderr]     Finished dev [unoptimized + debuginfo] target(s) in 2.62s
[INFO] running `Command { std: "docker" "inspect" "6a025fe43f4fe4a3bb84e4a45a89c4acf603d3c1e185efde4d25fd135056d68b", kill_on_drop: false }`
[INFO] running `Command { std: "docker" "rm" "-f" "6a025fe43f4fe4a3bb84e4a45a89c4acf603d3c1e185efde4d25fd135056d68b", kill_on_drop: false }`
[INFO] [stdout] 6a025fe43f4fe4a3bb84e4a45a89c4acf603d3c1e185efde4d25fd135056d68b
[INFO] running `Command { std: "docker" "create" "-v" "/var/lib/crater-agent-workspace/builds/worker-6/target:/opt/rustwide/target:rw,Z" "-v" "/var/lib/crater-agent-workspace/builds/worker-6/source:/opt/rustwide/workdir:ro,Z" "-v" "/var/lib/crater-agent-workspace/cargo-home:/opt/rustwide/cargo-home:ro,Z" "-v" "/var/lib/crater-agent-workspace/rustup-home:/opt/rustwide/rustup-home:ro,Z" "-e" "SOURCE_DIR=/opt/rustwide/workdir" "-e" "CARGO_TARGET_DIR=/opt/rustwide/target" "-e" "CARGO_INCREMENTAL=0" "-e" "RUST_BACKTRACE=full" "-e" "RUSTFLAGS=--cap-lints=warn" "-e" "CARGO_HOME=/opt/rustwide/cargo-home" "-e" "RUSTUP_HOME=/opt/rustwide/rustup-home" "-w" "/opt/rustwide/workdir" "-m" "1610612736" "--user" "0:0" "--network" "none" "ghcr.io/rust-lang/crates-build-env/linux@sha256:34b6a614d2c27851fe6cbf88fbd1137609cefab8b10d0615aaeb6fd47975d74e" "/opt/rustwide/cargo-home/bin/cargo" "+beta-2021-08-01" "test" "--frozen" "--no-run" "--message-format=json", kill_on_drop: false }`
[INFO] [stdout] b540dd2da22e231bc9dbb51148b65fc9be90fdc49a929d28d53c5e1977c626ab
[INFO] [stderr] WARNING: Your kernel does not support swap limit capabilities or the cgroup is not mounted. Memory limited without swap.
[INFO] running `Command { std: "docker" "start" "-a" "b540dd2da22e231bc9dbb51148b65fc9be90fdc49a929d28d53c5e1977c626ab", kill_on_drop: false }`
[INFO] [stderr]    Compiling libc v0.2.71
[INFO] [stderr]    Compiling serde v1.0.114
[INFO] [stderr]    Compiling syn v1.0.30
[INFO] [stderr]    Compiling memchr v2.3.3
[INFO] [stderr]    Compiling rayon-core v1.7.1
[INFO] [stderr]    Compiling pkg-config v0.3.17
[INFO] [stderr]    Compiling serde_json v1.0.56
[INFO] [stderr]    Compiling itoa v0.4.6
[INFO] [stderr]    Compiling serde_derive v1.0.113
[INFO] [stderr]    Compiling half v1.6.0
[INFO] [stderr]    Compiling regex-syntax v0.6.18
[INFO] [stderr]    Compiling cpal v0.11.0
[INFO] [stderr]    Compiling oorandom v11.1.2
[INFO] [stderr]    Compiling memoffset v0.5.5
[INFO] [stderr]    Compiling rayon v1.3.1
[INFO] [stderr]    Compiling proc-macro2 v1.0.18
[INFO] [stderr]    Compiling clap v2.33.1
[INFO] [stderr]    Compiling crossbeam-queue v0.2.3
[INFO] [stdout] warning: unused variable: `buffer`
[INFO] [stdout]    --> src/mp3/frame.rs:407:29
[INFO] [stdout]     |
[INFO] [stdout] 407 | fn read_mpeg1_scale_factors(buffer: &[u8], channel_info: &mut GranuleChannel) -> Result<()> {
[INFO] [stdout]     |                             ^^^^^^ help: if this is intentional, prefix it with an underscore: `_buffer`
[INFO] [stdout]     |
[INFO] [stdout]     = note: `#[warn(unused_variables)]` on by default
[INFO] [stdout] 
[INFO] [stdout] 
[INFO] [stdout] warning: unused variable: `channel_info`
[INFO] [stdout]    --> src/mp3/frame.rs:407:44
[INFO] [stdout]     |
[INFO] [stdout] 407 | fn read_mpeg1_scale_factors(buffer: &[u8], channel_info: &mut GranuleChannel) -> Result<()> {
[INFO] [stdout]     |                                            ^^^^^^^^^^^^ help: if this is intentional, prefix it with an underscore: `_channel_info`
[INFO] [stdout] 
[INFO] [stdout] 
[INFO] [stdout] warning: unused variable: `buffer`
[INFO] [stdout]    --> src/mp3/frame.rs:412:5
[INFO] [stdout]     |
[INFO] [stdout] 412 |     buffer: &[u8],
[INFO] [stdout]     |     ^^^^^^ help: if this is intentional, prefix it with an underscore: `_buffer`
[INFO] [stdout] 
[INFO] [stdout] 
[INFO] [stdout] warning: unused variable: `intensity_stereo_channel`
[INFO] [stdout]    --> src/mp3/frame.rs:413:5
[INFO] [stdout]     |
[INFO] [stdout] 413 |     intensity_stereo_channel: bool,
[INFO] [stdout]     |     ^^^^^^^^^^^^^^^^^^^^^^^^ help: if this is intentional, prefix it with an underscore: `_intensity_stereo_channel`
[INFO] [stdout] 
[INFO] [stdout] 
[INFO] [stdout] warning: unused variable: `channel_info`
[INFO] [stdout]    --> src/mp3/frame.rs:414:5
[INFO] [stdout]     |
[INFO] [stdout] 414 |     channel_info: &mut GranuleChannel,
[INFO] [stdout]     |     ^^^^^^^^^^^^ help: if this is intentional, prefix it with an underscore: `_channel_info`
[INFO] [stdout] 
[INFO] [stdout] 
[INFO] [stdout] warning: field is never read: `sample_rate`
[INFO] [stdout]   --> src/flac/frame.rs:40:5
[INFO] [stdout]    |
[INFO] [stdout] 40 |     pub sample_rate: u32,
[INFO] [stdout]    |     ^^^^^^^^^^^^^^^^^^^^
[INFO] [stdout]    |
[INFO] [stdout]    = note: `#[warn(dead_code)]` on by default
[INFO] [stdout] 
[INFO] [stdout] 
[INFO] [stdout] warning: field is never read: `bits_per_sample`
[INFO] [stdout]   --> src/mp3/frame.rs:25:5
[INFO] [stdout]    |
[INFO] [stdout] 25 |     bits_per_sample: u32,
[INFO] [stdout]    |     ^^^^^^^^^^^^^^^^^^^^
[INFO] [stdout] 
[INFO] [stdout] 
[INFO] [stdout] warning: associated function is never used: `bits_per_sample`
[INFO] [stdout]   --> src/mp3/frame.rs:60:12
[INFO] [stdout]    |
[INFO] [stdout] 60 |     pub fn bits_per_sample(&self) -> u32 {
[INFO] [stdout]    |            ^^^^^^^^^^^^^^^
[INFO] [stdout] 
[INFO] [stdout] 
[INFO] [stdout] warning: unused attribute
[INFO] [stdout]   --> src/lib.rs:18:1
[INFO] [stdout]    |
[INFO] [stdout] 18 | #[macro_use]
[INFO] [stdout]    | ^^^^^^^^^^^^
[INFO] [stdout]    |
[INFO] [stdout]    = note: `#[warn(unused_attributes)]` on by default
[INFO] [stdout] 
[INFO] [stdout] 
[INFO] [stdout] warning: 9 warnings emitted
[INFO] [stdout] 
[INFO] [stdout] 
[INFO] [stderr]    Compiling plotters v0.2.15
[INFO] [stderr]    Compiling criterion-plot v0.4.3
[INFO] [stderr]    Compiling quote v1.0.6
[INFO] [stderr]    Compiling alsa-sys v0.1.2
[INFO] [stderr]    Compiling crossbeam-epoch v0.8.2
[INFO] [stderr]    Compiling csv-core v0.1.10
[INFO] [stderr]    Compiling num_cpus v1.13.0
[INFO] [stderr]    Compiling atty v0.2.14
[INFO] [stderr]    Compiling crossbeam-deque v0.7.3
[INFO] [stderr]    Compiling regex v1.3.9
[INFO] [stderr]    Compiling bstr v0.2.13
[INFO] [stderr]    Compiling serde_cbor v0.11.1
[INFO] [stderr]    Compiling csv v1.1.3
[INFO] [stderr]    Compiling tinytemplate v1.1.0
[INFO] [stderr]    Compiling thiserror-impl v1.0.19
[INFO] [stderr]    Compiling thiserror v1.0.19
[INFO] [stderr]    Compiling criterion v0.3.3
[INFO] [stderr]    Compiling cauldron v0.0.3 (/opt/rustwide/workdir)
[INFO] [stdout] warning: unused variable: `buffer`
[INFO] [stdout]    --> src/mp3/frame.rs:407:29
[INFO] [stdout]     |
[INFO] [stdout] 407 | fn read_mpeg1_scale_factors(buffer: &[u8], channel_info: &mut GranuleChannel) -> Result<()> {
[INFO] [stdout]     |                             ^^^^^^ help: if this is intentional, prefix it with an underscore: `_buffer`
[INFO] [stdout]     |
[INFO] [stdout]     = note: `#[warn(unused_variables)]` on by default
[INFO] [stdout] 
[INFO] [stdout] 
[INFO] [stdout] warning: unused variable: `channel_info`
[INFO] [stdout]    --> src/mp3/frame.rs:407:44
[INFO] [stdout]     |
[INFO] [stdout] 407 | fn read_mpeg1_scale_factors(buffer: &[u8], channel_info: &mut GranuleChannel) -> Result<()> {
[INFO] [stdout]     |                                            ^^^^^^^^^^^^ help: if this is intentional, prefix it with an underscore: `_channel_info`
[INFO] [stdout] 
[INFO] [stdout] 
[INFO] [stdout] warning: unused variable: `buffer`
[INFO] [stdout]    --> src/mp3/frame.rs:412:5
[INFO] [stdout]     |
[INFO] [stdout] 412 |     buffer: &[u8],
[INFO] [stdout]     |     ^^^^^^ help: if this is intentional, prefix it with an underscore: `_buffer`
[INFO] [stdout] 
[INFO] [stdout] 
[INFO] [stdout] warning: unused variable: `intensity_stereo_channel`
[INFO] [stdout]    --> src/mp3/frame.rs:413:5
[INFO] [stdout]     |
[INFO] [stdout] 413 |     intensity_stereo_channel: bool,
[INFO] [stdout]     |     ^^^^^^^^^^^^^^^^^^^^^^^^ help: if this is intentional, prefix it with an underscore: `_intensity_stereo_channel`
[INFO] [stdout] 
[INFO] [stdout] 
[INFO] [stdout] warning: unused variable: `channel_info`
[INFO] [stdout]    --> src/mp3/frame.rs:414:5
[INFO] [stdout]     |
[INFO] [stdout] 414 |     channel_info: &mut GranuleChannel,
[INFO] [stdout]     |     ^^^^^^^^^^^^ help: if this is intentional, prefix it with an underscore: `_channel_info`
[INFO] [stdout] 
[INFO] [stdout] 
[INFO] [stdout] warning: field is never read: `sample_rate`
[INFO] [stdout]   --> src/flac/frame.rs:40:5
[INFO] [stdout]    |
[INFO] [stdout] 40 |     pub sample_rate: u32,
[INFO] [stdout]    |     ^^^^^^^^^^^^^^^^^^^^
[INFO] [stdout]    |
[INFO] [stdout]    = note: `#[warn(dead_code)]` on by default
[INFO] [stdout] 
[INFO] [stdout] 
[INFO] [stdout] warning: field is never read: `bits_per_sample`
[INFO] [stdout]   --> src/mp3/frame.rs:25:5
[INFO] [stdout]    |
[INFO] [stdout] 25 |     bits_per_sample: u32,
[INFO] [stdout]    |     ^^^^^^^^^^^^^^^^^^^^
[INFO] [stdout] 
[INFO] [stdout] 
[INFO] [stdout] warning: associated function is never used: `bits_per_sample`
[INFO] [stdout]   --> src/mp3/frame.rs:60:12
[INFO] [stdout]    |
[INFO] [stdout] 60 |     pub fn bits_per_sample(&self) -> u32 {
[INFO] [stdout]    |            ^^^^^^^^^^^^^^^
[INFO] [stdout] 
[INFO] [stdout] 
[INFO] [stdout] warning: unused attribute
[INFO] [stdout]   --> src/lib.rs:18:1
[INFO] [stdout]    |
[INFO] [stdout] 18 | #[macro_use]
[INFO] [stdout]    | ^^^^^^^^^^^^
[INFO] [stdout]    |
[INFO] [stdout]    = note: `#[warn(unused_attributes)]` on by default
[INFO] [stdout] 
[INFO] [stdout] 
[INFO] [stdout] warning: 9 warnings emitted
[INFO] [stdout] 
[INFO] [stdout] 
[INFO] [stderr]     Finished test [unoptimized + debuginfo] target(s) in 1m 37s
[INFO] running `Command { std: "docker" "inspect" "b540dd2da22e231bc9dbb51148b65fc9be90fdc49a929d28d53c5e1977c626ab", kill_on_drop: false }`
[INFO] running `Command { std: "docker" "rm" "-f" "b540dd2da22e231bc9dbb51148b65fc9be90fdc49a929d28d53c5e1977c626ab", kill_on_drop: false }`
[INFO] [stdout] b540dd2da22e231bc9dbb51148b65fc9be90fdc49a929d28d53c5e1977c626ab
[INFO] running `Command { std: "docker" "create" "-v" "/var/lib/crater-agent-workspace/builds/worker-6/target:/opt/rustwide/target:rw,Z" "-v" "/var/lib/crater-agent-workspace/builds/worker-6/source:/opt/rustwide/workdir:ro,Z" "-v" "/var/lib/crater-agent-workspace/cargo-home:/opt/rustwide/cargo-home:ro,Z" "-v" "/var/lib/crater-agent-workspace/rustup-home:/opt/rustwide/rustup-home:ro,Z" "-e" "SOURCE_DIR=/opt/rustwide/workdir" "-e" "CARGO_TARGET_DIR=/opt/rustwide/target" "-e" "CARGO_INCREMENTAL=0" "-e" "RUST_BACKTRACE=full" "-e" "RUSTFLAGS=--cap-lints=warn" "-e" "CARGO_HOME=/opt/rustwide/cargo-home" "-e" "RUSTUP_HOME=/opt/rustwide/rustup-home" "-w" "/opt/rustwide/workdir" "-m" "1610612736" "--user" "0:0" "--network" "none" "ghcr.io/rust-lang/crates-build-env/linux@sha256:34b6a614d2c27851fe6cbf88fbd1137609cefab8b10d0615aaeb6fd47975d74e" "/opt/rustwide/cargo-home/bin/cargo" "+beta-2021-08-01" "test" "--frozen", kill_on_drop: false }`
[INFO] [stdout] d560b16db5a15b522228a52dcaccc3a2643a42b3f280057ecd138d37dac8d7b6
[INFO] [stderr] WARNING: Your kernel does not support swap limit capabilities or the cgroup is not mounted. Memory limited without swap.
[INFO] running `Command { std: "docker" "start" "-a" "d560b16db5a15b522228a52dcaccc3a2643a42b3f280057ecd138d37dac8d7b6", kill_on_drop: false }`
[INFO] [stderr] warning: unused variable: `buffer`
[INFO] [stderr]    --> src/mp3/frame.rs:407:29
[INFO] [stderr]     |
[INFO] [stderr] 407 | fn read_mpeg1_scale_factors(buffer: &[u8], channel_info: &mut GranuleChannel) -> Result<()> {
[INFO] [stderr]     |                             ^^^^^^ help: if this is intentional, prefix it with an underscore: `_buffer`
[INFO] [stderr]     |
[INFO] [stderr]     = note: `#[warn(unused_variables)]` on by default
[INFO] [stderr] 
[INFO] [stderr] warning: unused variable: `channel_info`
[INFO] [stderr]    --> src/mp3/frame.rs:407:44
[INFO] [stderr]     |
[INFO] [stderr] 407 | fn read_mpeg1_scale_factors(buffer: &[u8], channel_info: &mut GranuleChannel) -> Result<()> {
[INFO] [stderr]     |                                            ^^^^^^^^^^^^ help: if this is intentional, prefix it with an underscore: `_channel_info`
[INFO] [stderr] 
[INFO] [stderr] warning: unused variable: `buffer`
[INFO] [stderr]    --> src/mp3/frame.rs:412:5
[INFO] [stderr]     |
[INFO] [stderr] 412 |     buffer: &[u8],
[INFO] [stderr]     |     ^^^^^^ help: if this is intentional, prefix it with an underscore: `_buffer`
[INFO] [stderr] 
[INFO] [stderr] warning: unused variable: `intensity_stereo_channel`
[INFO] [stderr]    --> src/mp3/frame.rs:413:5
[INFO] [stderr]     |
[INFO] [stderr] 413 |     intensity_stereo_channel: bool,
[INFO] [stderr]     |     ^^^^^^^^^^^^^^^^^^^^^^^^ help: if this is intentional, prefix it with an underscore: `_intensity_stereo_channel`
[INFO] [stderr] 
[INFO] [stderr] warning: unused variable: `channel_info`
[INFO] [stderr]    --> src/mp3/frame.rs:414:5
[INFO] [stderr]     |
[INFO] [stderr] 414 |     channel_info: &mut GranuleChannel,
[INFO] [stderr]     |     ^^^^^^^^^^^^ help: if this is intentional, prefix it with an underscore: `_channel_info`
[INFO] [stderr] 
[INFO] [stderr] warning: field is never read: `sample_rate`
[INFO] [stderr]   --> src/flac/frame.rs:40:5
[INFO] [stderr]    |
[INFO] [stderr] 40 |     pub sample_rate: u32,
[INFO] [stderr]    |     ^^^^^^^^^^^^^^^^^^^^
[INFO] [stderr]    |
[INFO] [stderr]    = note: `#[warn(dead_code)]` on by default
[INFO] [stderr] 
[INFO] [stderr] warning: field is never read: `bits_per_sample`
[INFO] [stderr]   --> src/mp3/frame.rs:25:5
[INFO] [stderr]    |
[INFO] [stderr] 25 |     bits_per_sample: u32,
[INFO] [stderr]    |     ^^^^^^^^^^^^^^^^^^^^
[INFO] [stderr] 
[INFO] [stderr] warning: associated function is never used: `bits_per_sample`
[INFO] [stderr]   --> src/mp3/frame.rs:60:12
[INFO] [stderr]    |
[INFO] [stderr] 60 |     pub fn bits_per_sample(&self) -> u32 {
[INFO] [stderr]    |            ^^^^^^^^^^^^^^^
[INFO] [stderr] 
[INFO] [stderr] warning: unused attribute
[INFO] [stderr]   --> src/lib.rs:18:1
[INFO] [stderr]    |
[INFO] [stderr] 18 | #[macro_use]
[INFO] [stderr]    | ^^^^^^^^^^^^
[INFO] [stderr]    |
[INFO] [stderr]    = note: `#[warn(unused_attributes)]` on by default
[INFO] [stderr] 
[INFO] [stderr] warning: `cauldron` (lib) generated 9 warnings
[INFO] [stderr] warning: `cauldron` (lib test) generated 9 warnings (9 duplicates)
[INFO] [stderr]     Finished test [unoptimized + debuginfo] target(s) in 0.09s
[INFO] [stderr]      Running unittests (/opt/rustwide/target/debug/deps/cauldron-ea796edab234b64c)
[INFO] [stdout] 
[INFO] [stdout] running 5 tests
[INFO] [stdout] test flac::decoder::test_predict_lpc_low_order ... ok
[INFO] [stdout] test flac::decoder::test_rice_to_signed ... ok
[INFO] [stdout] test utils::test_narrow_to_i16 ... ok
[INFO] [stdout] test utils::test_narrow_to_i24 ... ok
[INFO] [stdout] test utils::test_narrow_to_i8 ... ok
[INFO] [stdout] 
[INFO] [stdout] test result: ok. 5 passed; 0 failed; 0 ignored; 0 measured; 0 filtered out; finished in 0.01s
[INFO] [stdout] 
[INFO] [stderr]    Doc-tests cauldron
[INFO] [stdout] 
[INFO] [stdout] running 3 tests
[INFO] [stdout] test src/lib.rs - (line 7) ... ignored
[INFO] [stdout] test src/audio.rs - audio::AudioSegment::read_with_format (line 238) ... FAILED
[INFO] [stdout] test src/audio.rs - audio::AudioSegment::read (line 213) ... FAILED
[INFO] [stdout] 
[INFO] [stdout] failures:
[INFO] [stdout] 
[INFO] [stdout] ---- src/audio.rs - audio::AudioSegment::read_with_format (line 238) stdout ----
[INFO] [stdout] error[E0061]: this function takes 2 arguments but 1 argument was supplied
[INFO] [stdout]    --> src/audio.rs:242:7
[INFO] [stdout]     |
[INFO] [stdout] 7   | match AudioSegment::read_with_format(
[INFO] [stdout]     |       ^^^^^^^^^^^^^^^^^^^^^^^^^^^^^^ expected 2 arguments
[INFO] [stdout] 8   |     std::path::Path::new("tests/samples/wav/test-s16le-44100Hz-mono.wav")) {
[INFO] [stdout]     |     --------------------------------------------------------------------- supplied 1 argument
[INFO] [stdout]     |
[INFO] [stdout] note: associated function defined here
[INFO] [stdout]    --> /opt/rustwide/workdir/src/audio.rs:250:12
[INFO] [stdout]     |
[INFO] [stdout] 250 |     pub fn read_with_format<I: IntoAudioInputStream>(
[INFO] [stdout]     |            ^^^^^^^^^^^^^^^^
[INFO] [stdout] 
[INFO] [stdout] error: aborting due to previous error
[INFO] [stdout] 
[INFO] [stdout] For more information about this error, try `rustc --explain E0061`.
[INFO] [stdout] Couldn't compile the test.
[INFO] [stdout] ---- src/audio.rs - audio::AudioSegment::read (line 213) stdout ----
[INFO] [stdout] Test executable failed (exit code 101).
[INFO] [stdout] 
[INFO] [stdout] stderr:
[INFO] [stdout] thread 'main' panicked at 'Couldn't open example file: No such file or directory (os error 2)', src/audio.rs:9:13
[INFO] [stdout] stack backtrace:
[INFO] [stdout]    0:     0x563dcc5194a0 - std::backtrace_rs::backtrace::libunwind::trace::hff4d1766e93f64f1
[INFO] [stdout]                                at /rustc/53fd98ca776cb875bc9e5514f56b52eb74f9e7a9/library/std/src/../../backtrace/src/backtrace/libunwind.rs:90:5
[INFO] [stdout]    1:     0x563dcc5194a0 - std::backtrace_rs::backtrace::trace_unsynchronized::h56bbc8eb78770bcb
[INFO] [stdout]                                at /rustc/53fd98ca776cb875bc9e5514f56b52eb74f9e7a9/library/std/src/../../backtrace/src/backtrace/mod.rs:66:5
[INFO] [stdout]    2:     0x563dcc5194a0 - std::sys_common::backtrace::_print_fmt::h5c8e75464faca780
[INFO] [stdout]                                at /rustc/53fd98ca776cb875bc9e5514f56b52eb74f9e7a9/library/std/src/sys_common/backtrace.rs:67:5
[INFO] [stdout]    3:     0x563dcc5194a0 - <std::sys_common::backtrace::_print::DisplayBacktrace as core::fmt::Display>::fmt::h48b88277def8b362
[INFO] [stdout]                                at /rustc/53fd98ca776cb875bc9e5514f56b52eb74f9e7a9/library/std/src/sys_common/backtrace.rs:46:22
[INFO] [stdout]    4:     0x563dcc532aec - core::fmt::write::h3381b3176fe2b3d3
[INFO] [stdout]                                at /rustc/53fd98ca776cb875bc9e5514f56b52eb74f9e7a9/library/core/src/fmt/mod.rs:1115:17
[INFO] [stdout]    5:     0x563dcc517f35 - std::io::Write::write_fmt::hd42607e5d8e44db0
[INFO] [stdout]                                at /rustc/53fd98ca776cb875bc9e5514f56b52eb74f9e7a9/library/std/src/io/mod.rs:1665:15
[INFO] [stdout]    6:     0x563dcc51b0db - std::sys_common::backtrace::_print::ha537687d6c17dd0d
[INFO] [stdout]                                at /rustc/53fd98ca776cb875bc9e5514f56b52eb74f9e7a9/library/std/src/sys_common/backtrace.rs:49:5
[INFO] [stdout]    7:     0x563dcc51b0db - std::sys_common::backtrace::print::h61376ae57d131d72
[INFO] [stdout]                                at /rustc/53fd98ca776cb875bc9e5514f56b52eb74f9e7a9/library/std/src/sys_common/backtrace.rs:36:9
[INFO] [stdout]    8:     0x563dcc51b0db - std::panicking::default_hook::{{closure}}::h0f7208c0b9644a54
[INFO] [stdout]                                at /rustc/53fd98ca776cb875bc9e5514f56b52eb74f9e7a9/library/std/src/panicking.rs:208:50
[INFO] [stdout]    9:     0x563dcc51abb1 - std::panicking::default_hook::hdac7fc06578c14ce
[INFO] [stdout]                                at /rustc/53fd98ca776cb875bc9e5514f56b52eb74f9e7a9/library/std/src/panicking.rs:225:9
[INFO] [stdout]   10:     0x563dcc51b7a4 - std::panicking::rust_panic_with_hook::h72b21c283da3d1ef
[INFO] [stdout]                                at /rustc/53fd98ca776cb875bc9e5514f56b52eb74f9e7a9/library/std/src/panicking.rs:622:17
[INFO] [stdout]   11:     0x563dcc51b287 - std::panicking::begin_panic_handler::{{closure}}::he5778f1729cff84a
[INFO] [stdout]                                at /rustc/53fd98ca776cb875bc9e5514f56b52eb74f9e7a9/library/std/src/panicking.rs:519:13
[INFO] [stdout]   12:     0x563dcc51997c - std::sys_common::backtrace::__rust_end_short_backtrace::h2d11ca8b453b4b1d
[INFO] [stdout]                                at /rustc/53fd98ca776cb875bc9e5514f56b52eb74f9e7a9/library/std/src/sys_common/backtrace.rs:141:18
[INFO] [stdout]   13:     0x563dcc51b1e9 - rust_begin_unwind
[INFO] [stdout]                                at /rustc/53fd98ca776cb875bc9e5514f56b52eb74f9e7a9/library/std/src/panicking.rs:515:5
[INFO] [stdout]   14:     0x563dcc4f18bb - std::panicking::begin_panic_fmt::h746518bde832d259
[INFO] [stdout]                                at /rustc/53fd98ca776cb875bc9e5514f56b52eb74f9e7a9/library/std/src/panicking.rs:457:5
[INFO] [stdout]   15:     0x563dcc4f29fe - rust_out::main::_doctest_main_src_audio_rs_213_0::hf3c0e23c420e2380
[INFO] [stdout]   16:     0x563dcc4f28b6 - rust_out::main::h61823b600df25383
[INFO] [stdout]   17:     0x563dcc4f27a3 - core::ops::function::FnOnce::call_once::h3d07824a44777914
[INFO] [stdout]   18:     0x563dcc4f2649 - std::sys_common::backtrace::__rust_begin_short_backtrace::h1ee1ba859d3174aa
[INFO] [stdout]   19:     0x563dcc4f26c9 - std::rt::lang_start::{{closure}}::hee9719d6b6efb7fa
[INFO] [stdout]   20:     0x563dcc51bcaa - core::ops::function::impls::<impl core::ops::function::FnOnce<A> for &F>::call_once::ha88a7d1a4d24e549
[INFO] [stdout]                                at /rustc/53fd98ca776cb875bc9e5514f56b52eb74f9e7a9/library/core/src/ops/function.rs:259:13
[INFO] [stdout]   21:     0x563dcc51bcaa - std::panicking::try::do_call::hd3b1d7740607ccc7
[INFO] [stdout]                                at /rustc/53fd98ca776cb875bc9e5514f56b52eb74f9e7a9/library/std/src/panicking.rs:401:40
[INFO] [stdout]   22:     0x563dcc51bcaa - std::panicking::try::h0ee8c65ac7461507
[INFO] [stdout]                                at /rustc/53fd98ca776cb875bc9e5514f56b52eb74f9e7a9/library/std/src/panicking.rs:365:19
[INFO] [stdout]   23:     0x563dcc51bcaa - std::panic::catch_unwind::head47f0de4ccd838
[INFO] [stdout]                                at /rustc/53fd98ca776cb875bc9e5514f56b52eb74f9e7a9/library/std/src/panic.rs:434:14
[INFO] [stdout]   24:     0x563dcc51bcaa - std::rt::lang_start_internal::{{closure}}::hbc7de8ec820ac085
[INFO] [stdout]                                at /rustc/53fd98ca776cb875bc9e5514f56b52eb74f9e7a9/library/std/src/rt.rs:45:48
[INFO] [stdout]   25:     0x563dcc51bcaa - std::panicking::try::do_call::h2609e52e8bad4a7b
[INFO] [stdout]                                at /rustc/53fd98ca776cb875bc9e5514f56b52eb74f9e7a9/library/std/src/panicking.rs:401:40
[INFO] [stdout]   26:     0x563dcc51bcaa - std::panicking::try::hd0929f0b603e0389
[INFO] [stdout]                                at /rustc/53fd98ca776cb875bc9e5514f56b52eb74f9e7a9/library/std/src/panicking.rs:365:19
[INFO] [stdout]   27:     0x563dcc51bcaa - std::panic::catch_unwind::h27902b81c3e47571
[INFO] [stdout]                                at /rustc/53fd98ca776cb875bc9e5514f56b52eb74f9e7a9/library/std/src/panic.rs:434:14
[INFO] [stdout]   28:     0x563dcc51bcaa - std::rt::lang_start_internal::h3fb2d794dd391e3e
[INFO] [stdout]                                at /rustc/53fd98ca776cb875bc9e5514f56b52eb74f9e7a9/library/std/src/rt.rs:45:20
[INFO] [stdout]   29:     0x563dcc4f26a1 - std::rt::lang_start::h0745d281d96e0cdb
[INFO] [stdout]   30:     0x563dcc4f2a33 - main
[INFO] [stdout]   31:     0x7f3bcfc3b0b3 - __libc_start_main
[INFO] [stdout]   32:     0x563dcc4f257e - _start
[INFO] [stdout]   33:                0x0 - <unknown>
[INFO] [stdout] 
[INFO] [stdout] 
[INFO] [stdout] 
[INFO] [stdout] failures:
[INFO] [stdout]     src/audio.rs - audio::AudioSegment::read (line 213)
[INFO] [stdout]     src/audio.rs - audio::AudioSegment::read_with_format (line 238)
[INFO] [stdout] 
[INFO] [stdout] test result: FAILED. 0 passed; 2 failed; 1 ignored; 0 measured; 0 filtered out; finished in 0.71s
[INFO] [stdout] 
[INFO] [stderr] error: test failed, to rerun pass '--doc'
[INFO] running `Command { std: "docker" "inspect" "d560b16db5a15b522228a52dcaccc3a2643a42b3f280057ecd138d37dac8d7b6", kill_on_drop: false }`
[INFO] running `Command { std: "docker" "rm" "-f" "d560b16db5a15b522228a52dcaccc3a2643a42b3f280057ecd138d37dac8d7b6", kill_on_drop: false }`
[INFO] [stdout] d560b16db5a15b522228a52dcaccc3a2643a42b3f280057ecd138d37dac8d7b6
