[INFO] fetching crate cataclysm 0.2.0-alpha.0...
[INFO] testing cataclysm-0.2.0-alpha.0 against 1.54.0 for beta-1.55-1
[INFO] extracting crate cataclysm 0.2.0-alpha.0 into /workspace/builds/worker-11/source
[INFO] validating manifest of crates.io crate cataclysm 0.2.0-alpha.0 on toolchain 1.54.0
[INFO] running `Command { std: "/workspace/cargo-home/bin/cargo" "+1.54.0" "metadata" "--manifest-path" "Cargo.toml" "--no-deps", kill_on_drop: false }`
[INFO] started tweaking crates.io crate cataclysm 0.2.0-alpha.0
[INFO] finished tweaking crates.io crate cataclysm 0.2.0-alpha.0
[INFO] tweaked toml for crates.io crate cataclysm 0.2.0-alpha.0 written to /workspace/builds/worker-11/source/Cargo.toml
[INFO] crate crates.io crate cataclysm 0.2.0-alpha.0 already has a lockfile, it will not be regenerated
[INFO] running `Command { std: "/workspace/cargo-home/bin/cargo" "+1.54.0" "fetch" "--manifest-path" "Cargo.toml", kill_on_drop: false }`
[INFO] [stderr]  Downloading crates ...
[INFO] [stderr]   Downloaded ctrlc v3.1.7
[INFO] running `Command { std: "docker" "create" "-v" "/var/lib/crater-agent-workspace/builds/worker-11/target:/opt/rustwide/target:rw,Z" "-v" "/var/lib/crater-agent-workspace/builds/worker-11/source:/opt/rustwide/workdir:ro,Z" "-v" "/var/lib/crater-agent-workspace/cargo-home:/opt/rustwide/cargo-home:ro,Z" "-v" "/var/lib/crater-agent-workspace/rustup-home:/opt/rustwide/rustup-home:ro,Z" "-e" "SOURCE_DIR=/opt/rustwide/workdir" "-e" "CARGO_TARGET_DIR=/opt/rustwide/target" "-e" "CARGO_HOME=/opt/rustwide/cargo-home" "-e" "RUSTUP_HOME=/opt/rustwide/rustup-home" "-w" "/opt/rustwide/workdir" "-m" "1610612736" "--user" "0:0" "--network" "none" "ghcr.io/rust-lang/crates-build-env/linux@sha256:34b6a614d2c27851fe6cbf88fbd1137609cefab8b10d0615aaeb6fd47975d74e" "/opt/rustwide/cargo-home/bin/cargo" "+1.54.0" "metadata" "--no-deps" "--format-version=1", kill_on_drop: false }`
[INFO] [stdout] 758ee9b65ac13a2deb2a0694de14d2a68d36b4c215d296c3a02a451f9a79d873
[INFO] [stderr] WARNING: Your kernel does not support swap limit capabilities or the cgroup is not mounted. Memory limited without swap.
[INFO] running `Command { std: "docker" "start" "-a" "758ee9b65ac13a2deb2a0694de14d2a68d36b4c215d296c3a02a451f9a79d873", kill_on_drop: false }`
[INFO] running `Command { std: "docker" "inspect" "758ee9b65ac13a2deb2a0694de14d2a68d36b4c215d296c3a02a451f9a79d873", kill_on_drop: false }`
[INFO] running `Command { std: "docker" "rm" "-f" "758ee9b65ac13a2deb2a0694de14d2a68d36b4c215d296c3a02a451f9a79d873", kill_on_drop: false }`
[INFO] [stdout] 758ee9b65ac13a2deb2a0694de14d2a68d36b4c215d296c3a02a451f9a79d873
[INFO] running `Command { std: "docker" "create" "-v" "/var/lib/crater-agent-workspace/builds/worker-11/target:/opt/rustwide/target:rw,Z" "-v" "/var/lib/crater-agent-workspace/builds/worker-11/source:/opt/rustwide/workdir:ro,Z" "-v" "/var/lib/crater-agent-workspace/cargo-home:/opt/rustwide/cargo-home:ro,Z" "-v" "/var/lib/crater-agent-workspace/rustup-home:/opt/rustwide/rustup-home:ro,Z" "-e" "SOURCE_DIR=/opt/rustwide/workdir" "-e" "CARGO_TARGET_DIR=/opt/rustwide/target" "-e" "CARGO_INCREMENTAL=0" "-e" "RUST_BACKTRACE=full" "-e" "RUSTFLAGS=--cap-lints=warn" "-e" "CARGO_HOME=/opt/rustwide/cargo-home" "-e" "RUSTUP_HOME=/opt/rustwide/rustup-home" "-w" "/opt/rustwide/workdir" "-m" "1610612736" "--user" "0:0" "--network" "none" "ghcr.io/rust-lang/crates-build-env/linux@sha256:34b6a614d2c27851fe6cbf88fbd1137609cefab8b10d0615aaeb6fd47975d74e" "/opt/rustwide/cargo-home/bin/cargo" "+1.54.0" "build" "--frozen" "--message-format=json", kill_on_drop: false }`
[INFO] [stderr] WARNING: Your kernel does not support swap limit capabilities or the cgroup is not mounted. Memory limited without swap.
[INFO] [stdout] a50f2c347f722f9229e8b8d48a729bb235bb14bf66648361c5ee6618ccb24259
[INFO] running `Command { std: "docker" "start" "-a" "a50f2c347f722f9229e8b8d48a729bb235bb14bf66648361c5ee6618ccb24259", kill_on_drop: false }`
[INFO] [stderr]     Blocking waiting for file lock on package cache
[INFO] [stderr]    Compiling libc v0.2.89
[INFO] [stderr]    Compiling syn v1.0.64
[INFO] [stderr]    Compiling memchr v2.3.4
[INFO] [stderr]    Compiling futures-sink v0.3.13
[INFO] [stderr]    Compiling pin-project-lite v0.2.4
[INFO] [stderr]    Compiling const_fn v0.4.5
[INFO] [stderr]    Compiling futures-core v0.3.13
[INFO] [stderr]    Compiling futures-task v0.3.13
[INFO] [stderr]    Compiling futures-io v0.3.13
[INFO] [stderr]    Compiling serde_derive v1.0.124
[INFO] [stderr]    Compiling serde v1.0.124
[INFO] [stderr]    Compiling winapi v0.3.9
[INFO] [stderr]    Compiling once_cell v1.5.2
[INFO] [stderr]    Compiling standback v0.2.15
[INFO] [stderr]    Compiling time v0.2.26
[INFO] [stderr]    Compiling cookie v0.15.0
[INFO] [stderr]    Compiling tokio v1.1.1
[INFO] [stderr]    Compiling lock_api v0.4.2
[INFO] [stderr]    Compiling futures-channel v0.3.13
[INFO] [stderr]    Compiling parking_lot_core v0.8.2
[INFO] [stderr]    Compiling num_cpus v1.13.0
[INFO] [stderr]    Compiling mio v0.7.7
[INFO] [stderr]    Compiling atty v0.2.14
[INFO] [stderr]    Compiling signal-hook-registry v1.3.0
[INFO] [stderr]    Compiling nix v0.18.0
[INFO] [stderr]    Compiling time v0.1.44
[INFO] [stderr]    Compiling colored v2.0.0
[INFO] [stderr]    Compiling parking_lot v0.11.1
[INFO] [stderr]    Compiling chrono v0.4.19
[INFO] [stderr]    Compiling time-macros-impl v0.1.1
[INFO] [stderr]    Compiling futures-macro v0.3.13
[INFO] [stderr]    Compiling tokio-macros v1.0.0
[INFO] [stderr]    Compiling ctrlc v3.1.7
[INFO] [stderr]    Compiling time-macros v0.1.1
[INFO] [stderr]    Compiling futures-util v0.3.13
[INFO] [stderr]    Compiling futures-executor v0.3.13
[INFO] [stderr]    Compiling futures v0.3.13
[INFO] [stderr]    Compiling cataclysm v0.2.0-alpha.0 (/opt/rustwide/workdir)
[INFO] [stderr]     Finished dev [unoptimized + debuginfo] target(s) in 58.69s
[INFO] running `Command { std: "docker" "inspect" "a50f2c347f722f9229e8b8d48a729bb235bb14bf66648361c5ee6618ccb24259", kill_on_drop: false }`
[INFO] running `Command { std: "docker" "rm" "-f" "a50f2c347f722f9229e8b8d48a729bb235bb14bf66648361c5ee6618ccb24259", kill_on_drop: false }`
[INFO] [stdout] a50f2c347f722f9229e8b8d48a729bb235bb14bf66648361c5ee6618ccb24259
[INFO] running `Command { std: "docker" "create" "-v" "/var/lib/crater-agent-workspace/builds/worker-11/target:/opt/rustwide/target:rw,Z" "-v" "/var/lib/crater-agent-workspace/builds/worker-11/source:/opt/rustwide/workdir:ro,Z" "-v" "/var/lib/crater-agent-workspace/cargo-home:/opt/rustwide/cargo-home:ro,Z" "-v" "/var/lib/crater-agent-workspace/rustup-home:/opt/rustwide/rustup-home:ro,Z" "-e" "SOURCE_DIR=/opt/rustwide/workdir" "-e" "CARGO_TARGET_DIR=/opt/rustwide/target" "-e" "CARGO_INCREMENTAL=0" "-e" "RUST_BACKTRACE=full" "-e" "RUSTFLAGS=--cap-lints=warn" "-e" "CARGO_HOME=/opt/rustwide/cargo-home" "-e" "RUSTUP_HOME=/opt/rustwide/rustup-home" "-w" "/opt/rustwide/workdir" "-m" "1610612736" "--user" "0:0" "--network" "none" "ghcr.io/rust-lang/crates-build-env/linux@sha256:34b6a614d2c27851fe6cbf88fbd1137609cefab8b10d0615aaeb6fd47975d74e" "/opt/rustwide/cargo-home/bin/cargo" "+1.54.0" "test" "--frozen" "--no-run" "--message-format=json", kill_on_drop: false }`
[INFO] [stderr] WARNING: Your kernel does not support swap limit capabilities or the cgroup is not mounted. Memory limited without swap.
[INFO] [stdout] d5631be221b74febd1a4ac9636fde3420b8d91f7b24c96277073cdea9bf791b0
[INFO] running `Command { std: "docker" "start" "-a" "d5631be221b74febd1a4ac9636fde3420b8d91f7b24c96277073cdea9bf791b0", kill_on_drop: false }`
[INFO] [stderr]    Compiling cataclysm v0.2.0-alpha.0 (/opt/rustwide/workdir)
[INFO] [stderr]     Finished test [unoptimized + debuginfo] target(s) in 0.71s
[INFO] running `Command { std: "docker" "inspect" "d5631be221b74febd1a4ac9636fde3420b8d91f7b24c96277073cdea9bf791b0", kill_on_drop: false }`
[INFO] running `Command { std: "docker" "rm" "-f" "d5631be221b74febd1a4ac9636fde3420b8d91f7b24c96277073cdea9bf791b0", kill_on_drop: false }`
[INFO] [stdout] d5631be221b74febd1a4ac9636fde3420b8d91f7b24c96277073cdea9bf791b0
[INFO] running `Command { std: "docker" "create" "-v" "/var/lib/crater-agent-workspace/builds/worker-11/target:/opt/rustwide/target:rw,Z" "-v" "/var/lib/crater-agent-workspace/builds/worker-11/source:/opt/rustwide/workdir:ro,Z" "-v" "/var/lib/crater-agent-workspace/cargo-home:/opt/rustwide/cargo-home:ro,Z" "-v" "/var/lib/crater-agent-workspace/rustup-home:/opt/rustwide/rustup-home:ro,Z" "-e" "SOURCE_DIR=/opt/rustwide/workdir" "-e" "CARGO_TARGET_DIR=/opt/rustwide/target" "-e" "CARGO_INCREMENTAL=0" "-e" "RUST_BACKTRACE=full" "-e" "RUSTFLAGS=--cap-lints=warn" "-e" "CARGO_HOME=/opt/rustwide/cargo-home" "-e" "RUSTUP_HOME=/opt/rustwide/rustup-home" "-w" "/opt/rustwide/workdir" "-m" "1610612736" "--user" "0:0" "--network" "none" "ghcr.io/rust-lang/crates-build-env/linux@sha256:34b6a614d2c27851fe6cbf88fbd1137609cefab8b10d0615aaeb6fd47975d74e" "/opt/rustwide/cargo-home/bin/cargo" "+1.54.0" "test" "--frozen", kill_on_drop: false }`
[INFO] [stdout] 088d8368c778eb2ae41710626e3e1fed107682a4599f2317500a0708a1230364
[INFO] [stderr] WARNING: Your kernel does not support swap limit capabilities or the cgroup is not mounted. Memory limited without swap.
[INFO] running `Command { std: "docker" "start" "-a" "088d8368c778eb2ae41710626e3e1fed107682a4599f2317500a0708a1230364", kill_on_drop: false }`
[INFO] [stderr]     Finished test [unoptimized + debuginfo] target(s) in 0.05s
[INFO] [stderr]      Running unittests (/opt/rustwide/target/debug/deps/cataclysm-7bca0c2e10874d38)
[INFO] [stdout] 
[INFO] [stdout] running 0 tests
[INFO] [stdout] 
[INFO] [stdout] test result: ok. 0 passed; 0 failed; 0 ignored; 0 measured; 0 filtered out; finished in 0.00s
[INFO] [stdout] 
[INFO] [stderr]      Running unittests (/opt/rustwide/target/debug/deps/hello_world-7091078f196c734d)
[INFO] [stdout] 
[INFO] [stdout] running 0 tests
[INFO] [stdout] 
[INFO] [stdout] test result: ok. 0 passed; 0 failed; 0 ignored; 0 measured; 0 filtered out; finished in 0.00s
[INFO] [stdout] 
[INFO] [stderr]    Doc-tests cataclysm
[INFO] [stdout] 
[INFO] [stdout] running 8 tests
[INFO] [stdout] test src/path.rs - path::Path::unmatched_method_to (line 102) ... FAILED
[INFO] [stdout] test src/path.rs - path::Path::nested (line 68) ... FAILED
[INFO] [stdout] test src/path.rs - path::Path::defaults_to (line 83) ... FAILED
[INFO] [stdout] test src/path.rs - path::Path::with (line 54) ... FAILED
[INFO] [stdout] test src/path.rs - path::Path (line 11) ... FAILED
[INFO] [stdout] test src/path.rs - path::Path::new (line 32) ... FAILED
[INFO] [stdout] test src/path.rs - path::Path::layer (line 123) ... FAILED
[INFO] [stdout] test src/lib.rs - (line 5) has been running for over 60 seconds
[ERROR] error running command: no output for 300 seconds
[INFO] running `Command { std: "docker" "inspect" "088d8368c778eb2ae41710626e3e1fed107682a4599f2317500a0708a1230364", kill_on_drop: false }`
[INFO] running `Command { std: "docker" "rm" "-f" "088d8368c778eb2ae41710626e3e1fed107682a4599f2317500a0708a1230364", kill_on_drop: false }`
[INFO] [stdout] 088d8368c778eb2ae41710626e3e1fed107682a4599f2317500a0708a1230364
