[INFO] fetching crate cat_engine 1.0.0-alpha3...
[INFO] testing cat_engine-1.0.0-alpha3 against 1.54.0 for beta-1.55-1
[INFO] extracting crate cat_engine 1.0.0-alpha3 into /workspace/builds/worker-5/source
[INFO] validating manifest of crates.io crate cat_engine 1.0.0-alpha3 on toolchain 1.54.0
[INFO] running `Command { std: "/workspace/cargo-home/bin/cargo" "+1.54.0" "metadata" "--manifest-path" "Cargo.toml" "--no-deps", kill_on_drop: false }`
[INFO] started tweaking crates.io crate cat_engine 1.0.0-alpha3
[INFO] finished tweaking crates.io crate cat_engine 1.0.0-alpha3
[INFO] tweaked toml for crates.io crate cat_engine 1.0.0-alpha3 written to /workspace/builds/worker-5/source/Cargo.toml
[INFO] crate crates.io crate cat_engine 1.0.0-alpha3 already has a lockfile, it will not be regenerated
[INFO] running `Command { std: "/workspace/cargo-home/bin/cargo" "+1.54.0" "fetch" "--manifest-path" "Cargo.toml", kill_on_drop: false }`
[INFO] running `Command { std: "docker" "create" "-v" "/var/lib/crater-agent-workspace/builds/worker-5/target:/opt/rustwide/target:rw,Z" "-v" "/var/lib/crater-agent-workspace/builds/worker-5/source:/opt/rustwide/workdir:ro,Z" "-v" "/var/lib/crater-agent-workspace/cargo-home:/opt/rustwide/cargo-home:ro,Z" "-v" "/var/lib/crater-agent-workspace/rustup-home:/opt/rustwide/rustup-home:ro,Z" "-e" "SOURCE_DIR=/opt/rustwide/workdir" "-e" "CARGO_TARGET_DIR=/opt/rustwide/target" "-e" "CARGO_HOME=/opt/rustwide/cargo-home" "-e" "RUSTUP_HOME=/opt/rustwide/rustup-home" "-w" "/opt/rustwide/workdir" "-m" "1610612736" "--user" "0:0" "--network" "none" "ghcr.io/rust-lang/crates-build-env/linux@sha256:34b6a614d2c27851fe6cbf88fbd1137609cefab8b10d0615aaeb6fd47975d74e" "/opt/rustwide/cargo-home/bin/cargo" "+1.54.0" "metadata" "--no-deps" "--format-version=1", kill_on_drop: false }`
[INFO] [stderr] WARNING: Your kernel does not support swap limit capabilities or the cgroup is not mounted. Memory limited without swap.
[INFO] [stdout] 407ea6e0c66eb3646631c896b0550c73da9771f3637aa26fbf942a6fbfa9ed48
[INFO] running `Command { std: "docker" "start" "-a" "407ea6e0c66eb3646631c896b0550c73da9771f3637aa26fbf942a6fbfa9ed48", kill_on_drop: false }`
[INFO] running `Command { std: "docker" "inspect" "407ea6e0c66eb3646631c896b0550c73da9771f3637aa26fbf942a6fbfa9ed48", kill_on_drop: false }`
[INFO] running `Command { std: "docker" "rm" "-f" "407ea6e0c66eb3646631c896b0550c73da9771f3637aa26fbf942a6fbfa9ed48", kill_on_drop: false }`
[INFO] [stdout] 407ea6e0c66eb3646631c896b0550c73da9771f3637aa26fbf942a6fbfa9ed48
[INFO] running `Command { std: "docker" "create" "-v" "/var/lib/crater-agent-workspace/builds/worker-5/target:/opt/rustwide/target:rw,Z" "-v" "/var/lib/crater-agent-workspace/builds/worker-5/source:/opt/rustwide/workdir:ro,Z" "-v" "/var/lib/crater-agent-workspace/cargo-home:/opt/rustwide/cargo-home:ro,Z" "-v" "/var/lib/crater-agent-workspace/rustup-home:/opt/rustwide/rustup-home:ro,Z" "-e" "SOURCE_DIR=/opt/rustwide/workdir" "-e" "CARGO_TARGET_DIR=/opt/rustwide/target" "-e" "CARGO_INCREMENTAL=0" "-e" "RUST_BACKTRACE=full" "-e" "RUSTFLAGS=--cap-lints=warn" "-e" "CARGO_HOME=/opt/rustwide/cargo-home" "-e" "RUSTUP_HOME=/opt/rustwide/rustup-home" "-w" "/opt/rustwide/workdir" "-m" "1610612736" "--user" "0:0" "--network" "none" "ghcr.io/rust-lang/crates-build-env/linux@sha256:34b6a614d2c27851fe6cbf88fbd1137609cefab8b10d0615aaeb6fd47975d74e" "/opt/rustwide/cargo-home/bin/cargo" "+1.54.0" "build" "--frozen" "--message-format=json", kill_on_drop: false }`
[INFO] [stderr] WARNING: Your kernel does not support swap limit capabilities or the cgroup is not mounted. Memory limited without swap.
[INFO] [stdout] 72c661b1175947d0388f5039936e7b80525670383ef0bd270aab072d9e6310f6
[INFO] running `Command { std: "docker" "start" "-a" "72c661b1175947d0388f5039936e7b80525670383ef0bd270aab072d9e6310f6", kill_on_drop: false }`
[INFO] [stderr]    Compiling libc v0.2.87
[INFO] [stderr]    Compiling syn v1.0.61
[INFO] [stderr]    Compiling weezl v0.1.4
[INFO] [stderr]    Compiling bytemuck v1.5.1
[INFO] [stderr]    Compiling ttf-parser v0.12.3
[INFO] [stderr]    Compiling ab_glyph_rasterizer v0.1.4
[INFO] [stderr]    Compiling memoffset v0.6.1
[INFO] [stderr]    Compiling miniz_oxide v0.4.4
[INFO] [stderr]    Compiling minimp3-sys v0.3.2
[INFO] [stderr]    Compiling deflate v0.8.6
[INFO] [stderr]    Compiling num-iter v0.1.42
[INFO] [stderr]    Compiling num-rational v0.3.2
[INFO] [stderr]    Compiling gif v0.11.1
[INFO] [stderr]    Compiling png v0.16.8
[INFO] [stderr]    Compiling crossbeam-epoch v0.9.3
[INFO] [stderr]    Compiling crossbeam-deque v0.8.0
[INFO] [stderr]    Compiling num_cpus v1.13.0
[INFO] [stderr]    Compiling slice-deque v0.3.0
[INFO] [stderr]    Compiling alsa-sys v0.1.2
[INFO] [stderr]    Compiling rayon-core v1.9.0
[INFO] [stderr]    Compiling rayon v1.5.0
[INFO] [stderr]    Compiling thiserror-impl v1.0.24
[INFO] [stderr]    Compiling jpeg-decoder v0.1.22
[INFO] [stderr]    Compiling tiff v0.6.1
[INFO] [stderr]    Compiling thiserror v1.0.24
[INFO] [stderr]    Compiling minimp3 v0.5.1
[INFO] [stderr]    Compiling cpal v0.11.0
[INFO] [stderr]    Compiling image v0.23.14
[INFO] [stderr]    Compiling cat_audio v0.0.4
[INFO] [stderr]    Compiling cat_engine_basement v0.0.0-alpha3
[INFO] [stderr]    Compiling cat_engine v1.0.0-alpha3 (/opt/rustwide/workdir)
[INFO] [stderr]     Finished dev [unoptimized + debuginfo] target(s) in 41.79s
[INFO] running `Command { std: "docker" "inspect" "72c661b1175947d0388f5039936e7b80525670383ef0bd270aab072d9e6310f6", kill_on_drop: false }`
[INFO] running `Command { std: "docker" "rm" "-f" "72c661b1175947d0388f5039936e7b80525670383ef0bd270aab072d9e6310f6", kill_on_drop: false }`
[INFO] [stdout] 72c661b1175947d0388f5039936e7b80525670383ef0bd270aab072d9e6310f6
[INFO] running `Command { std: "docker" "create" "-v" "/var/lib/crater-agent-workspace/builds/worker-5/target:/opt/rustwide/target:rw,Z" "-v" "/var/lib/crater-agent-workspace/builds/worker-5/source:/opt/rustwide/workdir:ro,Z" "-v" "/var/lib/crater-agent-workspace/cargo-home:/opt/rustwide/cargo-home:ro,Z" "-v" "/var/lib/crater-agent-workspace/rustup-home:/opt/rustwide/rustup-home:ro,Z" "-e" "SOURCE_DIR=/opt/rustwide/workdir" "-e" "CARGO_TARGET_DIR=/opt/rustwide/target" "-e" "CARGO_INCREMENTAL=0" "-e" "RUST_BACKTRACE=full" "-e" "RUSTFLAGS=--cap-lints=warn" "-e" "CARGO_HOME=/opt/rustwide/cargo-home" "-e" "RUSTUP_HOME=/opt/rustwide/rustup-home" "-w" "/opt/rustwide/workdir" "-m" "1610612736" "--user" "0:0" "--network" "none" "ghcr.io/rust-lang/crates-build-env/linux@sha256:34b6a614d2c27851fe6cbf88fbd1137609cefab8b10d0615aaeb6fd47975d74e" "/opt/rustwide/cargo-home/bin/cargo" "+1.54.0" "test" "--frozen" "--no-run" "--message-format=json", kill_on_drop: false }`
[INFO] [stderr] WARNING: Your kernel does not support swap limit capabilities or the cgroup is not mounted. Memory limited without swap.
[INFO] [stdout] 7b357e7d598580a70b3c8aa214b80fcacf47942df7ece44dbb6bb4498148b49f
[INFO] running `Command { std: "docker" "start" "-a" "7b357e7d598580a70b3c8aa214b80fcacf47942df7ece44dbb6bb4498148b49f", kill_on_drop: false }`
[INFO] [stderr]    Compiling cat_engine v1.0.0-alpha3 (/opt/rustwide/workdir)
[INFO] [stderr]     Finished test [unoptimized + debuginfo] target(s) in 0.89s
[INFO] running `Command { std: "docker" "inspect" "7b357e7d598580a70b3c8aa214b80fcacf47942df7ece44dbb6bb4498148b49f", kill_on_drop: false }`
[INFO] running `Command { std: "docker" "rm" "-f" "7b357e7d598580a70b3c8aa214b80fcacf47942df7ece44dbb6bb4498148b49f", kill_on_drop: false }`
[INFO] [stdout] 7b357e7d598580a70b3c8aa214b80fcacf47942df7ece44dbb6bb4498148b49f
[INFO] running `Command { std: "docker" "create" "-v" "/var/lib/crater-agent-workspace/builds/worker-5/target:/opt/rustwide/target:rw,Z" "-v" "/var/lib/crater-agent-workspace/builds/worker-5/source:/opt/rustwide/workdir:ro,Z" "-v" "/var/lib/crater-agent-workspace/cargo-home:/opt/rustwide/cargo-home:ro,Z" "-v" "/var/lib/crater-agent-workspace/rustup-home:/opt/rustwide/rustup-home:ro,Z" "-e" "SOURCE_DIR=/opt/rustwide/workdir" "-e" "CARGO_TARGET_DIR=/opt/rustwide/target" "-e" "CARGO_INCREMENTAL=0" "-e" "RUST_BACKTRACE=full" "-e" "RUSTFLAGS=--cap-lints=warn" "-e" "CARGO_HOME=/opt/rustwide/cargo-home" "-e" "RUSTUP_HOME=/opt/rustwide/rustup-home" "-w" "/opt/rustwide/workdir" "-m" "1610612736" "--user" "0:0" "--network" "none" "ghcr.io/rust-lang/crates-build-env/linux@sha256:34b6a614d2c27851fe6cbf88fbd1137609cefab8b10d0615aaeb6fd47975d74e" "/opt/rustwide/cargo-home/bin/cargo" "+1.54.0" "test" "--frozen", kill_on_drop: false }`
[INFO] [stdout] 70972816908d984c2b235008ce0c1244abe82f1bfcda9baa82058baaeb7bf95c
[INFO] [stderr] WARNING: Your kernel does not support swap limit capabilities or the cgroup is not mounted. Memory limited without swap.
[INFO] running `Command { std: "docker" "start" "-a" "70972816908d984c2b235008ce0c1244abe82f1bfcda9baa82058baaeb7bf95c", kill_on_drop: false }`
[INFO] [stderr]     Finished test [unoptimized + debuginfo] target(s) in 0.04s
[INFO] [stderr]      Running unittests (/opt/rustwide/target/debug/deps/cat_engine-f65bee1d2405a9c5)
[INFO] [stdout] 
[INFO] [stdout] running 0 tests
[INFO] [stdout] 
[INFO] [stdout] test result: ok. 0 passed; 0 failed; 0 ignored; 0 measured; 0 filtered out; finished in 0.00s
[INFO] [stdout] 
[INFO] [stderr]    Doc-tests cat_engine
[INFO] [stdout] 
[INFO] [stdout] running 1 test
[INFO] [stdout] test src/text/glyph_cache.rs - text::glyph_cache::GlyphCache::insert_str (line 120) ... FAILED
[INFO] [stdout] 
[INFO] [stdout] failures:
[INFO] [stdout] 
[INFO] [stdout] ---- src/text/glyph_cache.rs - text::glyph_cache::GlyphCache::insert_str (line 120) stdout ----
[INFO] [stdout] error[E0425]: cannot find value `alphabet` in this scope
[INFO] [stdout]  --> src/text/glyph_cache.rs:121:18
[INFO] [stdout]   |
[INFO] [stdout] 3 | for character in alphabet.chars(){
[INFO] [stdout]   |                  ^^^^^^^^ not found in this scope
[INFO] [stdout] 
[INFO] [stdout] error[E0424]: expected value, found module `self`
[INFO] [stdout]  --> src/text/glyph_cache.rs:122:5
[INFO] [stdout]   |
[INFO] [stdout] 2 | fn main() { #[allow(non_snake_case)] fn _doctest_main_src_text_glyph_cache_rs_120_0() {
[INFO] [stdout]   |                                         ------------------------------------------- this function can't have a `self` parameter
[INFO] [stdout] 3 | for character in alphabet.chars(){
[INFO] [stdout] 4 |     self.insert_char(character,font,scale);
[INFO] [stdout]   |     ^^^^ `self` value is a keyword only available in methods with a `self` parameter
[INFO] [stdout] 
[INFO] [stdout] error[E0425]: cannot find value `font` in this scope
[INFO] [stdout]  --> src/text/glyph_cache.rs:122:32
[INFO] [stdout]   |
[INFO] [stdout] 4 |     self.insert_char(character,font,scale);
[INFO] [stdout]   |                                ^^^^ not found in this scope
[INFO] [stdout] 
[INFO] [stdout] error[E0425]: cannot find value `scale` in this scope
[INFO] [stdout]  --> src/text/glyph_cache.rs:122:37
[INFO] [stdout]   |
[INFO] [stdout] 4 |     self.insert_char(character,font,scale);
[INFO] [stdout]   |                                     ^^^^^ not found in this scope
[INFO] [stdout] 
[INFO] [stdout] error: aborting due to 4 previous errors
[INFO] [stdout] 
[INFO] [stdout] Some errors have detailed explanations: E0424, E0425.
[INFO] [stdout] For more information about an error, try `rustc --explain E0424`.
[INFO] [stdout] Couldn't compile the test.
[INFO] [stdout] 
[INFO] [stdout] failures:
[INFO] [stdout]     src/text/glyph_cache.rs - text::glyph_cache::GlyphCache::insert_str (line 120)
[INFO] [stdout] 
[INFO] [stdout] test result: FAILED. 0 passed; 1 failed; 0 ignored; 0 measured; 0 filtered out; finished in 0.15s
[INFO] [stdout] 
[INFO] [stderr] error: test failed, to rerun pass '--doc'
[INFO] running `Command { std: "docker" "inspect" "70972816908d984c2b235008ce0c1244abe82f1bfcda9baa82058baaeb7bf95c", kill_on_drop: false }`
[INFO] running `Command { std: "docker" "rm" "-f" "70972816908d984c2b235008ce0c1244abe82f1bfcda9baa82058baaeb7bf95c", kill_on_drop: false }`
[INFO] [stdout] 70972816908d984c2b235008ce0c1244abe82f1bfcda9baa82058baaeb7bf95c
