[INFO] fetching crate cat_audio 0.0.4...
[INFO] testing cat_audio-0.0.4 against 1.54.0 for beta-1.55-1
[INFO] extracting crate cat_audio 0.0.4 into /workspace/builds/worker-3/source
[INFO] validating manifest of crates.io crate cat_audio 0.0.4 on toolchain 1.54.0
[INFO] running `Command { std: "/workspace/cargo-home/bin/cargo" "+1.54.0" "metadata" "--manifest-path" "Cargo.toml" "--no-deps", kill_on_drop: false }`
[INFO] started tweaking crates.io crate cat_audio 0.0.4
[INFO] finished tweaking crates.io crate cat_audio 0.0.4
[INFO] tweaked toml for crates.io crate cat_audio 0.0.4 written to /workspace/builds/worker-3/source/Cargo.toml
[INFO] crate crates.io crate cat_audio 0.0.4 already has a lockfile, it will not be regenerated
[INFO] running `Command { std: "/workspace/cargo-home/bin/cargo" "+1.54.0" "fetch" "--manifest-path" "Cargo.toml", kill_on_drop: false }`
[INFO] running `Command { std: "docker" "create" "-v" "/var/lib/crater-agent-workspace/builds/worker-3/target:/opt/rustwide/target:rw,Z" "-v" "/var/lib/crater-agent-workspace/builds/worker-3/source:/opt/rustwide/workdir:ro,Z" "-v" "/var/lib/crater-agent-workspace/cargo-home:/opt/rustwide/cargo-home:ro,Z" "-v" "/var/lib/crater-agent-workspace/rustup-home:/opt/rustwide/rustup-home:ro,Z" "-e" "SOURCE_DIR=/opt/rustwide/workdir" "-e" "CARGO_TARGET_DIR=/opt/rustwide/target" "-e" "CARGO_HOME=/opt/rustwide/cargo-home" "-e" "RUSTUP_HOME=/opt/rustwide/rustup-home" "-w" "/opt/rustwide/workdir" "-m" "1610612736" "--user" "0:0" "--network" "none" "ghcr.io/rust-lang/crates-build-env/linux@sha256:34b6a614d2c27851fe6cbf88fbd1137609cefab8b10d0615aaeb6fd47975d74e" "/opt/rustwide/cargo-home/bin/cargo" "+1.54.0" "metadata" "--no-deps" "--format-version=1", kill_on_drop: false }`
[INFO] [stdout] 288a364c6b0620fe68073aa25fea05ed6055b595e3caded3595c2afa9fed951b
[INFO] [stderr] WARNING: Your kernel does not support swap limit capabilities or the cgroup is not mounted. Memory limited without swap.
[INFO] running `Command { std: "docker" "start" "-a" "288a364c6b0620fe68073aa25fea05ed6055b595e3caded3595c2afa9fed951b", kill_on_drop: false }`
[INFO] running `Command { std: "docker" "inspect" "288a364c6b0620fe68073aa25fea05ed6055b595e3caded3595c2afa9fed951b", kill_on_drop: false }`
[INFO] running `Command { std: "docker" "rm" "-f" "288a364c6b0620fe68073aa25fea05ed6055b595e3caded3595c2afa9fed951b", kill_on_drop: false }`
[INFO] [stdout] 288a364c6b0620fe68073aa25fea05ed6055b595e3caded3595c2afa9fed951b
[INFO] running `Command { std: "docker" "create" "-v" "/var/lib/crater-agent-workspace/builds/worker-3/target:/opt/rustwide/target:rw,Z" "-v" "/var/lib/crater-agent-workspace/builds/worker-3/source:/opt/rustwide/workdir:ro,Z" "-v" "/var/lib/crater-agent-workspace/cargo-home:/opt/rustwide/cargo-home:ro,Z" "-v" "/var/lib/crater-agent-workspace/rustup-home:/opt/rustwide/rustup-home:ro,Z" "-e" "SOURCE_DIR=/opt/rustwide/workdir" "-e" "CARGO_TARGET_DIR=/opt/rustwide/target" "-e" "CARGO_INCREMENTAL=0" "-e" "RUST_BACKTRACE=full" "-e" "RUSTFLAGS=--cap-lints=warn" "-e" "CARGO_HOME=/opt/rustwide/cargo-home" "-e" "RUSTUP_HOME=/opt/rustwide/rustup-home" "-w" "/opt/rustwide/workdir" "-m" "1610612736" "--user" "0:0" "--network" "none" "ghcr.io/rust-lang/crates-build-env/linux@sha256:34b6a614d2c27851fe6cbf88fbd1137609cefab8b10d0615aaeb6fd47975d74e" "/opt/rustwide/cargo-home/bin/cargo" "+1.54.0" "build" "--frozen" "--message-format=json", kill_on_drop: false }`
[INFO] [stdout] 0936ffe75a402e4ec2439498914b2510b162a1d565395277653489ecb1fe099d
[INFO] [stderr] WARNING: Your kernel does not support swap limit capabilities or the cgroup is not mounted. Memory limited without swap.
[INFO] running `Command { std: "docker" "start" "-a" "0936ffe75a402e4ec2439498914b2510b162a1d565395277653489ecb1fe099d", kill_on_drop: false }`
[INFO] [stderr]    Compiling libc v0.2.80
[INFO] [stderr]    Compiling syn v1.0.51
[INFO] [stderr]    Compiling cc v1.0.65
[INFO] [stderr]    Compiling minimp3-sys v0.3.2
[INFO] [stderr]    Compiling alsa-sys v0.1.2
[INFO] [stderr]    Compiling slice-deque v0.3.0
[INFO] [stderr]    Compiling minimp3 v0.5.0
[INFO] [stderr]    Compiling thiserror-impl v1.0.22
[INFO] [stderr]    Compiling thiserror v1.0.22
[INFO] [stderr]    Compiling cpal v0.11.0
[INFO] [stderr]    Compiling cat_audio v0.0.4 (/opt/rustwide/workdir)
[INFO] [stderr]     Finished dev [unoptimized + debuginfo] target(s) in 10.32s
[INFO] running `Command { std: "docker" "inspect" "0936ffe75a402e4ec2439498914b2510b162a1d565395277653489ecb1fe099d", kill_on_drop: false }`
[INFO] running `Command { std: "docker" "rm" "-f" "0936ffe75a402e4ec2439498914b2510b162a1d565395277653489ecb1fe099d", kill_on_drop: false }`
[INFO] [stdout] 0936ffe75a402e4ec2439498914b2510b162a1d565395277653489ecb1fe099d
[INFO] running `Command { std: "docker" "create" "-v" "/var/lib/crater-agent-workspace/builds/worker-3/target:/opt/rustwide/target:rw,Z" "-v" "/var/lib/crater-agent-workspace/builds/worker-3/source:/opt/rustwide/workdir:ro,Z" "-v" "/var/lib/crater-agent-workspace/cargo-home:/opt/rustwide/cargo-home:ro,Z" "-v" "/var/lib/crater-agent-workspace/rustup-home:/opt/rustwide/rustup-home:ro,Z" "-e" "SOURCE_DIR=/opt/rustwide/workdir" "-e" "CARGO_TARGET_DIR=/opt/rustwide/target" "-e" "CARGO_INCREMENTAL=0" "-e" "RUST_BACKTRACE=full" "-e" "RUSTFLAGS=--cap-lints=warn" "-e" "CARGO_HOME=/opt/rustwide/cargo-home" "-e" "RUSTUP_HOME=/opt/rustwide/rustup-home" "-w" "/opt/rustwide/workdir" "-m" "1610612736" "--user" "0:0" "--network" "none" "ghcr.io/rust-lang/crates-build-env/linux@sha256:34b6a614d2c27851fe6cbf88fbd1137609cefab8b10d0615aaeb6fd47975d74e" "/opt/rustwide/cargo-home/bin/cargo" "+1.54.0" "test" "--frozen" "--no-run" "--message-format=json", kill_on_drop: false }`
[INFO] [stdout] 7de86f9345fac6a4f39f6342e74b6ce16baaf9d184d45b75c966bbfe677714b6
[INFO] [stderr] WARNING: Your kernel does not support swap limit capabilities or the cgroup is not mounted. Memory limited without swap.
[INFO] running `Command { std: "docker" "start" "-a" "7de86f9345fac6a4f39f6342e74b6ce16baaf9d184d45b75c966bbfe677714b6", kill_on_drop: false }`
[INFO] [stderr]    Compiling cat_audio v0.0.4 (/opt/rustwide/workdir)
[INFO] [stderr]     Finished test [unoptimized + debuginfo] target(s) in 1.04s
[INFO] running `Command { std: "docker" "inspect" "7de86f9345fac6a4f39f6342e74b6ce16baaf9d184d45b75c966bbfe677714b6", kill_on_drop: false }`
[INFO] running `Command { std: "docker" "rm" "-f" "7de86f9345fac6a4f39f6342e74b6ce16baaf9d184d45b75c966bbfe677714b6", kill_on_drop: false }`
[INFO] [stdout] 7de86f9345fac6a4f39f6342e74b6ce16baaf9d184d45b75c966bbfe677714b6
[INFO] running `Command { std: "docker" "create" "-v" "/var/lib/crater-agent-workspace/builds/worker-3/target:/opt/rustwide/target:rw,Z" "-v" "/var/lib/crater-agent-workspace/builds/worker-3/source:/opt/rustwide/workdir:ro,Z" "-v" "/var/lib/crater-agent-workspace/cargo-home:/opt/rustwide/cargo-home:ro,Z" "-v" "/var/lib/crater-agent-workspace/rustup-home:/opt/rustwide/rustup-home:ro,Z" "-e" "SOURCE_DIR=/opt/rustwide/workdir" "-e" "CARGO_TARGET_DIR=/opt/rustwide/target" "-e" "CARGO_INCREMENTAL=0" "-e" "RUST_BACKTRACE=full" "-e" "RUSTFLAGS=--cap-lints=warn" "-e" "CARGO_HOME=/opt/rustwide/cargo-home" "-e" "RUSTUP_HOME=/opt/rustwide/rustup-home" "-w" "/opt/rustwide/workdir" "-m" "1610612736" "--user" "0:0" "--network" "none" "ghcr.io/rust-lang/crates-build-env/linux@sha256:34b6a614d2c27851fe6cbf88fbd1137609cefab8b10d0615aaeb6fd47975d74e" "/opt/rustwide/cargo-home/bin/cargo" "+1.54.0" "test" "--frozen", kill_on_drop: false }`
[INFO] [stderr] WARNING: Your kernel does not support swap limit capabilities or the cgroup is not mounted. Memory limited without swap.
[INFO] [stdout] 8e7a69be8d8bac29b8c59ecf12179bc1fe3c27dad03a4ac811361035a807f8ba
[INFO] running `Command { std: "docker" "start" "-a" "8e7a69be8d8bac29b8c59ecf12179bc1fe3c27dad03a4ac811361035a807f8ba", kill_on_drop: false }`
[INFO] [stderr]     Blocking waiting for file lock on package cache
[INFO] [stderr]     Finished test [unoptimized + debuginfo] target(s) in 0.04s
[INFO] [stdout] 
[INFO] [stderr]      Running unittests (/opt/rustwide/target/debug/deps/cat_audio-8f22439f7d6e4341)
[INFO] [stdout] running 0 tests
[INFO] [stdout] 
[INFO] [stdout] test result: ok. 0 passed; 0 failed; 0 ignored; 0 measured; 0 filtered out; finished in 0.00s
[INFO] [stdout] 
[INFO] [stderr]    Doc-tests cat_audio
[INFO] [stdout] 
[INFO] [stdout] running 1 test
[INFO] [stdout] test src/lib.rs - (line 31) ... FAILED
[INFO] [stdout] 
[INFO] [stdout] failures:
[INFO] [stdout] 
[INFO] [stdout] ---- src/lib.rs - (line 31) stdout ----
[INFO] [stdout] error[E0433]: failed to resolve: use of undeclared type `Audio`
[INFO] [stdout]  --> src/lib.rs:32:11
[INFO] [stdout]   |
[INFO] [stdout] 3 | let audio=Audio::default(AudioSettings::new()).unwrap();
[INFO] [stdout]   |           ^^^^^ not found in this scope
[INFO] [stdout]   |
[INFO] [stdout] help: consider importing this struct
[INFO] [stdout]   |
[INFO] [stdout] 2 | use cat_audio::Audio;
[INFO] [stdout]   |
[INFO] [stdout] 
[INFO] [stdout] error[E0433]: failed to resolve: use of undeclared type `AudioSettings`
[INFO] [stdout]  --> src/lib.rs:32:26
[INFO] [stdout]   |
[INFO] [stdout] 3 | let audio=Audio::default(AudioSettings::new()).unwrap();
[INFO] [stdout]   |                          ^^^^^^^^^^^^^ not found in this scope
[INFO] [stdout]   |
[INFO] [stdout] help: consider importing this struct
[INFO] [stdout]   |
[INFO] [stdout] 2 | use cat_audio::AudioSettings;
[INFO] [stdout]   |
[INFO] [stdout] 
[INFO] [stdout] error[E0433]: failed to resolve: use of undeclared type `AudioWrapper`
[INFO] [stdout]  --> src/lib.rs:35:17
[INFO] [stdout]   |
[INFO] [stdout] 6 | let mut wrapper=AudioWrapper::new(audio);
[INFO] [stdout]   |                 ^^^^^^^^^^^^ not found in this scope
[INFO] [stdout]   |
[INFO] [stdout] help: consider importing this struct
[INFO] [stdout]   |
[INFO] [stdout] 2 | use cat_audio::AudioWrapper;
[INFO] [stdout]   |
[INFO] [stdout] 
[INFO] [stdout] error: aborting due to 3 previous errors
[INFO] [stdout] 
[INFO] [stdout] For more information about this error, try `rustc --explain E0433`.
[INFO] [stdout] Couldn't compile the test.
[INFO] [stdout] 
[INFO] [stdout] failures:
[INFO] [stdout]     src/lib.rs - (line 31)
[INFO] [stdout] 
[INFO] [stdout] test result: FAILED. 0 passed; 1 failed; 0 ignored; 0 measured; 0 filtered out; finished in 0.17s
[INFO] [stdout] 
[INFO] [stderr] error: test failed, to rerun pass '--doc'
[INFO] running `Command { std: "docker" "inspect" "8e7a69be8d8bac29b8c59ecf12179bc1fe3c27dad03a4ac811361035a807f8ba", kill_on_drop: false }`
[INFO] running `Command { std: "docker" "rm" "-f" "8e7a69be8d8bac29b8c59ecf12179bc1fe3c27dad03a4ac811361035a807f8ba", kill_on_drop: false }`
[INFO] [stdout] 8e7a69be8d8bac29b8c59ecf12179bc1fe3c27dad03a4ac811361035a807f8ba
