[INFO] fetching crate cart-tmp-wgpu 0.1.0...
[INFO] testing cart-tmp-wgpu-0.1.0 against 1.54.0 for beta-1.55-1
[INFO] extracting crate cart-tmp-wgpu 0.1.0 into /workspace/builds/worker-1/source
[INFO] validating manifest of crates.io crate cart-tmp-wgpu 0.1.0 on toolchain 1.54.0
[INFO] running `Command { std: "/workspace/cargo-home/bin/cargo" "+1.54.0" "metadata" "--manifest-path" "Cargo.toml" "--no-deps", kill_on_drop: false }`
[INFO] started tweaking crates.io crate cart-tmp-wgpu 0.1.0
[INFO] removed 1 missing examples
[INFO] finished tweaking crates.io crate cart-tmp-wgpu 0.1.0
[INFO] tweaked toml for crates.io crate cart-tmp-wgpu 0.1.0 written to /workspace/builds/worker-1/source/Cargo.toml
[INFO] crate crates.io crate cart-tmp-wgpu 0.1.0 already has a lockfile, it will not be regenerated
[INFO] running `Command { std: "/workspace/cargo-home/bin/cargo" "+1.54.0" "fetch" "--manifest-path" "Cargo.toml", kill_on_drop: false }`
[INFO] running `Command { std: "docker" "create" "-v" "/var/lib/crater-agent-workspace/builds/worker-1/target:/opt/rustwide/target:rw,Z" "-v" "/var/lib/crater-agent-workspace/builds/worker-1/source:/opt/rustwide/workdir:ro,Z" "-v" "/var/lib/crater-agent-workspace/cargo-home:/opt/rustwide/cargo-home:ro,Z" "-v" "/var/lib/crater-agent-workspace/rustup-home:/opt/rustwide/rustup-home:ro,Z" "-e" "SOURCE_DIR=/opt/rustwide/workdir" "-e" "CARGO_TARGET_DIR=/opt/rustwide/target" "-e" "CARGO_HOME=/opt/rustwide/cargo-home" "-e" "RUSTUP_HOME=/opt/rustwide/rustup-home" "-w" "/opt/rustwide/workdir" "-m" "1610612736" "--user" "0:0" "--network" "none" "ghcr.io/rust-lang/crates-build-env/linux@sha256:34b6a614d2c27851fe6cbf88fbd1137609cefab8b10d0615aaeb6fd47975d74e" "/opt/rustwide/cargo-home/bin/cargo" "+1.54.0" "metadata" "--no-deps" "--format-version=1", kill_on_drop: false }`
[INFO] [stderr] WARNING: Your kernel does not support swap limit capabilities or the cgroup is not mounted. Memory limited without swap.
[INFO] [stdout] 98297f1d9640e62dc1c3e21315cc9092ef573a04fe36fd9fc645b6d9ba52fa74
[INFO] running `Command { std: "docker" "start" "-a" "98297f1d9640e62dc1c3e21315cc9092ef573a04fe36fd9fc645b6d9ba52fa74", kill_on_drop: false }`
[INFO] running `Command { std: "docker" "inspect" "98297f1d9640e62dc1c3e21315cc9092ef573a04fe36fd9fc645b6d9ba52fa74", kill_on_drop: false }`
[INFO] running `Command { std: "docker" "rm" "-f" "98297f1d9640e62dc1c3e21315cc9092ef573a04fe36fd9fc645b6d9ba52fa74", kill_on_drop: false }`
[INFO] [stdout] 98297f1d9640e62dc1c3e21315cc9092ef573a04fe36fd9fc645b6d9ba52fa74
[INFO] running `Command { std: "docker" "create" "-v" "/var/lib/crater-agent-workspace/builds/worker-1/target:/opt/rustwide/target:rw,Z" "-v" "/var/lib/crater-agent-workspace/builds/worker-1/source:/opt/rustwide/workdir:ro,Z" "-v" "/var/lib/crater-agent-workspace/cargo-home:/opt/rustwide/cargo-home:ro,Z" "-v" "/var/lib/crater-agent-workspace/rustup-home:/opt/rustwide/rustup-home:ro,Z" "-e" "SOURCE_DIR=/opt/rustwide/workdir" "-e" "CARGO_TARGET_DIR=/opt/rustwide/target" "-e" "CARGO_INCREMENTAL=0" "-e" "RUST_BACKTRACE=full" "-e" "RUSTFLAGS=--cap-lints=warn" "-e" "CARGO_HOME=/opt/rustwide/cargo-home" "-e" "RUSTUP_HOME=/opt/rustwide/rustup-home" "-w" "/opt/rustwide/workdir" "-m" "1610612736" "--user" "0:0" "--network" "none" "ghcr.io/rust-lang/crates-build-env/linux@sha256:34b6a614d2c27851fe6cbf88fbd1137609cefab8b10d0615aaeb6fd47975d74e" "/opt/rustwide/cargo-home/bin/cargo" "+1.54.0" "build" "--frozen" "--message-format=json", kill_on_drop: false }`
[INFO] [stdout] d624b11ec250095aa328064d0dd69a13081de963372717479374f109b510ae1e
[INFO] [stderr] WARNING: Your kernel does not support swap limit capabilities or the cgroup is not mounted. Memory limited without swap.
[INFO] running `Command { std: "docker" "start" "-a" "d624b11ec250095aa328064d0dd69a13081de963372717479374f109b510ae1e", kill_on_drop: false }`
[INFO] [stderr]    Compiling libc v0.2.74
[INFO] [stderr]    Compiling proc-macro2 v1.0.19
[INFO] [stderr]    Compiling log v0.4.11
[INFO] [stderr]    Compiling syn v1.0.38
[INFO] [stderr]    Compiling pin-project-internal v0.4.23
[INFO] [stderr]    Compiling pkg-config v0.3.18
[INFO] [stderr]    Compiling libloading v0.6.2
[INFO] [stderr]    Compiling proc-macro-nested v0.1.6
[INFO] [stderr]    Compiling once_cell v1.4.0
[INFO] [stderr]    Compiling smallvec v1.4.1
[INFO] [stderr]    Compiling futures-sink v0.3.5
[INFO] [stderr]    Compiling futures-core v0.3.5
[INFO] [stderr]    Compiling futures-io v0.3.5
[INFO] [stderr]    Compiling num-traits v0.2.12
[INFO] [stderr]    Compiling tracing-core v0.1.13
[INFO] [stderr]    Compiling hibitset v0.6.3
[INFO] [stderr]    Compiling futures-task v0.3.5
[INFO] [stderr]    Compiling cart-tmp-wgt v0.1.0
[INFO] [stderr]    Compiling fxhash v0.2.1
[INFO] [stderr]    Compiling futures-channel v0.3.5
[INFO] [stderr]    Compiling tracing v0.1.18
[INFO] [stderr]    Compiling ash v0.31.0
[INFO] [stderr]    Compiling x11 v2.18.2
[INFO] [stderr]    Compiling quote v1.0.7
[INFO] [stderr]    Compiling raw-window-handle v0.3.3
[INFO] [stderr]    Compiling parking_lot_core v0.7.2
[INFO] [stderr]    Compiling gfx-hal v0.5.3
[INFO] [stderr]    Compiling spirv_headers v1.4.2
[INFO] [stderr]    Compiling parking_lot v0.10.2
[INFO] [stderr]    Compiling cart-tmp-nga v0.1.0
[INFO] [stderr]    Compiling cart-tmp-gmem v0.1.0
[INFO] [stderr]    Compiling gfx-backend-empty v0.5.2
[INFO] [stderr]    Compiling cart-tmp-gdesc v0.1.0
[INFO] [stderr]    Compiling futures-macro v0.3.5
[INFO] [stderr]    Compiling gfx-backend-vulkan v0.5.11
[INFO] [stderr]    Compiling cart-tmp-wgc v0.1.0
[INFO] [stderr]    Compiling pin-project v0.4.23
[INFO] [stderr]    Compiling futures-util v0.3.5
[INFO] [stderr]    Compiling futures-executor v0.3.5
[INFO] [stderr]    Compiling futures v0.3.5
[INFO] [stderr]    Compiling cart-tmp-wgpu v0.1.0 (/opt/rustwide/workdir)
[INFO] [stderr]     Finished dev [unoptimized + debuginfo] target(s) in 1m 04s
[INFO] running `Command { std: "docker" "inspect" "d624b11ec250095aa328064d0dd69a13081de963372717479374f109b510ae1e", kill_on_drop: false }`
[INFO] running `Command { std: "docker" "rm" "-f" "d624b11ec250095aa328064d0dd69a13081de963372717479374f109b510ae1e", kill_on_drop: false }`
[INFO] [stdout] d624b11ec250095aa328064d0dd69a13081de963372717479374f109b510ae1e
[INFO] running `Command { std: "docker" "create" "-v" "/var/lib/crater-agent-workspace/builds/worker-1/target:/opt/rustwide/target:rw,Z" "-v" "/var/lib/crater-agent-workspace/builds/worker-1/source:/opt/rustwide/workdir:ro,Z" "-v" "/var/lib/crater-agent-workspace/cargo-home:/opt/rustwide/cargo-home:ro,Z" "-v" "/var/lib/crater-agent-workspace/rustup-home:/opt/rustwide/rustup-home:ro,Z" "-e" "SOURCE_DIR=/opt/rustwide/workdir" "-e" "CARGO_TARGET_DIR=/opt/rustwide/target" "-e" "CARGO_INCREMENTAL=0" "-e" "RUST_BACKTRACE=full" "-e" "RUSTFLAGS=--cap-lints=warn" "-e" "CARGO_HOME=/opt/rustwide/cargo-home" "-e" "RUSTUP_HOME=/opt/rustwide/rustup-home" "-w" "/opt/rustwide/workdir" "-m" "1610612736" "--user" "0:0" "--network" "none" "ghcr.io/rust-lang/crates-build-env/linux@sha256:34b6a614d2c27851fe6cbf88fbd1137609cefab8b10d0615aaeb6fd47975d74e" "/opt/rustwide/cargo-home/bin/cargo" "+1.54.0" "test" "--frozen" "--no-run" "--message-format=json", kill_on_drop: false }`
[INFO] [stdout] 518f262cbd6583f8a8a0e6aae7ccbc23686a05a70d99479b717514cc5571d4e6
[INFO] [stderr] WARNING: Your kernel does not support swap limit capabilities or the cgroup is not mounted. Memory limited without swap.
[INFO] running `Command { std: "docker" "start" "-a" "518f262cbd6583f8a8a0e6aae7ccbc23686a05a70d99479b717514cc5571d4e6", kill_on_drop: false }`
[INFO] [stderr]    Compiling rayon-core v1.7.1
[INFO] [stderr]    Compiling lazycell v1.2.1
[INFO] [stderr]    Compiling getrandom v0.1.14
[INFO] [stderr]    Compiling either v1.5.3
[INFO] [stderr]    Compiling regex-syntax v0.6.18
[INFO] [stderr]    Compiling ppv-lite86 v0.2.8
[INFO] [stderr]    Compiling cgmath v0.17.0
[INFO] [stderr]    Compiling instant v0.1.6
[INFO] [stderr]    Compiling termcolor v1.1.0
[INFO] [stderr]    Compiling bytemuck v1.3.1
[INFO] [stderr]    Compiling memoffset v0.5.5
[INFO] [stderr]    Compiling num-integer v0.1.43
[INFO] [stderr]    Compiling rayon v1.3.1
[INFO] [stderr]    Compiling num-iter v0.1.41
[INFO] [stderr]    Compiling thread_local v1.0.1
[INFO] [stderr]    Compiling x11-dl v2.18.5
[INFO] [stderr]    Compiling inflate v0.3.4
[INFO] [stderr]    Compiling gif v0.9.2
[INFO] [stderr]    Compiling net2 v0.2.34
[INFO] [stderr]    Compiling iovec v0.1.4
[INFO] [stderr]    Compiling num_cpus v1.13.0
[INFO] [stderr]    Compiling memmap v0.7.0
[INFO] [stderr]    Compiling rand_os v0.1.3
[INFO] [stderr]    Compiling rand v0.5.6
[INFO] [stderr]    Compiling atty v0.2.14
[INFO] [stderr]    Compiling nix v0.14.1
[INFO] [stderr]    Compiling stb_truetype v0.3.1
[INFO] [stderr]    Compiling deflate v0.7.20
[INFO] [stderr]    Compiling deflate v0.8.6
[INFO] [stderr]    Compiling dlib v0.4.2
[INFO] [stderr]    Compiling aho-corasick v0.7.13
[INFO] [stderr]    Compiling approx v0.3.2
[INFO] [stderr]    Compiling ordered-float v1.1.0
[INFO] [stderr]    Compiling line_drawing v0.7.0
[INFO] [stderr]    Compiling num-traits v0.1.43
[INFO] [stderr]    Compiling wayland-scanner v0.23.6
[INFO] [stderr]    Compiling mio v0.6.22
[INFO] [stderr]    Compiling rand v0.6.5
[INFO] [stderr]    Compiling wayland-sys v0.23.6
[INFO] [stderr]    Compiling enum_primitive v0.1.1
[INFO] [stderr]    Compiling rusttype v0.8.3
[INFO] [stderr]    Compiling png v0.16.7
[INFO] [stderr]    Compiling crossbeam-epoch v0.8.2
[INFO] [stderr]    Compiling rand_core v0.5.1
[INFO] [stderr]    Compiling rand_chacha v0.2.2
[INFO] [stderr]    Compiling num-rational v0.1.42
[INFO] [stderr]    Compiling rusttype v0.7.9
[INFO] [stderr]    Compiling crossbeam-deque v0.7.3
[INFO] [stderr]    Compiling mio-extras v2.0.6
[INFO] [stderr]    Compiling png v0.11.0
[INFO] [stderr]    Compiling andrew v0.2.1
[INFO] [stderr]    Compiling rand v0.7.3
[INFO] [stderr]    Compiling regex v1.3.9
[INFO] [stderr]    Compiling wayland-client v0.23.6
[INFO] [stderr]    Compiling wayland-protocols v0.23.6
[INFO] [stderr]    Compiling wayland-commons v0.23.6
[INFO] [stderr]    Compiling calloop v0.4.4
[INFO] [stderr]    Compiling env_logger v0.7.1
[INFO] [stderr]    Compiling jpeg-decoder v0.1.20
[INFO] [stderr]    Compiling image v0.18.0
[INFO] [stderr]    Compiling noise v0.6.0
[INFO] [stderr]    Compiling smithay-client-toolkit v0.6.6
[INFO] [stderr]    Compiling winit v0.22.2
[INFO] [stderr]    Compiling cart-tmp-wgpu v0.1.0 (/opt/rustwide/workdir)
[INFO] [stderr]     Finished test [unoptimized + debuginfo] target(s) in 1m 17s
[INFO] running `Command { std: "docker" "inspect" "518f262cbd6583f8a8a0e6aae7ccbc23686a05a70d99479b717514cc5571d4e6", kill_on_drop: false }`
[INFO] running `Command { std: "docker" "rm" "-f" "518f262cbd6583f8a8a0e6aae7ccbc23686a05a70d99479b717514cc5571d4e6", kill_on_drop: false }`
[INFO] [stdout] 518f262cbd6583f8a8a0e6aae7ccbc23686a05a70d99479b717514cc5571d4e6
[INFO] running `Command { std: "docker" "create" "-v" "/var/lib/crater-agent-workspace/builds/worker-1/target:/opt/rustwide/target:rw,Z" "-v" "/var/lib/crater-agent-workspace/builds/worker-1/source:/opt/rustwide/workdir:ro,Z" "-v" "/var/lib/crater-agent-workspace/cargo-home:/opt/rustwide/cargo-home:ro,Z" "-v" "/var/lib/crater-agent-workspace/rustup-home:/opt/rustwide/rustup-home:ro,Z" "-e" "SOURCE_DIR=/opt/rustwide/workdir" "-e" "CARGO_TARGET_DIR=/opt/rustwide/target" "-e" "CARGO_INCREMENTAL=0" "-e" "RUST_BACKTRACE=full" "-e" "RUSTFLAGS=--cap-lints=warn" "-e" "CARGO_HOME=/opt/rustwide/cargo-home" "-e" "RUSTUP_HOME=/opt/rustwide/rustup-home" "-w" "/opt/rustwide/workdir" "-m" "1610612736" "--user" "0:0" "--network" "none" "ghcr.io/rust-lang/crates-build-env/linux@sha256:34b6a614d2c27851fe6cbf88fbd1137609cefab8b10d0615aaeb6fd47975d74e" "/opt/rustwide/cargo-home/bin/cargo" "+1.54.0" "test" "--frozen", kill_on_drop: false }`
[INFO] [stdout] 053ea8c1d2d09e488957058b17c50a348e9a900ea2c2ae96e971d87ff2433705
[INFO] [stderr] WARNING: Your kernel does not support swap limit capabilities or the cgroup is not mounted. Memory limited without swap.
[INFO] running `Command { std: "docker" "start" "-a" "053ea8c1d2d09e488957058b17c50a348e9a900ea2c2ae96e971d87ff2433705", kill_on_drop: false }`
[INFO] [stderr]     Finished test [unoptimized + debuginfo] target(s) in 0.09s
[INFO] [stderr]      Running unittests (/opt/rustwide/target/debug/deps/cart_tmp_wgpu-2cccd2dfdc0f1961)
[INFO] [stdout] 
[INFO] [stdout] running 1 test
[INFO] [stdout] test macros::test_vertex_attr_array ... ok
[INFO] [stdout] 
[INFO] [stdout] test result: ok. 1 passed; 0 failed; 0 ignored; 0 measured; 0 filtered out; finished in 0.00s
[INFO] [stdout] 
[INFO] [stderr]    Doc-tests cart-tmp-wgpu
[INFO] [stdout] 
[INFO] [stdout] running 11 tests
[INFO] [stdout] test src/lib.rs - RenderBundleEncoder::draw_indexed_indirect (line 2177) ... ok
[INFO] [stdout] test src/lib.rs - RenderPass::draw_indirect (line 1809) ... ok
[INFO] [stdout] test src/lib.rs - RenderBundleEncoder::draw_indirect (line 2156) ... ok
[INFO] [stdout] test src/lib.rs - RenderPass::multi_draw_indirect_count (line 1930) ... ok
[INFO] [stdout] test src/lib.rs - RenderPass::multi_draw_indexed_indirect (line 1895) ... ok
[INFO] [stdout] test src/macros.rs - vertex_attr_array (line 6) ... FAILED
[INFO] [stdout] test src/lib.rs - RenderPass::multi_draw_indirect_count (line 1944) ... ok
[INFO] [stdout] test src/lib.rs - RenderPass::multi_draw_indirect (line 1866) ... ok
[INFO] [stdout] test src/lib.rs - RenderPass::multi_draw_indexed_indirect_count (line 1978) ... ok
[INFO] [stdout] test src/lib.rs - RenderPass::multi_draw_indexed_indirect_count (line 1993) ... ok
[INFO] [stdout] test src/lib.rs - RenderPass::draw_indexed_indirect (line 1830) ... ok
[INFO] [stdout] 
[INFO] [stdout] failures:
[INFO] [stdout] 
[INFO] [stdout] ---- src/macros.rs - vertex_attr_array (line 6) stdout ----
[INFO] [stdout] error[E0432]: unresolved import `wgpu`
[INFO] [stdout]  --> src/macros.rs:7:5
[INFO] [stdout]   |
[INFO] [stdout] 3 | use wgpu::vertex_attr_array;
[INFO] [stdout]   |     ^^^^ use of undeclared crate or module `wgpu`
[INFO] [stdout] 
[INFO] [stdout] error: cannot determine resolution for the macro `vertex_attr_array`
[INFO] [stdout]  --> src/macros.rs:8:13
[INFO] [stdout]   |
[INFO] [stdout] 4 | let attrs = vertex_attr_array![0 => Float2, 1 => Float, 2 => Ushort4];
[INFO] [stdout]   |             ^^^^^^^^^^^^^^^^^
[INFO] [stdout]   |
[INFO] [stdout]   = note: import resolution is stuck, try simplifying macro imports
[INFO] [stdout] 
[INFO] [stdout] error: aborting due to 2 previous errors
[INFO] [stdout] 
[INFO] [stdout] For more information about this error, try `rustc --explain E0432`.
[INFO] [stdout] Couldn't compile the test.
[INFO] [stdout] 
[INFO] [stdout] failures:
[INFO] [stdout]     src/macros.rs - vertex_attr_array (line 6)
[INFO] [stdout] 
[INFO] [stdout] test result: FAILED. 10 passed; 1 failed; 0 ignored; 0 measured; 0 filtered out; finished in 0.29s
[INFO] [stdout] 
[INFO] [stderr] error: test failed, to rerun pass '--doc'
[INFO] running `Command { std: "docker" "inspect" "053ea8c1d2d09e488957058b17c50a348e9a900ea2c2ae96e971d87ff2433705", kill_on_drop: false }`
[INFO] running `Command { std: "docker" "rm" "-f" "053ea8c1d2d09e488957058b17c50a348e9a900ea2c2ae96e971d87ff2433705", kill_on_drop: false }`
[INFO] [stdout] 053ea8c1d2d09e488957058b17c50a348e9a900ea2c2ae96e971d87ff2433705
