[INFO] fetching crate cargo_nico 0.1.0...
[INFO] testing cargo_nico-0.1.0 against beta-2021-08-01 for beta-1.55-1
[INFO] extracting crate cargo_nico 0.1.0 into /workspace/builds/worker-48/source
[INFO] validating manifest of crates.io crate cargo_nico 0.1.0 on toolchain beta-2021-08-01
[INFO] running `Command { std: "/workspace/cargo-home/bin/cargo" "+beta-2021-08-01" "metadata" "--manifest-path" "Cargo.toml" "--no-deps", kill_on_drop: false }`
[INFO] started tweaking crates.io crate cargo_nico 0.1.0
[INFO] finished tweaking crates.io crate cargo_nico 0.1.0
[INFO] tweaked toml for crates.io crate cargo_nico 0.1.0 written to /workspace/builds/worker-48/source/Cargo.toml
[INFO] crate crates.io crate cargo_nico 0.1.0 already has a lockfile, it will not be regenerated
[INFO] running `Command { std: "/workspace/cargo-home/bin/cargo" "+beta-2021-08-01" "fetch" "--manifest-path" "Cargo.toml", kill_on_drop: false }`
[INFO] [stderr]     Blocking waiting for file lock on package cache
[INFO] [stderr]     Blocking waiting for file lock on package cache
[INFO] running `Command { std: "docker" "create" "-v" "/var/lib/crater-agent-workspace/builds/worker-48/target:/opt/rustwide/target:rw,Z" "-v" "/var/lib/crater-agent-workspace/builds/worker-48/source:/opt/rustwide/workdir:ro,Z" "-v" "/var/lib/crater-agent-workspace/cargo-home:/opt/rustwide/cargo-home:ro,Z" "-v" "/var/lib/crater-agent-workspace/rustup-home:/opt/rustwide/rustup-home:ro,Z" "-e" "SOURCE_DIR=/opt/rustwide/workdir" "-e" "CARGO_TARGET_DIR=/opt/rustwide/target" "-e" "CARGO_HOME=/opt/rustwide/cargo-home" "-e" "RUSTUP_HOME=/opt/rustwide/rustup-home" "-w" "/opt/rustwide/workdir" "-m" "1610612736" "--user" "0:0" "--network" "none" "ghcr.io/rust-lang/crates-build-env/linux@sha256:34b6a614d2c27851fe6cbf88fbd1137609cefab8b10d0615aaeb6fd47975d74e" "/opt/rustwide/cargo-home/bin/cargo" "+beta-2021-08-01" "metadata" "--no-deps" "--format-version=1", kill_on_drop: false }`
[INFO] [stdout] b62d33debb629f64f42900e61831d32dbe95b1e4e7ce76e38857888f7b272d0c
[INFO] running `Command { std: "docker" "start" "-a" "b62d33debb629f64f42900e61831d32dbe95b1e4e7ce76e38857888f7b272d0c", kill_on_drop: false }`
[INFO] running `Command { std: "docker" "inspect" "b62d33debb629f64f42900e61831d32dbe95b1e4e7ce76e38857888f7b272d0c", kill_on_drop: false }`
[INFO] running `Command { std: "docker" "rm" "-f" "b62d33debb629f64f42900e61831d32dbe95b1e4e7ce76e38857888f7b272d0c", kill_on_drop: false }`
[INFO] [stdout] b62d33debb629f64f42900e61831d32dbe95b1e4e7ce76e38857888f7b272d0c
[INFO] running `Command { std: "docker" "create" "-v" "/var/lib/crater-agent-workspace/builds/worker-48/target:/opt/rustwide/target:rw,Z" "-v" "/var/lib/crater-agent-workspace/builds/worker-48/source:/opt/rustwide/workdir:ro,Z" "-v" "/var/lib/crater-agent-workspace/cargo-home:/opt/rustwide/cargo-home:ro,Z" "-v" "/var/lib/crater-agent-workspace/rustup-home:/opt/rustwide/rustup-home:ro,Z" "-e" "SOURCE_DIR=/opt/rustwide/workdir" "-e" "CARGO_TARGET_DIR=/opt/rustwide/target" "-e" "CARGO_INCREMENTAL=0" "-e" "RUST_BACKTRACE=full" "-e" "RUSTFLAGS=--cap-lints=warn" "-e" "CARGO_HOME=/opt/rustwide/cargo-home" "-e" "RUSTUP_HOME=/opt/rustwide/rustup-home" "-w" "/opt/rustwide/workdir" "-m" "1610612736" "--user" "0:0" "--network" "none" "ghcr.io/rust-lang/crates-build-env/linux@sha256:34b6a614d2c27851fe6cbf88fbd1137609cefab8b10d0615aaeb6fd47975d74e" "/opt/rustwide/cargo-home/bin/cargo" "+beta-2021-08-01" "build" "--frozen" "--message-format=json", kill_on_drop: false }`
[INFO] [stdout] ccc20a9a673be5c9ee6815757823dc5fa161ec800ab6874dea3aea41bb657033
[INFO] running `Command { std: "docker" "start" "-a" "ccc20a9a673be5c9ee6815757823dc5fa161ec800ab6874dea3aea41bb657033", kill_on_drop: false }`
[INFO] [stderr]     Blocking waiting for file lock on package cache
[INFO] [stderr]    Compiling cargo_nico v0.1.0 (/opt/rustwide/workdir)
[INFO] [stdout] warning: unused variable: `c1`
[INFO] [stdout]   --> src/lib.rs:47:16
[INFO] [stdout]    |
[INFO] [stdout] 47 |     pub fn mix(c1: PrimaryColor, c2: PrimaryColor) -> SecondaryColor {
[INFO] [stdout]    |                ^^ help: if this is intentional, prefix it with an underscore: `_c1`
[INFO] [stdout]    |
[INFO] [stdout]    = note: `#[warn(unused_variables)]` on by default
[INFO] [stdout] 
[INFO] [stdout] 
[INFO] [stdout] warning: unused variable: `c2`
[INFO] [stdout]   --> src/lib.rs:47:34
[INFO] [stdout]    |
[INFO] [stdout] 47 |     pub fn mix(c1: PrimaryColor, c2: PrimaryColor) -> SecondaryColor {
[INFO] [stdout]    |                                  ^^ help: if this is intentional, prefix it with an underscore: `_c2`
[INFO] [stdout] 
[INFO] [stdout] 
[INFO] [stdout] warning: 2 warnings emitted
[INFO] [stdout] 
[INFO] [stdout] 
[INFO] [stderr]     Finished dev [unoptimized + debuginfo] target(s) in 4.68s
[INFO] running `Command { std: "docker" "inspect" "ccc20a9a673be5c9ee6815757823dc5fa161ec800ab6874dea3aea41bb657033", kill_on_drop: false }`
[INFO] running `Command { std: "docker" "rm" "-f" "ccc20a9a673be5c9ee6815757823dc5fa161ec800ab6874dea3aea41bb657033", kill_on_drop: false }`
[INFO] [stdout] ccc20a9a673be5c9ee6815757823dc5fa161ec800ab6874dea3aea41bb657033
[INFO] running `Command { std: "docker" "create" "-v" "/var/lib/crater-agent-workspace/builds/worker-48/target:/opt/rustwide/target:rw,Z" "-v" "/var/lib/crater-agent-workspace/builds/worker-48/source:/opt/rustwide/workdir:ro,Z" "-v" "/var/lib/crater-agent-workspace/cargo-home:/opt/rustwide/cargo-home:ro,Z" "-v" "/var/lib/crater-agent-workspace/rustup-home:/opt/rustwide/rustup-home:ro,Z" "-e" "SOURCE_DIR=/opt/rustwide/workdir" "-e" "CARGO_TARGET_DIR=/opt/rustwide/target" "-e" "CARGO_INCREMENTAL=0" "-e" "RUST_BACKTRACE=full" "-e" "RUSTFLAGS=--cap-lints=warn" "-e" "CARGO_HOME=/opt/rustwide/cargo-home" "-e" "RUSTUP_HOME=/opt/rustwide/rustup-home" "-w" "/opt/rustwide/workdir" "-m" "1610612736" "--user" "0:0" "--network" "none" "ghcr.io/rust-lang/crates-build-env/linux@sha256:34b6a614d2c27851fe6cbf88fbd1137609cefab8b10d0615aaeb6fd47975d74e" "/opt/rustwide/cargo-home/bin/cargo" "+beta-2021-08-01" "test" "--frozen" "--no-run" "--message-format=json", kill_on_drop: false }`
[INFO] [stdout] 52595458fc3f6c3694b774ef6224f8d300288125748d9146bdf53e2c5f191f73
[INFO] running `Command { std: "docker" "start" "-a" "52595458fc3f6c3694b774ef6224f8d300288125748d9146bdf53e2c5f191f73", kill_on_drop: false }`
[INFO] [stdout] warning: unused variable: `c1`
[INFO] [stdout]   --> src/lib.rs:47:16
[INFO] [stdout]    |
[INFO] [stdout] 47 |     pub fn mix(c1: PrimaryColor, c2: PrimaryColor) -> SecondaryColor {
[INFO] [stdout]    |                ^^ help: if this is intentional, prefix it with an underscore: `_c1`
[INFO] [stdout]    |
[INFO] [stdout]    = note: `#[warn(unused_variables)]` on by default
[INFO] [stdout] 
[INFO] [stdout] 
[INFO] [stderr]    Compiling cargo_nico v0.1.0 (/opt/rustwide/workdir)
[INFO] [stdout] warning: unused variable: `c2`
[INFO] [stdout]   --> src/lib.rs:47:34
[INFO] [stdout]    |
[INFO] [stdout] 47 |     pub fn mix(c1: PrimaryColor, c2: PrimaryColor) -> SecondaryColor {
[INFO] [stdout]    |                                  ^^ help: if this is intentional, prefix it with an underscore: `_c2`
[INFO] [stdout] 
[INFO] [stdout] 
[INFO] [stdout] warning: 2 warnings emitted
[INFO] [stdout] 
[INFO] [stdout] 
[INFO] [stdout] warning: unused variable: `c1`
[INFO] [stdout]   --> src/lib.rs:47:16
[INFO] [stdout]    |
[INFO] [stdout] 47 |     pub fn mix(c1: PrimaryColor, c2: PrimaryColor) -> SecondaryColor {
[INFO] [stdout]    |                ^^ help: if this is intentional, prefix it with an underscore: `_c1`
[INFO] [stdout]    |
[INFO] [stdout]    = note: `#[warn(unused_variables)]` on by default
[INFO] [stdout] 
[INFO] [stdout] 
[INFO] [stdout] warning: unused variable: `c2`
[INFO] [stdout]   --> src/lib.rs:47:34
[INFO] [stdout]    |
[INFO] [stdout] 47 |     pub fn mix(c1: PrimaryColor, c2: PrimaryColor) -> SecondaryColor {
[INFO] [stdout]    |                                  ^^ help: if this is intentional, prefix it with an underscore: `_c2`
[INFO] [stdout] 
[INFO] [stdout] 
[INFO] [stdout] warning: 2 warnings emitted
[INFO] [stdout] 
[INFO] [stdout] 
[INFO] [stderr]     Finished test [unoptimized + debuginfo] target(s) in 0.52s
[INFO] running `Command { std: "docker" "inspect" "52595458fc3f6c3694b774ef6224f8d300288125748d9146bdf53e2c5f191f73", kill_on_drop: false }`
[INFO] running `Command { std: "docker" "rm" "-f" "52595458fc3f6c3694b774ef6224f8d300288125748d9146bdf53e2c5f191f73", kill_on_drop: false }`
[INFO] [stdout] 52595458fc3f6c3694b774ef6224f8d300288125748d9146bdf53e2c5f191f73
[INFO] running `Command { std: "docker" "create" "-v" "/var/lib/crater-agent-workspace/builds/worker-48/target:/opt/rustwide/target:rw,Z" "-v" "/var/lib/crater-agent-workspace/builds/worker-48/source:/opt/rustwide/workdir:ro,Z" "-v" "/var/lib/crater-agent-workspace/cargo-home:/opt/rustwide/cargo-home:ro,Z" "-v" "/var/lib/crater-agent-workspace/rustup-home:/opt/rustwide/rustup-home:ro,Z" "-e" "SOURCE_DIR=/opt/rustwide/workdir" "-e" "CARGO_TARGET_DIR=/opt/rustwide/target" "-e" "CARGO_INCREMENTAL=0" "-e" "RUST_BACKTRACE=full" "-e" "RUSTFLAGS=--cap-lints=warn" "-e" "CARGO_HOME=/opt/rustwide/cargo-home" "-e" "RUSTUP_HOME=/opt/rustwide/rustup-home" "-w" "/opt/rustwide/workdir" "-m" "1610612736" "--user" "0:0" "--network" "none" "ghcr.io/rust-lang/crates-build-env/linux@sha256:34b6a614d2c27851fe6cbf88fbd1137609cefab8b10d0615aaeb6fd47975d74e" "/opt/rustwide/cargo-home/bin/cargo" "+beta-2021-08-01" "test" "--frozen", kill_on_drop: false }`
[INFO] [stdout] cdc52d2c46b6f9687b1b7cbad8b5d3b0552a43306b20b81449edc1ec1955fb57
[INFO] running `Command { std: "docker" "start" "-a" "cdc52d2c46b6f9687b1b7cbad8b5d3b0552a43306b20b81449edc1ec1955fb57", kill_on_drop: false }`
[INFO] [stderr]     Blocking waiting for file lock on package cache
[INFO] [stderr] warning: unused variable: `c1`
[INFO] [stderr]   --> src/lib.rs:47:16
[INFO] [stderr]    |
[INFO] [stderr] 47 |     pub fn mix(c1: PrimaryColor, c2: PrimaryColor) -> SecondaryColor {
[INFO] [stderr]    |                ^^ help: if this is intentional, prefix it with an underscore: `_c1`
[INFO] [stderr]    |
[INFO] [stderr]    = note: `#[warn(unused_variables)]` on by default
[INFO] [stderr] 
[INFO] [stderr] warning: unused variable: `c2`
[INFO] [stderr]   --> src/lib.rs:47:34
[INFO] [stderr]    |
[INFO] [stderr] 47 |     pub fn mix(c1: PrimaryColor, c2: PrimaryColor) -> SecondaryColor {
[INFO] [stderr]    |                                  ^^ help: if this is intentional, prefix it with an underscore: `_c2`
[INFO] [stderr] 
[INFO] [stderr] warning: `cargo_nico` (lib) generated 2 warnings
[INFO] [stderr] warning: `cargo_nico` (lib test) generated 2 warnings (2 duplicates)
[INFO] [stderr]     Finished test [unoptimized + debuginfo] target(s) in 0.34s
[INFO] [stderr]      Running unittests (/opt/rustwide/target/debug/deps/cargo_nico-6393aa8bbbc322fc)
[INFO] [stdout] 
[INFO] [stderr]      Running unittests (/opt/rustwide/target/debug/deps/cargo_nico-f8ffee0683a52735)
[INFO] [stdout] running 0 tests
[INFO] [stdout] 
[INFO] [stdout] test result: ok. 0 passed; 0 failed; 0 ignored; 0 measured; 0 filtered out; finished in 0.00s
[INFO] [stdout] 
[INFO] [stdout] 
[INFO] [stdout] running 0 tests
[INFO] [stdout] 
[INFO] [stdout] test result: ok. 0 passed; 0 failed; 0 ignored; 0 measured; 0 filtered out; finished in 0.00s
[INFO] [stdout] 
[INFO] [stderr]    Doc-tests cargo_nico
[INFO] [stdout] 
[INFO] [stdout] running 1 test
[INFO] [stdout] test src/lib.rs - add_one (line 10) ... FAILED
[INFO] [stdout] 
[INFO] [stdout] failures:
[INFO] [stdout] 
[INFO] [stdout] ---- src/lib.rs - add_one (line 10) stdout ----
[INFO] [stdout] error[E0433]: failed to resolve: use of undeclared crate or module `cargo`
[INFO] [stdout]  --> src/lib.rs:12:14
[INFO] [stdout]   |
[INFO] [stdout] 4 | let answer = cargo::add_one(arg);
[INFO] [stdout]   |              ^^^^^ use of undeclared crate or module `cargo`
[INFO] [stdout] 
[INFO] [stdout] error: aborting due to previous error
[INFO] [stdout] 
[INFO] [stdout] For more information about this error, try `rustc --explain E0433`.
[INFO] [stdout] Couldn't compile the test.
[INFO] [stdout] 
[INFO] [stdout] failures:
[INFO] [stdout]     src/lib.rs - add_one (line 10)
[INFO] [stdout] 
[INFO] [stdout] test result: FAILED. 0 passed; 1 failed; 0 ignored; 0 measured; 0 filtered out; finished in 0.15s
[INFO] [stdout] 
[INFO] [stderr] error: test failed, to rerun pass '--doc'
[INFO] running `Command { std: "docker" "inspect" "cdc52d2c46b6f9687b1b7cbad8b5d3b0552a43306b20b81449edc1ec1955fb57", kill_on_drop: false }`
[INFO] running `Command { std: "docker" "rm" "-f" "cdc52d2c46b6f9687b1b7cbad8b5d3b0552a43306b20b81449edc1ec1955fb57", kill_on_drop: false }`
[INFO] [stdout] cdc52d2c46b6f9687b1b7cbad8b5d3b0552a43306b20b81449edc1ec1955fb57
