[INFO] fetching crate cargo-workspaces 0.2.21...
[INFO] testing cargo-workspaces-0.2.21 against 1.54.0 for beta-1.55-1
[INFO] extracting crate cargo-workspaces 0.2.21 into /workspace/builds/worker-91/source
[INFO] validating manifest of crates.io crate cargo-workspaces 0.2.21 on toolchain 1.54.0
[INFO] running `Command { std: "/workspace/cargo-home/bin/cargo" "+1.54.0" "metadata" "--manifest-path" "Cargo.toml" "--no-deps", kill_on_drop: false }`
[INFO] started tweaking crates.io crate cargo-workspaces 0.2.21
[INFO] finished tweaking crates.io crate cargo-workspaces 0.2.21
[INFO] tweaked toml for crates.io crate cargo-workspaces 0.2.21 written to /workspace/builds/worker-91/source/Cargo.toml
[INFO] crate crates.io crate cargo-workspaces 0.2.21 already has a lockfile, it will not be regenerated
[INFO] running `Command { std: "/workspace/cargo-home/bin/cargo" "+1.54.0" "fetch" "--manifest-path" "Cargo.toml", kill_on_drop: false }`
[INFO] [stderr] warning: file found to be present in multiple build targets: /workspace/builds/worker-91/source/src/main.rs
[INFO] [stderr]     Blocking waiting for file lock on package cache
[INFO] [stderr]     Blocking waiting for file lock on package cache
[INFO] [stderr]  Downloading crates ...
[INFO] [stderr]   Downloaded dunce v1.0.1
[INFO] [stderr]   Downloaded smartstring v0.2.6
[INFO] [stderr]   Downloaded crates-index v0.16.7
[INFO] [stderr]   Downloaded oclif v0.3.0
[INFO] [stderr]   Downloaded insta v0.16.1
[INFO] running `Command { std: "docker" "create" "-v" "/var/lib/crater-agent-workspace/builds/worker-91/target:/opt/rustwide/target:rw,Z" "-v" "/var/lib/crater-agent-workspace/builds/worker-91/source:/opt/rustwide/workdir:ro,Z" "-v" "/var/lib/crater-agent-workspace/cargo-home:/opt/rustwide/cargo-home:ro,Z" "-v" "/var/lib/crater-agent-workspace/rustup-home:/opt/rustwide/rustup-home:ro,Z" "-e" "SOURCE_DIR=/opt/rustwide/workdir" "-e" "CARGO_TARGET_DIR=/opt/rustwide/target" "-e" "CARGO_HOME=/opt/rustwide/cargo-home" "-e" "RUSTUP_HOME=/opt/rustwide/rustup-home" "-w" "/opt/rustwide/workdir" "-m" "1610612736" "--user" "0:0" "--network" "none" "ghcr.io/rust-lang/crates-build-env/linux@sha256:34b6a614d2c27851fe6cbf88fbd1137609cefab8b10d0615aaeb6fd47975d74e" "/opt/rustwide/cargo-home/bin/cargo" "+1.54.0" "metadata" "--no-deps" "--format-version=1", kill_on_drop: false }`
[INFO] [stdout] dedcff8392d8161f20f273702bc6863a3e21010c6e86f6e0cece39b43fb6185f
[INFO] running `Command { std: "docker" "start" "-a" "dedcff8392d8161f20f273702bc6863a3e21010c6e86f6e0cece39b43fb6185f", kill_on_drop: false }`
[INFO] running `Command { std: "docker" "inspect" "dedcff8392d8161f20f273702bc6863a3e21010c6e86f6e0cece39b43fb6185f", kill_on_drop: false }`
[INFO] running `Command { std: "docker" "rm" "-f" "dedcff8392d8161f20f273702bc6863a3e21010c6e86f6e0cece39b43fb6185f", kill_on_drop: false }`
[INFO] [stdout] dedcff8392d8161f20f273702bc6863a3e21010c6e86f6e0cece39b43fb6185f
[INFO] running `Command { std: "docker" "create" "-v" "/var/lib/crater-agent-workspace/builds/worker-91/target:/opt/rustwide/target:rw,Z" "-v" "/var/lib/crater-agent-workspace/builds/worker-91/source:/opt/rustwide/workdir:ro,Z" "-v" "/var/lib/crater-agent-workspace/cargo-home:/opt/rustwide/cargo-home:ro,Z" "-v" "/var/lib/crater-agent-workspace/rustup-home:/opt/rustwide/rustup-home:ro,Z" "-e" "SOURCE_DIR=/opt/rustwide/workdir" "-e" "CARGO_TARGET_DIR=/opt/rustwide/target" "-e" "CARGO_INCREMENTAL=0" "-e" "RUST_BACKTRACE=full" "-e" "RUSTFLAGS=--cap-lints=warn" "-e" "CARGO_HOME=/opt/rustwide/cargo-home" "-e" "RUSTUP_HOME=/opt/rustwide/rustup-home" "-w" "/opt/rustwide/workdir" "-m" "1610612736" "--user" "0:0" "--network" "none" "ghcr.io/rust-lang/crates-build-env/linux@sha256:34b6a614d2c27851fe6cbf88fbd1137609cefab8b10d0615aaeb6fd47975d74e" "/opt/rustwide/cargo-home/bin/cargo" "+1.54.0" "build" "--frozen" "--message-format=json", kill_on_drop: false }`
[INFO] [stdout] 0563dc0dd743a918aa7bcb2855fbfb97f9d1339cb294a13cc9c7c6ffb9a34846
[INFO] running `Command { std: "docker" "start" "-a" "0563dc0dd743a918aa7bcb2855fbfb97f9d1339cb294a13cc9c7c6ffb9a34846", kill_on_drop: false }`
[INFO] [stderr] warning: file found to be present in multiple build targets: /opt/rustwide/workdir/src/main.rs
[INFO] [stderr]    Compiling libc v0.2.95
[INFO] [stderr]    Compiling proc-macro2 v1.0.27
[INFO] [stderr]    Compiling syn v1.0.72
[INFO] [stderr]    Compiling pkg-config v0.3.19
[INFO] [stderr]    Compiling serde_derive v1.0.126
[INFO] [stderr]    Compiling memchr v2.4.0
[INFO] [stderr]    Compiling serde v1.0.126
[INFO] [stderr]    Compiling version_check v0.9.3
[INFO] [stderr]    Compiling tinyvec_macros v0.1.0
[INFO] [stderr]    Compiling regex-syntax v0.6.25
[INFO] [stderr]    Compiling ucd-trie v0.1.3
[INFO] [stderr]    Compiling log v0.4.14
[INFO] [stderr]    Compiling unicode-segmentation v1.7.1
[INFO] [stderr]    Compiling remove_dir_all v0.5.3
[INFO] [stderr]    Compiling openssl-probe v0.1.4
[INFO] [stderr]    Compiling hashbrown v0.9.1
[INFO] [stderr]    Compiling static_assertions v1.1.0
[INFO] [stderr]    Compiling semver-parser v0.7.0
[INFO] [stderr]    Compiling termcolor v1.1.2
[INFO] [stderr]    Compiling zeroize v1.3.0
[INFO] [stderr]    Compiling os_str_bytes v2.4.0
[INFO] [stderr]    Compiling home v0.5.3
[INFO] [stderr]    Compiling paste v1.0.5
[INFO] [stderr]    Compiling once_cell v1.7.2
[INFO] [stderr]    Compiling strsim v0.10.0
[INFO] [stderr]    Compiling glob v0.3.0
[INFO] [stderr]    Compiling dunce v1.0.1
[INFO] [stderr]    Compiling unicode-bidi v0.3.5
[INFO] [stderr]    Compiling form_urlencoded v1.0.1
[INFO] [stderr]    Compiling indexmap v1.6.2
[INFO] [stderr]    Compiling tinyvec v1.2.0
[INFO] [stderr]    Compiling pest v2.1.3
[INFO] [stderr]    Compiling proc-macro-error-attr v1.0.4
[INFO] [stderr]    Compiling proc-macro-error v1.0.4
[INFO] [stderr]    Compiling heck v0.3.2
[INFO] [stderr]    Compiling aho-corasick v0.7.18
[INFO] [stderr]    Compiling quote v1.0.9
[INFO] [stderr]    Compiling unicode-normalization v0.1.17
[INFO] [stderr]    Compiling jobserver v0.1.22
[INFO] [stderr]    Compiling terminal_size v0.1.17
[INFO] [stderr]    Compiling getrandom v0.2.3
[INFO] [stderr]    Compiling atty v0.2.14
[INFO] [stderr]    Compiling textwrap v0.12.1
[INFO] [stderr]    Compiling rand_core v0.6.2
[INFO] [stderr]    Compiling cc v1.0.68
[INFO] [stderr]    Compiling semver-parser v0.10.2
[INFO] [stderr]    Compiling rand_chacha v0.3.0
[INFO] [stderr]    Compiling rand v0.8.3
[INFO] [stderr]    Compiling semver v0.11.0
[INFO] [stderr]    Compiling idna v0.2.3
[INFO] [stderr]    Compiling regex v1.5.4
[INFO] [stderr]    Compiling libz-sys v1.1.3
[INFO] [stderr]    Compiling openssl-sys v0.9.63
[INFO] [stderr]    Compiling libssh2-sys v0.2.21
[INFO] [stderr]    Compiling libgit2-sys v0.12.21+1.1.0
[INFO] [stderr]    Compiling tempfile v3.2.0
[INFO] [stderr]    Compiling url v2.2.2
[INFO] [stderr]    Compiling console v0.14.1
[INFO] [stderr]    Compiling oclif v0.3.0
[INFO] [stderr]    Compiling dialoguer v0.8.0
[INFO] [stderr]    Compiling clap_derive v3.0.0-beta.2
[INFO] [stderr]    Compiling thiserror-impl v1.0.25
[INFO] [stderr]    Compiling git2 v0.13.20
[INFO] [stderr]    Compiling thiserror v1.0.25
[INFO] [stderr]    Compiling clap v3.0.0-beta.2
[INFO] [stderr]    Compiling serde_json v1.0.64
[INFO] [stderr]    Compiling smartstring v0.2.6
[INFO] [stderr]    Compiling hex v0.4.3
[INFO] [stderr]    Compiling semver v0.9.0
[INFO] [stderr]    Compiling crates-index v0.16.7
[INFO] [stderr]    Compiling cargo_metadata v0.9.1
[INFO] [stderr]    Compiling cargo-workspaces v0.2.21 (/opt/rustwide/workdir)
[INFO] [stderr]     Finished dev [unoptimized + debuginfo] target(s) in 37.76s
[INFO] running `Command { std: "docker" "inspect" "0563dc0dd743a918aa7bcb2855fbfb97f9d1339cb294a13cc9c7c6ffb9a34846", kill_on_drop: false }`
[INFO] running `Command { std: "docker" "rm" "-f" "0563dc0dd743a918aa7bcb2855fbfb97f9d1339cb294a13cc9c7c6ffb9a34846", kill_on_drop: false }`
[INFO] [stdout] 0563dc0dd743a918aa7bcb2855fbfb97f9d1339cb294a13cc9c7c6ffb9a34846
[INFO] running `Command { std: "docker" "create" "-v" "/var/lib/crater-agent-workspace/builds/worker-91/target:/opt/rustwide/target:rw,Z" "-v" "/var/lib/crater-agent-workspace/builds/worker-91/source:/opt/rustwide/workdir:ro,Z" "-v" "/var/lib/crater-agent-workspace/cargo-home:/opt/rustwide/cargo-home:ro,Z" "-v" "/var/lib/crater-agent-workspace/rustup-home:/opt/rustwide/rustup-home:ro,Z" "-e" "SOURCE_DIR=/opt/rustwide/workdir" "-e" "CARGO_TARGET_DIR=/opt/rustwide/target" "-e" "CARGO_INCREMENTAL=0" "-e" "RUST_BACKTRACE=full" "-e" "RUSTFLAGS=--cap-lints=warn" "-e" "CARGO_HOME=/opt/rustwide/cargo-home" "-e" "RUSTUP_HOME=/opt/rustwide/rustup-home" "-w" "/opt/rustwide/workdir" "-m" "1610612736" "--user" "0:0" "--network" "none" "ghcr.io/rust-lang/crates-build-env/linux@sha256:34b6a614d2c27851fe6cbf88fbd1137609cefab8b10d0615aaeb6fd47975d74e" "/opt/rustwide/cargo-home/bin/cargo" "+1.54.0" "test" "--frozen" "--no-run" "--message-format=json", kill_on_drop: false }`
[INFO] [stdout] 1f299764ffdf664e4e3625ad52b7ec06f9cf6466f609c39feee5391ea20e4bea
[INFO] running `Command { std: "docker" "start" "-a" "1f299764ffdf664e4e3625ad52b7ec06f9cf6466f609c39feee5391ea20e4bea", kill_on_drop: false }`
[INFO] [stderr] warning: file found to be present in multiple build targets: /opt/rustwide/workdir/src/main.rs
[INFO] [stderr]    Compiling maplit v1.0.2
[INFO] [stderr]    Compiling linked-hash-map v0.5.4
[INFO] [stderr]    Compiling byteorder v1.4.3
[INFO] [stderr]    Compiling predicates-core v1.0.2
[INFO] [stderr]    Compiling doc-comment v0.3.3
[INFO] [stderr]    Compiling treeline v0.1.0
[INFO] [stderr]    Compiling dtoa v0.4.8
[INFO] [stderr]    Compiling unindent v0.1.7
[INFO] [stderr]    Compiling termios v0.3.3
[INFO] [stderr]    Compiling wait-timeout v0.2.0
[INFO] [stderr]    Compiling pest_meta v2.1.3
[INFO] [stderr]    Compiling console v0.11.3
[INFO] [stderr]    Compiling regex-automata v0.1.9
[INFO] [stderr]    Compiling predicates-tree v1.0.2
[INFO] [stderr]    Compiling predicates v1.0.8
[INFO] [stderr]    Compiling yaml-rust v0.4.5
[INFO] [stderr]    Compiling indoc v1.0.3
[INFO] [stderr]    Compiling bstr v0.2.16
[INFO] [stderr]    Compiling serde_yaml v0.8.17
[INFO] [stderr]    Compiling pest_generator v2.1.3
[INFO] [stderr]    Compiling assert_cmd v1.0.4
[INFO] [stderr]    Compiling pest_derive v2.1.0
[INFO] [stderr]    Compiling insta v0.16.1
[INFO] [stderr]    Compiling cargo-workspaces v0.2.21 (/opt/rustwide/workdir)
[INFO] [stderr]     Finished test [unoptimized + debuginfo] target(s) in 15.99s
[INFO] running `Command { std: "docker" "inspect" "1f299764ffdf664e4e3625ad52b7ec06f9cf6466f609c39feee5391ea20e4bea", kill_on_drop: false }`
[INFO] running `Command { std: "docker" "rm" "-f" "1f299764ffdf664e4e3625ad52b7ec06f9cf6466f609c39feee5391ea20e4bea", kill_on_drop: false }`
[INFO] [stdout] 1f299764ffdf664e4e3625ad52b7ec06f9cf6466f609c39feee5391ea20e4bea
[INFO] running `Command { std: "docker" "create" "-v" "/var/lib/crater-agent-workspace/builds/worker-91/target:/opt/rustwide/target:rw,Z" "-v" "/var/lib/crater-agent-workspace/builds/worker-91/source:/opt/rustwide/workdir:ro,Z" "-v" "/var/lib/crater-agent-workspace/cargo-home:/opt/rustwide/cargo-home:ro,Z" "-v" "/var/lib/crater-agent-workspace/rustup-home:/opt/rustwide/rustup-home:ro,Z" "-e" "SOURCE_DIR=/opt/rustwide/workdir" "-e" "CARGO_TARGET_DIR=/opt/rustwide/target" "-e" "CARGO_INCREMENTAL=0" "-e" "RUST_BACKTRACE=full" "-e" "RUSTFLAGS=--cap-lints=warn" "-e" "CARGO_HOME=/opt/rustwide/cargo-home" "-e" "RUSTUP_HOME=/opt/rustwide/rustup-home" "-w" "/opt/rustwide/workdir" "-m" "1610612736" "--user" "0:0" "--network" "none" "ghcr.io/rust-lang/crates-build-env/linux@sha256:34b6a614d2c27851fe6cbf88fbd1137609cefab8b10d0615aaeb6fd47975d74e" "/opt/rustwide/cargo-home/bin/cargo" "+1.54.0" "test" "--frozen", kill_on_drop: false }`
[INFO] [stdout] 91353e8253066915673794a5b5dc7685632ec7377f9466c786eb64e9f2411f10
[INFO] running `Command { std: "docker" "start" "-a" "91353e8253066915673794a5b5dc7685632ec7377f9466c786eb64e9f2411f10", kill_on_drop: false }`
[INFO] [stderr] warning: file found to be present in multiple build targets: /opt/rustwide/workdir/src/main.rs
[INFO] [stderr]     Finished test [unoptimized + debuginfo] target(s) in 0.36s
[INFO] [stderr]      Running unittests (/opt/rustwide/target/debug/deps/cargo_workspaces-315e6a35e69177b5)
[INFO] [stdout] 
[INFO] [stdout] running 44 tests
[INFO] [stdout] test utils::cargo::test::test_name ... ok
[INFO] [stdout] test utils::cargo::test::test_version_dependencies ... ok
[INFO] [stdout] test utils::cargo::test::test_exact ... ok
[INFO] [stdout] test utils::version::test_super::test_custom_pre ... ok
[INFO] [stdout] test utils::cargo::test::test_name_dependencies ... ok
[INFO] [stdout] test utils::version::test_super::test_custom_pre_on_multiple_num ... ok
[INFO] [stdout] test utils::cargo::test::test_version_dependencies_object_renamed ... ok
[INFO] [stdout] test utils::version::test_super::test_custom_pre_on_second_alpha_with_num ... ok
[INFO] [stdout] test utils::version::test_super::test_custom_pre_on_second_alpha ... ok
[INFO] [stdout] test utils::cargo::test::test_version_dependencies_object_renamed_before_version ... ok
[INFO] [stdout] test utils::cargo::test::test_version_dependencies_object ... ok
[INFO] [stdout] test utils::cargo::test::test_name_dependency_table ... ok
[INFO] [stdout] test utils::cargo::test::test_version_comments ... ok
[INFO] [stdout] test utils::cargo::test::test_version_dependency_table ... ok
[INFO] [stdout] test utils::cargo::test::test_name_dependency_table_renamed_before_version ... ok
[INFO] [stdout] test utils::cargo::test::test_name_dependency_table_renamed ... ok
[INFO] [stdout] test utils::version::test_super::test_custom_pre_on_second_num ... ok
[INFO] [stdout] test utils::cargo::test::test_name_dependencies_object_renamed ... ok
[INFO] [stdout] test utils::cargo::test::test_name_dependencies_object_renamed_before_version ... ok
[INFO] [stdout] test utils::cargo::test::test_name_dependencies_object ... ok
[INFO] [stdout] test utils::version::test_super::test_custom_pre_on_single_alpha_with_second_num ... ok
[INFO] [stdout] test utils::version::test_super::test_custom_pre_on_single_num ... ok
[INFO] [stdout] test utils::version::test_super::test_custom_pre_on_single_num_with_second_alpha ... ok
[INFO] [stdout] test utils::version::test_super::test_inc_major ... ok
[INFO] [stdout] test utils::version::test_super::test_inc_major_on_preminor ... ok
[INFO] [stdout] test utils::version::test_super::test_inc_major_on_prepatch ... ok
[INFO] [stdout] test utils::version::test_super::test_inc_minor_on_premajor ... ok
[INFO] [stdout] test utils::version::test_super::test_inc_major_on_premajor_with_patch ... ok
[INFO] [stdout] test utils::version::test_super::test_inc_minor_on_prepatch ... ok
[INFO] [stdout] test utils::version::test_super::test_inc_minor_on_preminor ... ok
[INFO] [stdout] test utils::version::test_super::test_inc_patch_on_premajor ... ok
[INFO] [stdout] test utils::version::test_super::test_inc_patch ... ok
[INFO] [stdout] test utils::version::test_super::test_inc_minor ... ok
[INFO] [stdout] test utils::version::test_super::test_inc_patch_on_prepatch ... ok
[INFO] [stdout] test utils::version::test_super::test_inc_preid_on_alpha ... ok
[INFO] [stdout] test utils::version::test_super::test_inc_patch_on_preminor ... ok
[INFO] [stdout] test utils::version::test_super::test_custom_pre_on_single_alpha ... ok
[INFO] [stdout] test utils::version::test_super::test_inc_preid ... ok
[INFO] [stdout] test utils::cargo::test::test_version_dependency_table_renamed_before_version ... ok
[INFO] [stdout] test utils::version::test_super::test_inc_major_on_premajor ... ok
[INFO] [stdout] test utils::cargo::test::test_version ... ok
[INFO] [stdout] test utils::cargo::test::test_version_single_quotes ... ok
[INFO] [stdout] test utils::cargo::test::test_version_quotes ... ok
[INFO] [stdout] test utils::version::test_super::test_inc_preid_on_num ... ok
[INFO] [stdout] 
[INFO] [stdout] test result: ok. 44 passed; 0 failed; 0 ignored; 0 measured; 0 filtered out; finished in 0.10s
[INFO] [stdout] 
[INFO] [stderr]      Running tests/exec.rs (/opt/rustwide/target/debug/deps/exec-c852f83987190cc7)
[INFO] [stdout] 
[INFO] [stdout] running 1 test
[INFO] [stdout] test test_normal ... FAILED
[INFO] [stdout] 
[INFO] [stdout] failures:
[INFO] [stdout] 
[INFO] [stdout] ---- test_normal stdout ----
[INFO] [stdout] thread 'test_normal' panicked at 'called `Result::unwrap()` on an `Err` value: Os { code: 2, kind: NotFound, message: "No such file or directory" }', tests/utils.rs:11:10
[INFO] [stdout] stack backtrace:
[INFO] [stdout]    0:     0x563a143f6fc0 - std::backtrace_rs::backtrace::libunwind::trace::h34055254b57d8e79
[INFO] [stdout]                                at /rustc/a178d0322ce20e33eac124758e837cbd80a6f633/library/std/src/../../backtrace/src/backtrace/libunwind.rs:90:5
[INFO] [stdout]    1:     0x563a143f6fc0 - std::backtrace_rs::backtrace::trace_unsynchronized::h8f1e3fbd9afff6ec
[INFO] [stdout]                                at /rustc/a178d0322ce20e33eac124758e837cbd80a6f633/library/std/src/../../backtrace/src/backtrace/mod.rs:66:5
[INFO] [stdout]    2:     0x563a143f6fc0 - std::sys_common::backtrace::_print_fmt::h3a99a796b770c360
[INFO] [stdout]                                at /rustc/a178d0322ce20e33eac124758e837cbd80a6f633/library/std/src/sys_common/backtrace.rs:67:5
[INFO] [stdout]    3:     0x563a143f6fc0 - <std::sys_common::backtrace::_print::DisplayBacktrace as core::fmt::Display>::fmt::h32d1f94a80615d18
[INFO] [stdout]                                at /rustc/a178d0322ce20e33eac124758e837cbd80a6f633/library/std/src/sys_common/backtrace.rs:46:22
[INFO] [stdout]    4:     0x563a1441bd7c - core::fmt::write::h306731c068f7162c
[INFO] [stdout]                                at /rustc/a178d0322ce20e33eac124758e837cbd80a6f633/library/core/src/fmt/mod.rs:1110:17
[INFO] [stdout]    5:     0x563a143f3075 - std::io::Write::write_fmt::h87f19b0a2cd190bc
[INFO] [stdout]                                at /rustc/a178d0322ce20e33eac124758e837cbd80a6f633/library/std/src/io/mod.rs:1588:15
[INFO] [stdout]    6:     0x563a143f915b - std::sys_common::backtrace::_print::h5abaa2601a852287
[INFO] [stdout]                                at /rustc/a178d0322ce20e33eac124758e837cbd80a6f633/library/std/src/sys_common/backtrace.rs:49:5
[INFO] [stdout]    7:     0x563a143f915b - std::sys_common::backtrace::print::h8d81445442bb638f
[INFO] [stdout]                                at /rustc/a178d0322ce20e33eac124758e837cbd80a6f633/library/std/src/sys_common/backtrace.rs:36:9
[INFO] [stdout]    8:     0x563a143f915b - std::panicking::default_hook::{{closure}}::hcfe804496a9fa747
[INFO] [stdout]                                at /rustc/a178d0322ce20e33eac124758e837cbd80a6f633/library/std/src/panicking.rs:208:50
[INFO] [stdout]    9:     0x563a143f8c6c - std::panicking::default_hook::hbea8e3ccf2ba8901
[INFO] [stdout]                                at /rustc/a178d0322ce20e33eac124758e837cbd80a6f633/library/std/src/panicking.rs:222:9
[INFO] [stdout]   10:     0x563a143f9824 - std::panicking::rust_panic_with_hook::h7ee9e1a2d0f8975a
[INFO] [stdout]                                at /rustc/a178d0322ce20e33eac124758e837cbd80a6f633/library/std/src/panicking.rs:622:17
[INFO] [stdout]   11:     0x563a143f9307 - std::panicking::begin_panic_handler::{{closure}}::h8ab3b4491718b2c7
[INFO] [stdout]                                at /rustc/a178d0322ce20e33eac124758e837cbd80a6f633/library/std/src/panicking.rs:519:13
[INFO] [stderr] error: test failed, to rerun pass '--test exec'
[INFO] [stdout]   12:     0x563a143f74bc - std::sys_common::backtrace::__rust_end_short_backtrace::hd489062ffa586a9f
[INFO] [stdout]                                at /rustc/a178d0322ce20e33eac124758e837cbd80a6f633/library/std/src/sys_common/backtrace.rs:141:18
[INFO] [stdout]   13:     0x563a143f9269 - rust_begin_unwind
[INFO] [stdout]                                at /rustc/a178d0322ce20e33eac124758e837cbd80a6f633/library/std/src/panicking.rs:515:5
[INFO] [stdout]   14:     0x563a1428b651 - core::panicking::panic_fmt::hca6330e3e14086b4
[INFO] [stdout]                                at /rustc/a178d0322ce20e33eac124758e837cbd80a6f633/library/core/src/panicking.rs:92:14
[INFO] [stdout]   15:     0x563a1428b743 - core::result::unwrap_failed::h6160d2b4bfbb0e87
[INFO] [stdout]                                at /rustc/a178d0322ce20e33eac124758e837cbd80a6f633/library/core/src/result.rs:1355:5
[INFO] [stdout]   16:     0x563a142d481b - core::result::Result<T,E>::unwrap::ha3175337d9907a39
[INFO] [stdout]                                at /rustc/a178d0322ce20e33eac124758e837cbd80a6f633/library/core/src/result.rs:1037:23
[INFO] [stdout]   17:     0x563a1428d8de - exec::utils::run::he8cc8562c9bc61fd
[INFO] [stdout]                                at /opt/rustwide/workdir/tests/utils.rs:6:18
[INFO] [stdout]   18:     0x563a1428d08d - exec::test_normal::h4bc880b14f288a25
[INFO] [stdout]                                at /opt/rustwide/workdir/tests/exec.rs:15:22
[INFO] [stdout]   19:     0x563a1428cfca - exec::test_normal::{{closure}}::hd71a14bd856e1785
[INFO] [stdout]                                at /opt/rustwide/workdir/tests/exec.rs:14:1
[INFO] [stdout]   20:     0x563a1428db9e - core::ops::function::FnOnce::call_once::h29764a5bbd911686
[INFO] [stdout]                                at /rustc/a178d0322ce20e33eac124758e837cbd80a6f633/library/core/src/ops/function.rs:227:5
[INFO] [stdout]   21:     0x563a142b61f3 - core::ops::function::FnOnce::call_once::h152e7e439ff59e19
[INFO] [stdout]                                at /rustc/a178d0322ce20e33eac124758e837cbd80a6f633/library/core/src/ops/function.rs:227:5
[INFO] [stdout]   22:     0x563a142b61f3 - test::__rust_begin_short_backtrace::h0908f3b1fdbb72ab
[INFO] [stdout]                                at /rustc/a178d0322ce20e33eac124758e837cbd80a6f633/library/test/src/lib.rs:577:5
[INFO] [stdout]   23:     0x563a142b4cb0 - <alloc::boxed::Box<F,A> as core::ops::function::FnOnce<Args>>::call_once::hf6d2a51e5587546c
[INFO] [stdout]                                at /rustc/a178d0322ce20e33eac124758e837cbd80a6f633/library/alloc/src/boxed.rs:1575:9
[INFO] [stdout]   24:     0x563a142b4cb0 - <std::panic::AssertUnwindSafe<F> as core::ops::function::FnOnce<()>>::call_once::h8af660f3a89ef593
[INFO] [stdout]                                at /rustc/a178d0322ce20e33eac124758e837cbd80a6f633/library/std/src/panic.rs:347:9
[INFO] [stdout]   25:     0x563a142b4cb0 - std::panicking::try::do_call::hd36aef60f84b6d36
[INFO] [stdout]                                at /rustc/a178d0322ce20e33eac124758e837cbd80a6f633/library/std/src/panicking.rs:401:40
[INFO] [stdout]   26:     0x563a142b4cb0 - std::panicking::try::h9932b4480e69817c
[INFO] [stdout]                                at /rustc/a178d0322ce20e33eac124758e837cbd80a6f633/library/std/src/panicking.rs:365:19
[INFO] [stdout]   27:     0x563a142b4cb0 - std::panic::catch_unwind::h6aa177099cfff5f8
[INFO] [stdout]                                at /rustc/a178d0322ce20e33eac124758e837cbd80a6f633/library/std/src/panic.rs:434:14
[INFO] [stdout]   28:     0x563a142b4cb0 - test::run_test_in_process::h5884d6f2d99e20c3
[INFO] [stdout]                                at /rustc/a178d0322ce20e33eac124758e837cbd80a6f633/library/test/src/lib.rs:600:18
[INFO] [stdout]   29:     0x563a142b4cb0 - test::run_test::run_test_inner::{{closure}}::h6fdc58c6d5f5b6e3
[INFO] [stdout]                                at /rustc/a178d0322ce20e33eac124758e837cbd80a6f633/library/test/src/lib.rs:492:39
[INFO] [stdout]   30:     0x563a1428e362 - test::run_test::run_test_inner::{{closure}}::h408365d67a78ade8
[INFO] [stdout]                                at /rustc/a178d0322ce20e33eac124758e837cbd80a6f633/library/test/src/lib.rs:519:37
[INFO] [stdout]   31:     0x563a1428e362 - std::sys_common::backtrace::__rust_begin_short_backtrace::hb560b77c4f701523
[INFO] [stdout]                                at /rustc/a178d0322ce20e33eac124758e837cbd80a6f633/library/std/src/sys_common/backtrace.rs:125:18
[INFO] [stdout]   32:     0x563a14291f18 - std::thread::Builder::spawn_unchecked::{{closure}}::{{closure}}::hf2e7831dad93c597
[INFO] [stdout]                                at /rustc/a178d0322ce20e33eac124758e837cbd80a6f633/library/std/src/thread/mod.rs:481:17
[INFO] [stdout]   33:     0x563a14291f18 - <std::panic::AssertUnwindSafe<F> as core::ops::function::FnOnce<()>>::call_once::hd2e08783d8be4d02
[INFO] [stdout]                                at /rustc/a178d0322ce20e33eac124758e837cbd80a6f633/library/std/src/panic.rs:347:9
[INFO] [stdout]   34:     0x563a14291f18 - std::panicking::try::do_call::h062597b7acfd6b82
[INFO] [stdout]                                at /rustc/a178d0322ce20e33eac124758e837cbd80a6f633/library/std/src/panicking.rs:401:40
[INFO] [stdout]   35:     0x563a14291f18 - std::panicking::try::h0d7b79db04c14552
[INFO] [stdout]                                at /rustc/a178d0322ce20e33eac124758e837cbd80a6f633/library/std/src/panicking.rs:365:19
[INFO] [stdout]   36:     0x563a14291f18 - std::panic::catch_unwind::hb01a0b5e7c8cd43b
[INFO] [stdout]                                at /rustc/a178d0322ce20e33eac124758e837cbd80a6f633/library/std/src/panic.rs:434:14
[INFO] [stdout]   37:     0x563a14291f18 - std::thread::Builder::spawn_unchecked::{{closure}}::h5bde48cc887e0d1e
[INFO] [stdout]                                at /rustc/a178d0322ce20e33eac124758e837cbd80a6f633/library/std/src/thread/mod.rs:480:30
[INFO] [stdout]   38:     0x563a14291f18 - core::ops::function::FnOnce::call_once{{vtable.shim}}::h745ea30807a29e55
[INFO] [stdout]                                at /rustc/a178d0322ce20e33eac124758e837cbd80a6f633/library/core/src/ops/function.rs:227:5
[INFO] [stdout]   39:     0x563a143feb77 - <alloc::boxed::Box<F,A> as core::ops::function::FnOnce<Args>>::call_once::h7ece6cfefaff1005
[INFO] [stdout]                                at /rustc/a178d0322ce20e33eac124758e837cbd80a6f633/library/alloc/src/boxed.rs:1575:9
[INFO] [stdout]   40:     0x563a143feb77 - <alloc::boxed::Box<F,A> as core::ops::function::FnOnce<Args>>::call_once::hb8b48e55c21f193e
[INFO] [stdout]                                at /rustc/a178d0322ce20e33eac124758e837cbd80a6f633/library/alloc/src/boxed.rs:1575:9
[INFO] [stdout]   41:     0x563a143feb77 - std::sys::unix::thread::Thread::new::thread_start::h8c7c4450dba62914
[INFO] [stdout]                                at /rustc/a178d0322ce20e33eac124758e837cbd80a6f633/library/std/src/sys/unix/thread.rs:71:17
[INFO] [stdout]   42:     0x7f7d13034609 - start_thread
[INFO] [stdout]   43:     0x7f7d1318b293 - clone
[INFO] [stdout]   44:                0x0 - <unknown>
[INFO] [stdout] 
[INFO] [stdout] 
[INFO] [stdout] failures:
[INFO] [stdout]     test_normal
[INFO] [stdout] 
[INFO] [stdout] test result: FAILED. 0 passed; 1 failed; 0 ignored; 0 measured; 0 filtered out; finished in 0.03s
[INFO] [stdout] 
[INFO] running `Command { std: "docker" "inspect" "91353e8253066915673794a5b5dc7685632ec7377f9466c786eb64e9f2411f10", kill_on_drop: false }`
[INFO] running `Command { std: "docker" "rm" "-f" "91353e8253066915673794a5b5dc7685632ec7377f9466c786eb64e9f2411f10", kill_on_drop: false }`
[INFO] [stdout] 91353e8253066915673794a5b5dc7685632ec7377f9466c786eb64e9f2411f10
