[INFO] fetching crate cargo-update 7.0.1...
[INFO] testing cargo-update-7.0.1 against 1.54.0 for beta-1.55-1
[INFO] extracting crate cargo-update 7.0.1 into /workspace/builds/worker-45/source
[INFO] validating manifest of crates.io crate cargo-update 7.0.1 on toolchain 1.54.0
[INFO] running `Command { std: "/workspace/cargo-home/bin/cargo" "+1.54.0" "metadata" "--manifest-path" "Cargo.toml" "--no-deps", kill_on_drop: false }`
[INFO] started tweaking crates.io crate cargo-update 7.0.1
[INFO] finished tweaking crates.io crate cargo-update 7.0.1
[INFO] tweaked toml for crates.io crate cargo-update 7.0.1 written to /workspace/builds/worker-45/source/Cargo.toml
[INFO] crate crates.io crate cargo-update 7.0.1 already has a lockfile, it will not be regenerated
[INFO] running `Command { std: "/workspace/cargo-home/bin/cargo" "+1.54.0" "fetch" "--manifest-path" "Cargo.toml", kill_on_drop: false }`
[INFO] [stderr]     Blocking waiting for file lock on package cache
[INFO] running `Command { std: "docker" "create" "-v" "/var/lib/crater-agent-workspace/builds/worker-45/target:/opt/rustwide/target:rw,Z" "-v" "/var/lib/crater-agent-workspace/builds/worker-45/source:/opt/rustwide/workdir:ro,Z" "-v" "/var/lib/crater-agent-workspace/cargo-home:/opt/rustwide/cargo-home:ro,Z" "-v" "/var/lib/crater-agent-workspace/rustup-home:/opt/rustwide/rustup-home:ro,Z" "-e" "SOURCE_DIR=/opt/rustwide/workdir" "-e" "CARGO_TARGET_DIR=/opt/rustwide/target" "-e" "CARGO_HOME=/opt/rustwide/cargo-home" "-e" "RUSTUP_HOME=/opt/rustwide/rustup-home" "-w" "/opt/rustwide/workdir" "-m" "1610612736" "--user" "0:0" "--network" "none" "ghcr.io/rust-lang/crates-build-env/linux@sha256:34b6a614d2c27851fe6cbf88fbd1137609cefab8b10d0615aaeb6fd47975d74e" "/opt/rustwide/cargo-home/bin/cargo" "+1.54.0" "metadata" "--no-deps" "--format-version=1", kill_on_drop: false }`
[INFO] [stdout] f9f12cd2e9c319b8c464e45dbfcc86193df45f4bf9f99f055ff2a715f97fa16c
[INFO] running `Command { std: "docker" "start" "-a" "f9f12cd2e9c319b8c464e45dbfcc86193df45f4bf9f99f055ff2a715f97fa16c", kill_on_drop: false }`
[INFO] running `Command { std: "docker" "inspect" "f9f12cd2e9c319b8c464e45dbfcc86193df45f4bf9f99f055ff2a715f97fa16c", kill_on_drop: false }`
[INFO] running `Command { std: "docker" "rm" "-f" "f9f12cd2e9c319b8c464e45dbfcc86193df45f4bf9f99f055ff2a715f97fa16c", kill_on_drop: false }`
[INFO] [stdout] f9f12cd2e9c319b8c464e45dbfcc86193df45f4bf9f99f055ff2a715f97fa16c
[INFO] running `Command { std: "docker" "create" "-v" "/var/lib/crater-agent-workspace/builds/worker-45/target:/opt/rustwide/target:rw,Z" "-v" "/var/lib/crater-agent-workspace/builds/worker-45/source:/opt/rustwide/workdir:ro,Z" "-v" "/var/lib/crater-agent-workspace/cargo-home:/opt/rustwide/cargo-home:ro,Z" "-v" "/var/lib/crater-agent-workspace/rustup-home:/opt/rustwide/rustup-home:ro,Z" "-e" "SOURCE_DIR=/opt/rustwide/workdir" "-e" "CARGO_TARGET_DIR=/opt/rustwide/target" "-e" "CARGO_INCREMENTAL=0" "-e" "RUST_BACKTRACE=full" "-e" "RUSTFLAGS=--cap-lints=warn" "-e" "CARGO_HOME=/opt/rustwide/cargo-home" "-e" "RUSTUP_HOME=/opt/rustwide/rustup-home" "-w" "/opt/rustwide/workdir" "-m" "1610612736" "--user" "0:0" "--network" "none" "ghcr.io/rust-lang/crates-build-env/linux@sha256:34b6a614d2c27851fe6cbf88fbd1137609cefab8b10d0615aaeb6fd47975d74e" "/opt/rustwide/cargo-home/bin/cargo" "+1.54.0" "build" "--frozen" "--message-format=json", kill_on_drop: false }`
[INFO] [stdout] 1bd3b02a9eaeac3738f9a93d61447d2ef620101a50295810b67697c045231a78
[INFO] running `Command { std: "docker" "start" "-a" "1bd3b02a9eaeac3738f9a93d61447d2ef620101a50295810b67697c045231a78", kill_on_drop: false }`
[INFO] [stderr]    Compiling pkg-config v0.3.19
[INFO] [stderr]    Compiling maybe-uninit v2.0.0
[INFO] [stderr]    Compiling proc-macro2 v1.0.26
[INFO] [stderr]    Compiling matches v0.1.8
[INFO] [stderr]    Compiling serde v1.0.126
[INFO] [stderr]    Compiling log v0.4.14
[INFO] [stderr]    Compiling percent-encoding v2.1.0
[INFO] [stderr]    Compiling syn v1.0.72
[INFO] [stderr]    Compiling cfg-if v1.0.0
[INFO] [stderr]    Compiling serde_derive v1.0.126
[INFO] [stderr]    Compiling semver-parser v0.7.0
[INFO] [stderr]    Compiling openssl-probe v0.1.4
[INFO] [stderr]    Compiling regex-syntax v0.6.25
[INFO] [stderr]    Compiling lazysort v0.2.1
[INFO] [stderr]    Compiling json v0.11.15
[INFO] [stderr]    Compiling hex v0.4.2
[INFO] [stderr]    Compiling array_tool v1.0.3
[INFO] [stderr]    Compiling tabwriter v1.2.1
[INFO] [stderr]    Compiling jobserver v0.1.22
[INFO] [stderr]    Compiling term_size v0.3.2
[INFO] [stderr]    Compiling dirs-sys v0.3.6
[INFO] [stderr]    Compiling unicode-bidi v0.3.5
[INFO] [stderr]    Compiling form_urlencoded v1.0.1
[INFO] [stderr]    Compiling textwrap v0.11.0
[INFO] [stderr]    Compiling dirs v2.0.2
[INFO] [stderr]    Compiling cc v1.0.67
[INFO] [stderr]    Compiling clap v2.33.3
[INFO] [stderr]    Compiling smallvec v0.6.14
[INFO] [stderr]    Compiling quote v1.0.9
[INFO] [stderr]    Compiling embed-resource v1.6.2
[INFO] [stderr]    Compiling unicode-normalization v0.1.9
[INFO] [stderr]    Compiling openssl-sys v0.9.63
[INFO] [stderr]    Compiling libz-sys v1.1.3
[INFO] [stderr]    Compiling libssh2-sys v0.2.21
[INFO] [stderr]    Compiling libgit2-sys v0.10.0
[INFO] [stderr]    Compiling cargo-update v7.0.1 (/opt/rustwide/workdir)
[INFO] [stderr]    Compiling regex v1.4.6
[INFO] [stderr]    Compiling idna v0.2.0
[INFO] [stderr]    Compiling url v2.2.2
[INFO] [stderr]    Compiling semver v0.9.0
[INFO] [stderr]    Compiling toml v0.5.8
[INFO] [stderr]    Compiling git2 v0.11.0
[INFO] [stderr]     Finished dev [unoptimized + debuginfo] target(s) in 35.78s
[INFO] running `Command { std: "docker" "inspect" "1bd3b02a9eaeac3738f9a93d61447d2ef620101a50295810b67697c045231a78", kill_on_drop: false }`
[INFO] running `Command { std: "docker" "rm" "-f" "1bd3b02a9eaeac3738f9a93d61447d2ef620101a50295810b67697c045231a78", kill_on_drop: false }`
[INFO] [stdout] 1bd3b02a9eaeac3738f9a93d61447d2ef620101a50295810b67697c045231a78
[INFO] running `Command { std: "docker" "create" "-v" "/var/lib/crater-agent-workspace/builds/worker-45/target:/opt/rustwide/target:rw,Z" "-v" "/var/lib/crater-agent-workspace/builds/worker-45/source:/opt/rustwide/workdir:ro,Z" "-v" "/var/lib/crater-agent-workspace/cargo-home:/opt/rustwide/cargo-home:ro,Z" "-v" "/var/lib/crater-agent-workspace/rustup-home:/opt/rustwide/rustup-home:ro,Z" "-e" "SOURCE_DIR=/opt/rustwide/workdir" "-e" "CARGO_TARGET_DIR=/opt/rustwide/target" "-e" "CARGO_INCREMENTAL=0" "-e" "RUST_BACKTRACE=full" "-e" "RUSTFLAGS=--cap-lints=warn" "-e" "CARGO_HOME=/opt/rustwide/cargo-home" "-e" "RUSTUP_HOME=/opt/rustwide/rustup-home" "-w" "/opt/rustwide/workdir" "-m" "1610612736" "--user" "0:0" "--network" "none" "ghcr.io/rust-lang/crates-build-env/linux@sha256:34b6a614d2c27851fe6cbf88fbd1137609cefab8b10d0615aaeb6fd47975d74e" "/opt/rustwide/cargo-home/bin/cargo" "+1.54.0" "test" "--frozen" "--no-run" "--message-format=json", kill_on_drop: false }`
[INFO] [stdout] 87fcc6125be0c2a967694b60dd3f91c683d396bfe78942d64a74f13f66777e17
[INFO] running `Command { std: "docker" "start" "-a" "87fcc6125be0c2a967694b60dd3f91c683d396bfe78942d64a74f13f66777e17", kill_on_drop: false }`
[INFO] [stderr]     Blocking waiting for file lock on package cache
[INFO] [stderr]    Compiling cargo-update v7.0.1 (/opt/rustwide/workdir)
[INFO] [stderr]     Finished test [unoptimized + debuginfo] target(s) in 4.60s
[INFO] running `Command { std: "docker" "inspect" "87fcc6125be0c2a967694b60dd3f91c683d396bfe78942d64a74f13f66777e17", kill_on_drop: false }`
[INFO] running `Command { std: "docker" "rm" "-f" "87fcc6125be0c2a967694b60dd3f91c683d396bfe78942d64a74f13f66777e17", kill_on_drop: false }`
[INFO] [stdout] 87fcc6125be0c2a967694b60dd3f91c683d396bfe78942d64a74f13f66777e17
[INFO] running `Command { std: "docker" "create" "-v" "/var/lib/crater-agent-workspace/builds/worker-45/target:/opt/rustwide/target:rw,Z" "-v" "/var/lib/crater-agent-workspace/builds/worker-45/source:/opt/rustwide/workdir:ro,Z" "-v" "/var/lib/crater-agent-workspace/cargo-home:/opt/rustwide/cargo-home:ro,Z" "-v" "/var/lib/crater-agent-workspace/rustup-home:/opt/rustwide/rustup-home:ro,Z" "-e" "SOURCE_DIR=/opt/rustwide/workdir" "-e" "CARGO_TARGET_DIR=/opt/rustwide/target" "-e" "CARGO_INCREMENTAL=0" "-e" "RUST_BACKTRACE=full" "-e" "RUSTFLAGS=--cap-lints=warn" "-e" "CARGO_HOME=/opt/rustwide/cargo-home" "-e" "RUSTUP_HOME=/opt/rustwide/rustup-home" "-w" "/opt/rustwide/workdir" "-m" "1610612736" "--user" "0:0" "--network" "none" "ghcr.io/rust-lang/crates-build-env/linux@sha256:34b6a614d2c27851fe6cbf88fbd1137609cefab8b10d0615aaeb6fd47975d74e" "/opt/rustwide/cargo-home/bin/cargo" "+1.54.0" "test" "--frozen", kill_on_drop: false }`
[INFO] [stdout] edcbe5a2efef903320cee33fb3dff5c683914abcce37c0d35fcaf6afea9a007f
[INFO] running `Command { std: "docker" "start" "-a" "edcbe5a2efef903320cee33fb3dff5c683914abcce37c0d35fcaf6afea9a007f", kill_on_drop: false }`
[INFO] [stderr]     Finished test [unoptimized + debuginfo] target(s) in 0.10s
[INFO] [stderr]      Running unittests (/opt/rustwide/target/debug/deps/cargo_update-8fefd416d63fff6e)
[INFO] [stdout] 
[INFO] [stdout] running 0 tests
[INFO] [stdout] 
[INFO] [stdout] test result: ok. 0 passed; 0 failed; 0 ignored; 0 measured; 0 filtered out; finished in 0.00s
[INFO] [stdout] 
[INFO] [stderr]      Running tests/lib.rs (/opt/rustwide/target/debug/deps/lib-ac6a65cbeaedea07)
[INFO] [stdout] 
[INFO] [stdout] running 22 tests
[INFO] [stdout] test ops::assert_index_path::double ... ok
[INFO] [stdout] test ops::assert_index_path::two ... ok
[INFO] [stdout] test ops::assert_index_path::single ... ok
[INFO] [stdout] test ops::get_index_url::dead_end ... ok
[INFO] [stdout] test ops::assert_index_path::nonexistent ... ok
[INFO] [stdout] test ops::get_index_url::nonexistent ... ok
[INFO] [stdout] test ops::assert_index_path::is_file ... ok
[INFO] [stdout] test ops::package_filter_element::parse::err::no_separator ... ok
[INFO] [stdout] test ops::get_index_url::unknown ... ok
[INFO] [stdout] test ops::get_index_url::from_alt_url ... ok
[INFO] [stdout] test ops::crate_versions ... ok
[INFO] [stdout] test ops::package_filter_element::parse::ok::toolchain ... ok
[INFO] [stdout] test ops::package_filter_element::parse::err::unrecognised ... ok
[INFO] [stdout] test ops::installed_registry_packages::non_existent ... ok
[INFO] [stdout] test ops::get_index_url::default ... ok
[INFO] [stdout] test ops::get_index_url::from_name ... ok
[INFO] [stdout] test ops::registry_package::parse::invalid ... ok
[INFO] [stdout] test ops::registry_package::parse::git ... ok
[INFO] [stdout] test ops::installed_registry_packages::existent ... ok
[INFO] [stdout] test ops::intersect_packages ... ok
[INFO] [stdout] test ops::registry_package::parse::main_registry ... ok
[INFO] [stdout] test ops::registry_package::parse::alt_registry ... ok
[INFO] [stdout] 
[INFO] [stdout] test result: ok. 22 passed; 0 failed; 0 ignored; 0 measured; 0 filtered out; finished in 0.03s
[INFO] [stdout] 
[INFO] [stderr]    Doc-tests cargo-update
[INFO] [stdout] 
[INFO] [stdout] running 25 tests
[INFO] [stdout] test src/options.rs - options (line 8) - compile ... ok
[INFO] [stdout] test src/ops/config.rs - ops::config::PackageConfig::cargo_args (line 128) - compile ... ok
[INFO] [stdout] test src/ops/mod.rs - ops::GitRepoPackage::parse (line 414) ... FAILED
[INFO] [stdout] test src/ops/config.rs - ops::config::PackageConfig::execute_operations (line 183) ... FAILED
[INFO] [stdout] test src/ops/config.rs - ops::config::PackageConfig::read (line 259) ... FAILED
[INFO] [stdout] test src/ops/config.rs - ops::config::PackageConfig::from (line 84) ... FAILED
[INFO] [stdout] test src/ops/mod.rs - ops::GitRepoPackage::parse (line 447) ... FAILED
[INFO] [stdout] test src/ops/mod.rs - ops::RegistryPackage (line 43) ... FAILED
[INFO] [stdout] test src/ops/mod.rs - ops::assert_index_path (line 859) ... FAILED
[INFO] [stdout] test src/ops/config.rs - ops::config::PackageConfig (line 46) ... FAILED
[INFO] [stdout] test src/ops/mod.rs - ops::installed_registry_packages (line 696) ... FAILED
[INFO] [stdout] test src/ops/mod.rs - ops::installed_git_repo_packages (line 741) ... FAILED
[INFO] [stdout] test src/ops/mod.rs - ops::PackageFilterElement::matches (line 640) ... FAILED
[INFO] [stdout] test src/ops/config.rs - ops::config::PackageConfig::write (line 308) ... FAILED
[INFO] [stdout] test src/ops/mod.rs - ops::PackageFilterElement::parse (line 618) ... FAILED
[INFO] [stdout] test src/ops/mod.rs - ops::RegistryPackage::update_to_version (line 365) ... FAILED
[INFO] [stdout] test src/ops/mod.rs - ops::crate_versions (line 827) ... FAILED
[INFO] [stdout] test src/ops/mod.rs - ops::find_proxy (line 1201) ... FAILED
[INFO] [stdout] test src/ops/mod.rs - ops::GitRepoPackage (line 103) ... FAILED
[INFO] [stdout] test src/ops/mod.rs - ops::RegistryPackage::needs_update (line 239) ... ok
[INFO] [stdout] test src/ops/mod.rs - ops::RegistryPackage::parse (line 193) ... ok
[INFO] [stdout] test src/ops/mod.rs - ops::resolve_crates_file (line 660) ... ok
[INFO] [stdout] test src/ops/mod.rs - ops::GitRepoPackage::needs_update (line 575) ... ok
[INFO] [stdout] test src/ops/mod.rs - ops::RegistryPackage::parse (line 159) ... ok
[INFO] [stdout] test src/ops/mod.rs - ops::intersect_packages (line 782) ... ok
[INFO] [stdout] 
[INFO] [stdout] failures:
[INFO] [stdout] 
[INFO] [stdout] ---- src/ops/mod.rs - ops::GitRepoPackage::parse (line 414) stdout ----
[INFO] [stdout] Couldn't compile the test.
[INFO] [stdout] ---- src/ops/config.rs - ops::config::PackageConfig::execute_operations (line 183) stdout ----
[INFO] [stdout] Couldn't compile the test.
[INFO] [stdout] ---- src/ops/config.rs - ops::config::PackageConfig::read (line 259) stdout ----
[INFO] [stdout] Couldn't compile the test.
[INFO] [stdout] ---- src/ops/config.rs - ops::config::PackageConfig::from (line 84) stdout ----
[INFO] [stdout] Couldn't compile the test.
[INFO] [stdout] ---- src/ops/mod.rs - ops::GitRepoPackage::parse (line 447) stdout ----
[INFO] [stdout] error: linking with `cc` failed: exit status: 1
[INFO] [stdout]   |
[INFO] [stdout]   = note: "cc" "-m64" "/tmp/rustdoctestjoUWBG/rust_out.rust_out.7rcbfp3g-cgu.0.rcgu.o" "/tmp/rustdoctestjoUWBG/rust_out.33dyzt1ekirinwy8.rcgu.o" "-Wl,--as-needed" "-L" "/opt/rustwide/target/debug/deps" "-L" "/opt/rustwide/target/debug/deps" "-L" "/opt/rustwide/target/debug/build/libgit2-sys-50915e678a29ed27/out/build" "-L" "/opt/rustwide/target/debug/build/libssh2-sys-4f6dd2b26b0cab9e/out/build" "-L" "/opt/rustwide/rustup-home/toolchains/1.54.0-x86_64-unknown-linux-gnu/lib/rustlib/x86_64-unknown-linux-gnu/lib" "-Wl,-Bstatic" "/opt/rustwide/target/debug/deps/libcargo_update-75ca83aefc73b998.rlib" "/opt/rustwide/target/debug/deps/libhex-4d02e2a3e313017d.rlib" "/opt/rustwide/target/debug/deps/libjson-731b202608497e63.rlib" "/opt/rustwide/target/debug/deps/libtoml-c3670804e64a3dda.rlib" "/opt/rustwide/target/debug/deps/libdirs-850474e343703d44.rlib" "/opt/rustwide/target/debug/deps/libdirs_sys-74ef343cce2ba1cc.rlib" "/opt/rustwide/target/debug/deps/libcfg_if-e7a28af79b261e75.rlib" "/opt/rustwide/target/debug/deps/libclap-6631550516fe5e4f.rlib" "/opt/rustwide/target/debug/deps/libvec_map-07385fbe5fb99a77.rlib" "/opt/rustwide/target/debug/deps/libtextwrap-c4c03e84d6a1d831.rlib" "/opt/rustwide/target/debug/deps/libunicode_width-5cf7ed896e8bb5a9.rlib" "/opt/rustwide/target/debug/deps/libterm_size-6dd5a55d4aac4261.rlib" "/opt/rustwide/target/debug/deps/libstrsim-b10957d572414a9c.rlib" "/opt/rustwide/target/debug/deps/libatty-f7a3e66333e5f605.rlib" "/opt/rustwide/target/debug/deps/libansi_term-e2a35aae900e64a8.rlib" "/opt/rustwide/target/debug/deps/libgit2-b1810ea65d8a80ea.rlib" "/opt/rustwide/target/debug/deps/libopenssl_probe-a7953e41b0152cb3.rlib" "/opt/rustwide/target/debug/deps/liburl-cb9fa01d083e78d0.rlib" "/opt/rustwide/target/debug/deps/libidna-8a64513ece5ecebb.rlib" "/opt/rustwide/target/debug/deps/libunicode_normalization-b39c05c9c6527e94.rlib" "/opt/rustwide/target/debug/deps/libsmallvec-c92cc3a0e61359a8.rlib" "/opt/rustwide/target/debug/deps/libmaybe_uninit-17ac005437abed86.rlib" "/opt/rustwide/target/debug/deps/libunicode_bidi-cd5d16f1476c6336.rlib" "/opt/rustwide/target/debug/deps/libform_urlencoded-64c48050f569228e.rlib" "/opt/rustwide/target/debug/deps/libpercent_encoding-549c334c22432c49.rlib" "/opt/rustwide/target/debug/deps/libmatches-5bfcef5685786a07.rlib" "/opt/rustwide/target/debug/deps/liblog-975203197fcf8dc1.rlib" "/opt/rustwide/target/debug/deps/libcfg_if-38c8a3e888ecb06a.rlib" "/opt/rustwide/target/debug/deps/liblibgit2_sys-5c4f911b533398b2.rlib" "/opt/rustwide/target/debug/deps/liblibssh2_sys-a066c779bafd3b63.rlib" "/opt/rustwide/target/debug/deps/libopenssl_sys-081a671a772a4d27.rlib" "/opt/rustwide/target/debug/deps/liblibz_sys-c3563d4e59836fc3.rlib" "/opt/rustwide/target/debug/deps/liblibc-34fd6f37639cd081.rlib" "/opt/rustwide/target/debug/deps/libbitflags-f89ae4b715176e2d.rlib" "/opt/rustwide/target/debug/deps/libregex-3dddbc0c385529d6.rlib" "/opt/rustwide/target/debug/deps/libregex_syntax-b672c9191f2c7225.rlib" "/opt/rustwide/target/debug/deps/libaho_corasick-5234701034b12ee4.rlib" "/opt/rustwide/target/debug/deps/libmemchr-9559fd627c3017a7.rlib" "/opt/rustwide/target/debug/deps/libsemver-8c2c8e766ffc9bd1.rlib" "/opt/rustwide/target/debug/deps/libserde-904cd245b9f568f0.rlib" "/opt/rustwide/target/debug/deps/libsemver_parser-24fc5579b2134304.rlib" "/opt/rustwide/target/debug/deps/libarray_tool-9b24c6210b978978.rlib" "/opt/rustwide/target/debug/deps/liblazy_static-5c53d641eb010a81.rlib" "-Wl,--start-group" "/opt/rustwide/rustup-home/toolchains/1.54.0-x86_64-unknown-linux-gnu/lib/rustlib/x86_64-unknown-linux-gnu/lib/libstd-2420485b9e5ef5e1.rlib" "/opt/rustwide/rustup-home/toolchains/1.54.0-x86_64-unknown-linux-gnu/lib/rustlib/x86_64-unknown-linux-gnu/lib/libpanic_unwind-785e3cb61c4b1960.rlib" "/opt/rustwide/rustup-home/toolchains/1.54.0-x86_64-unknown-linux-gnu/lib/rustlib/x86_64-unknown-linux-gnu/lib/libminiz_oxide-087191a88bdaa22d.rlib" "/opt/rustwide/rustup-home/toolchains/1.54.0-x86_64-unknown-linux-gnu/lib/rustlib/x86_64-unknown-linux-gnu/lib/libadler-9981842c02975178.rlib" "/opt/rustwide/rustup-home/toolchains/1.54.0-x86_64-unknown-linux-gnu/lib/rustlib/x86_64-unknown-linux-gnu/lib/libobject-6fb405869b015fde.rlib" "/opt/rustwide/rustup-home/toolchains/1.54.0-x86_64-unknown-linux-gnu/lib/rustlib/x86_64-unknown-linux-gnu/lib/libaddr2line-d05c5c3c56004b7b.rlib" "/opt/rustwide/rustup-home/toolchains/1.54.0-x86_64-unknown-linux-gnu/lib/rustlib/x86_64-unknown-linux-gnu/lib/libgimli-42d74d2097528b38.rlib" "/opt/rustwide/rustup-home/toolchains/1.54.0-x86_64-unknown-linux-gnu/lib/rustlib/x86_64-unknown-linux-gnu/lib/libstd_detect-fb36534c113d2209.rlib" "/opt/rustwide/rustup-home/toolchains/1.54.0-x86_64-unknown-linux-gnu/lib/rustlib/x86_64-unknown-linux-gnu/lib/librustc_demangle-b56b9042c12b6535.rlib" "/opt/rustwide/rustup-home/toolchains/1.54.0-x86_64-unknown-linux-gnu/lib/rustlib/x86_64-unknown-linux-gnu/lib/libhashbrown-491902d6cb3e76df.rlib" "/opt/rustwide/rustup-home/toolchains/1.54.0-x86_64-unknown-linux-gnu/lib/rustlib/x86_64-unknown-linux-gnu/lib/librustc_std_workspace_alloc-61834e0981b8c367.rlib" "/opt/rustwide/rustup-home/toolchains/1.54.0-x86_64-unknown-linux-gnu/lib/rustlib/x86_64-unknown-linux-gnu/lib/libunwind-f78aa99d613a55bc.rlib" "/opt/rustwide/rustup-home/toolchains/1.54.0-x86_64-unknown-linux-gnu/lib/rustlib/x86_64-unknown-linux-gnu/lib/libcfg_if-53ee54cd7fed2c57.rlib" "/opt/rustwide/rustup-home/toolchains/1.54.0-x86_64-unknown-linux-gnu/lib/rustlib/x86_64-unknown-linux-gnu/lib/liblibc-544ecdbd6cda3c58.rlib" "/opt/rustwide/rustup-home/toolchains/1.54.0-x86_64-unknown-linux-gnu/lib/rustlib/x86_64-unknown-linux-gnu/lib/liballoc-379cc252b6943a79.rlib" "/opt/rustwide/rustup-home/toolchains/1.54.0-x86_64-unknown-linux-gnu/lib/rustlib/x86_64-unknown-linux-gnu/lib/librustc_std_workspace_core-8063eea38dcc5e62.rlib" "/opt/rustwide/rustup-home/toolchains/1.54.0-x86_64-unknown-linux-gnu/lib/rustlib/x86_64-unknown-linux-gnu/lib/libcore-5b228734afae15ee.rlib" "-Wl,--end-group" "/opt/rustwide/rustup-home/toolchains/1.54.0-x86_64-unknown-linux-gnu/lib/rustlib/x86_64-unknown-linux-gnu/lib/libcompiler_builtins-d6c7a399d95d173f.rlib" "-Wl,-Bdynamic" "-lssl" "-lcrypto" "-lz" "-lgcc_s" "-lutil" "-lrt" "-lpthread" "-lm" "-ldl" "-lc" "-Wl,--eh-frame-hdr" "-Wl,-znoexecstack" "-L" "/opt/rustwide/rustup-home/toolchains/1.54.0-x86_64-unknown-linux-gnu/lib/rustlib/x86_64-unknown-linux-gnu/lib" "-o" "/tmp/rustdoctestjoUWBG/rust_out" "-Wl,--gc-sections" "-pie" "-Wl,-zrelro" "-Wl,-znow" "-nodefaultlibs"
[INFO] [stdout]   = note: collect2: fatal error: ld terminated with signal 9 [Killed]
[INFO] [stdout]           compilation terminated.
[INFO] [stdout]           
[INFO] [stdout] 
[INFO] [stdout] error: aborting due to previous error
[INFO] [stdout] 
[INFO] [stdout] Couldn't compile the test.
[INFO] [stdout] ---- src/ops/mod.rs - ops::RegistryPackage (line 43) stdout ----
[INFO] [stdout] Couldn't compile the test.
[INFO] [stdout] ---- src/ops/mod.rs - ops::assert_index_path (line 859) stdout ----
[INFO] [stdout] Couldn't compile the test.
[INFO] [stdout] ---- src/ops/config.rs - ops::config::PackageConfig (line 46) stdout ----
[INFO] [stdout] error: linking with `cc` failed: exit status: 1
[INFO] [stdout]   |
[INFO] [stdout]   = note: "cc" "-m64" "/tmp/rustdoctestJ5kdaQ/rust_out.rust_out.7rcbfp3g-cgu.0.rcgu.o" "/tmp/rustdoctestJ5kdaQ/rust_out.33dyzt1ekirinwy8.rcgu.o" "-Wl,--as-needed" "-L" "/opt/rustwide/target/debug/deps" "-L" "/opt/rustwide/target/debug/deps" "-L" "/opt/rustwide/target/debug/build/libgit2-sys-50915e678a29ed27/out/build" "-L" "/opt/rustwide/target/debug/build/libssh2-sys-4f6dd2b26b0cab9e/out/build" "-L" "/opt/rustwide/rustup-home/toolchains/1.54.0-x86_64-unknown-linux-gnu/lib/rustlib/x86_64-unknown-linux-gnu/lib" "-Wl,-Bstatic" "/opt/rustwide/target/debug/deps/libcargo_update-75ca83aefc73b998.rlib" "/opt/rustwide/target/debug/deps/libhex-4d02e2a3e313017d.rlib" "/opt/rustwide/target/debug/deps/libjson-731b202608497e63.rlib" "/opt/rustwide/target/debug/deps/libtoml-c3670804e64a3dda.rlib" "/opt/rustwide/target/debug/deps/libdirs-850474e343703d44.rlib" "/opt/rustwide/target/debug/deps/libdirs_sys-74ef343cce2ba1cc.rlib" "/opt/rustwide/target/debug/deps/libcfg_if-e7a28af79b261e75.rlib" "/opt/rustwide/target/debug/deps/libclap-6631550516fe5e4f.rlib" "/opt/rustwide/target/debug/deps/libvec_map-07385fbe5fb99a77.rlib" "/opt/rustwide/target/debug/deps/libtextwrap-c4c03e84d6a1d831.rlib" "/opt/rustwide/target/debug/deps/libunicode_width-5cf7ed896e8bb5a9.rlib" "/opt/rustwide/target/debug/deps/libterm_size-6dd5a55d4aac4261.rlib" "/opt/rustwide/target/debug/deps/libstrsim-b10957d572414a9c.rlib" "/opt/rustwide/target/debug/deps/libatty-f7a3e66333e5f605.rlib" "/opt/rustwide/target/debug/deps/libansi_term-e2a35aae900e64a8.rlib" "/opt/rustwide/target/debug/deps/libgit2-b1810ea65d8a80ea.rlib" "/opt/rustwide/target/debug/deps/libopenssl_probe-a7953e41b0152cb3.rlib" "/opt/rustwide/target/debug/deps/liburl-cb9fa01d083e78d0.rlib" "/opt/rustwide/target/debug/deps/libidna-8a64513ece5ecebb.rlib" "/opt/rustwide/target/debug/deps/libunicode_normalization-b39c05c9c6527e94.rlib" "/opt/rustwide/target/debug/deps/libsmallvec-c92cc3a0e61359a8.rlib" "/opt/rustwide/target/debug/deps/libmaybe_uninit-17ac005437abed86.rlib" "/opt/rustwide/target/debug/deps/libunicode_bidi-cd5d16f1476c6336.rlib" "/opt/rustwide/target/debug/deps/libform_urlencoded-64c48050f569228e.rlib" "/opt/rustwide/target/debug/deps/libpercent_encoding-549c334c22432c49.rlib" "/opt/rustwide/target/debug/deps/libmatches-5bfcef5685786a07.rlib" "/opt/rustwide/target/debug/deps/liblog-975203197fcf8dc1.rlib" "/opt/rustwide/target/debug/deps/libcfg_if-38c8a3e888ecb06a.rlib" "/opt/rustwide/target/debug/deps/liblibgit2_sys-5c4f911b533398b2.rlib" "/opt/rustwide/target/debug/deps/liblibssh2_sys-a066c779bafd3b63.rlib" "/opt/rustwide/target/debug/deps/libopenssl_sys-081a671a772a4d27.rlib" "/opt/rustwide/target/debug/deps/liblibz_sys-c3563d4e59836fc3.rlib" "/opt/rustwide/target/debug/deps/liblibc-34fd6f37639cd081.rlib" "/opt/rustwide/target/debug/deps/libbitflags-f89ae4b715176e2d.rlib" "/opt/rustwide/target/debug/deps/libregex-3dddbc0c385529d6.rlib" "/opt/rustwide/target/debug/deps/libregex_syntax-b672c9191f2c7225.rlib" "/opt/rustwide/target/debug/deps/libaho_corasick-5234701034b12ee4.rlib" "/opt/rustwide/target/debug/deps/libmemchr-9559fd627c3017a7.rlib" "/opt/rustwide/target/debug/deps/libsemver-8c2c8e766ffc9bd1.rlib" "/opt/rustwide/target/debug/deps/libserde-904cd245b9f568f0.rlib" "/opt/rustwide/target/debug/deps/libsemver_parser-24fc5579b2134304.rlib" "/opt/rustwide/target/debug/deps/libarray_tool-9b24c6210b978978.rlib" "/opt/rustwide/target/debug/deps/liblazy_static-5c53d641eb010a81.rlib" "-Wl,--start-group" "/opt/rustwide/rustup-home/toolchains/1.54.0-x86_64-unknown-linux-gnu/lib/rustlib/x86_64-unknown-linux-gnu/lib/libstd-2420485b9e5ef5e1.rlib" "/opt/rustwide/rustup-home/toolchains/1.54.0-x86_64-unknown-linux-gnu/lib/rustlib/x86_64-unknown-linux-gnu/lib/libpanic_unwind-785e3cb61c4b1960.rlib" "/opt/rustwide/rustup-home/toolchains/1.54.0-x86_64-unknown-linux-gnu/lib/rustlib/x86_64-unknown-linux-gnu/lib/libminiz_oxide-087191a88bdaa22d.rlib" "/opt/rustwide/rustup-home/toolchains/1.54.0-x86_64-unknown-linux-gnu/lib/rustlib/x86_64-unknown-linux-gnu/lib/libadler-9981842c02975178.rlib" "/opt/rustwide/rustup-home/toolchains/1.54.0-x86_64-unknown-linux-gnu/lib/rustlib/x86_64-unknown-linux-gnu/lib/libobject-6fb405869b015fde.rlib" "/opt/rustwide/rustup-home/toolchains/1.54.0-x86_64-unknown-linux-gnu/lib/rustlib/x86_64-unknown-linux-gnu/lib/libaddr2line-d05c5c3c56004b7b.rlib" "/opt/rustwide/rustup-home/toolchains/1.54.0-x86_64-unknown-linux-gnu/lib/rustlib/x86_64-unknown-linux-gnu/lib/libgimli-42d74d2097528b38.rlib" "/opt/rustwide/rustup-home/toolchains/1.54.0-x86_64-unknown-linux-gnu/lib/rustlib/x86_64-unknown-linux-gnu/lib/libstd_detect-fb36534c113d2209.rlib" "/opt/rustwide/rustup-home/toolchains/1.54.0-x86_64-unknown-linux-gnu/lib/rustlib/x86_64-unknown-linux-gnu/lib/librustc_demangle-b56b9042c12b6535.rlib" "/opt/rustwide/rustup-home/toolchains/1.54.0-x86_64-unknown-linux-gnu/lib/rustlib/x86_64-unknown-linux-gnu/lib/libhashbrown-491902d6cb3e76df.rlib" "/opt/rustwide/rustup-home/toolchains/1.54.0-x86_64-unknown-linux-gnu/lib/rustlib/x86_64-unknown-linux-gnu/lib/librustc_std_workspace_alloc-61834e0981b8c367.rlib" "/opt/rustwide/rustup-home/toolchains/1.54.0-x86_64-unknown-linux-gnu/lib/rustlib/x86_64-unknown-linux-gnu/lib/libunwind-f78aa99d613a55bc.rlib" "/opt/rustwide/rustup-home/toolchains/1.54.0-x86_64-unknown-linux-gnu/lib/rustlib/x86_64-unknown-linux-gnu/lib/libcfg_if-53ee54cd7fed2c57.rlib" "/opt/rustwide/rustup-home/toolchains/1.54.0-x86_64-unknown-linux-gnu/lib/rustlib/x86_64-unknown-linux-gnu/lib/liblibc-544ecdbd6cda3c58.rlib" "/opt/rustwide/rustup-home/toolchains/1.54.0-x86_64-unknown-linux-gnu/lib/rustlib/x86_64-unknown-linux-gnu/lib/liballoc-379cc252b6943a79.rlib" "/opt/rustwide/rustup-home/toolchains/1.54.0-x86_64-unknown-linux-gnu/lib/rustlib/x86_64-unknown-linux-gnu/lib/librustc_std_workspace_core-8063eea38dcc5e62.rlib" "/opt/rustwide/rustup-home/toolchains/1.54.0-x86_64-unknown-linux-gnu/lib/rustlib/x86_64-unknown-linux-gnu/lib/libcore-5b228734afae15ee.rlib" "-Wl,--end-group" "/opt/rustwide/rustup-home/toolchains/1.54.0-x86_64-unknown-linux-gnu/lib/rustlib/x86_64-unknown-linux-gnu/lib/libcompiler_builtins-d6c7a399d95d173f.rlib" "-Wl,-Bdynamic" "-lssl" "-lcrypto" "-lz" "-lgcc_s" "-lutil" "-lrt" "-lpthread" "-lm" "-ldl" "-lc" "-Wl,--eh-frame-hdr" "-Wl,-znoexecstack" "-L" "/opt/rustwide/rustup-home/toolchains/1.54.0-x86_64-unknown-linux-gnu/lib/rustlib/x86_64-unknown-linux-gnu/lib" "-o" "/tmp/rustdoctestJ5kdaQ/rust_out" "-Wl,--gc-sections" "-pie" "-Wl,-zrelro" "-Wl,-znow" "-nodefaultlibs"
[INFO] [stdout] Couldn't compile the test.
[INFO] [stdout] ---- src/ops/mod.rs - ops::installed_registry_packages (line 696) stdout ----
[INFO] [stdout] error: linking with `cc` failed: exit status: 1
[INFO] [stdout]   |
[INFO] [stdout]   = note: "cc" "-m64" "/tmp/rustdoctestjZJm6Q/rust_out.rust_out.7rcbfp3g-cgu.0.rcgu.o" "/tmp/rustdoctestjZJm6Q/rust_out.33dyzt1ekirinwy8.rcgu.o" "-Wl,--as-needed" "-L" "/opt/rustwide/target/debug/deps" "-L" "/opt/rustwide/target/debug/deps" "-L" "/opt/rustwide/target/debug/build/libgit2-sys-50915e678a29ed27/out/build" "-L" "/opt/rustwide/target/debug/build/libssh2-sys-4f6dd2b26b0cab9e/out/build" "-L" "/opt/rustwide/rustup-home/toolchains/1.54.0-x86_64-unknown-linux-gnu/lib/rustlib/x86_64-unknown-linux-gnu/lib" "-Wl,-Bstatic" "/opt/rustwide/target/debug/deps/libcargo_update-75ca83aefc73b998.rlib" "/opt/rustwide/target/debug/deps/libhex-4d02e2a3e313017d.rlib" "/opt/rustwide/target/debug/deps/libjson-731b202608497e63.rlib" "/opt/rustwide/target/debug/deps/libtoml-c3670804e64a3dda.rlib" "/opt/rustwide/target/debug/deps/libdirs-850474e343703d44.rlib" "/opt/rustwide/target/debug/deps/libdirs_sys-74ef343cce2ba1cc.rlib" "/opt/rustwide/target/debug/deps/libcfg_if-e7a28af79b261e75.rlib" "/opt/rustwide/target/debug/deps/libclap-6631550516fe5e4f.rlib" "/opt/rustwide/target/debug/deps/libvec_map-07385fbe5fb99a77.rlib" "/opt/rustwide/target/debug/deps/libtextwrap-c4c03e84d6a1d831.rlib" "/opt/rustwide/target/debug/deps/libunicode_width-5cf7ed896e8bb5a9.rlib" "/opt/rustwide/target/debug/deps/libterm_size-6dd5a55d4aac4261.rlib" "/opt/rustwide/target/debug/deps/libstrsim-b10957d572414a9c.rlib" "/opt/rustwide/target/debug/deps/libatty-f7a3e66333e5f605.rlib" "/opt/rustwide/target/debug/deps/libansi_term-e2a35aae900e64a8.rlib" "/opt/rustwide/target/debug/deps/libgit2-b1810ea65d8a80ea.rlib" "/opt/rustwide/target/debug/deps/libopenssl_probe-a7953e41b0152cb3.rlib" "/opt/rustwide/target/debug/deps/liburl-cb9fa01d083e78d0.rlib" "/opt/rustwide/target/debug/deps/libidna-8a64513ece5ecebb.rlib" "/opt/rustwide/target/debug/deps/libunicode_normalization-b39c05c9c6527e94.rlib" "/opt/rustwide/target/debug/deps/libsmallvec-c92cc3a0e61359a8.rlib" "/opt/rustwide/target/debug/deps/libmaybe_uninit-17ac005437abed86.rlib" "/opt/rustwide/target/debug/deps/libunicode_bidi-cd5d16f1476c6336.rlib" "/opt/rustwide/target/debug/deps/libform_urlencoded-64c48050f569228e.rlib" "/opt/rustwide/target/debug/deps/libpercent_encoding-549c334c22432c49.rlib" "/opt/rustwide/target/debug/deps/libmatches-5bfcef5685786a07.rlib" "/opt/rustwide/target/debug/deps/liblog-975203197fcf8dc1.rlib" "/opt/rustwide/target/debug/deps/libcfg_if-38c8a3e888ecb06a.rlib" "/opt/rustwide/target/debug/deps/liblibgit2_sys-5c4f911b533398b2.rlib" "/opt/rustwide/target/debug/deps/liblibssh2_sys-a066c779bafd3b63.rlib" "/opt/rustwide/target/debug/deps/libopenssl_sys-081a671a772a4d27.rlib" "/opt/rustwide/target/debug/deps/liblibz_sys-c3563d4e59836fc3.rlib" "/opt/rustwide/target/debug/deps/liblibc-34fd6f37639cd081.rlib" "/opt/rustwide/target/debug/deps/libbitflags-f89ae4b715176e2d.rlib" "/opt/rustwide/target/debug/deps/libregex-3dddbc0c385529d6.rlib" "/opt/rustwide/target/debug/deps/libregex_syntax-b672c9191f2c7225.rlib" "/opt/rustwide/target/debug/deps/libaho_corasick-5234701034b12ee4.rlib" "/opt/rustwide/target/debug/deps/libmemchr-9559fd627c3017a7.rlib" "/opt/rustwide/target/debug/deps/libsemver-8c2c8e766ffc9bd1.rlib" "/opt/rustwide/target/debug/deps/libserde-904cd245b9f568f0.rlib" "/opt/rustwide/target/debug/deps/libsemver_parser-24fc5579b2134304.rlib" "/opt/rustwide/target/debug/deps/libarray_tool-9b24c6210b978978.rlib" "/opt/rustwide/target/debug/deps/liblazy_static-5c53d641eb010a81.rlib" "-Wl,--start-group" "/opt/rustwide/rustup-home/toolchains/1.54.0-x86_64-unknown-linux-gnu/lib/rustlib/x86_64-unknown-linux-gnu/lib/libstd-2420485b9e5ef5e1.rlib" "/opt/rustwide/rustup-home/toolchains/1.54.0-x86_64-unknown-linux-gnu/lib/rustlib/x86_64-unknown-linux-gnu/lib/libpanic_unwind-785e3cb61c4b1960.rlib" "/opt/rustwide/rustup-home/toolchains/1.54.0-x86_64-unknown-linux-gnu/lib/rustlib/x86_64-unknown-linux-gnu/lib/libminiz_oxide-087191a88bdaa22d.rlib" "/opt/rustwide/rustup-home/toolchains/1.54.0-x86_64-unknown-linux-gnu/lib/rustlib/x86_64-unknown-linux-gnu/lib/libadler-9981842c02975178.rlib" "/opt/rustwide/rustup-home/toolchains/1.54.0-x86_64-unknown-linux-gnu/lib/rustlib/x86_64-unknown-linux-gnu/lib/libobject-6fb405869b015fde.rlib" "/opt/rustwide/rustup-home/toolchains/1.54.0-x86_64-unknown-linux-gnu/lib/rustlib/x86_64-unknown-linux-gnu/lib/libaddr2line-d05c5c3c56004b7b.rlib" "/opt/rustwide/rustup-home/toolchains/1.54.0-x86_64-unknown-linux-gnu/lib/rustlib/x86_64-unknown-linux-gnu/lib/libgimli-42d74d2097528b38.rlib" "/opt/rustwide/rustup-home/toolchains/1.54.0-x86_64-unknown-linux-gnu/lib/rustlib/x86_64-unknown-linux-gnu/lib/libstd_detect-fb36534c113d2209.rlib" "/opt/rustwide/rustup-home/toolchains/1.54.0-x86_64-unknown-linux-gnu/lib/rustlib/x86_64-unknown-linux-gnu/lib/librustc_demangle-b56b9042c12b6535.rlib" "/opt/rustwide/rustup-home/toolchains/1.54.0-x86_64-unknown-linux-gnu/lib/rustlib/x86_64-unknown-linux-gnu/lib/libhashbrown-491902d6cb3e76df.rlib" "/opt/rustwide/rustup-home/toolchains/1.54.0-x86_64-unknown-linux-gnu/lib/rustlib/x86_64-unknown-linux-gnu/lib/librustc_std_workspace_alloc-61834e0981b8c367.rlib" "/opt/rustwide/rustup-home/toolchains/1.54.0-x86_64-unknown-linux-gnu/lib/rustlib/x86_64-unknown-linux-gnu/lib/libunwind-f78aa99d613a55bc.rlib" "/opt/rustwide/rustup-home/toolchains/1.54.0-x86_64-unknown-linux-gnu/lib/rustlib/x86_64-unknown-linux-gnu/lib/libcfg_if-53ee54cd7fed2c57.rlib" "/opt/rustwide/rustup-home/toolchains/1.54.0-x86_64-unknown-linux-gnu/lib/rustlib/x86_64-unknown-linux-gnu/lib/liblibc-544ecdbd6cda3c58.rlib" "/opt/rustwide/rustup-home/toolchains/1.54.0-x86_64-unknown-linux-gnu/lib/rustlib/x86_64-unknown-linux-gnu/lib/liballoc-379cc252b6943a79.rlib" "/opt/rustwide/rustup-home/toolchains/1.54.0-x86_64-unknown-linux-gnu/lib/rustlib/x86_64-unknown-linux-gnu/lib/librustc_std_workspace_core-8063eea38dcc5e62.rlib" "/opt/rustwide/rustup-home/toolchains/1.54.0-x86_64-unknown-linux-gnu/lib/rustlib/x86_64-unknown-linux-gnu/lib/libcore-5b228734afae15ee.rlib" "-Wl,--end-group" "/opt/rustwide/rustup-home/toolchains/1.54.0-x86_64-unknown-linux-gnu/lib/rustlib/x86_64-unknown-linux-gnu/lib/libcompiler_builtins-d6c7a399d95d173f.rlib" "-Wl,-Bdynamic" "-lssl" "-lcrypto" "-lz" "-lgcc_s" "-lutil" "-lrt" "-lpthread" "-lm" "-ldl" "-lc" "-Wl,--eh-frame-hdr" "-Wl,-znoexecstack" "-L" "/opt/rustwide/rustup-home/toolchains/1.54.0-x86_64-unknown-linux-gnu/lib/rustlib/x86_64-unknown-linux-gnu/lib" "-o" "/tmp/rustdoctestjZJm6Q/rust_out" "-Wl,--gc-sections" "-pie" "-Wl,-zrelro" "-Wl,-znow" "-nodefaultlibs"
[INFO] [stdout]   = note: collect2: fatal error: ld terminated with signal 9 [Killed]
[INFO] [stdout]           compilation terminated.
[INFO] [stdout]           
[INFO] [stdout] 
[INFO] [stdout] error: aborting due to previous error
[INFO] [stdout] 
[INFO] [stdout] Couldn't compile the test.
[INFO] [stdout] ---- src/ops/mod.rs - ops::installed_git_repo_packages (line 741) stdout ----
[INFO] [stdout] error: linking with `cc` failed: exit status: 1
[INFO] [stdout]   |
[INFO] [stdout]   = note: "cc" "-m64" "/tmp/rustdoctest0VLQO3/rust_out.rust_out.7rcbfp3g-cgu.0.rcgu.o" "/tmp/rustdoctest0VLQO3/rust_out.33dyzt1ekirinwy8.rcgu.o" "-Wl,--as-needed" "-L" "/opt/rustwide/target/debug/deps" "-L" "/opt/rustwide/target/debug/deps" "-L" "/opt/rustwide/target/debug/build/libgit2-sys-50915e678a29ed27/out/build" "-L" "/opt/rustwide/target/debug/build/libssh2-sys-4f6dd2b26b0cab9e/out/build" "-L" "/opt/rustwide/rustup-home/toolchains/1.54.0-x86_64-unknown-linux-gnu/lib/rustlib/x86_64-unknown-linux-gnu/lib" "-Wl,-Bstatic" "/opt/rustwide/target/debug/deps/libcargo_update-75ca83aefc73b998.rlib" "/opt/rustwide/target/debug/deps/libhex-4d02e2a3e313017d.rlib" "/opt/rustwide/target/debug/deps/libjson-731b202608497e63.rlib" "/opt/rustwide/target/debug/deps/libtoml-c3670804e64a3dda.rlib" "/opt/rustwide/target/debug/deps/libdirs-850474e343703d44.rlib" "/opt/rustwide/target/debug/deps/libdirs_sys-74ef343cce2ba1cc.rlib" "/opt/rustwide/target/debug/deps/libcfg_if-e7a28af79b261e75.rlib" "/opt/rustwide/target/debug/deps/libclap-6631550516fe5e4f.rlib" "/opt/rustwide/target/debug/deps/libvec_map-07385fbe5fb99a77.rlib" "/opt/rustwide/target/debug/deps/libtextwrap-c4c03e84d6a1d831.rlib" "/opt/rustwide/target/debug/deps/libunicode_width-5cf7ed896e8bb5a9.rlib" "/opt/rustwide/target/debug/deps/libterm_size-6dd5a55d4aac4261.rlib" "/opt/rustwide/target/debug/deps/libstrsim-b10957d572414a9c.rlib" "/opt/rustwide/target/debug/deps/libatty-f7a3e66333e5f605.rlib" "/opt/rustwide/target/debug/deps/libansi_term-e2a35aae900e64a8.rlib" "/opt/rustwide/target/debug/deps/libgit2-b1810ea65d8a80ea.rlib" "/opt/rustwide/target/debug/deps/libopenssl_probe-a7953e41b0152cb3.rlib" "/opt/rustwide/target/debug/deps/liburl-cb9fa01d083e78d0.rlib" "/opt/rustwide/target/debug/deps/libidna-8a64513ece5ecebb.rlib" "/opt/rustwide/target/debug/deps/libunicode_normalization-b39c05c9c6527e94.rlib" "/opt/rustwide/target/debug/deps/libsmallvec-c92cc3a0e61359a8.rlib" "/opt/rustwide/target/debug/deps/libmaybe_uninit-17ac005437abed86.rlib" "/opt/rustwide/target/debug/deps/libunicode_bidi-cd5d16f1476c6336.rlib" "/opt/rustwide/target/debug/deps/libform_urlencoded-64c48050f569228e.rlib" "/opt/rustwide/target/debug/deps/libpercent_encoding-549c334c22432c49.rlib" "/opt/rustwide/target/debug/deps/libmatches-5bfcef5685786a07.rlib" "/opt/rustwide/target/debug/deps/liblog-975203197fcf8dc1.rlib" "/opt/rustwide/target/debug/deps/libcfg_if-38c8a3e888ecb06a.rlib" "/opt/rustwide/target/debug/deps/liblibgit2_sys-5c4f911b533398b2.rlib" "/opt/rustwide/target/debug/deps/liblibssh2_sys-a066c779bafd3b63.rlib" "/opt/rustwide/target/debug/deps/libopenssl_sys-081a671a772a4d27.rlib" "/opt/rustwide/target/debug/deps/liblibz_sys-c3563d4e59836fc3.rlib" "/opt/rustwide/target/debug/deps/liblibc-34fd6f37639cd081.rlib" "/opt/rustwide/target/debug/deps/libbitflags-f89ae4b715176e2d.rlib" "/opt/rustwide/target/debug/deps/libregex-3dddbc0c385529d6.rlib" "/opt/rustwide/target/debug/deps/libregex_syntax-b672c9191f2c7225.rlib" "/opt/rustwide/target/debug/deps/libaho_corasick-5234701034b12ee4.rlib" "/opt/rustwide/target/debug/deps/libmemchr-9559fd627c3017a7.rlib" "/opt/rustwide/target/debug/deps/libsemver-8c2c8e766ffc9bd1.rlib" "/opt/rustwide/target/debug/deps/libserde-904cd245b9f568f0.rlib" "/opt/rustwide/target/debug/deps/libsemver_parser-24fc5579b2134304.rlib" "/opt/rustwide/target/debug/deps/libarray_tool-9b24c6210b978978.rlib" "/opt/rustwide/target/debug/deps/liblazy_static-5c53d641eb010a81.rlib" "-Wl,--start-group" "/opt/rustwide/rustup-home/toolchains/1.54.0-x86_64-unknown-linux-gnu/lib/rustlib/x86_64-unknown-linux-gnu/lib/libstd-2420485b9e5ef5e1.rlib" "/opt/rustwide/rustup-home/toolchains/1.54.0-x86_64-unknown-linux-gnu/lib/rustlib/x86_64-unknown-linux-gnu/lib/libpanic_unwind-785e3cb61c4b1960.rlib" "/opt/rustwide/rustup-home/toolchains/1.54.0-x86_64-unknown-linux-gnu/lib/rustlib/x86_64-unknown-linux-gnu/lib/libminiz_oxide-087191a88bdaa22d.rlib" "/opt/rustwide/rustup-home/toolchains/1.54.0-x86_64-unknown-linux-gnu/lib/rustlib/x86_64-unknown-linux-gnu/lib/libadler-9981842c02975178.rlib" "/opt/rustwide/rustup-home/toolchains/1.54.0-x86_64-unknown-linux-gnu/lib/rustlib/x86_64-unknown-linux-gnu/lib/libobject-6fb405869b015fde.rlib" "/opt/rustwide/rustup-home/toolchains/1.54.0-x86_64-unknown-linux-gnu/lib/rustlib/x86_64-unknown-linux-gnu/lib/libaddr2line-d05c5c3c56004b7b.rlib" "/opt/rustwide/rustup-home/toolchains/1.54.0-x86_64-unknown-linux-gnu/lib/rustlib/x86_64-unknown-linux-gnu/lib/libgimli-42d74d2097528b38.rlib" "/opt/rustwide/rustup-home/toolchains/1.54.0-x86_64-unknown-linux-gnu/lib/rustlib/x86_64-unknown-linux-gnu/lib/libstd_detect-fb36534c113d2209.rlib" "/opt/rustwide/rustup-home/toolchains/1.54.0-x86_64-unknown-linux-gnu/lib/rustlib/x86_64-unknown-linux-gnu/lib/librustc_demangle-b56b9042c12b6535.rlib" "/opt/rustwide/rustup-home/toolchains/1.54.0-x86_64-unknown-linux-gnu/lib/rustlib/x86_64-unknown-linux-gnu/lib/libhashbrown-491902d6cb3e76df.rlib" "/opt/rustwide/rustup-home/toolchains/1.54.0-x86_64-unknown-linux-gnu/lib/rustlib/x86_64-unknown-linux-gnu/lib/librustc_std_workspace_alloc-61834e0981b8c367.rlib" "/opt/rustwide/rustup-home/toolchains/1.54.0-x86_64-unknown-linux-gnu/lib/rustlib/x86_64-unknown-linux-gnu/lib/libunwind-f78aa99d613a55bc.rlib" "/opt/rustwide/rustup-home/toolchains/1.54.0-x86_64-unknown-linux-gnu/lib/rustlib/x86_64-unknown-linux-gnu/lib/libcfg_if-53ee54cd7fed2c57.rlib" "/opt/rustwide/rustup-home/toolchains/1.54.0-x86_64-unknown-linux-gnu/lib/rustlib/x86_64-unknown-linux-gnu/lib/liblibc-544ecdbd6cda3c58.rlib" "/opt/rustwide/rustup-home/toolchains/1.54.0-x86_64-unknown-linux-gnu/lib/rustlib/x86_64-unknown-linux-gnu/lib/liballoc-379cc252b6943a79.rlib" "/opt/rustwide/rustup-home/toolchains/1.54.0-x86_64-unknown-linux-gnu/lib/rustlib/x86_64-unknown-linux-gnu/lib/librustc_std_workspace_core-8063eea38dcc5e62.rlib" "/opt/rustwide/rustup-home/toolchains/1.54.0-x86_64-unknown-linux-gnu/lib/rustlib/x86_64-unknown-linux-gnu/lib/libcore-5b228734afae15ee.rlib" "-Wl,--end-group" "/opt/rustwide/rustup-home/toolchains/1.54.0-x86_64-unknown-linux-gnu/lib/rustlib/x86_64-unknown-linux-gnu/lib/libcompiler_builtins-d6c7a399d95d173f.rlib" "-Wl,-Bdynamic" "-lssl" "-lcrypto" "-lz" "-lgcc_s" "-lutil" "-lrt" "-lpthread" "-lm" "-ldl" "-lc" "-Wl,--eh-frame-hdr" "-Wl,-znoexecstack" "-L" "/opt/rustwide/rustup-home/toolchains/1.54.0-x86_64-unknown-linux-gnu/lib/rustlib/x86_64-unknown-linux-gnu/lib" "-o" "/tmp/rustdoctest0VLQO3/rust_out" "-Wl,--gc-sections" "-pie" "-Wl,-zrelro" "-Wl,-znow" "-nodefaultlibs"
[INFO] [stdout]   = note: collect2: fatal error: ld terminated with signal 9 [Killed]
[INFO] [stdout]           compilation terminated.
[INFO] [stdout]           
[INFO] [stdout] 
[INFO] [stdout] error: aborting due to previous error
[INFO] [stdout] 
[INFO] [stdout] Couldn't compile the test.
[INFO] [stdout] ---- src/ops/mod.rs - ops::PackageFilterElement::matches (line 640) stdout ----
[INFO] [stdout] error: linking with `cc` failed: exit status: 1
[INFO] [stdout]   |
[INFO] [stdout]   = note: "cc" "-m64" "/tmp/rustdoctestTeWNlc/rust_out.rust_out.7rcbfp3g-cgu.0.rcgu.o" "/tmp/rustdoctestTeWNlc/rust_out.33dyzt1ekirinwy8.rcgu.o" "-Wl,--as-needed" "-L" "/opt/rustwide/target/debug/deps" "-L" "/opt/rustwide/target/debug/deps" "-L" "/opt/rustwide/target/debug/build/libgit2-sys-50915e678a29ed27/out/build" "-L" "/opt/rustwide/target/debug/build/libssh2-sys-4f6dd2b26b0cab9e/out/build" "-L" "/opt/rustwide/rustup-home/toolchains/1.54.0-x86_64-unknown-linux-gnu/lib/rustlib/x86_64-unknown-linux-gnu/lib" "-Wl,-Bstatic" "/opt/rustwide/target/debug/deps/libcargo_update-75ca83aefc73b998.rlib" "/opt/rustwide/target/debug/deps/libhex-4d02e2a3e313017d.rlib" "/opt/rustwide/target/debug/deps/libjson-731b202608497e63.rlib" "/opt/rustwide/target/debug/deps/libtoml-c3670804e64a3dda.rlib" "/opt/rustwide/target/debug/deps/libdirs-850474e343703d44.rlib" "/opt/rustwide/target/debug/deps/libdirs_sys-74ef343cce2ba1cc.rlib" "/opt/rustwide/target/debug/deps/libcfg_if-e7a28af79b261e75.rlib" "/opt/rustwide/target/debug/deps/libclap-6631550516fe5e4f.rlib" "/opt/rustwide/target/debug/deps/libvec_map-07385fbe5fb99a77.rlib" "/opt/rustwide/target/debug/deps/libtextwrap-c4c03e84d6a1d831.rlib" "/opt/rustwide/target/debug/deps/libunicode_width-5cf7ed896e8bb5a9.rlib" "/opt/rustwide/target/debug/deps/libterm_size-6dd5a55d4aac4261.rlib" "/opt/rustwide/target/debug/deps/libstrsim-b10957d572414a9c.rlib" "/opt/rustwide/target/debug/deps/libatty-f7a3e66333e5f605.rlib" "/opt/rustwide/target/debug/deps/libansi_term-e2a35aae900e64a8.rlib" "/opt/rustwide/target/debug/deps/libgit2-b1810ea65d8a80ea.rlib" "/opt/rustwide/target/debug/deps/libopenssl_probe-a7953e41b0152cb3.rlib" "/opt/rustwide/target/debug/deps/liburl-cb9fa01d083e78d0.rlib" "/opt/rustwide/target/debug/deps/libidna-8a64513ece5ecebb.rlib" "/opt/rustwide/target/debug/deps/libunicode_normalization-b39c05c9c6527e94.rlib" "/opt/rustwide/target/debug/deps/libsmallvec-c92cc3a0e61359a8.rlib" "/opt/rustwide/target/debug/deps/libmaybe_uninit-17ac005437abed86.rlib" "/opt/rustwide/target/debug/deps/libunicode_bidi-cd5d16f1476c6336.rlib" "/opt/rustwide/target/debug/deps/libform_urlencoded-64c48050f569228e.rlib" "/opt/rustwide/target/debug/deps/libpercent_encoding-549c334c22432c49.rlib" "/opt/rustwide/target/debug/deps/libmatches-5bfcef5685786a07.rlib" "/opt/rustwide/target/debug/deps/liblog-975203197fcf8dc1.rlib" "/opt/rustwide/target/debug/deps/libcfg_if-38c8a3e888ecb06a.rlib" "/opt/rustwide/target/debug/deps/liblibgit2_sys-5c4f911b533398b2.rlib" "/opt/rustwide/target/debug/deps/liblibssh2_sys-a066c779bafd3b63.rlib" "/opt/rustwide/target/debug/deps/libopenssl_sys-081a671a772a4d27.rlib" "/opt/rustwide/target/debug/deps/liblibz_sys-c3563d4e59836fc3.rlib" "/opt/rustwide/target/debug/deps/liblibc-34fd6f37639cd081.rlib" "/opt/rustwide/target/debug/deps/libbitflags-f89ae4b715176e2d.rlib" "/opt/rustwide/target/debug/deps/libregex-3dddbc0c385529d6.rlib" "/opt/rustwide/target/debug/deps/libregex_syntax-b672c9191f2c7225.rlib" "/opt/rustwide/target/debug/deps/libaho_corasick-5234701034b12ee4.rlib" "/opt/rustwide/target/debug/deps/libmemchr-9559fd627c3017a7.rlib" "/opt/rustwide/target/debug/deps/libsemver-8c2c8e766ffc9bd1.rlib" "/opt/rustwide/target/debug/deps/libserde-904cd245b9f568f0.rlib" "/opt/rustwide/target/debug/deps/libsemver_parser-24fc5579b2134304.rlib" "/opt/rustwide/target/debug/deps/libarray_tool-9b24c6210b978978.rlib" "/opt/rustwide/target/debug/deps/liblazy_static-5c53d641eb010a81.rlib" "-Wl,--start-group" "/opt/rustwide/rustup-home/toolchains/1.54.0-x86_64-unknown-linux-gnu/lib/rustlib/x86_64-unknown-linux-gnu/lib/libstd-2420485b9e5ef5e1.rlib" "/opt/rustwide/rustup-home/toolchains/1.54.0-x86_64-unknown-linux-gnu/lib/rustlib/x86_64-unknown-linux-gnu/lib/libpanic_unwind-785e3cb61c4b1960.rlib" "/opt/rustwide/rustup-home/toolchains/1.54.0-x86_64-unknown-linux-gnu/lib/rustlib/x86_64-unknown-linux-gnu/lib/libminiz_oxide-087191a88bdaa22d.rlib" "/opt/rustwide/rustup-home/toolchains/1.54.0-x86_64-unknown-linux-gnu/lib/rustlib/x86_64-unknown-linux-gnu/lib/libadler-9981842c02975178.rlib" "/opt/rustwide/rustup-home/toolchains/1.54.0-x86_64-unknown-linux-gnu/lib/rustlib/x86_64-unknown-linux-gnu/lib/libobject-6fb405869b015fde.rlib" "/opt/rustwide/rustup-home/toolchains/1.54.0-x86_64-unknown-linux-gnu/lib/rustlib/x86_64-unknown-linux-gnu/lib/libaddr2line-d05c5c3c56004b7b.rlib" "/opt/rustwide/rustup-home/toolchains/1.54.0-x86_64-unknown-linux-gnu/lib/rustlib/x86_64-unknown-linux-gnu/lib/libgimli-42d74d2097528b38.rlib" "/opt/rustwide/rustup-home/toolchains/1.54.0-x86_64-unknown-linux-gnu/lib/rustlib/x86_64-unknown-linux-gnu/lib/libstd_detect-fb36534c113d2209.rlib" "/opt/rustwide/rustup-home/toolchains/1.54.0-x86_64-unknown-linux-gnu/lib/rustlib/x86_64-unknown-linux-gnu/lib/librustc_demangle-b56b9042c12b6535.rlib" "/opt/rustwide/rustup-home/toolchains/1.54.0-x86_64-unknown-linux-gnu/lib/rustlib/x86_64-unknown-linux-gnu/lib/libhashbrown-491902d6cb3e76df.rlib" "/opt/rustwide/rustup-home/toolchains/1.54.0-x86_64-unknown-linux-gnu/lib/rustlib/x86_64-unknown-linux-gnu/lib/librustc_std_workspace_alloc-61834e0981b8c367.rlib" "/opt/rustwide/rustup-home/toolchains/1.54.0-x86_64-unknown-linux-gnu/lib/rustlib/x86_64-unknown-linux-gnu/lib/libunwind-f78aa99d613a55bc.rlib" "/opt/rustwide/rustup-home/toolchains/1.54.0-x86_64-unknown-linux-gnu/lib/rustlib/x86_64-unknown-linux-gnu/lib/libcfg_if-53ee54cd7fed2c57.rlib" "/opt/rustwide/rustup-home/toolchains/1.54.0-x86_64-unknown-linux-gnu/lib/rustlib/x86_64-unknown-linux-gnu/lib/liblibc-544ecdbd6cda3c58.rlib" "/opt/rustwide/rustup-home/toolchains/1.54.0-x86_64-unknown-linux-gnu/lib/rustlib/x86_64-unknown-linux-gnu/lib/liballoc-379cc252b6943a79.rlib" "/opt/rustwide/rustup-home/toolchains/1.54.0-x86_64-unknown-linux-gnu/lib/rustlib/x86_64-unknown-linux-gnu/lib/librustc_std_workspace_core-8063eea38dcc5e62.rlib" "/opt/rustwide/rustup-home/toolchains/1.54.0-x86_64-unknown-linux-gnu/lib/rustlib/x86_64-unknown-linux-gnu/lib/libcore-5b228734afae15ee.rlib" "-Wl,--end-group" "/opt/rustwide/rustup-home/toolchains/1.54.0-x86_64-unknown-linux-gnu/lib/rustlib/x86_64-unknown-linux-gnu/lib/libcompiler_builtins-d6c7a399d95d173f.rlib" "-Wl,-Bdynamic" "-lssl" "-lcrypto" "-lz" "-lgcc_s" "-lutil" "-lrt" "-lpthread" "-lm" "-ldl" "-lc" "-Wl,--eh-frame-hdr" "-Wl,-znoexecstack" "-L" "/opt/rustwide/rustup-home/toolchains/1.54.0-x86_64-unknown-linux-gnu/lib/rustlib/x86_64-unknown-linux-gnu/lib" "-o" "/tmp/rustdoctestTeWNlc/rust_out" "-Wl,--gc-sections" "-pie" "-Wl,-zrelro" "-Wl,-znow" "-nodefaultlibs"
[INFO] [stdout]   = note: collect2: fatal error: ld terminated with signal 9 [Killed]
[INFO] [stdout]           compilation terminated.
[INFO] [stdout]           
[INFO] [stdout] 
[INFO] [stdout] error: aborting due to previous error
[INFO] [stdout] 
[INFO] [stdout] Couldn't compile the test.
[INFO] [stdout] ---- src/ops/config.rs - ops::config::PackageConfig::write (line 308) stdout ----
[INFO] [stdout] error: linking with `cc` failed: exit status: 1
[INFO] [stdout]   |
[INFO] [stdout]   = note: "cc" "-m64" "/tmp/rustdoctestxHRsED/rust_out.rust_out.7rcbfp3g-cgu.0.rcgu.o" "/tmp/rustdoctestxHRsED/rust_out.33dyzt1ekirinwy8.rcgu.o" "-Wl,--as-needed" "-L" "/opt/rustwide/target/debug/deps" "-L" "/opt/rustwide/target/debug/deps" "-L" "/opt/rustwide/target/debug/build/libgit2-sys-50915e678a29ed27/out/build" "-L" "/opt/rustwide/target/debug/build/libssh2-sys-4f6dd2b26b0cab9e/out/build" "-L" "/opt/rustwide/rustup-home/toolchains/1.54.0-x86_64-unknown-linux-gnu/lib/rustlib/x86_64-unknown-linux-gnu/lib" "-Wl,-Bstatic" "/opt/rustwide/target/debug/deps/libcargo_update-75ca83aefc73b998.rlib" "/opt/rustwide/target/debug/deps/libhex-4d02e2a3e313017d.rlib" "/opt/rustwide/target/debug/deps/libjson-731b202608497e63.rlib" "/opt/rustwide/target/debug/deps/libtoml-c3670804e64a3dda.rlib" "/opt/rustwide/target/debug/deps/libdirs-850474e343703d44.rlib" "/opt/rustwide/target/debug/deps/libdirs_sys-74ef343cce2ba1cc.rlib" "/opt/rustwide/target/debug/deps/libcfg_if-e7a28af79b261e75.rlib" "/opt/rustwide/target/debug/deps/libclap-6631550516fe5e4f.rlib" "/opt/rustwide/target/debug/deps/libvec_map-07385fbe5fb99a77.rlib" "/opt/rustwide/target/debug/deps/libtextwrap-c4c03e84d6a1d831.rlib" "/opt/rustwide/target/debug/deps/libunicode_width-5cf7ed896e8bb5a9.rlib" "/opt/rustwide/target/debug/deps/libterm_size-6dd5a55d4aac4261.rlib" "/opt/rustwide/target/debug/deps/libstrsim-b10957d572414a9c.rlib" "/opt/rustwide/target/debug/deps/libatty-f7a3e66333e5f605.rlib" "/opt/rustwide/target/debug/deps/libansi_term-e2a35aae900e64a8.rlib" "/opt/rustwide/target/debug/deps/libgit2-b1810ea65d8a80ea.rlib" "/opt/rustwide/target/debug/deps/libopenssl_probe-a7953e41b0152cb3.rlib" "/opt/rustwide/target/debug/deps/liburl-cb9fa01d083e78d0.rlib" "/opt/rustwide/target/debug/deps/libidna-8a64513ece5ecebb.rlib" "/opt/rustwide/target/debug/deps/libunicode_normalization-b39c05c9c6527e94.rlib" "/opt/rustwide/target/debug/deps/libsmallvec-c92cc3a0e61359a8.rlib" "/opt/rustwide/target/debug/deps/libmaybe_uninit-17ac005437abed86.rlib" "/opt/rustwide/target/debug/deps/libunicode_bidi-cd5d16f1476c6336.rlib" "/opt/rustwide/target/debug/deps/libform_urlencoded-64c48050f569228e.rlib" "/opt/rustwide/target/debug/deps/libpercent_encoding-549c334c22432c49.rlib" "/opt/rustwide/target/debug/deps/libmatches-5bfcef5685786a07.rlib" "/opt/rustwide/target/debug/deps/liblog-975203197fcf8dc1.rlib" "/opt/rustwide/target/debug/deps/libcfg_if-38c8a3e888ecb06a.rlib" "/opt/rustwide/target/debug/deps/liblibgit2_sys-5c4f911b533398b2.rlib" "/opt/rustwide/target/debug/deps/liblibssh2_sys-a066c779bafd3b63.rlib" "/opt/rustwide/target/debug/deps/libopenssl_sys-081a671a772a4d27.rlib" "/opt/rustwide/target/debug/deps/liblibz_sys-c3563d4e59836fc3.rlib" "/opt/rustwide/target/debug/deps/liblibc-34fd6f37639cd081.rlib" "/opt/rustwide/target/debug/deps/libbitflags-f89ae4b715176e2d.rlib" "/opt/rustwide/target/debug/deps/libregex-3dddbc0c385529d6.rlib" "/opt/rustwide/target/debug/deps/libregex_syntax-b672c9191f2c7225.rlib" "/opt/rustwide/target/debug/deps/libaho_corasick-5234701034b12ee4.rlib" "/opt/rustwide/target/debug/deps/libmemchr-9559fd627c3017a7.rlib" "/opt/rustwide/target/debug/deps/libsemver-8c2c8e766ffc9bd1.rlib" "/opt/rustwide/target/debug/deps/libserde-904cd245b9f568f0.rlib" "/opt/rustwide/target/debug/deps/libsemver_parser-24fc5579b2134304.rlib" "/opt/rustwide/target/debug/deps/libarray_tool-9b24c6210b978978.rlib" "/opt/rustwide/target/debug/deps/liblazy_static-5c53d641eb010a81.rlib" "-Wl,--start-group" "/opt/rustwide/rustup-home/toolchains/1.54.0-x86_64-unknown-linux-gnu/lib/rustlib/x86_64-unknown-linux-gnu/lib/libstd-2420485b9e5ef5e1.rlib" "/opt/rustwide/rustup-home/toolchains/1.54.0-x86_64-unknown-linux-gnu/lib/rustlib/x86_64-unknown-linux-gnu/lib/libpanic_unwind-785e3cb61c4b1960.rlib" "/opt/rustwide/rustup-home/toolchains/1.54.0-x86_64-unknown-linux-gnu/lib/rustlib/x86_64-unknown-linux-gnu/lib/libminiz_oxide-087191a88bdaa22d.rlib" "/opt/rustwide/rustup-home/toolchains/1.54.0-x86_64-unknown-linux-gnu/lib/rustlib/x86_64-unknown-linux-gnu/lib/libadler-9981842c02975178.rlib" "/opt/rustwide/rustup-home/toolchains/1.54.0-x86_64-unknown-linux-gnu/lib/rustlib/x86_64-unknown-linux-gnu/lib/libobject-6fb405869b015fde.rlib" "/opt/rustwide/rustup-home/toolchains/1.54.0-x86_64-unknown-linux-gnu/lib/rustlib/x86_64-unknown-linux-gnu/lib/libaddr2line-d05c5c3c56004b7b.rlib" "/opt/rustwide/rustup-home/toolchains/1.54.0-x86_64-unknown-linux-gnu/lib/rustlib/x86_64-unknown-linux-gnu/lib/libgimli-42d74d2097528b38.rlib" "/opt/rustwide/rustup-home/toolchains/1.54.0-x86_64-unknown-linux-gnu/lib/rustlib/x86_64-unknown-linux-gnu/lib/libstd_detect-fb36534c113d2209.rlib" "/opt/rustwide/rustup-home/toolchains/1.54.0-x86_64-unknown-linux-gnu/lib/rustlib/x86_64-unknown-linux-gnu/lib/librustc_demangle-b56b9042c12b6535.rlib" "/opt/rustwide/rustup-home/toolchains/1.54.0-x86_64-unknown-linux-gnu/lib/rustlib/x86_64-unknown-linux-gnu/lib/libhashbrown-491902d6cb3e76df.rlib" "/opt/rustwide/rustup-home/toolchains/1.54.0-x86_64-unknown-linux-gnu/lib/rustlib/x86_64-unknown-linux-gnu/lib/librustc_std_workspace_alloc-61834e0981b8c367.rlib" "/opt/rustwide/rustup-home/toolchains/1.54.0-x86_64-unknown-linux-gnu/lib/rustlib/x86_64-unknown-linux-gnu/lib/libunwind-f78aa99d613a55bc.rlib" "/opt/rustwide/rustup-home/toolchains/1.54.0-x86_64-unknown-linux-gnu/lib/rustlib/x86_64-unknown-linux-gnu/lib/libcfg_if-53ee54cd7fed2c57.rlib" "/opt/rustwide/rustup-home/toolchains/1.54.0-x86_64-unknown-linux-gnu/lib/rustlib/x86_64-unknown-linux-gnu/lib/liblibc-544ecdbd6cda3c58.rlib" "/opt/rustwide/rustup-home/toolchains/1.54.0-x86_64-unknown-linux-gnu/lib/rustlib/x86_64-unknown-linux-gnu/lib/liballoc-379cc252b6943a79.rlib" "/opt/rustwide/rustup-home/toolchains/1.54.0-x86_64-unknown-linux-gnu/lib/rustlib/x86_64-unknown-linux-gnu/lib/librustc_std_workspace_core-8063eea38dcc5e62.rlib" "/opt/rustwide/rustup-home/toolchains/1.54.0-x86_64-unknown-linux-gnu/lib/rustlib/x86_64-unknown-linux-gnu/lib/libcore-5b228734afae15ee.rlib" "-Wl,--end-group" "/opt/rustwide/rustup-home/toolchains/1.54.0-x86_64-unknown-linux-gnu/lib/rustlib/x86_64-unknown-linux-gnu/lib/libcompiler_builtins-d6c7a399d95d173f.rlib" "-Wl,-Bdynamic" "-lssl" "-lcrypto" "-lz" "-lgcc_s" "-lutil" "-lrt" "-lpthread" "-lm" "-ldl" "-lc" "-Wl,--eh-frame-hdr" "-Wl,-znoexecstack" "-L" "/opt/rustwide/rustup-home/toolchains/1.54.0-x86_64-unknown-linux-gnu/lib/rustlib/x86_64-unknown-linux-gnu/lib" "-o" "/tmp/rustdoctestxHRsED/rust_out" "-Wl,--gc-sections" "-pie" "-Wl,-zrelro" "-Wl,-znow" "-nodefaultlibs"
[INFO] [stdout]   = note: collect2: fatal error: ld terminated with signal 9 [Killed]
[INFO] [stdout]           compilation terminated.
[INFO] [stdout]           
[INFO] [stdout] 
[INFO] [stdout] error: aborting due to previous error
[INFO] [stdout] 
[INFO] [stdout] Couldn't compile the test.
[INFO] [stdout] ---- src/ops/mod.rs - ops::PackageFilterElement::parse (line 618) stdout ----
[INFO] [stdout] error: linking with `cc` failed: exit status: 1
[INFO] [stdout]   |
[INFO] [stdout]   = note: "cc" "-m64" "/tmp/rustdoctestNY2Rao/rust_out.rust_out.7rcbfp3g-cgu.0.rcgu.o" "/tmp/rustdoctestNY2Rao/rust_out.33dyzt1ekirinwy8.rcgu.o" "-Wl,--as-needed" "-L" "/opt/rustwide/target/debug/deps" "-L" "/opt/rustwide/target/debug/deps" "-L" "/opt/rustwide/target/debug/build/libgit2-sys-50915e678a29ed27/out/build" "-L" "/opt/rustwide/target/debug/build/libssh2-sys-4f6dd2b26b0cab9e/out/build" "-L" "/opt/rustwide/rustup-home/toolchains/1.54.0-x86_64-unknown-linux-gnu/lib/rustlib/x86_64-unknown-linux-gnu/lib" "-Wl,-Bstatic" "/opt/rustwide/target/debug/deps/libcargo_update-75ca83aefc73b998.rlib" "/opt/rustwide/target/debug/deps/libhex-4d02e2a3e313017d.rlib" "/opt/rustwide/target/debug/deps/libjson-731b202608497e63.rlib" "/opt/rustwide/target/debug/deps/libtoml-c3670804e64a3dda.rlib" "/opt/rustwide/target/debug/deps/libdirs-850474e343703d44.rlib" "/opt/rustwide/target/debug/deps/libdirs_sys-74ef343cce2ba1cc.rlib" "/opt/rustwide/target/debug/deps/libcfg_if-e7a28af79b261e75.rlib" "/opt/rustwide/target/debug/deps/libclap-6631550516fe5e4f.rlib" "/opt/rustwide/target/debug/deps/libvec_map-07385fbe5fb99a77.rlib" "/opt/rustwide/target/debug/deps/libtextwrap-c4c03e84d6a1d831.rlib" "/opt/rustwide/target/debug/deps/libunicode_width-5cf7ed896e8bb5a9.rlib" "/opt/rustwide/target/debug/deps/libterm_size-6dd5a55d4aac4261.rlib" "/opt/rustwide/target/debug/deps/libstrsim-b10957d572414a9c.rlib" "/opt/rustwide/target/debug/deps/libatty-f7a3e66333e5f605.rlib" "/opt/rustwide/target/debug/deps/libansi_term-e2a35aae900e64a8.rlib" "/opt/rustwide/target/debug/deps/libgit2-b1810ea65d8a80ea.rlib" "/opt/rustwide/target/debug/deps/libopenssl_probe-a7953e41b0152cb3.rlib" "/opt/rustwide/target/debug/deps/liburl-cb9fa01d083e78d0.rlib" "/opt/rustwide/target/debug/deps/libidna-8a64513ece5ecebb.rlib" "/opt/rustwide/target/debug/deps/libunicode_normalization-b39c05c9c6527e94.rlib" "/opt/rustwide/target/debug/deps/libsmallvec-c92cc3a0e61359a8.rlib" "/opt/rustwide/target/debug/deps/libmaybe_uninit-17ac005437abed86.rlib" "/opt/rustwide/target/debug/deps/libunicode_bidi-cd5d16f1476c6336.rlib" "/opt/rustwide/target/debug/deps/libform_urlencoded-64c48050f569228e.rlib" "/opt/rustwide/target/debug/deps/libpercent_encoding-549c334c22432c49.rlib" "/opt/rustwide/target/debug/deps/libmatches-5bfcef5685786a07.rlib" "/opt/rustwide/target/debug/deps/liblog-975203197fcf8dc1.rlib" "/opt/rustwide/target/debug/deps/libcfg_if-38c8a3e888ecb06a.rlib" "/opt/rustwide/target/debug/deps/liblibgit2_sys-5c4f911b533398b2.rlib" "/opt/rustwide/target/debug/deps/liblibssh2_sys-a066c779bafd3b63.rlib" "/opt/rustwide/target/debug/deps/libopenssl_sys-081a671a772a4d27.rlib" "/opt/rustwide/target/debug/deps/liblibz_sys-c3563d4e59836fc3.rlib" "/opt/rustwide/target/debug/deps/liblibc-34fd6f37639cd081.rlib" "/opt/rustwide/target/debug/deps/libbitflags-f89ae4b715176e2d.rlib" "/opt/rustwide/target/debug/deps/libregex-3dddbc0c385529d6.rlib" "/opt/rustwide/target/debug/deps/libregex_syntax-b672c9191f2c7225.rlib" "/opt/rustwide/target/debug/deps/libaho_corasick-5234701034b12ee4.rlib" "/opt/rustwide/target/debug/deps/libmemchr-9559fd627c3017a7.rlib" "/opt/rustwide/target/debug/deps/libsemver-8c2c8e766ffc9bd1.rlib" "/opt/rustwide/target/debug/deps/libserde-904cd245b9f568f0.rlib" "/opt/rustwide/target/debug/deps/libsemver_parser-24fc5579b2134304.rlib" "/opt/rustwide/target/debug/deps/libarray_tool-9b24c6210b978978.rlib" "/opt/rustwide/target/debug/deps/liblazy_static-5c53d641eb010a81.rlib" "-Wl,--start-group" "/opt/rustwide/rustup-home/toolchains/1.54.0-x86_64-unknown-linux-gnu/lib/rustlib/x86_64-unknown-linux-gnu/lib/libstd-2420485b9e5ef5e1.rlib" "/opt/rustwide/rustup-home/toolchains/1.54.0-x86_64-unknown-linux-gnu/lib/rustlib/x86_64-unknown-linux-gnu/lib/libpanic_unwind-785e3cb61c4b1960.rlib" "/opt/rustwide/rustup-home/toolchains/1.54.0-x86_64-unknown-linux-gnu/lib/rustlib/x86_64-unknown-linux-gnu/lib/libminiz_oxide-087191a88bdaa22d.rlib" "/opt/rustwide/rustup-home/toolchains/1.54.0-x86_64-unknown-linux-gnu/lib/rustlib/x86_64-unknown-linux-gnu/lib/libadler-9981842c02975178.rlib" "/opt/rustwide/rustup-home/toolchains/1.54.0-x86_64-unknown-linux-gnu/lib/rustlib/x86_64-unknown-linux-gnu/lib/libobject-6fb405869b015fde.rlib" "/opt/rustwide/rustup-home/toolchains/1.54.0-x86_64-unknown-linux-gnu/lib/rustlib/x86_64-unknown-linux-gnu/lib/libaddr2line-d05c5c3c56004b7b.rlib" "/opt/rustwide/rustup-home/toolchains/1.54.0-x86_64-unknown-linux-gnu/lib/rustlib/x86_64-unknown-linux-gnu/lib/libgimli-42d74d2097528b38.rlib" "/opt/rustwide/rustup-home/toolchains/1.54.0-x86_64-unknown-linux-gnu/lib/rustlib/x86_64-unknown-linux-gnu/lib/libstd_detect-fb36534c113d2209.rlib" "/opt/rustwide/rustup-home/toolchains/1.54.0-x86_64-unknown-linux-gnu/lib/rustlib/x86_64-unknown-linux-gnu/lib/librustc_demangle-b56b9042c12b6535.rlib" "/opt/rustwide/rustup-home/toolchains/1.54.0-x86_64-unknown-linux-gnu/lib/rustlib/x86_64-unknown-linux-gnu/lib/libhashbrown-491902d6cb3e76df.rlib" "/opt/rustwide/rustup-home/toolchains/1.54.0-x86_64-unknown-linux-gnu/lib/rustlib/x86_64-unknown-linux-gnu/lib/librustc_std_workspace_alloc-61834e0981b8c367.rlib" "/opt/rustwide/rustup-home/toolchains/1.54.0-x86_64-unknown-linux-gnu/lib/rustlib/x86_64-unknown-linux-gnu/lib/libunwind-f78aa99d613a55bc.rlib" "/opt/rustwide/rustup-home/toolchains/1.54.0-x86_64-unknown-linux-gnu/lib/rustlib/x86_64-unknown-linux-gnu/lib/libcfg_if-53ee54cd7fed2c57.rlib" "/opt/rustwide/rustup-home/toolchains/1.54.0-x86_64-unknown-linux-gnu/lib/rustlib/x86_64-unknown-linux-gnu/lib/liblibc-544ecdbd6cda3c58.rlib" "/opt/rustwide/rustup-home/toolchains/1.54.0-x86_64-unknown-linux-gnu/lib/rustlib/x86_64-unknown-linux-gnu/lib/liballoc-379cc252b6943a79.rlib" "/opt/rustwide/rustup-home/toolchains/1.54.0-x86_64-unknown-linux-gnu/lib/rustlib/x86_64-unknown-linux-gnu/lib/librustc_std_workspace_core-8063eea38dcc5e62.rlib" "/opt/rustwide/rustup-home/toolchains/1.54.0-x86_64-unknown-linux-gnu/lib/rustlib/x86_64-unknown-linux-gnu/lib/libcore-5b228734afae15ee.rlib" "-Wl,--end-group" "/opt/rustwide/rustup-home/toolchains/1.54.0-x86_64-unknown-linux-gnu/lib/rustlib/x86_64-unknown-linux-gnu/lib/libcompiler_builtins-d6c7a399d95d173f.rlib" "-Wl,-Bdynamic" "-lssl" "-lcrypto" "-lz" "-lgcc_s" "-lutil" "-lrt" "-lpthread" "-lm" "-ldl" "-lc" "-Wl,--eh-frame-hdr" "-Wl,-znoexecstack" "-L" "/opt/rustwide/rustup-home/toolchains/1.54.0-x86_64-unknown-linux-gnu/lib/rustlib/x86_64-unknown-linux-gnu/lib" "-o" "/tmp/rustdoctestNY2Rao/rust_out" "-Wl,--gc-sections" "-pie" "-Wl,-zrelro" "-Wl,-znow" "-nodefaultlibs"
[INFO] [stdout]   = note: collect2: fatal error: ld terminated with signal 9 [Killed]
[INFO] [stdout]           compilation terminated.
[INFO] [stdout]           
[INFO] [stdout] 
[INFO] [stdout] error: aborting due to previous error
[INFO] [stdout] 
[INFO] [stdout] Couldn't compile the test.
[INFO] [stdout] ---- src/ops/mod.rs - ops::RegistryPackage::update_to_version (line 365) stdout ----
[INFO] [stdout] error: linking with `cc` failed: exit status: 1
[INFO] [stdout]   |
[INFO] [stdout]   = note: "cc" "-m64" "/tmp/rustdoctestzyfCzq/rust_out.rust_out.7rcbfp3g-cgu.0.rcgu.o" "/tmp/rustdoctestzyfCzq/rust_out.33dyzt1ekirinwy8.rcgu.o" "-Wl,--as-needed" "-L" "/opt/rustwide/target/debug/deps" "-L" "/opt/rustwide/target/debug/deps" "-L" "/opt/rustwide/target/debug/build/libgit2-sys-50915e678a29ed27/out/build" "-L" "/opt/rustwide/target/debug/build/libssh2-sys-4f6dd2b26b0cab9e/out/build" "-L" "/opt/rustwide/rustup-home/toolchains/1.54.0-x86_64-unknown-linux-gnu/lib/rustlib/x86_64-unknown-linux-gnu/lib" "-Wl,-Bstatic" "/opt/rustwide/target/debug/deps/libcargo_update-75ca83aefc73b998.rlib" "/opt/rustwide/target/debug/deps/libhex-4d02e2a3e313017d.rlib" "/opt/rustwide/target/debug/deps/libjson-731b202608497e63.rlib" "/opt/rustwide/target/debug/deps/libtoml-c3670804e64a3dda.rlib" "/opt/rustwide/target/debug/deps/libdirs-850474e343703d44.rlib" "/opt/rustwide/target/debug/deps/libdirs_sys-74ef343cce2ba1cc.rlib" "/opt/rustwide/target/debug/deps/libcfg_if-e7a28af79b261e75.rlib" "/opt/rustwide/target/debug/deps/libclap-6631550516fe5e4f.rlib" "/opt/rustwide/target/debug/deps/libvec_map-07385fbe5fb99a77.rlib" "/opt/rustwide/target/debug/deps/libtextwrap-c4c03e84d6a1d831.rlib" "/opt/rustwide/target/debug/deps/libunicode_width-5cf7ed896e8bb5a9.rlib" "/opt/rustwide/target/debug/deps/libterm_size-6dd5a55d4aac4261.rlib" "/opt/rustwide/target/debug/deps/libstrsim-b10957d572414a9c.rlib" "/opt/rustwide/target/debug/deps/libatty-f7a3e66333e5f605.rlib" "/opt/rustwide/target/debug/deps/libansi_term-e2a35aae900e64a8.rlib" "/opt/rustwide/target/debug/deps/libgit2-b1810ea65d8a80ea.rlib" "/opt/rustwide/target/debug/deps/libopenssl_probe-a7953e41b0152cb3.rlib" "/opt/rustwide/target/debug/deps/liburl-cb9fa01d083e78d0.rlib" "/opt/rustwide/target/debug/deps/libidna-8a64513ece5ecebb.rlib" "/opt/rustwide/target/debug/deps/libunicode_normalization-b39c05c9c6527e94.rlib" "/opt/rustwide/target/debug/deps/libsmallvec-c92cc3a0e61359a8.rlib" "/opt/rustwide/target/debug/deps/libmaybe_uninit-17ac005437abed86.rlib" "/opt/rustwide/target/debug/deps/libunicode_bidi-cd5d16f1476c6336.rlib" "/opt/rustwide/target/debug/deps/libform_urlencoded-64c48050f569228e.rlib" "/opt/rustwide/target/debug/deps/libpercent_encoding-549c334c22432c49.rlib" "/opt/rustwide/target/debug/deps/libmatches-5bfcef5685786a07.rlib" "/opt/rustwide/target/debug/deps/liblog-975203197fcf8dc1.rlib" "/opt/rustwide/target/debug/deps/libcfg_if-38c8a3e888ecb06a.rlib" "/opt/rustwide/target/debug/deps/liblibgit2_sys-5c4f911b533398b2.rlib" "/opt/rustwide/target/debug/deps/liblibssh2_sys-a066c779bafd3b63.rlib" "/opt/rustwide/target/debug/deps/libopenssl_sys-081a671a772a4d27.rlib" "/opt/rustwide/target/debug/deps/liblibz_sys-c3563d4e59836fc3.rlib" "/opt/rustwide/target/debug/deps/liblibc-34fd6f37639cd081.rlib" "/opt/rustwide/target/debug/deps/libbitflags-f89ae4b715176e2d.rlib" "/opt/rustwide/target/debug/deps/libregex-3dddbc0c385529d6.rlib" "/opt/rustwide/target/debug/deps/libregex_syntax-b672c9191f2c7225.rlib" "/opt/rustwide/target/debug/deps/libaho_corasick-5234701034b12ee4.rlib" "/opt/rustwide/target/debug/deps/libmemchr-9559fd627c3017a7.rlib" "/opt/rustwide/target/debug/deps/libsemver-8c2c8e766ffc9bd1.rlib" "/opt/rustwide/target/debug/deps/libserde-904cd245b9f568f0.rlib" "/opt/rustwide/target/debug/deps/libsemver_parser-24fc5579b2134304.rlib" "/opt/rustwide/target/debug/deps/libarray_tool-9b24c6210b978978.rlib" "/opt/rustwide/target/debug/deps/liblazy_static-5c53d641eb010a81.rlib" "-Wl,--start-group" "/opt/rustwide/rustup-home/toolchains/1.54.0-x86_64-unknown-linux-gnu/lib/rustlib/x86_64-unknown-linux-gnu/lib/libstd-2420485b9e5ef5e1.rlib" "/opt/rustwide/rustup-home/toolchains/1.54.0-x86_64-unknown-linux-gnu/lib/rustlib/x86_64-unknown-linux-gnu/lib/libpanic_unwind-785e3cb61c4b1960.rlib" "/opt/rustwide/rustup-home/toolchains/1.54.0-x86_64-unknown-linux-gnu/lib/rustlib/x86_64-unknown-linux-gnu/lib/libminiz_oxide-087191a88bdaa22d.rlib" "/opt/rustwide/rustup-home/toolchains/1.54.0-x86_64-unknown-linux-gnu/lib/rustlib/x86_64-unknown-linux-gnu/lib/libadler-9981842c02975178.rlib" "/opt/rustwide/rustup-home/toolchains/1.54.0-x86_64-unknown-linux-gnu/lib/rustlib/x86_64-unknown-linux-gnu/lib/libobject-6fb405869b015fde.rlib" "/opt/rustwide/rustup-home/toolchains/1.54.0-x86_64-unknown-linux-gnu/lib/rustlib/x86_64-unknown-linux-gnu/lib/libaddr2line-d05c5c3c56004b7b.rlib" "/opt/rustwide/rustup-home/toolchains/1.54.0-x86_64-unknown-linux-gnu/lib/rustlib/x86_64-unknown-linux-gnu/lib/libgimli-42d74d2097528b38.rlib" "/opt/rustwide/rustup-home/toolchains/1.54.0-x86_64-unknown-linux-gnu/lib/rustlib/x86_64-unknown-linux-gnu/lib/libstd_detect-fb36534c113d2209.rlib" "/opt/rustwide/rustup-home/toolchains/1.54.0-x86_64-unknown-linux-gnu/lib/rustlib/x86_64-unknown-linux-gnu/lib/librustc_demangle-b56b9042c12b6535.rlib" "/opt/rustwide/rustup-home/toolchains/1.54.0-x86_64-unknown-linux-gnu/lib/rustlib/x86_64-unknown-linux-gnu/lib/libhashbrown-491902d6cb3e76df.rlib" "/opt/rustwide/rustup-home/toolchains/1.54.0-x86_64-unknown-linux-gnu/lib/rustlib/x86_64-unknown-linux-gnu/lib/librustc_std_workspace_alloc-61834e0981b8c367.rlib" "/opt/rustwide/rustup-home/toolchains/1.54.0-x86_64-unknown-linux-gnu/lib/rustlib/x86_64-unknown-linux-gnu/lib/libunwind-f78aa99d613a55bc.rlib" "/opt/rustwide/rustup-home/toolchains/1.54.0-x86_64-unknown-linux-gnu/lib/rustlib/x86_64-unknown-linux-gnu/lib/libcfg_if-53ee54cd7fed2c57.rlib" "/opt/rustwide/rustup-home/toolchains/1.54.0-x86_64-unknown-linux-gnu/lib/rustlib/x86_64-unknown-linux-gnu/lib/liblibc-544ecdbd6cda3c58.rlib" "/opt/rustwide/rustup-home/toolchains/1.54.0-x86_64-unknown-linux-gnu/lib/rustlib/x86_64-unknown-linux-gnu/lib/liballoc-379cc252b6943a79.rlib" "/opt/rustwide/rustup-home/toolchains/1.54.0-x86_64-unknown-linux-gnu/lib/rustlib/x86_64-unknown-linux-gnu/lib/librustc_std_workspace_core-8063eea38dcc5e62.rlib" "/opt/rustwide/rustup-home/toolchains/1.54.0-x86_64-unknown-linux-gnu/lib/rustlib/x86_64-unknown-linux-gnu/lib/libcore-5b228734afae15ee.rlib" "-Wl,--end-group" "/opt/rustwide/rustup-home/toolchains/1.54.0-x86_64-unknown-linux-gnu/lib/rustlib/x86_64-unknown-linux-gnu/lib/libcompiler_builtins-d6c7a399d95d173f.rlib" "-Wl,-Bdynamic" "-lssl" "-lcrypto" "-lz" "-lgcc_s" "-lutil" "-lrt" "-lpthread" "-lm" "-ldl" "-lc" "-Wl,--eh-frame-hdr" "-Wl,-znoexecstack" "-L" "/opt/rustwide/rustup-home/toolchains/1.54.0-x86_64-unknown-linux-gnu/lib/rustlib/x86_64-unknown-linux-gnu/lib" "-o" "/tmp/rustdoctestzyfCzq/rust_out" "-Wl,--gc-sections" "-pie" "-Wl,-zrelro" "-Wl,-znow" "-nodefaultlibs"
[INFO] [stdout]   = note: collect2: fatal error: ld terminated with signal 9 [Killed]
[INFO] [stderr] error: test failed, to rerun pass '--doc'
[INFO] [stdout]           compilation terminated.
[INFO] [stdout]           
[INFO] [stdout] 
[INFO] [stdout] error: aborting due to previous error
[INFO] [stdout] 
[INFO] [stdout] Couldn't compile the test.
[INFO] [stdout] ---- src/ops/mod.rs - ops::crate_versions (line 827) stdout ----
[INFO] [stdout] error: linking with `cc` failed: exit status: 1
[INFO] [stdout]   |
[INFO] [stdout]   = note: "cc" "-m64" "/tmp/rustdoctest7Rox45/rust_out.rust_out.7rcbfp3g-cgu.0.rcgu.o" "/tmp/rustdoctest7Rox45/rust_out.33dyzt1ekirinwy8.rcgu.o" "-Wl,--as-needed" "-L" "/opt/rustwide/target/debug/deps" "-L" "/opt/rustwide/target/debug/deps" "-L" "/opt/rustwide/target/debug/build/libgit2-sys-50915e678a29ed27/out/build" "-L" "/opt/rustwide/target/debug/build/libssh2-sys-4f6dd2b26b0cab9e/out/build" "-L" "/opt/rustwide/rustup-home/toolchains/1.54.0-x86_64-unknown-linux-gnu/lib/rustlib/x86_64-unknown-linux-gnu/lib" "-Wl,-Bstatic" "/opt/rustwide/target/debug/deps/libcargo_update-75ca83aefc73b998.rlib" "/opt/rustwide/target/debug/deps/libhex-4d02e2a3e313017d.rlib" "/opt/rustwide/target/debug/deps/libjson-731b202608497e63.rlib" "/opt/rustwide/target/debug/deps/libtoml-c3670804e64a3dda.rlib" "/opt/rustwide/target/debug/deps/libdirs-850474e343703d44.rlib" "/opt/rustwide/target/debug/deps/libdirs_sys-74ef343cce2ba1cc.rlib" "/opt/rustwide/target/debug/deps/libcfg_if-e7a28af79b261e75.rlib" "/opt/rustwide/target/debug/deps/libclap-6631550516fe5e4f.rlib" "/opt/rustwide/target/debug/deps/libvec_map-07385fbe5fb99a77.rlib" "/opt/rustwide/target/debug/deps/libtextwrap-c4c03e84d6a1d831.rlib" "/opt/rustwide/target/debug/deps/libunicode_width-5cf7ed896e8bb5a9.rlib" "/opt/rustwide/target/debug/deps/libterm_size-6dd5a55d4aac4261.rlib" "/opt/rustwide/target/debug/deps/libstrsim-b10957d572414a9c.rlib" "/opt/rustwide/target/debug/deps/libatty-f7a3e66333e5f605.rlib" "/opt/rustwide/target/debug/deps/libansi_term-e2a35aae900e64a8.rlib" "/opt/rustwide/target/debug/deps/libgit2-b1810ea65d8a80ea.rlib" "/opt/rustwide/target/debug/deps/libopenssl_probe-a7953e41b0152cb3.rlib" "/opt/rustwide/target/debug/deps/liburl-cb9fa01d083e78d0.rlib" "/opt/rustwide/target/debug/deps/libidna-8a64513ece5ecebb.rlib" "/opt/rustwide/target/debug/deps/libunicode_normalization-b39c05c9c6527e94.rlib" "/opt/rustwide/target/debug/deps/libsmallvec-c92cc3a0e61359a8.rlib" "/opt/rustwide/target/debug/deps/libmaybe_uninit-17ac005437abed86.rlib" "/opt/rustwide/target/debug/deps/libunicode_bidi-cd5d16f1476c6336.rlib" "/opt/rustwide/target/debug/deps/libform_urlencoded-64c48050f569228e.rlib" "/opt/rustwide/target/debug/deps/libpercent_encoding-549c334c22432c49.rlib" "/opt/rustwide/target/debug/deps/libmatches-5bfcef5685786a07.rlib" "/opt/rustwide/target/debug/deps/liblog-975203197fcf8dc1.rlib" "/opt/rustwide/target/debug/deps/libcfg_if-38c8a3e888ecb06a.rlib" "/opt/rustwide/target/debug/deps/liblibgit2_sys-5c4f911b533398b2.rlib" "/opt/rustwide/target/debug/deps/liblibssh2_sys-a066c779bafd3b63.rlib" "/opt/rustwide/target/debug/deps/libopenssl_sys-081a671a772a4d27.rlib" "/opt/rustwide/target/debug/deps/liblibz_sys-c3563d4e59836fc3.rlib" "/opt/rustwide/target/debug/deps/liblibc-34fd6f37639cd081.rlib" "/opt/rustwide/target/debug/deps/libbitflags-f89ae4b715176e2d.rlib" "/opt/rustwide/target/debug/deps/libregex-3dddbc0c385529d6.rlib" "/opt/rustwide/target/debug/deps/libregex_syntax-b672c9191f2c7225.rlib" "/opt/rustwide/target/debug/deps/libaho_corasick-5234701034b12ee4.rlib" "/opt/rustwide/target/debug/deps/libmemchr-9559fd627c3017a7.rlib" "/opt/rustwide/target/debug/deps/libsemver-8c2c8e766ffc9bd1.rlib" "/opt/rustwide/target/debug/deps/libserde-904cd245b9f568f0.rlib" "/opt/rustwide/target/debug/deps/libsemver_parser-24fc5579b2134304.rlib" "/opt/rustwide/target/debug/deps/libarray_tool-9b24c6210b978978.rlib" "/opt/rustwide/target/debug/deps/liblazy_static-5c53d641eb010a81.rlib" "-Wl,--start-group" "/opt/rustwide/rustup-home/toolchains/1.54.0-x86_64-unknown-linux-gnu/lib/rustlib/x86_64-unknown-linux-gnu/lib/libstd-2420485b9e5ef5e1.rlib" "/opt/rustwide/rustup-home/toolchains/1.54.0-x86_64-unknown-linux-gnu/lib/rustlib/x86_64-unknown-linux-gnu/lib/libpanic_unwind-785e3cb61c4b1960.rlib" "/opt/rustwide/rustup-home/toolchains/1.54.0-x86_64-unknown-linux-gnu/lib/rustlib/x86_64-unknown-linux-gnu/lib/libminiz_oxide-087191a88bdaa22d.rlib" "/opt/rustwide/rustup-home/toolchains/1.54.0-x86_64-unknown-linux-gnu/lib/rustlib/x86_64-unknown-linux-gnu/lib/libadler-9981842c02975178.rlib" "/opt/rustwide/rustup-home/toolchains/1.54.0-x86_64-unknown-linux-gnu/lib/rustlib/x86_64-unknown-linux-gnu/lib/libobject-6fb405869b015fde.rlib" "/opt/rustwide/rustup-home/toolchains/1.54.0-x86_64-unknown-linux-gnu/lib/rustlib/x86_64-unknown-linux-gnu/lib/libaddr2line-d05c5c3c56004b7b.rlib" "/opt/rustwide/rustup-home/toolchains/1.54.0-x86_64-unknown-linux-gnu/lib/rustlib/x86_64-unknown-linux-gnu/lib/libgimli-42d74d2097528b38.rlib" "/opt/rustwide/rustup-home/toolchains/1.54.0-x86_64-unknown-linux-gnu/lib/rustlib/x86_64-unknown-linux-gnu/lib/libstd_detect-fb36534c113d2209.rlib" "/opt/rustwide/rustup-home/toolchains/1.54.0-x86_64-unknown-linux-gnu/lib/rustlib/x86_64-unknown-linux-gnu/lib/librustc_demangle-b56b9042c12b6535.rlib" "/opt/rustwide/rustup-home/toolchains/1.54.0-x86_64-unknown-linux-gnu/lib/rustlib/x86_64-unknown-linux-gnu/lib/libhashbrown-491902d6cb3e76df.rlib" "/opt/rustwide/rustup-home/toolchains/1.54.0-x86_64-unknown-linux-gnu/lib/rustlib/x86_64-unknown-linux-gnu/lib/librustc_std_workspace_alloc-61834e0981b8c367.rlib" "/opt/rustwide/rustup-home/toolchains/1.54.0-x86_64-unknown-linux-gnu/lib/rustlib/x86_64-unknown-linux-gnu/lib/libunwind-f78aa99d613a55bc.rlib" "/opt/rustwide/rustup-home/toolchains/1.54.0-x86_64-unknown-linux-gnu/lib/rustlib/x86_64-unknown-linux-gnu/lib/libcfg_if-53ee54cd7fed2c57.rlib" "/opt/rustwide/rustup-home/toolchains/1.54.0-x86_64-unknown-linux-gnu/lib/rustlib/x86_64-unknown-linux-gnu/lib/liblibc-544ecdbd6cda3c58.rlib" "/opt/rustwide/rustup-home/toolchains/1.54.0-x86_64-unknown-linux-gnu/lib/rustlib/x86_64-unknown-linux-gnu/lib/liballoc-379cc252b6943a79.rlib" "/opt/rustwide/rustup-home/toolchains/1.54.0-x86_64-unknown-linux-gnu/lib/rustlib/x86_64-unknown-linux-gnu/lib/librustc_std_workspace_core-8063eea38dcc5e62.rlib" "/opt/rustwide/rustup-home/toolchains/1.54.0-x86_64-unknown-linux-gnu/lib/rustlib/x86_64-unknown-linux-gnu/lib/libcore-5b228734afae15ee.rlib" "-Wl,--end-group" "/opt/rustwide/rustup-home/toolchains/1.54.0-x86_64-unknown-linux-gnu/lib/rustlib/x86_64-unknown-linux-gnu/lib/libcompiler_builtins-d6c7a399d95d173f.rlib" "-Wl,-Bdynamic" "-lssl" "-lcrypto" "-lz" "-lgcc_s" "-lutil" "-lrt" "-lpthread" "-lm" "-ldl" "-lc" "-Wl,--eh-frame-hdr" "-Wl,-znoexecstack" "-L" "/opt/rustwide/rustup-home/toolchains/1.54.0-x86_64-unknown-linux-gnu/lib/rustlib/x86_64-unknown-linux-gnu/lib" "-o" "/tmp/rustdoctest7Rox45/rust_out" "-Wl,--gc-sections" "-pie" "-Wl,-zrelro" "-Wl,-znow" "-nodefaultlibs"
[INFO] [stdout]   = note: collect2: fatal error: ld terminated with signal 9 [Killed]
[INFO] [stdout]           compilation terminated.
[INFO] [stdout]           
[INFO] [stdout] 
[INFO] [stdout] error: aborting due to previous error
[INFO] [stdout] 
[INFO] [stdout] Couldn't compile the test.
[INFO] [stdout] ---- src/ops/mod.rs - ops::find_proxy (line 1201) stdout ----
[INFO] [stdout] error: linking with `cc` failed: exit status: 1
[INFO] [stdout]   |
[INFO] [stdout]   = note: "cc" "-m64" "/tmp/rustdoctestinLi60/rust_out.rust_out.7rcbfp3g-cgu.0.rcgu.o" "/tmp/rustdoctestinLi60/rust_out.33dyzt1ekirinwy8.rcgu.o" "-Wl,--as-needed" "-L" "/opt/rustwide/target/debug/deps" "-L" "/opt/rustwide/target/debug/deps" "-L" "/opt/rustwide/target/debug/build/libgit2-sys-50915e678a29ed27/out/build" "-L" "/opt/rustwide/target/debug/build/libssh2-sys-4f6dd2b26b0cab9e/out/build" "-L" "/opt/rustwide/rustup-home/toolchains/1.54.0-x86_64-unknown-linux-gnu/lib/rustlib/x86_64-unknown-linux-gnu/lib" "-Wl,-Bstatic" "/opt/rustwide/target/debug/deps/libcargo_update-75ca83aefc73b998.rlib" "/opt/rustwide/target/debug/deps/libhex-4d02e2a3e313017d.rlib" "/opt/rustwide/target/debug/deps/libjson-731b202608497e63.rlib" "/opt/rustwide/target/debug/deps/libtoml-c3670804e64a3dda.rlib" "/opt/rustwide/target/debug/deps/libdirs-850474e343703d44.rlib" "/opt/rustwide/target/debug/deps/libdirs_sys-74ef343cce2ba1cc.rlib" "/opt/rustwide/target/debug/deps/libcfg_if-e7a28af79b261e75.rlib" "/opt/rustwide/target/debug/deps/libclap-6631550516fe5e4f.rlib" "/opt/rustwide/target/debug/deps/libvec_map-07385fbe5fb99a77.rlib" "/opt/rustwide/target/debug/deps/libtextwrap-c4c03e84d6a1d831.rlib" "/opt/rustwide/target/debug/deps/libunicode_width-5cf7ed896e8bb5a9.rlib" "/opt/rustwide/target/debug/deps/libterm_size-6dd5a55d4aac4261.rlib" "/opt/rustwide/target/debug/deps/libstrsim-b10957d572414a9c.rlib" "/opt/rustwide/target/debug/deps/libatty-f7a3e66333e5f605.rlib" "/opt/rustwide/target/debug/deps/libansi_term-e2a35aae900e64a8.rlib" "/opt/rustwide/target/debug/deps/libgit2-b1810ea65d8a80ea.rlib" "/opt/rustwide/target/debug/deps/libopenssl_probe-a7953e41b0152cb3.rlib" "/opt/rustwide/target/debug/deps/liburl-cb9fa01d083e78d0.rlib" "/opt/rustwide/target/debug/deps/libidna-8a64513ece5ecebb.rlib" "/opt/rustwide/target/debug/deps/libunicode_normalization-b39c05c9c6527e94.rlib" "/opt/rustwide/target/debug/deps/libsmallvec-c92cc3a0e61359a8.rlib" "/opt/rustwide/target/debug/deps/libmaybe_uninit-17ac005437abed86.rlib" "/opt/rustwide/target/debug/deps/libunicode_bidi-cd5d16f1476c6336.rlib" "/opt/rustwide/target/debug/deps/libform_urlencoded-64c48050f569228e.rlib" "/opt/rustwide/target/debug/deps/libpercent_encoding-549c334c22432c49.rlib" "/opt/rustwide/target/debug/deps/libmatches-5bfcef5685786a07.rlib" "/opt/rustwide/target/debug/deps/liblog-975203197fcf8dc1.rlib" "/opt/rustwide/target/debug/deps/libcfg_if-38c8a3e888ecb06a.rlib" "/opt/rustwide/target/debug/deps/liblibgit2_sys-5c4f911b533398b2.rlib" "/opt/rustwide/target/debug/deps/liblibssh2_sys-a066c779bafd3b63.rlib" "/opt/rustwide/target/debug/deps/libopenssl_sys-081a671a772a4d27.rlib" "/opt/rustwide/target/debug/deps/liblibz_sys-c3563d4e59836fc3.rlib" "/opt/rustwide/target/debug/deps/liblibc-34fd6f37639cd081.rlib" "/opt/rustwide/target/debug/deps/libbitflags-f89ae4b715176e2d.rlib" "/opt/rustwide/target/debug/deps/libregex-3dddbc0c385529d6.rlib" "/opt/rustwide/target/debug/deps/libregex_syntax-b672c9191f2c7225.rlib" "/opt/rustwide/target/debug/deps/libaho_corasick-5234701034b12ee4.rlib" "/opt/rustwide/target/debug/deps/libmemchr-9559fd627c3017a7.rlib" "/opt/rustwide/target/debug/deps/libsemver-8c2c8e766ffc9bd1.rlib" "/opt/rustwide/target/debug/deps/libserde-904cd245b9f568f0.rlib" "/opt/rustwide/target/debug/deps/libsemver_parser-24fc5579b2134304.rlib" "/opt/rustwide/target/debug/deps/libarray_tool-9b24c6210b978978.rlib" "/opt/rustwide/target/debug/deps/liblazy_static-5c53d641eb010a81.rlib" "-Wl,--start-group" "/opt/rustwide/rustup-home/toolchains/1.54.0-x86_64-unknown-linux-gnu/lib/rustlib/x86_64-unknown-linux-gnu/lib/libstd-2420485b9e5ef5e1.rlib" "/opt/rustwide/rustup-home/toolchains/1.54.0-x86_64-unknown-linux-gnu/lib/rustlib/x86_64-unknown-linux-gnu/lib/libpanic_unwind-785e3cb61c4b1960.rlib" "/opt/rustwide/rustup-home/toolchains/1.54.0-x86_64-unknown-linux-gnu/lib/rustlib/x86_64-unknown-linux-gnu/lib/libminiz_oxide-087191a88bdaa22d.rlib" "/opt/rustwide/rustup-home/toolchains/1.54.0-x86_64-unknown-linux-gnu/lib/rustlib/x86_64-unknown-linux-gnu/lib/libadler-9981842c02975178.rlib" "/opt/rustwide/rustup-home/toolchains/1.54.0-x86_64-unknown-linux-gnu/lib/rustlib/x86_64-unknown-linux-gnu/lib/libobject-6fb405869b015fde.rlib" "/opt/rustwide/rustup-home/toolchains/1.54.0-x86_64-unknown-linux-gnu/lib/rustlib/x86_64-unknown-linux-gnu/lib/libaddr2line-d05c5c3c56004b7b.rlib" "/opt/rustwide/rustup-home/toolchains/1.54.0-x86_64-unknown-linux-gnu/lib/rustlib/x86_64-unknown-linux-gnu/lib/libgimli-42d74d2097528b38.rlib" "/opt/rustwide/rustup-home/toolchains/1.54.0-x86_64-unknown-linux-gnu/lib/rustlib/x86_64-unknown-linux-gnu/lib/libstd_detect-fb36534c113d2209.rlib" "/opt/rustwide/rustup-home/toolchains/1.54.0-x86_64-unknown-linux-gnu/lib/rustlib/x86_64-unknown-linux-gnu/lib/librustc_demangle-b56b9042c12b6535.rlib" "/opt/rustwide/rustup-home/toolchains/1.54.0-x86_64-unknown-linux-gnu/lib/rustlib/x86_64-unknown-linux-gnu/lib/libhashbrown-491902d6cb3e76df.rlib" "/opt/rustwide/rustup-home/toolchains/1.54.0-x86_64-unknown-linux-gnu/lib/rustlib/x86_64-unknown-linux-gnu/lib/librustc_std_workspace_alloc-61834e0981b8c367.rlib" "/opt/rustwide/rustup-home/toolchains/1.54.0-x86_64-unknown-linux-gnu/lib/rustlib/x86_64-unknown-linux-gnu/lib/libunwind-f78aa99d613a55bc.rlib" "/opt/rustwide/rustup-home/toolchains/1.54.0-x86_64-unknown-linux-gnu/lib/rustlib/x86_64-unknown-linux-gnu/lib/libcfg_if-53ee54cd7fed2c57.rlib" "/opt/rustwide/rustup-home/toolchains/1.54.0-x86_64-unknown-linux-gnu/lib/rustlib/x86_64-unknown-linux-gnu/lib/liblibc-544ecdbd6cda3c58.rlib" "/opt/rustwide/rustup-home/toolchains/1.54.0-x86_64-unknown-linux-gnu/lib/rustlib/x86_64-unknown-linux-gnu/lib/liballoc-379cc252b6943a79.rlib" "/opt/rustwide/rustup-home/toolchains/1.54.0-x86_64-unknown-linux-gnu/lib/rustlib/x86_64-unknown-linux-gnu/lib/librustc_std_workspace_core-8063eea38dcc5e62.rlib" "/opt/rustwide/rustup-home/toolchains/1.54.0-x86_64-unknown-linux-gnu/lib/rustlib/x86_64-unknown-linux-gnu/lib/libcore-5b228734afae15ee.rlib" "-Wl,--end-group" "/opt/rustwide/rustup-home/toolchains/1.54.0-x86_64-unknown-linux-gnu/lib/rustlib/x86_64-unknown-linux-gnu/lib/libcompiler_builtins-d6c7a399d95d173f.rlib" "-Wl,-Bdynamic" "-lssl" "-lcrypto" "-lz" "-lgcc_s" "-lutil" "-lrt" "-lpthread" "-lm" "-ldl" "-lc" "-Wl,--eh-frame-hdr" "-Wl,-znoexecstack" "-L" "/opt/rustwide/rustup-home/toolchains/1.54.0-x86_64-unknown-linux-gnu/lib/rustlib/x86_64-unknown-linux-gnu/lib" "-o" "/tmp/rustdoctestinLi60/rust_out" "-Wl,--gc-sections" "-pie" "-Wl,-zrelro" "-Wl,-znow" "-nodefaultlibs"
[INFO] [stdout]   = note: collect2: fatal error: ld terminated with signal 9 [Killed]
[INFO] [stdout]           compilation terminated.
[INFO] [stdout]           
[INFO] [stdout] 
[INFO] [stdout] error: aborting due to previous error
[INFO] [stdout] 
[INFO] [stdout] Couldn't compile the test.
[INFO] [stdout] ---- src/ops/mod.rs - ops::GitRepoPackage (line 103) stdout ----
[INFO] [stdout] error: linking with `cc` failed: exit status: 1
[INFO] [stdout]   |
[INFO] [stdout]   = note: "cc" "-m64" "/tmp/rustdoctestDQcDuR/rust_out.rust_out.7rcbfp3g-cgu.0.rcgu.o" "/tmp/rustdoctestDQcDuR/rust_out.33dyzt1ekirinwy8.rcgu.o" "-Wl,--as-needed" "-L" "/opt/rustwide/target/debug/deps" "-L" "/opt/rustwide/target/debug/deps" "-L" "/opt/rustwide/target/debug/build/libgit2-sys-50915e678a29ed27/out/build" "-L" "/opt/rustwide/target/debug/build/libssh2-sys-4f6dd2b26b0cab9e/out/build" "-L" "/opt/rustwide/rustup-home/toolchains/1.54.0-x86_64-unknown-linux-gnu/lib/rustlib/x86_64-unknown-linux-gnu/lib" "-Wl,-Bstatic" "/opt/rustwide/target/debug/deps/libcargo_update-75ca83aefc73b998.rlib" "/opt/rustwide/target/debug/deps/libhex-4d02e2a3e313017d.rlib" "/opt/rustwide/target/debug/deps/libjson-731b202608497e63.rlib" "/opt/rustwide/target/debug/deps/libtoml-c3670804e64a3dda.rlib" "/opt/rustwide/target/debug/deps/libdirs-850474e343703d44.rlib" "/opt/rustwide/target/debug/deps/libdirs_sys-74ef343cce2ba1cc.rlib" "/opt/rustwide/target/debug/deps/libcfg_if-e7a28af79b261e75.rlib" "/opt/rustwide/target/debug/deps/libclap-6631550516fe5e4f.rlib" "/opt/rustwide/target/debug/deps/libvec_map-07385fbe5fb99a77.rlib" "/opt/rustwide/target/debug/deps/libtextwrap-c4c03e84d6a1d831.rlib" "/opt/rustwide/target/debug/deps/libunicode_width-5cf7ed896e8bb5a9.rlib" "/opt/rustwide/target/debug/deps/libterm_size-6dd5a55d4aac4261.rlib" "/opt/rustwide/target/debug/deps/libstrsim-b10957d572414a9c.rlib" "/opt/rustwide/target/debug/deps/libatty-f7a3e66333e5f605.rlib" "/opt/rustwide/target/debug/deps/libansi_term-e2a35aae900e64a8.rlib" "/opt/rustwide/target/debug/deps/libgit2-b1810ea65d8a80ea.rlib" "/opt/rustwide/target/debug/deps/libopenssl_probe-a7953e41b0152cb3.rlib" "/opt/rustwide/target/debug/deps/liburl-cb9fa01d083e78d0.rlib" "/opt/rustwide/target/debug/deps/libidna-8a64513ece5ecebb.rlib" "/opt/rustwide/target/debug/deps/libunicode_normalization-b39c05c9c6527e94.rlib" "/opt/rustwide/target/debug/deps/libsmallvec-c92cc3a0e61359a8.rlib" "/opt/rustwide/target/debug/deps/libmaybe_uninit-17ac005437abed86.rlib" "/opt/rustwide/target/debug/deps/libunicode_bidi-cd5d16f1476c6336.rlib" "/opt/rustwide/target/debug/deps/libform_urlencoded-64c48050f569228e.rlib" "/opt/rustwide/target/debug/deps/libpercent_encoding-549c334c22432c49.rlib" "/opt/rustwide/target/debug/deps/libmatches-5bfcef5685786a07.rlib" "/opt/rustwide/target/debug/deps/liblog-975203197fcf8dc1.rlib" "/opt/rustwide/target/debug/deps/libcfg_if-38c8a3e888ecb06a.rlib" "/opt/rustwide/target/debug/deps/liblibgit2_sys-5c4f911b533398b2.rlib" "/opt/rustwide/target/debug/deps/liblibssh2_sys-a066c779bafd3b63.rlib" "/opt/rustwide/target/debug/deps/libopenssl_sys-081a671a772a4d27.rlib" "/opt/rustwide/target/debug/deps/liblibz_sys-c3563d4e59836fc3.rlib" "/opt/rustwide/target/debug/deps/liblibc-34fd6f37639cd081.rlib" "/opt/rustwide/target/debug/deps/libbitflags-f89ae4b715176e2d.rlib" "/opt/rustwide/target/debug/deps/libregex-3dddbc0c385529d6.rlib" "/opt/rustwide/target/debug/deps/libregex_syntax-b672c9191f2c7225.rlib" "/opt/rustwide/target/debug/deps/libaho_corasick-5234701034b12ee4.rlib" "/opt/rustwide/target/debug/deps/libmemchr-9559fd627c3017a7.rlib" "/opt/rustwide/target/debug/deps/libsemver-8c2c8e766ffc9bd1.rlib" "/opt/rustwide/target/debug/deps/libserde-904cd245b9f568f0.rlib" "/opt/rustwide/target/debug/deps/libsemver_parser-24fc5579b2134304.rlib" "/opt/rustwide/target/debug/deps/libarray_tool-9b24c6210b978978.rlib" "/opt/rustwide/target/debug/deps/liblazy_static-5c53d641eb010a81.rlib" "-Wl,--start-group" "/opt/rustwide/rustup-home/toolchains/1.54.0-x86_64-unknown-linux-gnu/lib/rustlib/x86_64-unknown-linux-gnu/lib/libstd-2420485b9e5ef5e1.rlib" "/opt/rustwide/rustup-home/toolchains/1.54.0-x86_64-unknown-linux-gnu/lib/rustlib/x86_64-unknown-linux-gnu/lib/libpanic_unwind-785e3cb61c4b1960.rlib" "/opt/rustwide/rustup-home/toolchains/1.54.0-x86_64-unknown-linux-gnu/lib/rustlib/x86_64-unknown-linux-gnu/lib/libminiz_oxide-087191a88bdaa22d.rlib" "/opt/rustwide/rustup-home/toolchains/1.54.0-x86_64-unknown-linux-gnu/lib/rustlib/x86_64-unknown-linux-gnu/lib/libadler-9981842c02975178.rlib" "/opt/rustwide/rustup-home/toolchains/1.54.0-x86_64-unknown-linux-gnu/lib/rustlib/x86_64-unknown-linux-gnu/lib/libobject-6fb405869b015fde.rlib" "/opt/rustwide/rustup-home/toolchains/1.54.0-x86_64-unknown-linux-gnu/lib/rustlib/x86_64-unknown-linux-gnu/lib/libaddr2line-d05c5c3c56004b7b.rlib" "/opt/rustwide/rustup-home/toolchains/1.54.0-x86_64-unknown-linux-gnu/lib/rustlib/x86_64-unknown-linux-gnu/lib/libgimli-42d74d2097528b38.rlib" "/opt/rustwide/rustup-home/toolchains/1.54.0-x86_64-unknown-linux-gnu/lib/rustlib/x86_64-unknown-linux-gnu/lib/libstd_detect-fb36534c113d2209.rlib" "/opt/rustwide/rustup-home/toolchains/1.54.0-x86_64-unknown-linux-gnu/lib/rustlib/x86_64-unknown-linux-gnu/lib/librustc_demangle-b56b9042c12b6535.rlib" "/opt/rustwide/rustup-home/toolchains/1.54.0-x86_64-unknown-linux-gnu/lib/rustlib/x86_64-unknown-linux-gnu/lib/libhashbrown-491902d6cb3e76df.rlib" "/opt/rustwide/rustup-home/toolchains/1.54.0-x86_64-unknown-linux-gnu/lib/rustlib/x86_64-unknown-linux-gnu/lib/librustc_std_workspace_alloc-61834e0981b8c367.rlib" "/opt/rustwide/rustup-home/toolchains/1.54.0-x86_64-unknown-linux-gnu/lib/rustlib/x86_64-unknown-linux-gnu/lib/libunwind-f78aa99d613a55bc.rlib" "/opt/rustwide/rustup-home/toolchains/1.54.0-x86_64-unknown-linux-gnu/lib/rustlib/x86_64-unknown-linux-gnu/lib/libcfg_if-53ee54cd7fed2c57.rlib" "/opt/rustwide/rustup-home/toolchains/1.54.0-x86_64-unknown-linux-gnu/lib/rustlib/x86_64-unknown-linux-gnu/lib/liblibc-544ecdbd6cda3c58.rlib" "/opt/rustwide/rustup-home/toolchains/1.54.0-x86_64-unknown-linux-gnu/lib/rustlib/x86_64-unknown-linux-gnu/lib/liballoc-379cc252b6943a79.rlib" "/opt/rustwide/rustup-home/toolchains/1.54.0-x86_64-unknown-linux-gnu/lib/rustlib/x86_64-unknown-linux-gnu/lib/librustc_std_workspace_core-8063eea38dcc5e62.rlib" "/opt/rustwide/rustup-home/toolchains/1.54.0-x86_64-unknown-linux-gnu/lib/rustlib/x86_64-unknown-linux-gnu/lib/libcore-5b228734afae15ee.rlib" "-Wl,--end-group" "/opt/rustwide/rustup-home/toolchains/1.54.0-x86_64-unknown-linux-gnu/lib/rustlib/x86_64-unknown-linux-gnu/lib/libcompiler_builtins-d6c7a399d95d173f.rlib" "-Wl,-Bdynamic" "-lssl" "-lcrypto" "-lz" "-lgcc_s" "-lutil" "-lrt" "-lpthread" "-lm" "-ldl" "-lc" "-Wl,--eh-frame-hdr" "-Wl,-znoexecstack" "-L" "/opt/rustwide/rustup-home/toolchains/1.54.0-x86_64-unknown-linux-gnu/lib/rustlib/x86_64-unknown-linux-gnu/lib" "-o" "/tmp/rustdoctestDQcDuR/rust_out" "-Wl,--gc-sections" "-pie" "-Wl,-zrelro" "-Wl,-znow" "-nodefaultlibs"
[INFO] [stdout]   = note: collect2: fatal error: ld terminated with signal 9 [Killed]
[INFO] [stdout]           compilation terminated.
[INFO] [stdout]           
[INFO] [stdout] 
[INFO] [stdout] error: aborting due to previous error
[INFO] [stdout] 
[INFO] [stdout] Couldn't compile the test.
[INFO] [stdout] 
[INFO] [stdout] failures:
[INFO] [stdout]     src/ops/config.rs - ops::config::PackageConfig (line 46)
[INFO] [stdout]     src/ops/config.rs - ops::config::PackageConfig::execute_operations (line 183)
[INFO] [stdout]     src/ops/config.rs - ops::config::PackageConfig::from (line 84)
[INFO] [stdout]     src/ops/config.rs - ops::config::PackageConfig::read (line 259)
[INFO] [stdout]     src/ops/config.rs - ops::config::PackageConfig::write (line 308)
[INFO] [stdout]     src/ops/mod.rs - ops::GitRepoPackage (line 103)
[INFO] [stdout]     src/ops/mod.rs - ops::GitRepoPackage::parse (line 414)
[INFO] [stdout]     src/ops/mod.rs - ops::GitRepoPackage::parse (line 447)
[INFO] [stdout]     src/ops/mod.rs - ops::PackageFilterElement::matches (line 640)
[INFO] [stdout]     src/ops/mod.rs - ops::PackageFilterElement::parse (line 618)
[INFO] [stdout]     src/ops/mod.rs - ops::RegistryPackage (line 43)
[INFO] [stdout]     src/ops/mod.rs - ops::RegistryPackage::update_to_version (line 365)
[INFO] [stdout]     src/ops/mod.rs - ops::assert_index_path (line 859)
[INFO] [stdout]     src/ops/mod.rs - ops::crate_versions (line 827)
[INFO] [stdout]     src/ops/mod.rs - ops::find_proxy (line 1201)
[INFO] [stdout]     src/ops/mod.rs - ops::installed_git_repo_packages (line 741)
[INFO] [stdout]     src/ops/mod.rs - ops::installed_registry_packages (line 696)
[INFO] [stdout] 
[INFO] [stdout] test result: FAILED. 8 passed; 17 failed; 0 ignored; 0 measured; 0 filtered out; finished in 6.25s
[INFO] [stdout] 
[INFO] running `Command { std: "docker" "inspect" "edcbe5a2efef903320cee33fb3dff5c683914abcce37c0d35fcaf6afea9a007f", kill_on_drop: false }`
[INFO] running `Command { std: "docker" "rm" "-f" "edcbe5a2efef903320cee33fb3dff5c683914abcce37c0d35fcaf6afea9a007f", kill_on_drop: false }`
[INFO] [stdout] edcbe5a2efef903320cee33fb3dff5c683914abcce37c0d35fcaf6afea9a007f
