[INFO] fetching crate cargo-scout-lib 0.6.0...
[INFO] testing cargo-scout-lib-0.6.0 against 1.54.0 for beta-1.55-1
[INFO] extracting crate cargo-scout-lib 0.6.0 into /workspace/builds/worker-12/source
[INFO] validating manifest of crates.io crate cargo-scout-lib 0.6.0 on toolchain 1.54.0
[INFO] running `Command { std: "/workspace/cargo-home/bin/cargo" "+1.54.0" "metadata" "--manifest-path" "Cargo.toml" "--no-deps", kill_on_drop: false }`
[INFO] started tweaking crates.io crate cargo-scout-lib 0.6.0
[INFO] finished tweaking crates.io crate cargo-scout-lib 0.6.0
[INFO] tweaked toml for crates.io crate cargo-scout-lib 0.6.0 written to /workspace/builds/worker-12/source/Cargo.toml
[INFO] running `Command { std: "/workspace/cargo-home/bin/cargo" "+1.54.0" "generate-lockfile" "--manifest-path" "Cargo.toml" "-Zno-index-update", kill_on_drop: false }`
[INFO] [stderr]     Blocking waiting for file lock on package cache
[INFO] running `Command { std: "/workspace/cargo-home/bin/cargo" "+1.54.0" "fetch" "--manifest-path" "Cargo.toml", kill_on_drop: false }`
[INFO] [stderr]     Blocking waiting for file lock on package cache
[INFO] [stderr]     Blocking waiting for file lock on package cache
[INFO] [stderr]  Downloading crates ...
[INFO] [stderr]   Downloaded cargo_toml v0.8.1
[INFO] running `Command { std: "docker" "create" "-v" "/var/lib/crater-agent-workspace/builds/worker-12/target:/opt/rustwide/target:rw,Z" "-v" "/var/lib/crater-agent-workspace/builds/worker-12/source:/opt/rustwide/workdir:ro,Z" "-v" "/var/lib/crater-agent-workspace/cargo-home:/opt/rustwide/cargo-home:ro,Z" "-v" "/var/lib/crater-agent-workspace/rustup-home:/opt/rustwide/rustup-home:ro,Z" "-e" "SOURCE_DIR=/opt/rustwide/workdir" "-e" "CARGO_TARGET_DIR=/opt/rustwide/target" "-e" "CARGO_HOME=/opt/rustwide/cargo-home" "-e" "RUSTUP_HOME=/opt/rustwide/rustup-home" "-w" "/opt/rustwide/workdir" "-m" "1610612736" "--user" "0:0" "--network" "none" "ghcr.io/rust-lang/crates-build-env/linux@sha256:34b6a614d2c27851fe6cbf88fbd1137609cefab8b10d0615aaeb6fd47975d74e" "/opt/rustwide/cargo-home/bin/cargo" "+1.54.0" "metadata" "--no-deps" "--format-version=1", kill_on_drop: false }`
[INFO] [stdout] bde87ffcdb7069a6b36789c3a6c32db998beb8a520755ee5fb84cdb199ac258d
[INFO] running `Command { std: "docker" "start" "-a" "bde87ffcdb7069a6b36789c3a6c32db998beb8a520755ee5fb84cdb199ac258d", kill_on_drop: false }`
[INFO] running `Command { std: "docker" "inspect" "bde87ffcdb7069a6b36789c3a6c32db998beb8a520755ee5fb84cdb199ac258d", kill_on_drop: false }`
[INFO] running `Command { std: "docker" "rm" "-f" "bde87ffcdb7069a6b36789c3a6c32db998beb8a520755ee5fb84cdb199ac258d", kill_on_drop: false }`
[INFO] [stdout] bde87ffcdb7069a6b36789c3a6c32db998beb8a520755ee5fb84cdb199ac258d
[INFO] running `Command { std: "docker" "create" "-v" "/var/lib/crater-agent-workspace/builds/worker-12/target:/opt/rustwide/target:rw,Z" "-v" "/var/lib/crater-agent-workspace/builds/worker-12/source:/opt/rustwide/workdir:ro,Z" "-v" "/var/lib/crater-agent-workspace/cargo-home:/opt/rustwide/cargo-home:ro,Z" "-v" "/var/lib/crater-agent-workspace/rustup-home:/opt/rustwide/rustup-home:ro,Z" "-e" "SOURCE_DIR=/opt/rustwide/workdir" "-e" "CARGO_TARGET_DIR=/opt/rustwide/target" "-e" "CARGO_INCREMENTAL=0" "-e" "RUST_BACKTRACE=full" "-e" "RUSTFLAGS=--cap-lints=warn" "-e" "CARGO_HOME=/opt/rustwide/cargo-home" "-e" "RUSTUP_HOME=/opt/rustwide/rustup-home" "-w" "/opt/rustwide/workdir" "-m" "1610612736" "--user" "0:0" "--network" "none" "ghcr.io/rust-lang/crates-build-env/linux@sha256:34b6a614d2c27851fe6cbf88fbd1137609cefab8b10d0615aaeb6fd47975d74e" "/opt/rustwide/cargo-home/bin/cargo" "+1.54.0" "build" "--frozen" "--message-format=json", kill_on_drop: false }`
[INFO] [stdout] e78ce2600de9f6d0b3d6dbf3589056126dddd6c2003c6321927358c678c52be3
[INFO] running `Command { std: "docker" "start" "-a" "e78ce2600de9f6d0b3d6dbf3589056126dddd6c2003c6321927358c678c52be3", kill_on_drop: false }`
[INFO] [stderr]    Compiling syn v1.0.74
[INFO] [stderr]    Compiling pkg-config v0.3.19
[INFO] [stderr]    Compiling jobserver v0.1.23
[INFO] [stderr]    Compiling cc v1.0.69
[INFO] [stderr]    Compiling libz-sys v1.1.3
[INFO] [stderr]    Compiling libgit2-sys v0.10.0
[INFO] [stderr]    Compiling serde_derive v1.0.127
[INFO] [stderr]    Compiling thiserror-impl v1.0.26
[INFO] [stderr]    Compiling git2 v0.11.0
[INFO] [stderr]    Compiling thiserror v1.0.26
[INFO] [stderr]    Compiling serde v1.0.127
[INFO] [stderr]    Compiling toml v0.5.8
[INFO] [stderr]    Compiling serde_json v1.0.66
[INFO] [stderr]    Compiling cargo_toml v0.8.1
[INFO] [stderr]    Compiling cargo-scout-lib v0.6.0 (/opt/rustwide/workdir)
[INFO] [stderr]     Finished dev [unoptimized + debuginfo] target(s) in 28.63s
[INFO] running `Command { std: "docker" "inspect" "e78ce2600de9f6d0b3d6dbf3589056126dddd6c2003c6321927358c678c52be3", kill_on_drop: false }`
[INFO] running `Command { std: "docker" "rm" "-f" "e78ce2600de9f6d0b3d6dbf3589056126dddd6c2003c6321927358c678c52be3", kill_on_drop: false }`
[INFO] [stdout] e78ce2600de9f6d0b3d6dbf3589056126dddd6c2003c6321927358c678c52be3
[INFO] running `Command { std: "docker" "create" "-v" "/var/lib/crater-agent-workspace/builds/worker-12/target:/opt/rustwide/target:rw,Z" "-v" "/var/lib/crater-agent-workspace/builds/worker-12/source:/opt/rustwide/workdir:ro,Z" "-v" "/var/lib/crater-agent-workspace/cargo-home:/opt/rustwide/cargo-home:ro,Z" "-v" "/var/lib/crater-agent-workspace/rustup-home:/opt/rustwide/rustup-home:ro,Z" "-e" "SOURCE_DIR=/opt/rustwide/workdir" "-e" "CARGO_TARGET_DIR=/opt/rustwide/target" "-e" "CARGO_INCREMENTAL=0" "-e" "RUST_BACKTRACE=full" "-e" "RUSTFLAGS=--cap-lints=warn" "-e" "CARGO_HOME=/opt/rustwide/cargo-home" "-e" "RUSTUP_HOME=/opt/rustwide/rustup-home" "-w" "/opt/rustwide/workdir" "-m" "1610612736" "--user" "0:0" "--network" "none" "ghcr.io/rust-lang/crates-build-env/linux@sha256:34b6a614d2c27851fe6cbf88fbd1137609cefab8b10d0615aaeb6fd47975d74e" "/opt/rustwide/cargo-home/bin/cargo" "+1.54.0" "test" "--frozen" "--no-run" "--message-format=json", kill_on_drop: false }`
[INFO] [stdout] 291fe0aa3c35cc4042e0ebf2563871c7b82d322b4db277af8593a4ddf986fc61
[INFO] running `Command { std: "docker" "start" "-a" "291fe0aa3c35cc4042e0ebf2563871c7b82d322b4db277af8593a4ddf986fc61", kill_on_drop: false }`
[INFO] [stderr]     Blocking waiting for file lock on package cache
[INFO] [stderr]    Compiling remove_dir_all v0.5.3
[INFO] [stderr]    Compiling getrandom v0.2.3
[INFO] [stderr]    Compiling rand_core v0.6.3
[INFO] [stderr]    Compiling rand_chacha v0.3.1
[INFO] [stderr]    Compiling rand v0.8.4
[INFO] [stderr]    Compiling tempfile v3.2.0
[INFO] [stderr]    Compiling cargo-scout-lib v0.6.0 (/opt/rustwide/workdir)
[INFO] [stdout] warning: panic message is not a string literal
[INFO] [stdout]    --> src/scout/mod.rs:357:17
[INFO] [stdout]     |
[INFO] [stdout] 357 | /                 print!(
[INFO] [stdout] 358 | |                     "Expected files match for {} and {}",
[INFO] [stdout] 359 | |                     lint_section.0, git_section.0
[INFO] [stdout] 360 | |                 )
[INFO] [stdout]     | |_________________^
[INFO] [stdout]     |
[INFO] [stdout]     = note: `#[warn(non_fmt_panic)]` on by default
[INFO] [stdout]     = note: this is no longer accepted in Rust 2021
[INFO] [stdout] help: add a "{}" format string to Display the message
[INFO] [stdout]     |
[INFO] [stdout] 357 |                 "{}", print!(
[INFO] [stdout]     |                 ^^^^^
[INFO] [stdout] 
[INFO] [stdout] 
[INFO] [stdout] warning: panic message is not a string literal
[INFO] [stdout]    --> src/scout/mod.rs:384:17
[INFO] [stdout]     |
[INFO] [stdout] 384 | /                 print!(
[INFO] [stdout] 385 | |                     "Expected files not to match for {} and {}",
[INFO] [stdout] 386 | |                     lint_section.0, git_section.0
[INFO] [stdout] 387 | |                 )
[INFO] [stdout]     | |_________________^
[INFO] [stdout]     |
[INFO] [stdout]     = note: this is no longer accepted in Rust 2021
[INFO] [stdout] help: add a "{}" format string to Display the message
[INFO] [stdout]     |
[INFO] [stdout] 384 |                 "{}", print!(
[INFO] [stdout]     |                 ^^^^^
[INFO] [stdout] 
[INFO] [stdout] 
[INFO] [stdout] warning: panic message is not a string literal
[INFO] [stdout]    --> src/scout/mod.rs:398:17
[INFO] [stdout]     |
[INFO] [stdout] 398 | /                 print!(
[INFO] [stdout] 399 | |                     "Expected in range, found not in range for \n {:#?} and {:#?}",
[INFO] [stdout] 400 | |                     lint, section
[INFO] [stdout] 401 | |                 )
[INFO] [stdout]     | |_________________^
[INFO] [stdout]     |
[INFO] [stdout]     = note: this is no longer accepted in Rust 2021
[INFO] [stdout] help: add a "{}" format string to Display the message
[INFO] [stdout]     |
[INFO] [stdout] 398 |                 "{}", print!(
[INFO] [stdout]     |                 ^^^^^
[INFO] [stdout] 
[INFO] [stdout] 
[INFO] [stdout] warning: panic message is not a string literal
[INFO] [stdout]    --> src/scout/mod.rs:412:17
[INFO] [stdout]     |
[INFO] [stdout] 412 | /                 print!(
[INFO] [stdout] 413 | |                     "Expected not in range, found in range for \n {:#?} and {:#?}",
[INFO] [stdout] 414 | |                     lint, section
[INFO] [stdout] 415 | |                 )
[INFO] [stdout]     | |_________________^
[INFO] [stdout]     |
[INFO] [stdout]     = note: this is no longer accepted in Rust 2021
[INFO] [stdout] help: add a "{}" format string to Display the message
[INFO] [stdout]     |
[INFO] [stdout] 412 |                 "{}", print!(
[INFO] [stdout]     |                 ^^^^^
[INFO] [stdout] 
[INFO] [stdout] 
[INFO] [stdout] warning: 4 warnings emitted
[INFO] [stdout] 
[INFO] [stdout] 
[INFO] [stderr]     Finished test [unoptimized + debuginfo] target(s) in 9.94s
[INFO] running `Command { std: "docker" "inspect" "291fe0aa3c35cc4042e0ebf2563871c7b82d322b4db277af8593a4ddf986fc61", kill_on_drop: false }`
[INFO] running `Command { std: "docker" "rm" "-f" "291fe0aa3c35cc4042e0ebf2563871c7b82d322b4db277af8593a4ddf986fc61", kill_on_drop: false }`
[INFO] [stdout] 291fe0aa3c35cc4042e0ebf2563871c7b82d322b4db277af8593a4ddf986fc61
[INFO] running `Command { std: "docker" "create" "-v" "/var/lib/crater-agent-workspace/builds/worker-12/target:/opt/rustwide/target:rw,Z" "-v" "/var/lib/crater-agent-workspace/builds/worker-12/source:/opt/rustwide/workdir:ro,Z" "-v" "/var/lib/crater-agent-workspace/cargo-home:/opt/rustwide/cargo-home:ro,Z" "-v" "/var/lib/crater-agent-workspace/rustup-home:/opt/rustwide/rustup-home:ro,Z" "-e" "SOURCE_DIR=/opt/rustwide/workdir" "-e" "CARGO_TARGET_DIR=/opt/rustwide/target" "-e" "CARGO_INCREMENTAL=0" "-e" "RUST_BACKTRACE=full" "-e" "RUSTFLAGS=--cap-lints=warn" "-e" "CARGO_HOME=/opt/rustwide/cargo-home" "-e" "RUSTUP_HOME=/opt/rustwide/rustup-home" "-w" "/opt/rustwide/workdir" "-m" "1610612736" "--user" "0:0" "--network" "none" "ghcr.io/rust-lang/crates-build-env/linux@sha256:34b6a614d2c27851fe6cbf88fbd1137609cefab8b10d0615aaeb6fd47975d74e" "/opt/rustwide/cargo-home/bin/cargo" "+1.54.0" "test" "--frozen", kill_on_drop: false }`
[INFO] [stdout] 966cd54fc188cd30dbff761c30a7c115748b3bd5d45eb3844b7bc10f1509ea88
[INFO] running `Command { std: "docker" "start" "-a" "966cd54fc188cd30dbff761c30a7c115748b3bd5d45eb3844b7bc10f1509ea88", kill_on_drop: false }`
[INFO] [stderr]     Blocking waiting for file lock on package cache
[INFO] [stderr] warning: panic message is not a string literal
[INFO] [stderr]    --> src/scout/mod.rs:357:17
[INFO] [stderr]     |
[INFO] [stderr] 357 | /                 print!(
[INFO] [stderr] 358 | |                     "Expected files match for {} and {}",
[INFO] [stderr] 359 | |                     lint_section.0, git_section.0
[INFO] [stderr] 360 | |                 )
[INFO] [stderr]     | |_________________^
[INFO] [stderr]     |
[INFO] [stderr]     = note: `#[warn(non_fmt_panic)]` on by default
[INFO] [stderr]     = note: this is no longer accepted in Rust 2021
[INFO] [stderr] help: add a "{}" format string to Display the message
[INFO] [stderr]     |
[INFO] [stderr] 357 |                 "{}", print!(
[INFO] [stderr]     |                 ^^^^^
[INFO] [stderr] 
[INFO] [stderr] warning: panic message is not a string literal
[INFO] [stderr]    --> src/scout/mod.rs:384:17
[INFO] [stderr]     |
[INFO] [stderr] 384 | /                 print!(
[INFO] [stderr] 385 | |                     "Expected files not to match for {} and {}",
[INFO] [stderr] 386 | |                     lint_section.0, git_section.0
[INFO] [stderr] 387 | |                 )
[INFO] [stderr]     | |_________________^
[INFO] [stderr]     |
[INFO] [stderr]     = note: this is no longer accepted in Rust 2021
[INFO] [stderr] help: add a "{}" format string to Display the message
[INFO] [stderr]     |
[INFO] [stderr] 384 |                 "{}", print!(
[INFO] [stderr]     |                 ^^^^^
[INFO] [stderr] 
[INFO] [stderr] warning: panic message is not a string literal
[INFO] [stderr]    --> src/scout/mod.rs:398:17
[INFO] [stderr]     |
[INFO] [stderr] 398 | /                 print!(
[INFO] [stderr] 399 | |                     "Expected in range, found not in range for \n {:#?} and {:#?}",
[INFO] [stderr] 400 | |                     lint, section
[INFO] [stderr] 401 | |                 )
[INFO] [stderr]     | |_________________^
[INFO] [stderr]     |
[INFO] [stderr]     = note: this is no longer accepted in Rust 2021
[INFO] [stderr] help: add a "{}" format string to Display the message
[INFO] [stderr]     |
[INFO] [stderr] 398 |                 "{}", print!(
[INFO] [stderr]     |                 ^^^^^
[INFO] [stderr] 
[INFO] [stderr] warning: panic message is not a string literal
[INFO] [stderr]    --> src/scout/mod.rs:412:17
[INFO] [stderr]     |
[INFO] [stderr] 412 | /                 print!(
[INFO] [stderr] 413 | |                     "Expected not in range, found in range for \n {:#?} and {:#?}",
[INFO] [stderr] 414 | |                     lint, section
[INFO] [stderr] 415 | |                 )
[INFO] [stderr]     | |_________________^
[INFO] [stderr]     |
[INFO] [stderr]     = note: this is no longer accepted in Rust 2021
[INFO] [stderr] help: add a "{}" format string to Display the message
[INFO] [stderr]     |
[INFO] [stderr] 412 |                 "{}", print!(
[INFO] [stderr]     |                 ^^^^^
[INFO] [stderr] 
[INFO] [stderr] warning: 4 warnings emitted
[INFO] [stderr] 
[INFO] [stderr]     Finished test [unoptimized + debuginfo] target(s) in 1.23s
[INFO] [stderr]      Running unittests (/opt/rustwide/target/debug/deps/cargo_scout_lib-69d0a335d5a6ddda)
[INFO] [stdout] 
[INFO] [stdout] running 26 tests
[INFO] [stdout] test config::rust::tests::test_not_workspace_manifest ... ok
[INFO] [stdout] test config::rust::tests::test_not_workspace_path ... ok
[INFO] [stdout] test linter::clippy::tests::test_get_command_parameters_nightly ... ok
[INFO] [stdout] test linter::clippy::tests::test_get_envs ... ok
[INFO] [stdout] test linter::clippy::tests::test_set_verbose ... ok
[INFO] [stdout] test linter::clippy::tests::test_lints ... ok
[INFO] [stdout] test linter::clippy::tests::test_get_command_parameters ... ok
[INFO] [stdout] test config::rust::tests::test_neqo_members_manifest ... ok
[INFO] [stdout] test linter::rustfmt::tests::test_command_parameters ... ok
[INFO] [stdout] test linter::rustfmt::tests::test_lints ... ok
[INFO] [stdout] test scout::scout_tests::test_scout_no_workspace_one_diff ... ok
[INFO] [stdout] test scout::intersections_tests::test_files_match ... ok
[INFO] [stdout] test scout::intersections_tests::test_lines_not_in_range_simple ... ok
[INFO] [stdout] test scout::intersections_tests::test_lines_in_range_simple ... ok
[INFO] [stdout] test scout::scout_tests::test_scout_no_workspace_no_diff ... ok
[INFO] [stdout] test scout::intersections_tests::test_files_dont_match ... ok
[INFO] [stdout] test scout::scout_tests::test_scout_in_workspace ... ok
[INFO] [stdout] test linter::rustfmt::tests::test_display_mismatch_several_lines ... ok
[INFO] [stdout] test linter::rustfmt::tests::test_display_mismatch_one_line ... ok
[INFO] [stdout] test scout::scout_tests::test_scout_no_workspace_one_diff_not_relevant_member ... ok
[INFO] [stdout] test vcs::git::tests::untracked_files ... ok
[INFO] [stdout] test vcs::git::tests::mixed_extensions ... FAILED
[INFO] [stdout] test vcs::git::tests::added_files ... ok
[INFO] [stdout] test vcs::git::tests::no_changes ... ok
[INFO] [stdout] test vcs::git::tests::other_branch ... ok
[INFO] [stderr] error: test failed, to rerun pass '--lib'
[INFO] [stdout] test vcs::git::tests::modified_files ... ok
[INFO] [stdout] 
[INFO] [stdout] failures:
[INFO] [stdout] 
[INFO] [stdout] ---- vcs::git::tests::mixed_extensions stdout ----
[INFO] [stdout] Error: Io(Os { code: 2, kind: NotFound, message: "No such file or directory" })
[INFO] [stdout] thread 'vcs::git::tests::mixed_extensions' panicked at 'assertion failed: `(left == right)`
[INFO] [stdout]   left: `1`,
[INFO] [stdout]  right: `0`: the test returned a termination value with a non-zero status code (1) which indicates a failure', /rustc/a178d0322ce20e33eac124758e837cbd80a6f633/library/test/src/lib.rs:193:5
[INFO] [stdout] stack backtrace:
[INFO] [stdout]    0:     0x564cae8e6920 - std::backtrace_rs::backtrace::libunwind::trace::h34055254b57d8e79
[INFO] [stdout]                                at /rustc/a178d0322ce20e33eac124758e837cbd80a6f633/library/std/src/../../backtrace/src/backtrace/libunwind.rs:90:5
[INFO] [stdout]    1:     0x564cae8e6920 - std::backtrace_rs::backtrace::trace_unsynchronized::h8f1e3fbd9afff6ec
[INFO] [stdout]                                at /rustc/a178d0322ce20e33eac124758e837cbd80a6f633/library/std/src/../../backtrace/src/backtrace/mod.rs:66:5
[INFO] [stdout]    2:     0x564cae8e6920 - std::sys_common::backtrace::_print_fmt::h3a99a796b770c360
[INFO] [stdout]                                at /rustc/a178d0322ce20e33eac124758e837cbd80a6f633/library/std/src/sys_common/backtrace.rs:67:5
[INFO] [stdout]    3:     0x564cae8e6920 - <std::sys_common::backtrace::_print::DisplayBacktrace as core::fmt::Display>::fmt::h32d1f94a80615d18
[INFO] [stdout]                                at /rustc/a178d0322ce20e33eac124758e837cbd80a6f633/library/std/src/sys_common/backtrace.rs:46:22
[INFO] [stdout]    4:     0x564cae90b91c - core::fmt::write::h306731c068f7162c
[INFO] [stdout]                                at /rustc/a178d0322ce20e33eac124758e837cbd80a6f633/library/core/src/fmt/mod.rs:1110:17
[INFO] [stdout]    5:     0x564cae8e3535 - std::io::Write::write_fmt::h87f19b0a2cd190bc
[INFO] [stdout]                                at /rustc/a178d0322ce20e33eac124758e837cbd80a6f633/library/std/src/io/mod.rs:1588:15
[INFO] [stdout]    6:     0x564cae8e8f4b - std::sys_common::backtrace::_print::h5abaa2601a852287
[INFO] [stdout]                                at /rustc/a178d0322ce20e33eac124758e837cbd80a6f633/library/std/src/sys_common/backtrace.rs:49:5
[INFO] [stdout]    7:     0x564cae8e8f4b - std::sys_common::backtrace::print::h8d81445442bb638f
[INFO] [stdout]                                at /rustc/a178d0322ce20e33eac124758e837cbd80a6f633/library/std/src/sys_common/backtrace.rs:36:9
[INFO] [stdout]    8:     0x564cae8e8f4b - std::panicking::default_hook::{{closure}}::hcfe804496a9fa747
[INFO] [stdout]                                at /rustc/a178d0322ce20e33eac124758e837cbd80a6f633/library/std/src/panicking.rs:208:50
[INFO] [stdout]    9:     0x564cae8e8a5c - std::panicking::default_hook::hbea8e3ccf2ba8901
[INFO] [stdout]                                at /rustc/a178d0322ce20e33eac124758e837cbd80a6f633/library/std/src/panicking.rs:222:9
[INFO] [stdout]   10:     0x564cae8e9614 - std::panicking::rust_panic_with_hook::h7ee9e1a2d0f8975a
[INFO] [stdout]                                at /rustc/a178d0322ce20e33eac124758e837cbd80a6f633/library/std/src/panicking.rs:622:17
[INFO] [stdout]   11:     0x564cae8e90f7 - std::panicking::begin_panic_handler::{{closure}}::h8ab3b4491718b2c7
[INFO] [stdout]                                at /rustc/a178d0322ce20e33eac124758e837cbd80a6f633/library/std/src/panicking.rs:519:13
[INFO] [stdout]   12:     0x564cae8e6e1c - std::sys_common::backtrace::__rust_end_short_backtrace::hd489062ffa586a9f
[INFO] [stdout]                                at /rustc/a178d0322ce20e33eac124758e837cbd80a6f633/library/std/src/sys_common/backtrace.rs:141:18
[INFO] [stdout]   13:     0x564cae8e9059 - rust_begin_unwind
[INFO] [stdout]                                at /rustc/a178d0322ce20e33eac124758e837cbd80a6f633/library/std/src/panicking.rs:515:5
[INFO] [stdout]   14:     0x564cae4f9021 - core::panicking::panic_fmt::hca6330e3e14086b4
[INFO] [stdout]                                at /rustc/a178d0322ce20e33eac124758e837cbd80a6f633/library/core/src/panicking.rs:92:14
[INFO] [stdout]   15:     0x564cae90a31e - core::panicking::assert_failed_inner::h33b45280069a80ed
[INFO] [stdout]   16:     0x564cae7fb94a - core::panicking::assert_failed::h7e50a6afd3ff0e94
[INFO] [stdout]                                at /rustc/a178d0322ce20e33eac124758e837cbd80a6f633/library/core/src/panicking.rs:117:5
[INFO] [stdout]   17:     0x564cae515efc - test::assert_test_result::hc4a54a68f0dc79a2
[INFO] [stdout]                                at /rustc/a178d0322ce20e33eac124758e837cbd80a6f633/library/test/src/lib.rs:193:5
[INFO] [stdout]   18:     0x564cae513509 - cargo_scout_lib::vcs::git::tests::mixed_extensions::{{closure}}::h9b872cac6c1e096f
[INFO] [stdout]                                at /opt/rustwide/workdir/src/vcs/git.rs:182:5
[INFO] [stdout]   19:     0x564cae53d44e - core::ops::function::FnOnce::call_once::h2e6732059e3cc214
[INFO] [stdout]                                at /rustc/a178d0322ce20e33eac124758e837cbd80a6f633/library/core/src/ops/function.rs:227:5
[INFO] [stdout]   20:     0x564cae7a7353 - core::ops::function::FnOnce::call_once::h152e7e439ff59e19
[INFO] [stdout]                                at /rustc/a178d0322ce20e33eac124758e837cbd80a6f633/library/core/src/ops/function.rs:227:5
[INFO] [stdout]   21:     0x564cae7a7353 - test::__rust_begin_short_backtrace::h0908f3b1fdbb72ab
[INFO] [stdout]                                at /rustc/a178d0322ce20e33eac124758e837cbd80a6f633/library/test/src/lib.rs:577:5
[INFO] [stdout]   22:     0x564cae7a5e10 - <alloc::boxed::Box<F,A> as core::ops::function::FnOnce<Args>>::call_once::hf6d2a51e5587546c
[INFO] [stdout]                                at /rustc/a178d0322ce20e33eac124758e837cbd80a6f633/library/alloc/src/boxed.rs:1575:9
[INFO] [stdout]   23:     0x564cae7a5e10 - <std::panic::AssertUnwindSafe<F> as core::ops::function::FnOnce<()>>::call_once::h8af660f3a89ef593
[INFO] [stdout]                                at /rustc/a178d0322ce20e33eac124758e837cbd80a6f633/library/std/src/panic.rs:347:9
[INFO] [stdout]   24:     0x564cae7a5e10 - std::panicking::try::do_call::hd36aef60f84b6d36
[INFO] [stdout]                                at /rustc/a178d0322ce20e33eac124758e837cbd80a6f633/library/std/src/panicking.rs:401:40
[INFO] [stdout]   25:     0x564cae7a5e10 - std::panicking::try::h9932b4480e69817c
[INFO] [stdout]                                at /rustc/a178d0322ce20e33eac124758e837cbd80a6f633/library/std/src/panicking.rs:365:19
[INFO] [stdout]   26:     0x564cae7a5e10 - std::panic::catch_unwind::h6aa177099cfff5f8
[INFO] [stdout]                                at /rustc/a178d0322ce20e33eac124758e837cbd80a6f633/library/std/src/panic.rs:434:14
[INFO] [stdout]   27:     0x564cae7a5e10 - test::run_test_in_process::h5884d6f2d99e20c3
[INFO] [stdout]                                at /rustc/a178d0322ce20e33eac124758e837cbd80a6f633/library/test/src/lib.rs:600:18
[INFO] [stdout]   28:     0x564cae7a5e10 - test::run_test::run_test_inner::{{closure}}::h6fdc58c6d5f5b6e3
[INFO] [stdout]                                at /rustc/a178d0322ce20e33eac124758e837cbd80a6f633/library/test/src/lib.rs:492:39
[INFO] [stdout]   29:     0x564cae77f4c2 - test::run_test::run_test_inner::{{closure}}::h408365d67a78ade8
[INFO] [stdout]                                at /rustc/a178d0322ce20e33eac124758e837cbd80a6f633/library/test/src/lib.rs:519:37
[INFO] [stdout]   30:     0x564cae77f4c2 - std::sys_common::backtrace::__rust_begin_short_backtrace::hb560b77c4f701523
[INFO] [stdout]                                at /rustc/a178d0322ce20e33eac124758e837cbd80a6f633/library/std/src/sys_common/backtrace.rs:125:18
[INFO] [stdout]   31:     0x564cae783078 - std::thread::Builder::spawn_unchecked::{{closure}}::{{closure}}::hf2e7831dad93c597
[INFO] [stdout]                                at /rustc/a178d0322ce20e33eac124758e837cbd80a6f633/library/std/src/thread/mod.rs:481:17
[INFO] [stdout]   32:     0x564cae783078 - <std::panic::AssertUnwindSafe<F> as core::ops::function::FnOnce<()>>::call_once::hd2e08783d8be4d02
[INFO] [stdout]                                at /rustc/a178d0322ce20e33eac124758e837cbd80a6f633/library/std/src/panic.rs:347:9
[INFO] [stdout]   33:     0x564cae783078 - std::panicking::try::do_call::h062597b7acfd6b82
[INFO] [stdout]                                at /rustc/a178d0322ce20e33eac124758e837cbd80a6f633/library/std/src/panicking.rs:401:40
[INFO] [stdout]   34:     0x564cae783078 - std::panicking::try::h0d7b79db04c14552
[INFO] [stdout]                                at /rustc/a178d0322ce20e33eac124758e837cbd80a6f633/library/std/src/panicking.rs:365:19
[INFO] [stdout]   35:     0x564cae783078 - std::panic::catch_unwind::hb01a0b5e7c8cd43b
[INFO] [stdout]                                at /rustc/a178d0322ce20e33eac124758e837cbd80a6f633/library/std/src/panic.rs:434:14
[INFO] [stdout]   36:     0x564cae783078 - std::thread::Builder::spawn_unchecked::{{closure}}::h5bde48cc887e0d1e
[INFO] [stdout]                                at /rustc/a178d0322ce20e33eac124758e837cbd80a6f633/library/std/src/thread/mod.rs:480:30
[INFO] [stdout]   37:     0x564cae783078 - core::ops::function::FnOnce::call_once{{vtable.shim}}::h745ea30807a29e55
[INFO] [stdout]                                at /rustc/a178d0322ce20e33eac124758e837cbd80a6f633/library/core/src/ops/function.rs:227:5
[INFO] [stdout]   38:     0x564cae8eee87 - <alloc::boxed::Box<F,A> as core::ops::function::FnOnce<Args>>::call_once::h7ece6cfefaff1005
[INFO] [stdout]                                at /rustc/a178d0322ce20e33eac124758e837cbd80a6f633/library/alloc/src/boxed.rs:1575:9
[INFO] [stdout]   39:     0x564cae8eee87 - <alloc::boxed::Box<F,A> as core::ops::function::FnOnce<Args>>::call_once::hb8b48e55c21f193e
[INFO] [stdout]                                at /rustc/a178d0322ce20e33eac124758e837cbd80a6f633/library/alloc/src/boxed.rs:1575:9
[INFO] [stdout]   40:     0x564cae8eee87 - std::sys::unix::thread::Thread::new::thread_start::h8c7c4450dba62914
[INFO] [stdout]                                at /rustc/a178d0322ce20e33eac124758e837cbd80a6f633/library/std/src/sys/unix/thread.rs:71:17
[INFO] [stdout]   41:     0x7f8adb831609 - start_thread
[INFO] [stdout]   42:     0x7f8adb601293 - clone
[INFO] [stdout]   43:                0x0 - <unknown>
[INFO] [stdout] 
[INFO] [stdout] 
[INFO] [stdout] failures:
[INFO] [stdout]     vcs::git::tests::mixed_extensions
[INFO] [stdout] 
[INFO] [stdout] test result: FAILED. 25 passed; 1 failed; 0 ignored; 0 measured; 0 filtered out; finished in 0.41s
[INFO] [stdout] 
[INFO] running `Command { std: "docker" "inspect" "966cd54fc188cd30dbff761c30a7c115748b3bd5d45eb3844b7bc10f1509ea88", kill_on_drop: false }`
[INFO] running `Command { std: "docker" "rm" "-f" "966cd54fc188cd30dbff761c30a7c115748b3bd5d45eb3844b7bc10f1509ea88", kill_on_drop: false }`
[INFO] [stdout] 966cd54fc188cd30dbff761c30a7c115748b3bd5d45eb3844b7bc10f1509ea88
