[INFO] fetching crate cargo-kcov 0.5.2...
[INFO] testing cargo-kcov-0.5.2 against beta-2021-08-01 for beta-1.55-1
[INFO] extracting crate cargo-kcov 0.5.2 into /workspace/builds/worker-19/source
[INFO] validating manifest of crates.io crate cargo-kcov 0.5.2 on toolchain beta-2021-08-01
[INFO] running `Command { std: "/workspace/cargo-home/bin/cargo" "+beta-2021-08-01" "metadata" "--manifest-path" "Cargo.toml" "--no-deps", kill_on_drop: false }`
[INFO] started tweaking crates.io crate cargo-kcov 0.5.2
[INFO] finished tweaking crates.io crate cargo-kcov 0.5.2
[INFO] tweaked toml for crates.io crate cargo-kcov 0.5.2 written to /workspace/builds/worker-19/source/Cargo.toml
[INFO] running `Command { std: "/workspace/cargo-home/bin/cargo" "+beta-2021-08-01" "generate-lockfile" "--manifest-path" "Cargo.toml" "-Zno-index-update", kill_on_drop: false }`
[INFO] [stderr]     Blocking waiting for file lock on package cache
[INFO] running `Command { std: "/workspace/cargo-home/bin/cargo" "+beta-2021-08-01" "fetch" "--manifest-path" "Cargo.toml", kill_on_drop: false }`
[INFO] [stderr]     Blocking waiting for file lock on package cache
[INFO] [stderr]     Blocking waiting for file lock on package cache
[INFO] [stderr]  Downloading crates ...
[INFO] [stderr]   Downloaded xml-rs v0.7.0
[INFO] [stderr]   Downloaded rquery v0.4.1
[INFO] running `Command { std: "docker" "create" "-v" "/var/lib/crater-agent-workspace/builds/worker-19/target:/opt/rustwide/target:rw,Z" "-v" "/var/lib/crater-agent-workspace/builds/worker-19/source:/opt/rustwide/workdir:ro,Z" "-v" "/var/lib/crater-agent-workspace/cargo-home:/opt/rustwide/cargo-home:ro,Z" "-v" "/var/lib/crater-agent-workspace/rustup-home:/opt/rustwide/rustup-home:ro,Z" "-e" "SOURCE_DIR=/opt/rustwide/workdir" "-e" "CARGO_TARGET_DIR=/opt/rustwide/target" "-e" "CARGO_HOME=/opt/rustwide/cargo-home" "-e" "RUSTUP_HOME=/opt/rustwide/rustup-home" "-w" "/opt/rustwide/workdir" "-m" "1610612736" "--user" "0:0" "--network" "none" "ghcr.io/rust-lang/crates-build-env/linux@sha256:34b6a614d2c27851fe6cbf88fbd1137609cefab8b10d0615aaeb6fd47975d74e" "/opt/rustwide/cargo-home/bin/cargo" "+beta-2021-08-01" "metadata" "--no-deps" "--format-version=1", kill_on_drop: false }`
[INFO] [stdout] e5a4981de0b312c34fb05f264929bc1499efd83f5131b7e969fcd479f3fe7a4d
[INFO] running `Command { std: "docker" "start" "-a" "e5a4981de0b312c34fb05f264929bc1499efd83f5131b7e969fcd479f3fe7a4d", kill_on_drop: false }`
[INFO] running `Command { std: "docker" "inspect" "e5a4981de0b312c34fb05f264929bc1499efd83f5131b7e969fcd479f3fe7a4d", kill_on_drop: false }`
[INFO] running `Command { std: "docker" "rm" "-f" "e5a4981de0b312c34fb05f264929bc1499efd83f5131b7e969fcd479f3fe7a4d", kill_on_drop: false }`
[INFO] [stdout] e5a4981de0b312c34fb05f264929bc1499efd83f5131b7e969fcd479f3fe7a4d
[INFO] running `Command { std: "docker" "create" "-v" "/var/lib/crater-agent-workspace/builds/worker-19/target:/opt/rustwide/target:rw,Z" "-v" "/var/lib/crater-agent-workspace/builds/worker-19/source:/opt/rustwide/workdir:ro,Z" "-v" "/var/lib/crater-agent-workspace/cargo-home:/opt/rustwide/cargo-home:ro,Z" "-v" "/var/lib/crater-agent-workspace/rustup-home:/opt/rustwide/rustup-home:ro,Z" "-e" "SOURCE_DIR=/opt/rustwide/workdir" "-e" "CARGO_TARGET_DIR=/opt/rustwide/target" "-e" "CARGO_INCREMENTAL=0" "-e" "RUST_BACKTRACE=full" "-e" "RUSTFLAGS=--cap-lints=warn" "-e" "CARGO_HOME=/opt/rustwide/cargo-home" "-e" "RUSTUP_HOME=/opt/rustwide/rustup-home" "-w" "/opt/rustwide/workdir" "-m" "1610612736" "--user" "0:0" "--network" "none" "ghcr.io/rust-lang/crates-build-env/linux@sha256:34b6a614d2c27851fe6cbf88fbd1137609cefab8b10d0615aaeb6fd47975d74e" "/opt/rustwide/cargo-home/bin/cargo" "+beta-2021-08-01" "build" "--frozen" "--message-format=json", kill_on_drop: false }`
[INFO] [stdout] 4156f238ebc3c488862b81bb3c46b958fff2de2bb0e4b081e772cac6cc09e32e
[INFO] running `Command { std: "docker" "start" "-a" "4156f238ebc3c488862b81bb3c46b958fff2de2bb0e4b081e772cac6cc09e32e", kill_on_drop: false }`
[INFO] [stderr]     Blocking waiting for file lock on package cache
[INFO] [stderr]    Compiling libc v0.2.98
[INFO] [stderr]    Compiling memchr v2.4.0
[INFO] [stderr]    Compiling serde v1.0.127
[INFO] [stderr]    Compiling serde_json v1.0.66
[INFO] [stderr]    Compiling regex-syntax v0.6.25
[INFO] [stderr]    Compiling pathdiff v0.2.0
[INFO] [stderr]    Compiling shlex v0.1.1
[INFO] [stderr]    Compiling open v1.7.1
[INFO] [stderr]    Compiling aho-corasick v0.7.18
[INFO] [stderr]    Compiling dirs v1.0.5
[INFO] [stderr]    Compiling atty v0.2.14
[INFO] [stderr]    Compiling clap v2.33.3
[INFO] [stderr]    Compiling term v0.5.2
[INFO] [stderr]    Compiling regex v1.5.4
[INFO] [stderr]    Compiling cargo-kcov v0.5.2 (/opt/rustwide/workdir)
[INFO] [stdout] warning: trait objects without an explicit `dyn` are deprecated
[INFO] [stdout]   --> src/errors.rs:51:32
[INFO] [stdout]    |
[INFO] [stdout] 51 |     fn cause(&self) -> Option<&Display> {
[INFO] [stdout]    |                                ^^^^^^^ help: use `dyn`: `dyn Display`
[INFO] [stdout]    |
[INFO] [stdout]    = note: `#[warn(bare_trait_objects)]` on by default
[INFO] [stdout]    = warning: this is accepted in the current edition (Rust 2015) but is a hard error in Rust 2021!
[INFO] [stdout]    = note: for more information, see issue #80165 <https://github.com/rust-lang/rust/issues/80165>
[INFO] [stdout] 
[INFO] [stdout] 
[INFO] [stdout] warning: trait objects without an explicit `dyn` are deprecated
[INFO] [stdout]   --> src/errors.rs:58:60
[INFO] [stdout]    |
[INFO] [stdout] 58 |             Error::Json(ref e) => e.as_ref().map(|a| a as &Display),
[INFO] [stdout]    |                                                            ^^^^^^^ help: use `dyn`: `dyn Display`
[INFO] [stdout]    |
[INFO] [stdout]    = warning: this is accepted in the current edition (Rust 2015) but is a hard error in Rust 2021!
[INFO] [stdout]    = note: for more information, see issue #80165 <https://github.com/rust-lang/rust/issues/80165>
[INFO] [stdout] 
[INFO] [stdout] 
[INFO] [stdout] warning: trait objects without an explicit `dyn` are deprecated
[INFO] [stdout]   --> src/errors.rs:60:77
[INFO] [stdout]    |
[INFO] [stdout] 60 |             Error::CannotFindTestTargets(ref e) => e.as_ref().map(|a| a as &Display),
[INFO] [stdout]    |                                                                             ^^^^^^^ help: use `dyn`: `dyn Display`
[INFO] [stdout]    |
[INFO] [stdout]    = warning: this is accepted in the current edition (Rust 2015) but is a hard error in Rust 2021!
[INFO] [stdout]    = note: for more information, see issue #80165 <https://github.com/rust-lang/rust/issues/80165>
[INFO] [stdout] 
[INFO] [stdout] 
[INFO] [stdout] warning: use of deprecated associated function `core::str::<impl str>::trim_right`: superseded by `trim_end`
[INFO] [stdout]    --> src/main.rs:135:20
[INFO] [stdout]     |
[INFO] [stdout] 135 |         full_pkgid.trim_right();
[INFO] [stdout]     |                    ^^^^^^^^^^ help: replace the use of the deprecated associated function: `trim_end`
[INFO] [stdout]     |
[INFO] [stdout]     = note: `#[warn(deprecated)]` on by default
[INFO] [stdout] 
[INFO] [stdout] 
[INFO] [stdout] warning: use of deprecated associated function `core::str::<impl str>::trim_left`: superseded by `trim_start`
[INFO] [stdout]   --> src/target_finder.rs:43:29
[INFO] [stdout]    |
[INFO] [stdout] 43 |     let trimmed_line = line.trim_left();
[INFO] [stdout]    |                             ^^^^^^^^^ help: replace the use of the deprecated associated function: `trim_start`
[INFO] [stdout] 
[INFO] [stdout] 
[INFO] [stdout] warning: 5 warnings emitted
[INFO] [stdout] 
[INFO] [stdout] 
[INFO] [stderr]     Finished dev [unoptimized + debuginfo] target(s) in 8.75s
[INFO] running `Command { std: "docker" "inspect" "4156f238ebc3c488862b81bb3c46b958fff2de2bb0e4b081e772cac6cc09e32e", kill_on_drop: false }`
[INFO] running `Command { std: "docker" "rm" "-f" "4156f238ebc3c488862b81bb3c46b958fff2de2bb0e4b081e772cac6cc09e32e", kill_on_drop: false }`
[INFO] [stdout] 4156f238ebc3c488862b81bb3c46b958fff2de2bb0e4b081e772cac6cc09e32e
[INFO] running `Command { std: "docker" "create" "-v" "/var/lib/crater-agent-workspace/builds/worker-19/target:/opt/rustwide/target:rw,Z" "-v" "/var/lib/crater-agent-workspace/builds/worker-19/source:/opt/rustwide/workdir:ro,Z" "-v" "/var/lib/crater-agent-workspace/cargo-home:/opt/rustwide/cargo-home:ro,Z" "-v" "/var/lib/crater-agent-workspace/rustup-home:/opt/rustwide/rustup-home:ro,Z" "-e" "SOURCE_DIR=/opt/rustwide/workdir" "-e" "CARGO_TARGET_DIR=/opt/rustwide/target" "-e" "CARGO_INCREMENTAL=0" "-e" "RUST_BACKTRACE=full" "-e" "RUSTFLAGS=--cap-lints=warn" "-e" "CARGO_HOME=/opt/rustwide/cargo-home" "-e" "RUSTUP_HOME=/opt/rustwide/rustup-home" "-w" "/opt/rustwide/workdir" "-m" "1610612736" "--user" "0:0" "--network" "none" "ghcr.io/rust-lang/crates-build-env/linux@sha256:34b6a614d2c27851fe6cbf88fbd1137609cefab8b10d0615aaeb6fd47975d74e" "/opt/rustwide/cargo-home/bin/cargo" "+beta-2021-08-01" "test" "--frozen" "--no-run" "--message-format=json", kill_on_drop: false }`
[INFO] [stdout] cbcb74b02957c8c6b7e02e930c19f75b2cf43383d40d8ef7ae945ea66a6144fd
[INFO] running `Command { std: "docker" "start" "-a" "cbcb74b02957c8c6b7e02e930c19f75b2cf43383d40d8ef7ae945ea66a6144fd", kill_on_drop: false }`
[INFO] [stderr]    Compiling xml-rs v0.7.0
[INFO] [stderr]    Compiling rand v0.4.6
[INFO] [stdout] warning: trait objects without an explicit `dyn` are deprecated
[INFO] [stdout]   --> src/errors.rs:51:32
[INFO] [stdout]    |
[INFO] [stdout] 51 |     fn cause(&self) -> Option<&Display> {
[INFO] [stdout]    |                                ^^^^^^^ help: use `dyn`: `dyn Display`
[INFO] [stdout]    |
[INFO] [stdout]    = note: `#[warn(bare_trait_objects)]` on by default
[INFO] [stdout]    = warning: this is accepted in the current edition (Rust 2015) but is a hard error in Rust 2021!
[INFO] [stdout]    = note: for more information, see issue #80165 <https://github.com/rust-lang/rust/issues/80165>
[INFO] [stdout] 
[INFO] [stdout] 
[INFO] [stdout] warning: trait objects without an explicit `dyn` are deprecated
[INFO] [stdout]   --> src/errors.rs:58:60
[INFO] [stdout]    |
[INFO] [stdout] 58 |             Error::Json(ref e) => e.as_ref().map(|a| a as &Display),
[INFO] [stdout]    |                                                            ^^^^^^^ help: use `dyn`: `dyn Display`
[INFO] [stdout]    |
[INFO] [stdout]    = warning: this is accepted in the current edition (Rust 2015) but is a hard error in Rust 2021!
[INFO] [stdout]    = note: for more information, see issue #80165 <https://github.com/rust-lang/rust/issues/80165>
[INFO] [stdout] 
[INFO] [stdout] 
[INFO] [stdout] warning: trait objects without an explicit `dyn` are deprecated
[INFO] [stdout]   --> src/errors.rs:60:77
[INFO] [stdout]    |
[INFO] [stdout] 60 |             Error::CannotFindTestTargets(ref e) => e.as_ref().map(|a| a as &Display),
[INFO] [stdout]    |                                                                             ^^^^^^^ help: use `dyn`: `dyn Display`
[INFO] [stdout]    |
[INFO] [stdout]    = warning: this is accepted in the current edition (Rust 2015) but is a hard error in Rust 2021!
[INFO] [stdout]    = note: for more information, see issue #80165 <https://github.com/rust-lang/rust/issues/80165>
[INFO] [stdout] 
[INFO] [stdout] 
[INFO] [stdout] warning: use of deprecated associated function `core::str::<impl str>::trim_right`: superseded by `trim_end`
[INFO] [stdout]    --> src/main.rs:135:20
[INFO] [stdout]     |
[INFO] [stdout] 135 |         full_pkgid.trim_right();
[INFO] [stdout]     |                    ^^^^^^^^^^ help: replace the use of the deprecated associated function: `trim_end`
[INFO] [stdout]     |
[INFO] [stdout]     = note: `#[warn(deprecated)]` on by default
[INFO] [stdout] 
[INFO] [stdout] 
[INFO] [stdout] warning: use of deprecated associated function `core::str::<impl str>::trim_left`: superseded by `trim_start`
[INFO] [stdout]   --> src/target_finder.rs:43:29
[INFO] [stdout]    |
[INFO] [stdout] 43 |     let trimmed_line = line.trim_left();
[INFO] [stdout]    |                             ^^^^^^^^^ help: replace the use of the deprecated associated function: `trim_start`
[INFO] [stdout] 
[INFO] [stdout] 
[INFO] [stdout] warning: 5 warnings emitted
[INFO] [stdout] 
[INFO] [stdout] 
[INFO] [stderr]    Compiling rquery v0.4.1
[INFO] [stderr]    Compiling tempdir v0.3.7
[INFO] [stderr]    Compiling cargo-kcov v0.5.2 (/opt/rustwide/workdir)
[INFO] [stdout] warning: trait objects without an explicit `dyn` are deprecated
[INFO] [stdout]   --> src/errors.rs:51:32
[INFO] [stdout]    |
[INFO] [stdout] 51 |     fn cause(&self) -> Option<&Display> {
[INFO] [stdout]    |                                ^^^^^^^ help: use `dyn`: `dyn Display`
[INFO] [stdout]    |
[INFO] [stdout]    = note: `#[warn(bare_trait_objects)]` on by default
[INFO] [stdout]    = warning: this is accepted in the current edition (Rust 2015) but is a hard error in Rust 2021!
[INFO] [stdout]    = note: for more information, see issue #80165 <https://github.com/rust-lang/rust/issues/80165>
[INFO] [stdout] 
[INFO] [stdout] 
[INFO] [stdout] warning: trait objects without an explicit `dyn` are deprecated
[INFO] [stdout]   --> src/errors.rs:58:60
[INFO] [stdout]    |
[INFO] [stdout] 58 |             Error::Json(ref e) => e.as_ref().map(|a| a as &Display),
[INFO] [stdout]    |                                                            ^^^^^^^ help: use `dyn`: `dyn Display`
[INFO] [stdout]    |
[INFO] [stdout]    = warning: this is accepted in the current edition (Rust 2015) but is a hard error in Rust 2021!
[INFO] [stdout]    = note: for more information, see issue #80165 <https://github.com/rust-lang/rust/issues/80165>
[INFO] [stdout] 
[INFO] [stdout] 
[INFO] [stdout] warning: trait objects without an explicit `dyn` are deprecated
[INFO] [stdout]   --> src/errors.rs:60:77
[INFO] [stdout]    |
[INFO] [stdout] 60 |             Error::CannotFindTestTargets(ref e) => e.as_ref().map(|a| a as &Display),
[INFO] [stdout]    |                                                                             ^^^^^^^ help: use `dyn`: `dyn Display`
[INFO] [stdout]    |
[INFO] [stdout]    = warning: this is accepted in the current edition (Rust 2015) but is a hard error in Rust 2021!
[INFO] [stdout]    = note: for more information, see issue #80165 <https://github.com/rust-lang/rust/issues/80165>
[INFO] [stdout] 
[INFO] [stdout] 
[INFO] [stdout] warning: use of deprecated associated function `core::str::<impl str>::trim_right`: superseded by `trim_end`
[INFO] [stdout]    --> src/main.rs:135:20
[INFO] [stdout]     |
[INFO] [stdout] 135 |         full_pkgid.trim_right();
[INFO] [stdout]     |                    ^^^^^^^^^^ help: replace the use of the deprecated associated function: `trim_end`
[INFO] [stdout]     |
[INFO] [stdout]     = note: `#[warn(deprecated)]` on by default
[INFO] [stdout] 
[INFO] [stdout] 
[INFO] [stdout] warning: use of deprecated associated function `core::str::<impl str>::trim_left`: superseded by `trim_start`
[INFO] [stdout]   --> src/target_finder.rs:43:29
[INFO] [stdout]    |
[INFO] [stdout] 43 |     let trimmed_line = line.trim_left();
[INFO] [stdout]    |                             ^^^^^^^^^ help: replace the use of the deprecated associated function: `trim_start`
[INFO] [stdout] 
[INFO] [stdout] 
[INFO] [stdout] warning: 5 warnings emitted
[INFO] [stdout] 
[INFO] [stdout] 
[INFO] [stderr]     Finished test [unoptimized + debuginfo] target(s) in 5.07s
[INFO] running `Command { std: "docker" "inspect" "cbcb74b02957c8c6b7e02e930c19f75b2cf43383d40d8ef7ae945ea66a6144fd", kill_on_drop: false }`
[INFO] running `Command { std: "docker" "rm" "-f" "cbcb74b02957c8c6b7e02e930c19f75b2cf43383d40d8ef7ae945ea66a6144fd", kill_on_drop: false }`
[INFO] [stdout] cbcb74b02957c8c6b7e02e930c19f75b2cf43383d40d8ef7ae945ea66a6144fd
[INFO] running `Command { std: "docker" "create" "-v" "/var/lib/crater-agent-workspace/builds/worker-19/target:/opt/rustwide/target:rw,Z" "-v" "/var/lib/crater-agent-workspace/builds/worker-19/source:/opt/rustwide/workdir:ro,Z" "-v" "/var/lib/crater-agent-workspace/cargo-home:/opt/rustwide/cargo-home:ro,Z" "-v" "/var/lib/crater-agent-workspace/rustup-home:/opt/rustwide/rustup-home:ro,Z" "-e" "SOURCE_DIR=/opt/rustwide/workdir" "-e" "CARGO_TARGET_DIR=/opt/rustwide/target" "-e" "CARGO_INCREMENTAL=0" "-e" "RUST_BACKTRACE=full" "-e" "RUSTFLAGS=--cap-lints=warn" "-e" "CARGO_HOME=/opt/rustwide/cargo-home" "-e" "RUSTUP_HOME=/opt/rustwide/rustup-home" "-w" "/opt/rustwide/workdir" "-m" "1610612736" "--user" "0:0" "--network" "none" "ghcr.io/rust-lang/crates-build-env/linux@sha256:34b6a614d2c27851fe6cbf88fbd1137609cefab8b10d0615aaeb6fd47975d74e" "/opt/rustwide/cargo-home/bin/cargo" "+beta-2021-08-01" "test" "--frozen", kill_on_drop: false }`
[INFO] [stdout] 7cc14f8efc9a651a8e49076dd815846c95ddc9353148909e663e498316a0982d
[INFO] running `Command { std: "docker" "start" "-a" "7cc14f8efc9a651a8e49076dd815846c95ddc9353148909e663e498316a0982d", kill_on_drop: false }`
[INFO] [stderr]     Blocking waiting for file lock on package cache
[INFO] [stderr]     Blocking waiting for file lock on package cache
[INFO] [stderr] warning: trait objects without an explicit `dyn` are deprecated
[INFO] [stderr]   --> src/errors.rs:51:32
[INFO] [stderr]    |
[INFO] [stderr] 51 |     fn cause(&self) -> Option<&Display> {
[INFO] [stderr]    |                                ^^^^^^^ help: use `dyn`: `dyn Display`
[INFO] [stderr]    |
[INFO] [stderr]    = note: `#[warn(bare_trait_objects)]` on by default
[INFO] [stderr]    = warning: this is accepted in the current edition (Rust 2015) but is a hard error in Rust 2021!
[INFO] [stderr]    = note: for more information, see issue #80165 <https://github.com/rust-lang/rust/issues/80165>
[INFO] [stderr] 
[INFO] [stderr] warning: trait objects without an explicit `dyn` are deprecated
[INFO] [stderr]   --> src/errors.rs:58:60
[INFO] [stderr]    |
[INFO] [stderr] 58 |             Error::Json(ref e) => e.as_ref().map(|a| a as &Display),
[INFO] [stderr]    |                                                            ^^^^^^^ help: use `dyn`: `dyn Display`
[INFO] [stderr]    |
[INFO] [stderr]    = warning: this is accepted in the current edition (Rust 2015) but is a hard error in Rust 2021!
[INFO] [stderr]    = note: for more information, see issue #80165 <https://github.com/rust-lang/rust/issues/80165>
[INFO] [stderr] 
[INFO] [stderr] warning: trait objects without an explicit `dyn` are deprecated
[INFO] [stderr]   --> src/errors.rs:60:77
[INFO] [stderr]    |
[INFO] [stderr] 60 |             Error::CannotFindTestTargets(ref e) => e.as_ref().map(|a| a as &Display),
[INFO] [stderr]    |                                                                             ^^^^^^^ help: use `dyn`: `dyn Display`
[INFO] [stderr]    |
[INFO] [stderr]    = warning: this is accepted in the current edition (Rust 2015) but is a hard error in Rust 2021!
[INFO] [stderr]    = note: for more information, see issue #80165 <https://github.com/rust-lang/rust/issues/80165>
[INFO] [stderr] 
[INFO] [stderr] warning: use of deprecated associated function `core::str::<impl str>::trim_right`: superseded by `trim_end`
[INFO] [stderr]    --> src/main.rs:135:20
[INFO] [stderr]     |
[INFO] [stderr] 135 |         full_pkgid.trim_right();
[INFO] [stderr]     |                    ^^^^^^^^^^ help: replace the use of the deprecated associated function: `trim_end`
[INFO] [stderr]     |
[INFO] [stderr]     = note: `#[warn(deprecated)]` on by default
[INFO] [stderr] 
[INFO] [stderr] warning: use of deprecated associated function `core::str::<impl str>::trim_left`: superseded by `trim_start`
[INFO] [stderr]   --> src/target_finder.rs:43:29
[INFO] [stderr]    |
[INFO] [stderr] 43 |     let trimmed_line = line.trim_left();
[INFO] [stderr]    |                             ^^^^^^^^^ help: replace the use of the deprecated associated function: `trim_start`
[INFO] [stderr] 
[INFO] [stderr] warning: `cargo-kcov` (bin "cargo-kcov" test) generated 5 warnings
[INFO] [stderr] warning: `cargo-kcov` (bin "cargo-kcov") generated 5 warnings (5 duplicates)
[INFO] [stderr]     Finished test [unoptimized + debuginfo] target(s) in 0.12s
[INFO] [stderr]      Running unittests (/opt/rustwide/target/debug/deps/cargo_kcov-976a816fbb367e5b)
[INFO] [stdout] 
[INFO] [stdout] running 4 tests
[INFO] [stdout] test target_finder::test_find_package_name_from_pkgid ... ok
[INFO] [stdout] test target_finder::test_parse_rustc_command_lines ... ok
[INFO] [stdout] test target_finder::test_find_test_targets ... ok
[INFO] [stderr]      Running tests/check-colorless-output.rs (/opt/rustwide/target/debug/deps/check_colorless_output-11ebe7a1d29c1487)
[INFO] [stdout] test test_get_args_for_find_test_targets ... ok
[INFO] [stdout] 
[INFO] [stdout] test result: ok. 4 passed; 0 failed; 0 ignored; 0 measured; 0 filtered out; finished in 0.11s
[INFO] [stdout] 
[INFO] [stdout] 
[INFO] [stdout] running 1 test
[INFO] [stderr]     Blocking waiting for file lock on package cache
[INFO] [stderr] warning: trait objects without an explicit `dyn` are deprecated
[INFO] [stderr]   --> src/errors.rs:51:32
[INFO] [stderr]    |
[INFO] [stderr] 51 |     fn cause(&self) -> Option<&Display> {
[INFO] [stderr]    |                                ^^^^^^^ help: use `dyn`: `dyn Display`
[INFO] [stderr]    |
[INFO] [stderr]    = note: `#[warn(bare_trait_objects)]` on by default
[INFO] [stderr]    = warning: this is accepted in the current edition (Rust 2015) but is a hard error in Rust 2021!
[INFO] [stderr]    = note: for more information, see issue #80165 <https://github.com/rust-lang/rust/issues/80165>
[INFO] [stderr] 
[INFO] [stderr] warning: trait objects without an explicit `dyn` are deprecated
[INFO] [stderr]   --> src/errors.rs:58:60
[INFO] [stderr]    |
[INFO] [stderr] 58 |             Error::Json(ref e) => e.as_ref().map(|a| a as &Display),
[INFO] [stderr]    |                                                            ^^^^^^^ help: use `dyn`: `dyn Display`
[INFO] [stderr]    |
[INFO] [stderr]    = warning: this is accepted in the current edition (Rust 2015) but is a hard error in Rust 2021!
[INFO] [stderr]    = note: for more information, see issue #80165 <https://github.com/rust-lang/rust/issues/80165>
[INFO] [stderr] 
[INFO] [stderr] warning: trait objects without an explicit `dyn` are deprecated
[INFO] [stderr]   --> src/errors.rs:60:77
[INFO] [stderr]    |
[INFO] [stderr] 60 |             Error::CannotFindTestTargets(ref e) => e.as_ref().map(|a| a as &Display),
[INFO] [stderr]    |                                                                             ^^^^^^^ help: use `dyn`: `dyn Display`
[INFO] [stderr]    |
[INFO] [stderr]    = warning: this is accepted in the current edition (Rust 2015) but is a hard error in Rust 2021!
[INFO] [stderr]    = note: for more information, see issue #80165 <https://github.com/rust-lang/rust/issues/80165>
[INFO] [stderr] 
[INFO] [stderr] warning: use of deprecated associated function `core::str::<impl str>::trim_right`: superseded by `trim_end`
[INFO] [stderr]    --> src/main.rs:135:20
[INFO] [stderr]     |
[INFO] [stderr] 135 |         full_pkgid.trim_right();
[INFO] [stderr]     |                    ^^^^^^^^^^ help: replace the use of the deprecated associated function: `trim_end`
[INFO] [stderr]     |
[INFO] [stderr]     = note: `#[warn(deprecated)]` on by default
[INFO] [stderr] 
[INFO] [stderr] warning: use of deprecated associated function `core::str::<impl str>::trim_left`: superseded by `trim_start`
[INFO] [stderr]   --> src/target_finder.rs:43:29
[INFO] [stderr]    |
[INFO] [stderr] 43 |     let trimmed_line = line.trim_left();
[INFO] [stderr]    |                             ^^^^^^^^^ help: replace the use of the deprecated associated function: `trim_start`
[INFO] [stderr] 
[INFO] [stderr] warning: `cargo-kcov` (bin "cargo-kcov") generated 5 warnings
[INFO] [stderr]     Finished dev [unoptimized + debuginfo] target(s) in 0.45s
[INFO] [stderr]      Running `/opt/rustwide/target/debug/cargo-kcov kcov --manifest-path /dev/null`
[INFO] [stdout] test test_colorless_stderr ... ok
[INFO] [stderr] error: kcov not installed.
[INFO] [stdout] 
[INFO] [stderr] caused by: No such file or directory (os error 2)
[INFO] [stdout] test result: ok. 1 passed; 0 failed; 0 ignored; 0 measured; 0 filtered out; finished in 1.28s
[INFO] [stderr] note: you may follow https://users.rust-lang.org/t/650 to install kcov:
[INFO] [stdout] 
[INFO] [stderr] 
[INFO] [stderr]     $ sudo apt-get install cmake g++ pkg-config jq
[INFO] [stderr] 
[INFO] [stderr]     $ sudo apt-get install libcurl4-openssl-dev libelf-dev libdw-dev binutils-dev libiberty-dev
[INFO] [stderr] 
[INFO] [stderr]     $ cargo kcov --print-install-kcov-sh | sh
[INFO] [stderr]      Running tests/check-specimen.rs (/opt/rustwide/target/debug/deps/check_specimen-d16b7e86cc884ad4)
[INFO] [stdout] 
[INFO] [stdout] running 1 test
[INFO] [stderr] error: manifest path `specimen/Cargo.toml` does not exist
[INFO] [stderr] warning: trait objects without an explicit `dyn` are deprecated
[INFO] [stderr]   --> src/errors.rs:51:32
[INFO] [stderr]    |
[INFO] [stderr] 51 |     fn cause(&self) -> Option<&Display> {
[INFO] [stderr]    |                                ^^^^^^^ help: use `dyn`: `dyn Display`
[INFO] [stderr]    |
[INFO] [stderr]    = note: `#[warn(bare_trait_objects)]` on by default
[INFO] [stderr]    = warning: this is accepted in the current edition (Rust 2015) but is a hard error in Rust 2021!
[INFO] [stderr]    = note: for more information, see issue #80165 <https://github.com/rust-lang/rust/issues/80165>
[INFO] [stderr] 
[INFO] [stderr] warning: trait objects without an explicit `dyn` are deprecated
[INFO] [stderr]   --> src/errors.rs:58:60
[INFO] [stderr]    |
[INFO] [stderr] 58 |             Error::Json(ref e) => e.as_ref().map(|a| a as &Display),
[INFO] [stderr]    |                                                            ^^^^^^^ help: use `dyn`: `dyn Display`
[INFO] [stderr]    |
[INFO] [stderr]    = warning: this is accepted in the current edition (Rust 2015) but is a hard error in Rust 2021!
[INFO] [stderr]    = note: for more information, see issue #80165 <https://github.com/rust-lang/rust/issues/80165>
[INFO] [stderr] 
[INFO] [stderr] warning: trait objects without an explicit `dyn` are deprecated
[INFO] [stderr]   --> src/errors.rs:60:77
[INFO] [stderr]    |
[INFO] [stderr] 60 |             Error::CannotFindTestTargets(ref e) => e.as_ref().map(|a| a as &Display),
[INFO] [stderr]    |                                                                             ^^^^^^^ help: use `dyn`: `dyn Display`
[INFO] [stderr]    |
[INFO] [stderr]    = warning: this is accepted in the current edition (Rust 2015) but is a hard error in Rust 2021!
[INFO] [stderr]    = note: for more information, see issue #80165 <https://github.com/rust-lang/rust/issues/80165>
[INFO] [stderr] 
[INFO] [stderr] warning: use of deprecated associated function `core::str::<impl str>::trim_right`: superseded by `trim_end`
[INFO] [stderr]    --> src/main.rs:135:20
[INFO] [stderr]     |
[INFO] [stderr] 135 |         full_pkgid.trim_right();
[INFO] [stderr]     |                    ^^^^^^^^^^ help: replace the use of the deprecated associated function: `trim_end`
[INFO] [stderr]     |
[INFO] [stderr]     = note: `#[warn(deprecated)]` on by default
[INFO] [stderr] 
[INFO] [stderr] warning: use of deprecated associated function `core::str::<impl str>::trim_left`: superseded by `trim_start`
[INFO] [stderr]   --> src/target_finder.rs:43:29
[INFO] [stderr]    |
[INFO] [stderr] 43 |     let trimmed_line = line.trim_left();
[INFO] [stderr]    |                             ^^^^^^^^^ help: replace the use of the deprecated associated function: `trim_start`
[INFO] [stderr] 
[INFO] [stderr] warning: `cargo-kcov` (bin "cargo-kcov") generated 5 warnings
[INFO] [stderr]     Finished dev [unoptimized + debuginfo] target(s) in 0.23s
[INFO] [stderr]      Running `/opt/rustwide/target/debug/cargo-kcov kcov --manifest-path specimen/Cargo.toml --all`
[INFO] [stderr] error: kcov not installed.
[INFO] [stderr] caused by: No such file or directory (os error 2)
[INFO] [stderr] note: you may follow https://users.rust-lang.org/t/650 to install kcov:
[INFO] [stderr] 
[INFO] [stderr]     $ sudo apt-get install cmake g++ pkg-config jq
[INFO] [stderr] 
[INFO] [stderr]     $ sudo apt-get install libcurl4-openssl-dev libelf-dev libdw-dev binutils-dev libiberty-dev
[INFO] [stderr] 
[INFO] [stderr]     $ cargo kcov --print-install-kcov-sh | sh
[INFO] [stdout] test test_specimen ... FAILED
[INFO] [stdout] 
[INFO] [stdout] failures:
[INFO] [stdout] 
[INFO] [stdout] ---- test_specimen stdout ----
[INFO] [stdout] thread 'test_specimen' panicked at 'cobertura.xml exists: UnableToOpenFile("specimen/target/cov/kcov-merged/cobertura.xml")', tests/check-specimen.rs:40:92
[INFO] [stdout] stack backtrace:
[INFO] [stdout]    0:     0x5580f2b79c20 - std::backtrace_rs::backtrace::libunwind::trace::hff4d1766e93f64f1
[INFO] [stdout]                                at /rustc/53fd98ca776cb875bc9e5514f56b52eb74f9e7a9/library/std/src/../../backtrace/src/backtrace/libunwind.rs:90:5
[INFO] [stdout]    1:     0x5580f2b79c20 - std::backtrace_rs::backtrace::trace_unsynchronized::h56bbc8eb78770bcb
[INFO] [stdout]                                at /rustc/53fd98ca776cb875bc9e5514f56b52eb74f9e7a9/library/std/src/../../backtrace/src/backtrace/mod.rs:66:5
[INFO] [stdout]    2:     0x5580f2b79c20 - std::sys_common::backtrace::_print_fmt::h5c8e75464faca780
[INFO] [stdout]                                at /rustc/53fd98ca776cb875bc9e5514f56b52eb74f9e7a9/library/std/src/sys_common/backtrace.rs:67:5
[INFO] [stdout]    3:     0x5580f2b79c20 - <std::sys_common::backtrace::_print::DisplayBacktrace as core::fmt::Display>::fmt::h48b88277def8b362
[INFO] [stdout]                                at /rustc/53fd98ca776cb875bc9e5514f56b52eb74f9e7a9/library/std/src/sys_common/backtrace.rs:46:22
[INFO] [stdout]    4:     0x5580f2b9d2ec - core::fmt::write::h3381b3176fe2b3d3
[INFO] [stdout]                                at /rustc/53fd98ca776cb875bc9e5514f56b52eb74f9e7a9/library/core/src/fmt/mod.rs:1115:17
[INFO] [stdout]    5:     0x5580f2b76a35 - std::io::Write::write_fmt::h5f34a676f60246b5
[INFO] [stdout]                                at /rustc/53fd98ca776cb875bc9e5514f56b52eb74f9e7a9/library/std/src/io/mod.rs:1665:15
[INFO] [stdout]    6:     0x5580f2b7bd9b - std::sys_common::backtrace::_print::ha537687d6c17dd0d
[INFO] [stdout]                                at /rustc/53fd98ca776cb875bc9e5514f56b52eb74f9e7a9/library/std/src/sys_common/backtrace.rs:49:5
[INFO] [stdout]    7:     0x5580f2b7bd9b - std::sys_common::backtrace::print::h61376ae57d131d72
[INFO] [stdout]                                at /rustc/53fd98ca776cb875bc9e5514f56b52eb74f9e7a9/library/std/src/sys_common/backtrace.rs:36:9
[INFO] [stdout]    8:     0x5580f2b7bd9b - std::panicking::default_hook::{{closure}}::h0f7208c0b9644a54
[INFO] [stdout]                                at /rustc/53fd98ca776cb875bc9e5514f56b52eb74f9e7a9/library/std/src/panicking.rs:208:50
[INFO] [stdout]    9:     0x5580f2b7b8ac - std::panicking::default_hook::hdac7fc06578c14ce
[INFO] [stdout]                                at /rustc/53fd98ca776cb875bc9e5514f56b52eb74f9e7a9/library/std/src/panicking.rs:222:9
[INFO] [stdout]   10:     0x5580f2b7c464 - std::panicking::rust_panic_with_hook::h72b21c283da3d1ef
[INFO] [stdout]                                at /rustc/53fd98ca776cb875bc9e5514f56b52eb74f9e7a9/library/std/src/panicking.rs:622:17
[INFO] [stdout]   11:     0x5580f2b7bf47 - std::panicking::begin_panic_handler::{{closure}}::he5778f1729cff84a
[INFO] [stdout]                                at /rustc/53fd98ca776cb875bc9e5514f56b52eb74f9e7a9/library/std/src/panicking.rs:519:13
[INFO] [stdout]   12:     0x5580f2b7a0fc - std::sys_common::backtrace::__rust_end_short_backtrace::h2d11ca8b453b4b1d
[INFO] [stdout]                                at /rustc/53fd98ca776cb875bc9e5514f56b52eb74f9e7a9/library/std/src/sys_common/backtrace.rs:141:18
[INFO] [stdout]   13:     0x5580f2b7bea9 - rust_begin_unwind
[INFO] [stdout]                                at /rustc/53fd98ca776cb875bc9e5514f56b52eb74f9e7a9/library/std/src/panicking.rs:515:5
[INFO] [stdout]   14:     0x5580f2ac4431 - core::panicking::panic_fmt::hf9de31d4acbce4db
[INFO] [stdout]                                at /rustc/53fd98ca776cb875bc9e5514f56b52eb74f9e7a9/library/core/src/panicking.rs:92:14
[INFO] [stdout]   15:     0x5580f2ac4523 - core::result::unwrap_failed::ha0c84e81219e5878
[INFO] [stdout]                                at /rustc/53fd98ca776cb875bc9e5514f56b52eb74f9e7a9/library/core/src/result.rs:1599:5
[INFO] [stdout]   16:     0x5580f2ac7846 - core::result::Result<T,E>::expect::h8ff5cc45ef58ee0b
[INFO] [stdout]                                at /rustc/53fd98ca776cb875bc9e5514f56b52eb74f9e7a9/library/core/src/result.rs:1241:23
[INFO] [stdout]   17:     0x5580f2ac811a - check_specimen::test_specimen::h79e6d35f123b967e
[INFO] [stdout]                                at /opt/rustwide/workdir/tests/check-specimen.rs:40:15
[INFO] [stdout]   18:     0x5580f2ac7f6a - check_specimen::test_specimen::{{closure}}::h7118db21b5a16973
[INFO] [stdout]                                at /opt/rustwide/workdir/tests/check-specimen.rs:29:1
[INFO] [stdout]   19:     0x5580f2ac8c9e - core::ops::function::FnOnce::call_once::h0a192ef8d30ee552
[INFO] [stdout]                                at /rustc/53fd98ca776cb875bc9e5514f56b52eb74f9e7a9/library/core/src/ops/function.rs:227:5
[INFO] [stdout]   20:     0x5580f2afe9c3 - core::ops::function::FnOnce::call_once::hbb52c4519d3137b0
[INFO] [stdout]                                at /rustc/53fd98ca776cb875bc9e5514f56b52eb74f9e7a9/library/core/src/ops/function.rs:227:5
[INFO] [stdout]   21:     0x5580f2afe9c3 - test::__rust_begin_short_backtrace::h86fe3a2a5a5121af
[INFO] [stdout]                                at /rustc/53fd98ca776cb875bc9e5514f56b52eb74f9e7a9/library/test/src/lib.rs:578:5
[INFO] [stdout]   22:     0x5580f2afd478 - <alloc::boxed::Box<F,A> as core::ops::function::FnOnce<Args>>::call_once::hfd956bc3d57399be
[INFO] [stdout]                                at /rustc/53fd98ca776cb875bc9e5514f56b52eb74f9e7a9/library/alloc/src/boxed.rs:1572:9
[INFO] [stdout]   23:     0x5580f2afd478 - <std::panic::AssertUnwindSafe<F> as core::ops::function::FnOnce<()>>::call_once::h40dc93e0ddb5938a
[INFO] [stdout]                                at /rustc/53fd98ca776cb875bc9e5514f56b52eb74f9e7a9/library/std/src/panic.rs:347:9
[INFO] [stdout]   24:     0x5580f2afd478 - std::panicking::try::do_call::h90d07750cb47c562
[INFO] [stdout]                                at /rustc/53fd98ca776cb875bc9e5514f56b52eb74f9e7a9/library/std/src/panicking.rs:401:40
[INFO] [stdout]   25:     0x5580f2afd478 - std::panicking::try::h063c84733ad2a629
[INFO] [stdout]                                at /rustc/53fd98ca776cb875bc9e5514f56b52eb74f9e7a9/library/std/src/panicking.rs:365:19
[INFO] [stdout]   26:     0x5580f2afd478 - std::panic::catch_unwind::h0c464836a84e7c08
[INFO] [stdout]                                at /rustc/53fd98ca776cb875bc9e5514f56b52eb74f9e7a9/library/std/src/panic.rs:434:14
[INFO] [stdout]   27:     0x5580f2afd478 - test::run_test_in_process::h5cb06ef620b157fc
[INFO] [stdout]                                at /rustc/53fd98ca776cb875bc9e5514f56b52eb74f9e7a9/library/test/src/lib.rs:601:18
[INFO] [stdout]   28:     0x5580f2afd478 - test::run_test::run_test_inner::{{closure}}::h76f677f4b93f9828
[INFO] [stdout]                                at /rustc/53fd98ca776cb875bc9e5514f56b52eb74f9e7a9/library/test/src/lib.rs:493:39
[INFO] [stdout]   29:     0x5580f2acbc0d - test::run_test::run_test_inner::{{closure}}::h366d01fe04f4d67a
[INFO] [stdout]                                at /rustc/53fd98ca776cb875bc9e5514f56b52eb74f9e7a9/library/test/src/lib.rs:520:37
[INFO] [stdout]   30:     0x5580f2acbc0d - std::sys_common::backtrace::__rust_begin_short_backtrace::h7dfa0de4eb395af2
[INFO] [stdout]                                at /rustc/53fd98ca776cb875bc9e5514f56b52eb74f9e7a9/library/std/src/sys_common/backtrace.rs:125:18
[INFO] [stdout]   31:     0x5580f2ad03d8 - std::thread::Builder::spawn_unchecked::{{closure}}::{{closure}}::hf0a74bb58798037f
[INFO] [stdout]                                at /rustc/53fd98ca776cb875bc9e5514f56b52eb74f9e7a9/library/std/src/thread/mod.rs:476:17
[INFO] [stdout]   32:     0x5580f2ad03d8 - <std::panic::AssertUnwindSafe<F> as core::ops::function::FnOnce<()>>::call_once::hb024e854818586ac
[INFO] [stdout]                                at /rustc/53fd98ca776cb875bc9e5514f56b52eb74f9e7a9/library/std/src/panic.rs:347:9
[INFO] [stdout]   33:     0x5580f2ad03d8 - std::panicking::try::do_call::hb2dd9f1d0d48e41d
[INFO] [stdout]                                at /rustc/53fd98ca776cb875bc9e5514f56b52eb74f9e7a9/library/std/src/panicking.rs:401:40
[INFO] [stdout]   34:     0x5580f2ad03d8 - std::panicking::try::h4717ae7bac8b2bf3
[INFO] [stdout]                                at /rustc/53fd98ca776cb875bc9e5514f56b52eb74f9e7a9/library/std/src/panicking.rs:365:19
[INFO] [stdout]   35:     0x5580f2ad03d8 - std::panic::catch_unwind::h0dc8a061326ce8d8
[INFO] [stdout]                                at /rustc/53fd98ca776cb875bc9e5514f56b52eb74f9e7a9/library/std/src/panic.rs:434:14
[INFO] [stdout]   36:     0x5580f2ad03d8 - std::thread::Builder::spawn_unchecked::{{closure}}::haa369e2d6fd00aa1
[INFO] [stdout]                                at /rustc/53fd98ca776cb875bc9e5514f56b52eb74f9e7a9/library/std/src/thread/mod.rs:475:30
[INFO] [stdout]   37:     0x5580f2ad03d8 - core::ops::function::FnOnce::call_once{{vtable.shim}}::h36dcf3de8b056f17
[INFO] [stdout]                                at /rustc/53fd98ca776cb875bc9e5514f56b52eb74f9e7a9/library/core/src/ops/function.rs:227:5
[INFO] [stdout]   38:     0x5580f2b810c7 - <alloc::boxed::Box<F,A> as core::ops::function::FnOnce<Args>>::call_once::h65c29e4642be2358
[INFO] [stdout]                                at /rustc/53fd98ca776cb875bc9e5514f56b52eb74f9e7a9/library/alloc/src/boxed.rs:1572:9
[INFO] [stdout]   39:     0x5580f2b810c7 - <alloc::boxed::Box<F,A> as core::ops::function::FnOnce<Args>>::call_once::hd0f8f7fbbd9fffbf
[INFO] [stdout]                                at /rustc/53fd98ca776cb875bc9e5514f56b52eb74f9e7a9/library/alloc/src/boxed.rs:1572:9
[INFO] [stdout]   40:     0x5580f2b810c7 - std::sys::unix::thread::Thread::new::thread_start::h2fd22fee3ca77b65
[INFO] [stdout]                                at /rustc/53fd98ca776cb875bc9e5514f56b52eb74f9e7a9/library/std/src/sys/unix/thread.rs:74:17
[INFO] [stdout]   41:     0x7fae036a8609 - start_thread
[INFO] [stdout]   42:     0x7fae0347a293 - clone
[INFO] [stdout]   43:                0x0 - <unknown>
[INFO] [stdout] 
[INFO] [stdout] 
[INFO] [stdout] failures:
[INFO] [stdout]     test_specimen
[INFO] [stdout] 
[INFO] [stdout] test result: FAILED. 0 passed; 1 failed; 0 ignored; 0 measured; 0 filtered out; finished in 0.84s
[INFO] [stdout] 
[INFO] [stderr] error: test failed, to rerun pass '--test check-specimen'
[INFO] running `Command { std: "docker" "inspect" "7cc14f8efc9a651a8e49076dd815846c95ddc9353148909e663e498316a0982d", kill_on_drop: false }`
[INFO] running `Command { std: "docker" "rm" "-f" "7cc14f8efc9a651a8e49076dd815846c95ddc9353148909e663e498316a0982d", kill_on_drop: false }`
[INFO] [stdout] 7cc14f8efc9a651a8e49076dd815846c95ddc9353148909e663e498316a0982d
