[INFO] fetching crate cargo-erlangapp 0.1.4...
[INFO] testing cargo-erlangapp-0.1.4 against 1.54.0 for beta-1.55-1
[INFO] extracting crate cargo-erlangapp 0.1.4 into /workspace/builds/worker-78/source
[INFO] validating manifest of crates.io crate cargo-erlangapp 0.1.4 on toolchain 1.54.0
[INFO] running `Command { std: "/workspace/cargo-home/bin/cargo" "+1.54.0" "metadata" "--manifest-path" "Cargo.toml" "--no-deps", kill_on_drop: false }`
[INFO] started tweaking crates.io crate cargo-erlangapp 0.1.4
[INFO] finished tweaking crates.io crate cargo-erlangapp 0.1.4
[INFO] tweaked toml for crates.io crate cargo-erlangapp 0.1.4 written to /workspace/builds/worker-78/source/Cargo.toml
[INFO] running `Command { std: "/workspace/cargo-home/bin/cargo" "+1.54.0" "generate-lockfile" "--manifest-path" "Cargo.toml" "-Zno-index-update", kill_on_drop: false }`
[INFO] [stderr]     Blocking waiting for file lock on package cache
[INFO] running `Command { std: "/workspace/cargo-home/bin/cargo" "+1.54.0" "fetch" "--manifest-path" "Cargo.toml", kill_on_drop: false }`
[INFO] [stderr]     Blocking waiting for file lock on package cache
[INFO] [stderr]     Blocking waiting for file lock on package cache
[INFO] running `Command { std: "docker" "create" "-v" "/var/lib/crater-agent-workspace/builds/worker-78/target:/opt/rustwide/target:rw,Z" "-v" "/var/lib/crater-agent-workspace/builds/worker-78/source:/opt/rustwide/workdir:ro,Z" "-v" "/var/lib/crater-agent-workspace/cargo-home:/opt/rustwide/cargo-home:ro,Z" "-v" "/var/lib/crater-agent-workspace/rustup-home:/opt/rustwide/rustup-home:ro,Z" "-e" "SOURCE_DIR=/opt/rustwide/workdir" "-e" "CARGO_TARGET_DIR=/opt/rustwide/target" "-e" "CARGO_HOME=/opt/rustwide/cargo-home" "-e" "RUSTUP_HOME=/opt/rustwide/rustup-home" "-w" "/opt/rustwide/workdir" "-m" "1610612736" "--user" "0:0" "--network" "none" "ghcr.io/rust-lang/crates-build-env/linux@sha256:34b6a614d2c27851fe6cbf88fbd1137609cefab8b10d0615aaeb6fd47975d74e" "/opt/rustwide/cargo-home/bin/cargo" "+1.54.0" "metadata" "--no-deps" "--format-version=1", kill_on_drop: false }`
[INFO] [stdout] 99556d2862fbb28e86666178cd519703a2ec1914df286d479f1512c0d8ab12b8
[INFO] running `Command { std: "docker" "start" "-a" "99556d2862fbb28e86666178cd519703a2ec1914df286d479f1512c0d8ab12b8", kill_on_drop: false }`
[INFO] running `Command { std: "docker" "inspect" "99556d2862fbb28e86666178cd519703a2ec1914df286d479f1512c0d8ab12b8", kill_on_drop: false }`
[INFO] running `Command { std: "docker" "rm" "-f" "99556d2862fbb28e86666178cd519703a2ec1914df286d479f1512c0d8ab12b8", kill_on_drop: false }`
[INFO] [stdout] 99556d2862fbb28e86666178cd519703a2ec1914df286d479f1512c0d8ab12b8
[INFO] running `Command { std: "docker" "create" "-v" "/var/lib/crater-agent-workspace/builds/worker-78/target:/opt/rustwide/target:rw,Z" "-v" "/var/lib/crater-agent-workspace/builds/worker-78/source:/opt/rustwide/workdir:ro,Z" "-v" "/var/lib/crater-agent-workspace/cargo-home:/opt/rustwide/cargo-home:ro,Z" "-v" "/var/lib/crater-agent-workspace/rustup-home:/opt/rustwide/rustup-home:ro,Z" "-e" "SOURCE_DIR=/opt/rustwide/workdir" "-e" "CARGO_TARGET_DIR=/opt/rustwide/target" "-e" "CARGO_INCREMENTAL=0" "-e" "RUST_BACKTRACE=full" "-e" "RUSTFLAGS=--cap-lints=warn" "-e" "CARGO_HOME=/opt/rustwide/cargo-home" "-e" "RUSTUP_HOME=/opt/rustwide/rustup-home" "-w" "/opt/rustwide/workdir" "-m" "1610612736" "--user" "0:0" "--network" "none" "ghcr.io/rust-lang/crates-build-env/linux@sha256:34b6a614d2c27851fe6cbf88fbd1137609cefab8b10d0615aaeb6fd47975d74e" "/opt/rustwide/cargo-home/bin/cargo" "+1.54.0" "build" "--frozen" "--message-format=json", kill_on_drop: false }`
[INFO] [stdout] 8b47a59060ceaa07b6d87f98d24d4b566b51c86dd24169d8a47f60e93ec8a8a4
[INFO] running `Command { std: "docker" "start" "-a" "8b47a59060ceaa07b6d87f98d24d4b566b51c86dd24169d8a47f60e93ec8a8a4", kill_on_drop: false }`
[INFO] [stderr]     Blocking waiting for file lock on package cache
[INFO] [stderr]    Compiling serde v0.7.15
[INFO] [stderr]    Compiling itoa v0.1.1
[INFO] [stderr]    Compiling num-traits v0.2.14
[INFO] [stderr]    Compiling num-traits v0.1.43
[INFO] [stderr]    Compiling serde_json v0.7.4
[INFO] [stderr]    Compiling cargo-erlangapp v0.1.4 (/opt/rustwide/workdir)
[INFO] [stdout] warning: use of deprecated macro `try`: use the `?` operator instead
[INFO] [stdout]    --> src/lib.rs:108:22
[INFO] [stdout]     |
[INFO] [stdout] 108 |     for crate_dir in try!(enumerate_crate_dirs(appdir)).iter() {
[INFO] [stdout]     |                      ^^^
[INFO] [stdout]     |
[INFO] [stdout]     = note: `#[warn(deprecated)]` on by default
[INFO] [stdout] 
[INFO] [stdout] 
[INFO] [stdout] warning: use of deprecated macro `try`: use the `?` operator instead
[INFO] [stdout]    --> src/lib.rs:109:23
[INFO] [stdout]     |
[INFO] [stdout] 109 |         for target in try!(enumerate_targets(crate_dir)).into_iter() {
[INFO] [stdout]     |                       ^^^
[INFO] [stdout] 
[INFO] [stdout] 
[INFO] [stdout] warning: use of deprecated macro `try`: use the `?` operator instead
[INFO] [stdout]    --> src/lib.rs:125:13
[INFO] [stdout]     |
[INFO] [stdout] 125 |             try!(cargo_command("rustc", rustc_args.as_slice(), crate_dir));
[INFO] [stdout]     |             ^^^
[INFO] [stdout] 
[INFO] [stdout] 
[INFO] [stdout] warning: use of deprecated macro `try`: use the `?` operator instead
[INFO] [stdout]    --> src/lib.rs:145:13
[INFO] [stdout]     |
[INFO] [stdout] 145 |             try!(fs::create_dir_all(&dst_path)
[INFO] [stdout]     |             ^^^
[INFO] [stdout] 
[INFO] [stdout] 
[INFO] [stdout] warning: use of deprecated macro `try`: use the `?` operator instead
[INFO] [stdout]    --> src/lib.rs:150:13
[INFO] [stdout]     |
[INFO] [stdout] 150 |             try!(fs::copy(src_path, dst_path)
[INFO] [stdout]     |             ^^^
[INFO] [stdout] 
[INFO] [stdout] 
[INFO] [stdout] warning: use of deprecated macro `try`: use the `?` operator instead
[INFO] [stdout]    --> src/lib.rs:239:18
[INFO] [stdout]     |
[INFO] [stdout] 239 |     let output = try!(process::Command::new("cargo").arg("read-manifest")
[INFO] [stdout]     |                  ^^^
[INFO] [stdout] 
[INFO] [stdout] 
[INFO] [stdout] warning: use of deprecated macro `try`: use the `?` operator instead
[INFO] [stdout]    --> src/lib.rs:262:22
[INFO] [stdout]     |
[INFO] [stdout] 262 |     for crate_dir in try!(enumerate_crate_dirs(appdir)).iter() {
[INFO] [stdout]     |                      ^^^
[INFO] [stdout] 
[INFO] [stdout] 
[INFO] [stdout] warning: use of deprecated macro `try`: use the `?` operator instead
[INFO] [stdout]    --> src/lib.rs:264:9
[INFO] [stdout]     |
[INFO] [stdout] 264 |         try!(cargo_command("test", &argsinfo.cargo_args, crate_dir));
[INFO] [stdout]     |         ^^^
[INFO] [stdout] 
[INFO] [stdout] 
[INFO] [stdout] warning: use of deprecated macro `try`: use the `?` operator instead
[INFO] [stdout]    --> src/lib.rs:272:22
[INFO] [stdout]     |
[INFO] [stdout] 272 |     for crate_dir in try!(enumerate_crate_dirs(appdir)).iter() {
[INFO] [stdout]     |                      ^^^
[INFO] [stdout] 
[INFO] [stdout] 
[INFO] [stdout] warning: use of deprecated macro `try`: use the `?` operator instead
[INFO] [stdout]    --> src/lib.rs:274:9
[INFO] [stdout]     |
[INFO] [stdout] 274 |         try!(cargo_command("clean", &argsinfo.cargo_args, crate_dir));
[INFO] [stdout]     |         ^^^
[INFO] [stdout] 
[INFO] [stdout] 
[INFO] [stdout] warning: 10 warnings emitted
[INFO] [stdout] 
[INFO] [stdout] 
[INFO] [stderr]     Finished dev [unoptimized + debuginfo] target(s) in 16.51s
[INFO] running `Command { std: "docker" "inspect" "8b47a59060ceaa07b6d87f98d24d4b566b51c86dd24169d8a47f60e93ec8a8a4", kill_on_drop: false }`
[INFO] running `Command { std: "docker" "rm" "-f" "8b47a59060ceaa07b6d87f98d24d4b566b51c86dd24169d8a47f60e93ec8a8a4", kill_on_drop: false }`
[INFO] [stdout] 8b47a59060ceaa07b6d87f98d24d4b566b51c86dd24169d8a47f60e93ec8a8a4
[INFO] running `Command { std: "docker" "create" "-v" "/var/lib/crater-agent-workspace/builds/worker-78/target:/opt/rustwide/target:rw,Z" "-v" "/var/lib/crater-agent-workspace/builds/worker-78/source:/opt/rustwide/workdir:ro,Z" "-v" "/var/lib/crater-agent-workspace/cargo-home:/opt/rustwide/cargo-home:ro,Z" "-v" "/var/lib/crater-agent-workspace/rustup-home:/opt/rustwide/rustup-home:ro,Z" "-e" "SOURCE_DIR=/opt/rustwide/workdir" "-e" "CARGO_TARGET_DIR=/opt/rustwide/target" "-e" "CARGO_INCREMENTAL=0" "-e" "RUST_BACKTRACE=full" "-e" "RUSTFLAGS=--cap-lints=warn" "-e" "CARGO_HOME=/opt/rustwide/cargo-home" "-e" "RUSTUP_HOME=/opt/rustwide/rustup-home" "-w" "/opt/rustwide/workdir" "-m" "1610612736" "--user" "0:0" "--network" "none" "ghcr.io/rust-lang/crates-build-env/linux@sha256:34b6a614d2c27851fe6cbf88fbd1137609cefab8b10d0615aaeb6fd47975d74e" "/opt/rustwide/cargo-home/bin/cargo" "+1.54.0" "test" "--frozen" "--no-run" "--message-format=json", kill_on_drop: false }`
[INFO] [stdout] 36d78bdcd75df1d907aa13cc624cd1b07866442d0aa90bcc3bcc44a0b15a6b70
[INFO] running `Command { std: "docker" "start" "-a" "36d78bdcd75df1d907aa13cc624cd1b07866442d0aa90bcc3bcc44a0b15a6b70", kill_on_drop: false }`
[INFO] [stderr]    Compiling winapi-build v0.1.1
[INFO] [stderr]    Compiling winapi v0.2.8
[INFO] [stderr]    Compiling itertools v0.4.19
[INFO] [stdout] warning: use of deprecated macro `try`: use the `?` operator instead
[INFO] [stdout]    --> src/lib.rs:108:22
[INFO] [stdout]     |
[INFO] [stdout] 108 |     for crate_dir in try!(enumerate_crate_dirs(appdir)).iter() {
[INFO] [stdout]     |                      ^^^
[INFO] [stdout]     |
[INFO] [stdout]     = note: `#[warn(deprecated)]` on by default
[INFO] [stdout] 
[INFO] [stdout] 
[INFO] [stdout] warning: use of deprecated macro `try`: use the `?` operator instead
[INFO] [stdout]    --> src/lib.rs:109:23
[INFO] [stdout]     |
[INFO] [stdout] 109 |         for target in try!(enumerate_targets(crate_dir)).into_iter() {
[INFO] [stdout]     |                       ^^^
[INFO] [stdout] 
[INFO] [stdout] 
[INFO] [stdout] warning: use of deprecated macro `try`: use the `?` operator instead
[INFO] [stdout]    --> src/lib.rs:125:13
[INFO] [stdout]     |
[INFO] [stdout] 125 |             try!(cargo_command("rustc", rustc_args.as_slice(), crate_dir));
[INFO] [stdout]     |             ^^^
[INFO] [stdout] 
[INFO] [stdout] 
[INFO] [stdout] warning: use of deprecated macro `try`: use the `?` operator instead
[INFO] [stdout]    --> src/lib.rs:145:13
[INFO] [stdout]     |
[INFO] [stdout] 145 |             try!(fs::create_dir_all(&dst_path)
[INFO] [stdout]     |             ^^^
[INFO] [stdout] 
[INFO] [stdout] 
[INFO] [stdout] warning: use of deprecated macro `try`: use the `?` operator instead
[INFO] [stdout]    --> src/lib.rs:150:13
[INFO] [stdout]     |
[INFO] [stdout] 150 |             try!(fs::copy(src_path, dst_path)
[INFO] [stdout]     |             ^^^
[INFO] [stdout] 
[INFO] [stdout] 
[INFO] [stdout] warning: use of deprecated macro `try`: use the `?` operator instead
[INFO] [stdout]    --> src/lib.rs:239:18
[INFO] [stdout]     |
[INFO] [stdout] 239 |     let output = try!(process::Command::new("cargo").arg("read-manifest")
[INFO] [stdout]     |                  ^^^
[INFO] [stdout] 
[INFO] [stdout] 
[INFO] [stdout] warning: use of deprecated macro `try`: use the `?` operator instead
[INFO] [stdout]    --> src/lib.rs:262:22
[INFO] [stdout]     |
[INFO] [stdout] 262 |     for crate_dir in try!(enumerate_crate_dirs(appdir)).iter() {
[INFO] [stdout]     |                      ^^^
[INFO] [stdout] 
[INFO] [stdout] 
[INFO] [stdout] warning: use of deprecated macro `try`: use the `?` operator instead
[INFO] [stdout]    --> src/lib.rs:264:9
[INFO] [stdout]     |
[INFO] [stdout] 264 |         try!(cargo_command("test", &argsinfo.cargo_args, crate_dir));
[INFO] [stdout]     |         ^^^
[INFO] [stdout] 
[INFO] [stdout] 
[INFO] [stdout] warning: use of deprecated macro `try`: use the `?` operator instead
[INFO] [stdout]    --> src/lib.rs:272:22
[INFO] [stdout]     |
[INFO] [stdout] 272 |     for crate_dir in try!(enumerate_crate_dirs(appdir)).iter() {
[INFO] [stdout]     |                      ^^^
[INFO] [stdout] 
[INFO] [stdout] 
[INFO] [stdout] warning: use of deprecated macro `try`: use the `?` operator instead
[INFO] [stdout]    --> src/lib.rs:274:9
[INFO] [stdout]     |
[INFO] [stdout] 274 |         try!(cargo_command("clean", &argsinfo.cargo_args, crate_dir));
[INFO] [stdout]     |         ^^^
[INFO] [stdout] 
[INFO] [stdout] 
[INFO] [stdout] warning: 10 warnings emitted
[INFO] [stdout] 
[INFO] [stdout] 
[INFO] [stderr]    Compiling kernel32-sys v0.2.2
[INFO] [stderr]    Compiling walkdir v0.1.8
[INFO] [stderr]    Compiling cargo-erlangapp v0.1.4 (/opt/rustwide/workdir)
[INFO] [stdout] warning: use of deprecated macro `try`: use the `?` operator instead
[INFO] [stdout]    --> src/lib.rs:108:22
[INFO] [stdout]     |
[INFO] [stdout] 108 |     for crate_dir in try!(enumerate_crate_dirs(appdir)).iter() {
[INFO] [stdout]     |                      ^^^
[INFO] [stdout]     |
[INFO] [stdout]     = note: `#[warn(deprecated)]` on by default
[INFO] [stdout] 
[INFO] [stdout] 
[INFO] [stdout] warning: use of deprecated macro `try`: use the `?` operator instead
[INFO] [stdout]    --> src/lib.rs:109:23
[INFO] [stdout]     |
[INFO] [stdout] 109 |         for target in try!(enumerate_targets(crate_dir)).into_iter() {
[INFO] [stdout]     |                       ^^^
[INFO] [stdout] 
[INFO] [stdout] 
[INFO] [stdout] warning: use of deprecated macro `try`: use the `?` operator instead
[INFO] [stdout]    --> src/lib.rs:125:13
[INFO] [stdout]     |
[INFO] [stdout] 125 |             try!(cargo_command("rustc", rustc_args.as_slice(), crate_dir));
[INFO] [stdout]     |             ^^^
[INFO] [stdout] 
[INFO] [stdout] 
[INFO] [stdout] warning: use of deprecated macro `try`: use the `?` operator instead
[INFO] [stdout]    --> src/lib.rs:145:13
[INFO] [stdout]     |
[INFO] [stdout] 145 |             try!(fs::create_dir_all(&dst_path)
[INFO] [stdout]     |             ^^^
[INFO] [stdout] 
[INFO] [stdout] 
[INFO] [stdout] warning: use of deprecated macro `try`: use the `?` operator instead
[INFO] [stdout]    --> src/lib.rs:150:13
[INFO] [stdout]     |
[INFO] [stdout] 150 |             try!(fs::copy(src_path, dst_path)
[INFO] [stdout]     |             ^^^
[INFO] [stdout] 
[INFO] [stdout] 
[INFO] [stdout] warning: use of deprecated macro `try`: use the `?` operator instead
[INFO] [stdout]    --> src/lib.rs:239:18
[INFO] [stdout]     |
[INFO] [stdout] 239 |     let output = try!(process::Command::new("cargo").arg("read-manifest")
[INFO] [stdout]     |                  ^^^
[INFO] [stdout] 
[INFO] [stdout] 
[INFO] [stdout] warning: use of deprecated macro `try`: use the `?` operator instead
[INFO] [stdout]    --> src/lib.rs:262:22
[INFO] [stdout]     |
[INFO] [stdout] 262 |     for crate_dir in try!(enumerate_crate_dirs(appdir)).iter() {
[INFO] [stdout]     |                      ^^^
[INFO] [stdout] 
[INFO] [stdout] 
[INFO] [stdout] warning: use of deprecated macro `try`: use the `?` operator instead
[INFO] [stdout]    --> src/lib.rs:264:9
[INFO] [stdout]     |
[INFO] [stdout] 264 |         try!(cargo_command("test", &argsinfo.cargo_args, crate_dir));
[INFO] [stdout]     |         ^^^
[INFO] [stdout] 
[INFO] [stdout] 
[INFO] [stdout] warning: use of deprecated macro `try`: use the `?` operator instead
[INFO] [stdout]    --> src/lib.rs:272:22
[INFO] [stdout]     |
[INFO] [stdout] 272 |     for crate_dir in try!(enumerate_crate_dirs(appdir)).iter() {
[INFO] [stdout]     |                      ^^^
[INFO] [stdout] 
[INFO] [stdout] 
[INFO] [stdout] warning: use of deprecated macro `try`: use the `?` operator instead
[INFO] [stdout]    --> src/lib.rs:274:9
[INFO] [stdout]     |
[INFO] [stdout] 274 |         try!(cargo_command("clean", &argsinfo.cargo_args, crate_dir));
[INFO] [stdout]     |         ^^^
[INFO] [stdout] 
[INFO] [stdout] 
[INFO] [stdout] warning: use of deprecated macro `try`: use the `?` operator instead
[INFO] [stdout]    --> tests/tests.rs:107:21
[INFO] [stdout]     |
[INFO] [stdout] 107 |         let entry = try!(entry);
[INFO] [stdout]     |                     ^^^
[INFO] [stdout]     |
[INFO] [stdout]     = note: `#[warn(deprecated)]` on by default
[INFO] [stdout] 
[INFO] [stdout] 
[INFO] [stdout] warning: use of deprecated macro `try`: use the `?` operator instead
[INFO] [stdout]    --> tests/tests.rs:113:13
[INFO] [stdout]     |
[INFO] [stdout] 113 |             try!(fs::create_dir_all(to_path));
[INFO] [stdout]     |             ^^^
[INFO] [stdout] 
[INFO] [stdout] 
[INFO] [stdout] warning: use of deprecated macro `try`: use the `?` operator instead
[INFO] [stdout]    --> tests/tests.rs:115:13
[INFO] [stdout]     |
[INFO] [stdout] 115 |             try!(fs::copy(entry.path(), to_path));
[INFO] [stdout]     |             ^^^
[INFO] [stdout] 
[INFO] [stdout] 
[INFO] [stdout] warning: 10 warnings emitted
[INFO] [stdout] 
[INFO] [stdout] 
[INFO] [stdout] warning: 3 warnings emitted
[INFO] [stdout] 
[INFO] [stdout] 
[INFO] [stderr]     Finished test [unoptimized + debuginfo] target(s) in 3.61s
[INFO] running `Command { std: "docker" "inspect" "36d78bdcd75df1d907aa13cc624cd1b07866442d0aa90bcc3bcc44a0b15a6b70", kill_on_drop: false }`
[INFO] running `Command { std: "docker" "rm" "-f" "36d78bdcd75df1d907aa13cc624cd1b07866442d0aa90bcc3bcc44a0b15a6b70", kill_on_drop: false }`
[INFO] [stdout] 36d78bdcd75df1d907aa13cc624cd1b07866442d0aa90bcc3bcc44a0b15a6b70
[INFO] running `Command { std: "docker" "create" "-v" "/var/lib/crater-agent-workspace/builds/worker-78/target:/opt/rustwide/target:rw,Z" "-v" "/var/lib/crater-agent-workspace/builds/worker-78/source:/opt/rustwide/workdir:ro,Z" "-v" "/var/lib/crater-agent-workspace/cargo-home:/opt/rustwide/cargo-home:ro,Z" "-v" "/var/lib/crater-agent-workspace/rustup-home:/opt/rustwide/rustup-home:ro,Z" "-e" "SOURCE_DIR=/opt/rustwide/workdir" "-e" "CARGO_TARGET_DIR=/opt/rustwide/target" "-e" "CARGO_INCREMENTAL=0" "-e" "RUST_BACKTRACE=full" "-e" "RUSTFLAGS=--cap-lints=warn" "-e" "CARGO_HOME=/opt/rustwide/cargo-home" "-e" "RUSTUP_HOME=/opt/rustwide/rustup-home" "-w" "/opt/rustwide/workdir" "-m" "1610612736" "--user" "0:0" "--network" "none" "ghcr.io/rust-lang/crates-build-env/linux@sha256:34b6a614d2c27851fe6cbf88fbd1137609cefab8b10d0615aaeb6fd47975d74e" "/opt/rustwide/cargo-home/bin/cargo" "+1.54.0" "test" "--frozen", kill_on_drop: false }`
[INFO] [stdout] eca8ad4434e136efbf9958cc54d17b16f72fc073700a67bb51c5ce78e53606b7
[INFO] running `Command { std: "docker" "start" "-a" "eca8ad4434e136efbf9958cc54d17b16f72fc073700a67bb51c5ce78e53606b7", kill_on_drop: false }`
[INFO] [stderr] warning: use of deprecated macro `try`: use the `?` operator instead
[INFO] [stderr]    --> src/lib.rs:108:22
[INFO] [stderr]     |
[INFO] [stderr] 108 |     for crate_dir in try!(enumerate_crate_dirs(appdir)).iter() {
[INFO] [stderr]     |                      ^^^
[INFO] [stderr]     |
[INFO] [stderr]     = note: `#[warn(deprecated)]` on by default
[INFO] [stderr] 
[INFO] [stderr] warning: use of deprecated macro `try`: use the `?` operator instead
[INFO] [stderr]    --> src/lib.rs:109:23
[INFO] [stderr]     |
[INFO] [stderr] 109 |         for target in try!(enumerate_targets(crate_dir)).into_iter() {
[INFO] [stderr]     |                       ^^^
[INFO] [stderr] 
[INFO] [stderr] warning: use of deprecated macro `try`: use the `?` operator instead
[INFO] [stderr]    --> src/lib.rs:125:13
[INFO] [stderr]     |
[INFO] [stderr] 125 |             try!(cargo_command("rustc", rustc_args.as_slice(), crate_dir));
[INFO] [stderr]     |             ^^^
[INFO] [stderr] 
[INFO] [stderr] warning: use of deprecated macro `try`: use the `?` operator instead
[INFO] [stderr]    --> src/lib.rs:145:13
[INFO] [stderr]     |
[INFO] [stderr] 145 |             try!(fs::create_dir_all(&dst_path)
[INFO] [stderr]     |             ^^^
[INFO] [stderr] 
[INFO] [stderr] warning: use of deprecated macro `try`: use the `?` operator instead
[INFO] [stderr]    --> src/lib.rs:150:13
[INFO] [stderr]     |
[INFO] [stderr] 150 |             try!(fs::copy(src_path, dst_path)
[INFO] [stderr]     |             ^^^
[INFO] [stderr] 
[INFO] [stderr] warning: use of deprecated macro `try`: use the `?` operator instead
[INFO] [stderr]    --> src/lib.rs:239:18
[INFO] [stderr]     |
[INFO] [stderr] 239 |     let output = try!(process::Command::new("cargo").arg("read-manifest")
[INFO] [stderr]     |                  ^^^
[INFO] [stderr] 
[INFO] [stderr] warning: use of deprecated macro `try`: use the `?` operator instead
[INFO] [stderr]    --> src/lib.rs:262:22
[INFO] [stderr]     |
[INFO] [stderr] 262 |     for crate_dir in try!(enumerate_crate_dirs(appdir)).iter() {
[INFO] [stderr]     |                      ^^^
[INFO] [stderr] 
[INFO] [stderr] warning: use of deprecated macro `try`: use the `?` operator instead
[INFO] [stderr]    --> src/lib.rs:264:9
[INFO] [stderr]     |
[INFO] [stderr] 264 |         try!(cargo_command("test", &argsinfo.cargo_args, crate_dir));
[INFO] [stderr]     |         ^^^
[INFO] [stderr] 
[INFO] [stderr] warning: use of deprecated macro `try`: use the `?` operator instead
[INFO] [stderr]    --> src/lib.rs:272:22
[INFO] [stderr]     |
[INFO] [stderr] 272 |     for crate_dir in try!(enumerate_crate_dirs(appdir)).iter() {
[INFO] [stderr]     |                      ^^^
[INFO] [stderr] 
[INFO] [stderr] warning: use of deprecated macro `try`: use the `?` operator instead
[INFO] [stderr]    --> src/lib.rs:274:9
[INFO] [stderr]     |
[INFO] [stderr] 274 |         try!(cargo_command("clean", &argsinfo.cargo_args, crate_dir));
[INFO] [stderr]     |         ^^^
[INFO] [stderr] 
[INFO] [stderr] warning: 10 warnings emitted
[INFO] [stderr] 
[INFO] [stderr] warning: use of deprecated macro `try`: use the `?` operator instead
[INFO] [stderr]    --> src/lib.rs:108:22
[INFO] [stderr]     |
[INFO] [stderr] 108 |     for crate_dir in try!(enumerate_crate_dirs(appdir)).iter() {
[INFO] [stderr]     |                      ^^^
[INFO] [stderr]     |
[INFO] [stderr]     = note: `#[warn(deprecated)]` on by default
[INFO] [stderr] 
[INFO] [stderr] warning: use of deprecated macro `try`: use the `?` operator instead
[INFO] [stderr]    --> src/lib.rs:109:23
[INFO] [stderr]     |
[INFO] [stderr] 109 |         for target in try!(enumerate_targets(crate_dir)).into_iter() {
[INFO] [stderr]     |                       ^^^
[INFO] [stderr] 
[INFO] [stderr] warning: use of deprecated macro `try`: use the `?` operator instead
[INFO] [stderr]    --> src/lib.rs:125:13
[INFO] [stderr]     |
[INFO] [stderr] 125 |             try!(cargo_command("rustc", rustc_args.as_slice(), crate_dir));
[INFO] [stderr]     |             ^^^
[INFO] [stderr] 
[INFO] [stderr] warning: use of deprecated macro `try`: use the `?` operator instead
[INFO] [stderr]    --> src/lib.rs:145:13
[INFO] [stderr]     |
[INFO] [stderr] 145 |             try!(fs::create_dir_all(&dst_path)
[INFO] [stderr]     |             ^^^
[INFO] [stderr] 
[INFO] [stderr] warning: use of deprecated macro `try`: use the `?` operator instead
[INFO] [stderr]    --> src/lib.rs:150:13
[INFO] [stderr]     |
[INFO] [stderr] 150 |             try!(fs::copy(src_path, dst_path)
[INFO] [stderr]     |             ^^^
[INFO] [stderr] 
[INFO] [stderr] warning: use of deprecated macro `try`: use the `?` operator instead
[INFO] [stderr]    --> src/lib.rs:239:18
[INFO] [stderr]     |
[INFO] [stderr] 239 |     let output = try!(process::Command::new("cargo").arg("read-manifest")
[INFO] [stderr]     |                  ^^^
[INFO] [stderr] 
[INFO] [stderr] warning: use of deprecated macro `try`: use the `?` operator instead
[INFO] [stderr]    --> src/lib.rs:262:22
[INFO] [stderr]     |
[INFO] [stderr] 262 |     for crate_dir in try!(enumerate_crate_dirs(appdir)).iter() {
[INFO] [stderr]     |                      ^^^
[INFO] [stderr] 
[INFO] [stderr] warning: use of deprecated macro `try`: use the `?` operator instead
[INFO] [stderr]    --> src/lib.rs:264:9
[INFO] [stderr]     |
[INFO] [stderr] 264 |         try!(cargo_command("test", &argsinfo.cargo_args, crate_dir));
[INFO] [stderr]     |         ^^^
[INFO] [stderr] 
[INFO] [stderr] warning: use of deprecated macro `try`: use the `?` operator instead
[INFO] [stderr]    --> src/lib.rs:272:22
[INFO] [stderr]     |
[INFO] [stderr] 272 |     for crate_dir in try!(enumerate_crate_dirs(appdir)).iter() {
[INFO] [stderr]     |                      ^^^
[INFO] [stderr] 
[INFO] [stderr] warning: use of deprecated macro `try`: use the `?` operator instead
[INFO] [stderr]    --> src/lib.rs:274:9
[INFO] [stderr]     |
[INFO] [stderr] 274 |         try!(cargo_command("clean", &argsinfo.cargo_args, crate_dir));
[INFO] [stderr]     |         ^^^
[INFO] [stderr] 
[INFO] [stderr] warning: 10 warnings emitted
[INFO] [stderr] 
[INFO] [stderr] warning: use of deprecated macro `try`: use the `?` operator instead
[INFO] [stderr]    --> tests/tests.rs:107:21
[INFO] [stderr]     |
[INFO] [stderr] 107 |         let entry = try!(entry);
[INFO] [stderr]     |                     ^^^
[INFO] [stderr]     |
[INFO] [stderr]     = note: `#[warn(deprecated)]` on by default
[INFO] [stderr] 
[INFO] [stderr] warning: use of deprecated macro `try`: use the `?` operator instead
[INFO] [stderr]    --> tests/tests.rs:113:13
[INFO] [stderr]     |
[INFO] [stderr] 113 |             try!(fs::create_dir_all(to_path));
[INFO] [stderr]     |             ^^^
[INFO] [stderr] 
[INFO] [stderr] warning: use of deprecated macro `try`: use the `?` operator instead
[INFO] [stderr]    --> tests/tests.rs:115:13
[INFO] [stderr]     |
[INFO] [stderr] 115 |             try!(fs::copy(entry.path(), to_path));
[INFO] [stderr]     |             ^^^
[INFO] [stderr] 
[INFO] [stderr] warning: 3 warnings emitted
[INFO] [stderr] 
[INFO] [stderr]     Finished test [unoptimized + debuginfo] target(s) in 0.06s
[INFO] [stderr]      Running unittests (/opt/rustwide/target/debug/deps/cargo_erlangapp-9db1a6ef9bc4a5c7)
[INFO] [stdout] 
[INFO] [stdout] running 1 test
[INFO] [stdout] test tests::test_find_option_value ... ok
[INFO] [stdout] 
[INFO] [stdout] test result: ok. 1 passed; 0 failed; 0 ignored; 0 measured; 0 filtered out; finished in 0.00s
[INFO] [stdout] 
[INFO] [stderr]      Running unittests (/opt/rustwide/target/debug/deps/cargo_erlangapp-73f15b4d05641397)
[INFO] [stdout] 
[INFO] [stdout] running 0 tests
[INFO] [stdout] 
[INFO] [stdout] test result: ok. 0 passed; 0 failed; 0 ignored; 0 measured; 0 filtered out; finished in 0.00s
[INFO] [stdout] 
[INFO] [stderr]      Running tests/tests.rs (/opt/rustwide/target/debug/deps/tests-74f78aead6b69a01)
[INFO] [stdout] 
[INFO] [stdout] running 1 test
[INFO] [stdout] test do_test ... FAILED
[INFO] [stderr] error: test failed, to rerun pass '--test tests'
[INFO] [stdout] 
[INFO] [stdout] failures:
[INFO] [stdout] 
[INFO] [stdout] ---- do_test stdout ----
[INFO] [stdout] thread 'do_test' panicked at 'called `Result::unwrap()` on an `Err` value: Os { code: 2, kind: NotFound, message: "No such file or directory" }', tests/tests.rs:92:33
[INFO] [stdout] stack backtrace:
[INFO] [stdout]    0:     0x55926bcda830 - std::backtrace_rs::backtrace::libunwind::trace::h34055254b57d8e79
[INFO] [stdout]                                at /rustc/a178d0322ce20e33eac124758e837cbd80a6f633/library/std/src/../../backtrace/src/backtrace/libunwind.rs:90:5
[INFO] [stdout]    1:     0x55926bcda830 - std::backtrace_rs::backtrace::trace_unsynchronized::h8f1e3fbd9afff6ec
[INFO] [stdout]                                at /rustc/a178d0322ce20e33eac124758e837cbd80a6f633/library/std/src/../../backtrace/src/backtrace/mod.rs:66:5
[INFO] [stdout]    2:     0x55926bcda830 - std::sys_common::backtrace::_print_fmt::h3a99a796b770c360
[INFO] [stdout]                                at /rustc/a178d0322ce20e33eac124758e837cbd80a6f633/library/std/src/sys_common/backtrace.rs:67:5
[INFO] [stdout]    3:     0x55926bcda830 - <std::sys_common::backtrace::_print::DisplayBacktrace as core::fmt::Display>::fmt::h32d1f94a80615d18
[INFO] [stdout]                                at /rustc/a178d0322ce20e33eac124758e837cbd80a6f633/library/std/src/sys_common/backtrace.rs:46:22
[INFO] [stdout]    4:     0x55926bcfe91c - core::fmt::write::h306731c068f7162c
[INFO] [stdout]                                at /rustc/a178d0322ce20e33eac124758e837cbd80a6f633/library/core/src/fmt/mod.rs:1110:17
[INFO] [stdout]    5:     0x55926bcd7275 - std::io::Write::write_fmt::h87f19b0a2cd190bc
[INFO] [stdout]                                at /rustc/a178d0322ce20e33eac124758e837cbd80a6f633/library/std/src/io/mod.rs:1588:15
[INFO] [stdout]    6:     0x55926bcdcddb - std::sys_common::backtrace::_print::h5abaa2601a852287
[INFO] [stdout]                                at /rustc/a178d0322ce20e33eac124758e837cbd80a6f633/library/std/src/sys_common/backtrace.rs:49:5
[INFO] [stdout]    7:     0x55926bcdcddb - std::sys_common::backtrace::print::h8d81445442bb638f
[INFO] [stdout]                                at /rustc/a178d0322ce20e33eac124758e837cbd80a6f633/library/std/src/sys_common/backtrace.rs:36:9
[INFO] [stdout]    8:     0x55926bcdcddb - std::panicking::default_hook::{{closure}}::hcfe804496a9fa747
[INFO] [stdout]                                at /rustc/a178d0322ce20e33eac124758e837cbd80a6f633/library/std/src/panicking.rs:208:50
[INFO] [stdout]    9:     0x55926bcdc8ec - std::panicking::default_hook::hbea8e3ccf2ba8901
[INFO] [stdout]                                at /rustc/a178d0322ce20e33eac124758e837cbd80a6f633/library/std/src/panicking.rs:222:9
[INFO] [stdout]   10:     0x55926bcdd4a4 - std::panicking::rust_panic_with_hook::h7ee9e1a2d0f8975a
[INFO] [stdout]                                at /rustc/a178d0322ce20e33eac124758e837cbd80a6f633/library/std/src/panicking.rs:622:17
[INFO] [stdout]   11:     0x55926bcdcf87 - std::panicking::begin_panic_handler::{{closure}}::h8ab3b4491718b2c7
[INFO] [stdout]                                at /rustc/a178d0322ce20e33eac124758e837cbd80a6f633/library/std/src/panicking.rs:519:13
[INFO] [stdout]   12:     0x55926bcdad2c - std::sys_common::backtrace::__rust_end_short_backtrace::hd489062ffa586a9f
[INFO] [stdout]                                at /rustc/a178d0322ce20e33eac124758e837cbd80a6f633/library/std/src/sys_common/backtrace.rs:141:18
[INFO] [stdout]   13:     0x55926bcdcee9 - rust_begin_unwind
[INFO] [stdout]                                at /rustc/a178d0322ce20e33eac124758e837cbd80a6f633/library/std/src/panicking.rs:515:5
[INFO] [stdout]   14:     0x55926bc367b1 - core::panicking::panic_fmt::hca6330e3e14086b4
[INFO] [stdout]                                at /rustc/a178d0322ce20e33eac124758e837cbd80a6f633/library/core/src/panicking.rs:92:14
[INFO] [stdout]   15:     0x55926bc368a3 - core::result::unwrap_failed::h6160d2b4bfbb0e87
[INFO] [stdout]                                at /rustc/a178d0322ce20e33eac124758e837cbd80a6f633/library/core/src/result.rs:1355:5
[INFO] [stdout]   16:     0x55926bc76787 - core::result::Result<T,E>::unwrap::he988ed5b660df2ec
[INFO] [stdout]                                at /rustc/a178d0322ce20e33eac124758e837cbd80a6f633/library/core/src/result.rs:1037:23
[INFO] [stdout]   17:     0x55926bc37cbc - tests::test_init::h79b8d637bad8e466
[INFO] [stdout]                                at /opt/rustwide/workdir/tests/tests.rs:92:5
[INFO] [stdout]   18:     0x55926bc388b6 - tests::do_test::hb0838d7e30c68bc0
[INFO] [stdout]                                at /opt/rustwide/workdir/tests/tests.rs:29:5
[INFO] [stdout]   19:     0x55926bc3889a - tests::do_test::{{closure}}::h4fe8ff43b0abef6a
[INFO] [stdout]                                at /opt/rustwide/workdir/tests/tests.rs:28:1
[INFO] [stdout]   20:     0x55926bc392ee - core::ops::function::FnOnce::call_once::h9eaa4111766de69e
[INFO] [stdout]                                at /rustc/a178d0322ce20e33eac124758e837cbd80a6f633/library/core/src/ops/function.rs:227:5
[INFO] [stdout]   21:     0x55926bc62613 - core::ops::function::FnOnce::call_once::h152e7e439ff59e19
[INFO] [stdout]                                at /rustc/a178d0322ce20e33eac124758e837cbd80a6f633/library/core/src/ops/function.rs:227:5
[INFO] [stdout]   22:     0x55926bc62613 - test::__rust_begin_short_backtrace::h0908f3b1fdbb72ab
[INFO] [stdout]                                at /rustc/a178d0322ce20e33eac124758e837cbd80a6f633/library/test/src/lib.rs:577:5
[INFO] [stdout]   23:     0x55926bc610d0 - <alloc::boxed::Box<F,A> as core::ops::function::FnOnce<Args>>::call_once::hf6d2a51e5587546c
[INFO] [stdout]                                at /rustc/a178d0322ce20e33eac124758e837cbd80a6f633/library/alloc/src/boxed.rs:1575:9
[INFO] [stdout]   24:     0x55926bc610d0 - <std::panic::AssertUnwindSafe<F> as core::ops::function::FnOnce<()>>::call_once::h8af660f3a89ef593
[INFO] [stdout]                                at /rustc/a178d0322ce20e33eac124758e837cbd80a6f633/library/std/src/panic.rs:347:9
[INFO] [stdout]   25:     0x55926bc610d0 - std::panicking::try::do_call::hd36aef60f84b6d36
[INFO] [stdout]                                at /rustc/a178d0322ce20e33eac124758e837cbd80a6f633/library/std/src/panicking.rs:401:40
[INFO] [stdout]   26:     0x55926bc610d0 - std::panicking::try::h9932b4480e69817c
[INFO] [stdout]                                at /rustc/a178d0322ce20e33eac124758e837cbd80a6f633/library/std/src/panicking.rs:365:19
[INFO] [stdout]   27:     0x55926bc610d0 - std::panic::catch_unwind::h6aa177099cfff5f8
[INFO] [stdout]                                at /rustc/a178d0322ce20e33eac124758e837cbd80a6f633/library/std/src/panic.rs:434:14
[INFO] [stdout]   28:     0x55926bc610d0 - test::run_test_in_process::h5884d6f2d99e20c3
[INFO] [stdout]                                at /rustc/a178d0322ce20e33eac124758e837cbd80a6f633/library/test/src/lib.rs:600:18
[INFO] [stdout]   29:     0x55926bc610d0 - test::run_test::run_test_inner::{{closure}}::h6fdc58c6d5f5b6e3
[INFO] [stdout]                                at /rustc/a178d0322ce20e33eac124758e837cbd80a6f633/library/test/src/lib.rs:492:39
[INFO] [stdout]   30:     0x55926bc3a782 - test::run_test::run_test_inner::{{closure}}::h408365d67a78ade8
[INFO] [stdout]                                at /rustc/a178d0322ce20e33eac124758e837cbd80a6f633/library/test/src/lib.rs:519:37
[INFO] [stdout]   31:     0x55926bc3a782 - std::sys_common::backtrace::__rust_begin_short_backtrace::hb560b77c4f701523
[INFO] [stdout]                                at /rustc/a178d0322ce20e33eac124758e837cbd80a6f633/library/std/src/sys_common/backtrace.rs:125:18
[INFO] [stdout]   32:     0x55926bc3e338 - std::thread::Builder::spawn_unchecked::{{closure}}::{{closure}}::hf2e7831dad93c597
[INFO] [stdout]                                at /rustc/a178d0322ce20e33eac124758e837cbd80a6f633/library/std/src/thread/mod.rs:481:17
[INFO] [stdout]   33:     0x55926bc3e338 - <std::panic::AssertUnwindSafe<F> as core::ops::function::FnOnce<()>>::call_once::hd2e08783d8be4d02
[INFO] [stdout]                                at /rustc/a178d0322ce20e33eac124758e837cbd80a6f633/library/std/src/panic.rs:347:9
[INFO] [stdout]   34:     0x55926bc3e338 - std::panicking::try::do_call::h062597b7acfd6b82
[INFO] [stdout]                                at /rustc/a178d0322ce20e33eac124758e837cbd80a6f633/library/std/src/panicking.rs:401:40
[INFO] [stdout]   35:     0x55926bc3e338 - std::panicking::try::h0d7b79db04c14552
[INFO] [stdout]                                at /rustc/a178d0322ce20e33eac124758e837cbd80a6f633/library/std/src/panicking.rs:365:19
[INFO] [stdout]   36:     0x55926bc3e338 - std::panic::catch_unwind::hb01a0b5e7c8cd43b
[INFO] [stdout]                                at /rustc/a178d0322ce20e33eac124758e837cbd80a6f633/library/std/src/panic.rs:434:14
[INFO] [stdout]   37:     0x55926bc3e338 - std::thread::Builder::spawn_unchecked::{{closure}}::h5bde48cc887e0d1e
[INFO] [stdout]                                at /rustc/a178d0322ce20e33eac124758e837cbd80a6f633/library/std/src/thread/mod.rs:480:30
[INFO] [stdout]   38:     0x55926bc3e338 - core::ops::function::FnOnce::call_once{{vtable.shim}}::h745ea30807a29e55
[INFO] [stdout]                                at /rustc/a178d0322ce20e33eac124758e837cbd80a6f633/library/core/src/ops/function.rs:227:5
[INFO] [stdout]   39:     0x55926bce3407 - <alloc::boxed::Box<F,A> as core::ops::function::FnOnce<Args>>::call_once::h7ece6cfefaff1005
[INFO] [stdout]                                at /rustc/a178d0322ce20e33eac124758e837cbd80a6f633/library/alloc/src/boxed.rs:1575:9
[INFO] [stdout]   40:     0x55926bce3407 - <alloc::boxed::Box<F,A> as core::ops::function::FnOnce<Args>>::call_once::hb8b48e55c21f193e
[INFO] [stdout]                                at /rustc/a178d0322ce20e33eac124758e837cbd80a6f633/library/alloc/src/boxed.rs:1575:9
[INFO] [stdout]   41:     0x55926bce3407 - std::sys::unix::thread::Thread::new::thread_start::h8c7c4450dba62914
[INFO] [stdout]                                at /rustc/a178d0322ce20e33eac124758e837cbd80a6f633/library/std/src/sys/unix/thread.rs:71:17
[INFO] [stdout]   42:     0x7fd3e5a70609 - start_thread
[INFO] [stdout]   43:     0x7fd3e5842293 - clone
[INFO] [stdout]   44:                0x0 - <unknown>
[INFO] [stdout] 
[INFO] [stdout] 
[INFO] [stdout] failures:
[INFO] [stdout]     do_test
[INFO] [stdout] 
[INFO] [stdout] test result: FAILED. 0 passed; 1 failed; 0 ignored; 0 measured; 0 filtered out; finished in 0.09s
[INFO] [stdout] 
[INFO] running `Command { std: "docker" "inspect" "eca8ad4434e136efbf9958cc54d17b16f72fc073700a67bb51c5ce78e53606b7", kill_on_drop: false }`
[INFO] running `Command { std: "docker" "rm" "-f" "eca8ad4434e136efbf9958cc54d17b16f72fc073700a67bb51c5ce78e53606b7", kill_on_drop: false }`
[INFO] [stdout] eca8ad4434e136efbf9958cc54d17b16f72fc073700a67bb51c5ce78e53606b7
