[INFO] fetching crate cargo-docserver 0.3.0...
[INFO] testing cargo-docserver-0.3.0 against beta-2021-08-01 for beta-1.55-1
[INFO] extracting crate cargo-docserver 0.3.0 into /workspace/builds/worker-107/source
[INFO] validating manifest of crates.io crate cargo-docserver 0.3.0 on toolchain beta-2021-08-01
[INFO] running `Command { std: "/workspace/cargo-home/bin/cargo" "+beta-2021-08-01" "metadata" "--manifest-path" "Cargo.toml" "--no-deps", kill_on_drop: false }`
[INFO] started tweaking crates.io crate cargo-docserver 0.3.0
[INFO] finished tweaking crates.io crate cargo-docserver 0.3.0
[INFO] tweaked toml for crates.io crate cargo-docserver 0.3.0 written to /workspace/builds/worker-107/source/Cargo.toml
[INFO] crate crates.io crate cargo-docserver 0.3.0 already has a lockfile, it will not be regenerated
[INFO] running `Command { std: "/workspace/cargo-home/bin/cargo" "+beta-2021-08-01" "fetch" "--manifest-path" "Cargo.toml", kill_on_drop: false }`
[INFO] [stderr]     Blocking waiting for file lock on package cache
[INFO] [stderr]     Blocking waiting for file lock on package cache
[INFO] [stderr]  Downloading crates ...
[INFO] [stderr]   Downloaded curl v0.4.28
[INFO] [stderr]   Downloaded curl-sys v0.4.30+curl-7.69.1
[INFO] running `Command { std: "docker" "create" "-v" "/var/lib/crater-agent-workspace/builds/worker-107/target:/opt/rustwide/target:rw,Z" "-v" "/var/lib/crater-agent-workspace/builds/worker-107/source:/opt/rustwide/workdir:ro,Z" "-v" "/var/lib/crater-agent-workspace/cargo-home:/opt/rustwide/cargo-home:ro,Z" "-v" "/var/lib/crater-agent-workspace/rustup-home:/opt/rustwide/rustup-home:ro,Z" "-e" "SOURCE_DIR=/opt/rustwide/workdir" "-e" "CARGO_TARGET_DIR=/opt/rustwide/target" "-e" "CARGO_HOME=/opt/rustwide/cargo-home" "-e" "RUSTUP_HOME=/opt/rustwide/rustup-home" "-w" "/opt/rustwide/workdir" "-m" "1610612736" "--user" "0:0" "--network" "none" "ghcr.io/rust-lang/crates-build-env/linux@sha256:34b6a614d2c27851fe6cbf88fbd1137609cefab8b10d0615aaeb6fd47975d74e" "/opt/rustwide/cargo-home/bin/cargo" "+beta-2021-08-01" "metadata" "--no-deps" "--format-version=1", kill_on_drop: false }`
[INFO] [stdout] 326282f26d9b538a4d1a397b46e9e7bf6c7b7946cc8cbb8956806fd14b562caa
[INFO] running `Command { std: "docker" "start" "-a" "326282f26d9b538a4d1a397b46e9e7bf6c7b7946cc8cbb8956806fd14b562caa", kill_on_drop: false }`
[INFO] running `Command { std: "docker" "inspect" "326282f26d9b538a4d1a397b46e9e7bf6c7b7946cc8cbb8956806fd14b562caa", kill_on_drop: false }`
[INFO] running `Command { std: "docker" "rm" "-f" "326282f26d9b538a4d1a397b46e9e7bf6c7b7946cc8cbb8956806fd14b562caa", kill_on_drop: false }`
[INFO] [stdout] 326282f26d9b538a4d1a397b46e9e7bf6c7b7946cc8cbb8956806fd14b562caa
[INFO] running `Command { std: "docker" "create" "-v" "/var/lib/crater-agent-workspace/builds/worker-107/target:/opt/rustwide/target:rw,Z" "-v" "/var/lib/crater-agent-workspace/builds/worker-107/source:/opt/rustwide/workdir:ro,Z" "-v" "/var/lib/crater-agent-workspace/cargo-home:/opt/rustwide/cargo-home:ro,Z" "-v" "/var/lib/crater-agent-workspace/rustup-home:/opt/rustwide/rustup-home:ro,Z" "-e" "SOURCE_DIR=/opt/rustwide/workdir" "-e" "CARGO_TARGET_DIR=/opt/rustwide/target" "-e" "CARGO_INCREMENTAL=0" "-e" "RUST_BACKTRACE=full" "-e" "RUSTFLAGS=--cap-lints=warn" "-e" "CARGO_HOME=/opt/rustwide/cargo-home" "-e" "RUSTUP_HOME=/opt/rustwide/rustup-home" "-w" "/opt/rustwide/workdir" "-m" "1610612736" "--user" "0:0" "--network" "none" "ghcr.io/rust-lang/crates-build-env/linux@sha256:34b6a614d2c27851fe6cbf88fbd1137609cefab8b10d0615aaeb6fd47975d74e" "/opt/rustwide/cargo-home/bin/cargo" "+beta-2021-08-01" "build" "--frozen" "--message-format=json", kill_on_drop: false }`
[INFO] [stdout] 63379e50bde8e117c262a48a4ec55258ece856dafcd883bf99dd25f3796c7b03
[INFO] running `Command { std: "docker" "start" "-a" "63379e50bde8e117c262a48a4ec55258ece856dafcd883bf99dd25f3796c7b03", kill_on_drop: false }`
[INFO] [stderr]     Blocking waiting for file lock on package cache
[INFO] [stderr]    Compiling libc v0.2.67
[INFO] [stderr]    Compiling proc-macro2 v1.0.9
[INFO] [stderr]    Compiling syn v1.0.16
[INFO] [stderr]    Compiling serde v1.0.104
[INFO] [stderr]    Compiling autocfg v1.0.0
[INFO] [stderr]    Compiling futures v0.1.29
[INFO] [stderr]    Compiling log v0.4.8
[INFO] [stderr]    Compiling rand_core v0.4.2
[INFO] [stderr]    Compiling byteorder v1.3.4
[INFO] [stderr]    Compiling autocfg v0.1.7
[INFO] [stderr]    Compiling either v1.5.3
[INFO] [stderr]    Compiling scopeguard v1.1.0
[INFO] [stderr]    Compiling itoa v0.4.5
[INFO] [stderr]    Compiling ryu v1.0.3
[INFO] [stderr]    Compiling syn v0.15.44
[INFO] [stderr]    Compiling unicode-segmentation v1.6.0
[INFO] [stderr]    Compiling httparse v1.3.4
[INFO] [stderr]    Compiling smallvec v0.6.13
[INFO] [stderr]    Compiling phf v0.7.24
[INFO] [stderr]    Compiling lock_api v0.3.3
[INFO] [stderr]    Compiling rand_core v0.3.1
[INFO] [stderr]    Compiling rand_jitter v0.1.4
[INFO] [stderr]    Compiling rand_hc v0.1.0
[INFO] [stderr]    Compiling rand_xorshift v0.1.1
[INFO] [stderr]    Compiling rand_isaac v0.1.1
[INFO] [stderr]    Compiling rand_pcg v0.1.2
[INFO] [stderr]    Compiling rand_chacha v0.1.1
[INFO] [stderr]    Compiling rand v0.6.5
[INFO] [stderr]    Compiling crossbeam-utils v0.7.2
[INFO] [stderr]    Compiling crossbeam-epoch v0.8.2
[INFO] [stderr]    Compiling indexmap v1.3.2
[INFO] [stderr]    Compiling heck v0.3.1
[INFO] [stderr]    Compiling log v0.3.9
[INFO] [stderr]    Compiling mime v0.2.6
[INFO] [stderr]    Compiling quote v1.0.3
[INFO] [stderr]    Compiling tokio-sync v0.1.8
[INFO] [stderr]    Compiling want v0.2.0
[INFO] [stderr]    Compiling iovec v0.1.4
[INFO] [stderr]    Compiling num_cpus v1.12.0
[INFO] [stderr]    Compiling rand_os v0.1.3
[INFO] [stderr]    Compiling net2 v0.2.33
[INFO] [stderr]    Compiling atty v0.2.14
[INFO] [stderr]    Compiling time v0.1.42
[INFO] [stderr]    Compiling clap v2.33.0
[INFO] [stderr]    Compiling bytes v0.4.12
[INFO] [stderr]    Compiling futures-cpupool v0.1.8
[INFO] [stderr]    Compiling mio v0.6.21
[INFO] [stderr]    Compiling tokio-executor v0.1.10
[INFO] [stderr]    Compiling crossbeam-queue v0.2.1
[INFO] [stderr]    Compiling tokio-io v0.1.13
[INFO] [stderr]    Compiling http v0.1.21
[INFO] [stderr]    Compiling tokio-buf v0.1.1
[INFO] [stderr]    Compiling string v0.2.1
[INFO] [stderr]    Compiling tokio-timer v0.2.13
[INFO] [stderr]    Compiling tokio-current-thread v0.1.7
[INFO] [stderr]    Compiling phf_generator v0.7.24
[INFO] [stderr]    Compiling phf_codegen v0.7.24
[INFO] [stderr]    Compiling mime_guess v1.8.8
[INFO] [stderr]    Compiling structopt-derive v0.2.18
[INFO] [stderr]    Compiling h2 v0.1.26
[INFO] [stderr]    Compiling http-body v0.1.0
[INFO] [stderr]    Compiling serde_derive v1.0.104
[INFO] [stderr]    Compiling structopt v0.2.18
[INFO] [stderr]    Compiling semver v0.9.0
[INFO] [stderr]    Compiling serde_json v1.0.48
[INFO] [stderr]    Compiling rustc_version v0.2.3
[INFO] [stderr]    Compiling memoffset v0.5.3
[INFO] [stderr]    Compiling parking_lot_core v0.6.2
[INFO] [stderr]    Compiling parking_lot v0.9.0
[INFO] [stderr]    Compiling hyper v0.12.35
[INFO] [stderr]    Compiling cargo_metadata v0.9.1
[INFO] [stderr]    Compiling crossbeam-deque v0.7.3
[INFO] [stderr]    Compiling tokio-reactor v0.1.12
[INFO] [stderr]    Compiling tokio-threadpool v0.1.18
[INFO] [stderr]    Compiling tokio-tcp v0.1.4
[INFO] [stderr]    Compiling tokio v0.1.22
[INFO] [stderr]    Compiling tokio-fs v0.1.7
[INFO] [stderr]    Compiling cargo-docserver v0.3.0 (/opt/rustwide/workdir)
[INFO] [stderr]     Finished dev [unoptimized + debuginfo] target(s) in 35.26s
[INFO] running `Command { std: "docker" "inspect" "63379e50bde8e117c262a48a4ec55258ece856dafcd883bf99dd25f3796c7b03", kill_on_drop: false }`
[INFO] running `Command { std: "docker" "rm" "-f" "63379e50bde8e117c262a48a4ec55258ece856dafcd883bf99dd25f3796c7b03", kill_on_drop: false }`
[INFO] [stdout] 63379e50bde8e117c262a48a4ec55258ece856dafcd883bf99dd25f3796c7b03
[INFO] running `Command { std: "docker" "create" "-v" "/var/lib/crater-agent-workspace/builds/worker-107/target:/opt/rustwide/target:rw,Z" "-v" "/var/lib/crater-agent-workspace/builds/worker-107/source:/opt/rustwide/workdir:ro,Z" "-v" "/var/lib/crater-agent-workspace/cargo-home:/opt/rustwide/cargo-home:ro,Z" "-v" "/var/lib/crater-agent-workspace/rustup-home:/opt/rustwide/rustup-home:ro,Z" "-e" "SOURCE_DIR=/opt/rustwide/workdir" "-e" "CARGO_TARGET_DIR=/opt/rustwide/target" "-e" "CARGO_INCREMENTAL=0" "-e" "RUST_BACKTRACE=full" "-e" "RUSTFLAGS=--cap-lints=warn" "-e" "CARGO_HOME=/opt/rustwide/cargo-home" "-e" "RUSTUP_HOME=/opt/rustwide/rustup-home" "-w" "/opt/rustwide/workdir" "-m" "1610612736" "--user" "0:0" "--network" "none" "ghcr.io/rust-lang/crates-build-env/linux@sha256:34b6a614d2c27851fe6cbf88fbd1137609cefab8b10d0615aaeb6fd47975d74e" "/opt/rustwide/cargo-home/bin/cargo" "+beta-2021-08-01" "test" "--frozen" "--no-run" "--message-format=json", kill_on_drop: false }`
[INFO] [stdout] 3d1a6bf5c3a14aa00700abac3e988edb162c7f0f045ee8f6995d1b0543d73c7e
[INFO] running `Command { std: "docker" "start" "-a" "3d1a6bf5c3a14aa00700abac3e988edb162c7f0f045ee8f6995d1b0543d73c7e", kill_on_drop: false }`
[INFO] [stderr]    Compiling cc v1.0.50
[INFO] [stderr]    Compiling pkg-config v0.3.17
[INFO] [stderr]    Compiling smallvec v1.2.0
[INFO] [stderr]    Compiling getrandom v0.1.14
[INFO] [stderr]    Compiling failure_derive v0.1.7
[INFO] [stderr]    Compiling typenum v1.11.2
[INFO] [stderr]    Compiling regex-syntax v0.6.17
[INFO] [stderr]    Compiling curl v0.4.28
[INFO] [stderr]    Compiling rustc-demangle v0.1.16
[INFO] [stderr]    Compiling percent-encoding v2.1.0
[INFO] [stderr]    Compiling openssl v0.10.28
[INFO] [stderr]    Compiling ppv-lite86 v0.2.6
[INFO] [stderr]    Compiling same-file v1.0.6
[INFO] [stderr]    Compiling adler32 v1.0.4
[INFO] [stderr]    Compiling quick-error v1.2.3
[INFO] [stderr]    Compiling utf8parse v0.1.1
[INFO] [stderr]    Compiling termcolor v1.1.0
[INFO] [stderr]    Compiling hex v0.3.2
[INFO] [stderr]    Compiling rustc-workspace-hack v1.0.0
[INFO] [stderr]    Compiling shell-escape v0.1.4
[INFO] [stderr]    Compiling home v0.3.4
[INFO] [stderr]    Compiling bytesize v1.0.0
[INFO] [stderr]    Compiling glob v0.3.0
[INFO] [stderr]    Compiling opener v0.4.1
[INFO] [stderr]    Compiling crc32fast v1.2.0
[INFO] [stderr]    Compiling crossbeam-utils v0.6.6
[INFO] [stderr]    Compiling socket2 v0.3.11
[INFO] [stderr]    Compiling filetime v0.2.8
[INFO] [stderr]    Compiling fs2 v0.4.3
[INFO] [stderr]    Compiling jobserver v0.1.21
[INFO] [stderr]    Compiling bstr v0.2.12
[INFO] [stderr]    Compiling crossbeam-channel v0.4.2
[INFO] [stderr]    Compiling synstructure v0.12.3
[INFO] [stderr]    Compiling toml v0.5.6
[INFO] [stderr]    Compiling serde_ignored v0.0.4
[INFO] [stderr]    Compiling im-rc v13.0.0
[INFO] [stderr]    Compiling humantime v1.3.0
[INFO] [stderr]    Compiling miniz_oxide v0.3.6
[INFO] [stderr]    Compiling vte v0.3.3
[INFO] [stderr]    Compiling walkdir v2.3.1
[INFO] [stderr]    Compiling unicode-normalization v0.1.12
[INFO] [stderr]    Compiling strip-ansi-escapes v0.1.0
[INFO] [stderr]    Compiling tar v0.4.26
[INFO] [stderr]    Compiling rand_core v0.5.1
[INFO] [stderr]    Compiling rand_chacha v0.2.2
[INFO] [stderr]    Compiling openssl-sys v0.9.54
[INFO] [stderr]    Compiling libz-sys v1.0.25
[INFO] [stderr]    Compiling libnghttp2-sys v0.1.3
[INFO] [stderr]    Compiling libssh2-sys v0.2.16
[INFO] [stderr]    Compiling backtrace-sys v0.1.34
[INFO] [stderr]    Compiling curl-sys v0.4.30+curl-7.69.1
[INFO] [stderr]    Compiling libgit2-sys v0.8.2
[INFO] [stderr]    Compiling sized-chunks v0.3.1
[INFO] [stderr]    Compiling rand v0.7.3
[INFO] [stderr]    Compiling idna v0.1.5
[INFO] [stderr]    Compiling idna v0.2.0
[INFO] [stderr]    Compiling flate2 v1.0.13
[INFO] [stderr]    Compiling backtrace v0.3.45
[INFO] [stderr]    Compiling regex v1.3.5
[INFO] [stderr]    Compiling tempfile v3.1.0
[INFO] [stderr]    Compiling failure v0.1.7
[INFO] [stderr]    Compiling rustfix v0.4.6
[INFO] [stderr]    Compiling url v2.1.1
[INFO] [stderr]    Compiling url v1.7.2
[INFO] [stderr]    Compiling globset v0.4.4
[INFO] [stderr]    Compiling env_logger v0.6.2
[INFO] [stderr]    Compiling url_serde v0.2.0
[INFO] [stderr]    Compiling crypto-hash v0.3.4
[INFO] [stderr]    Compiling ignore v0.4.11
[INFO] [stderr]    Compiling crates-io v0.27.0
[INFO] [stderr]    Compiling git2 v0.9.2
[INFO] [stderr]    Compiling git2-curl v0.10.1
[INFO] [stderr]    Compiling cargo v0.39.0
[INFO] [stderr]    Compiling cargo-docserver v0.3.0 (/opt/rustwide/workdir)
[INFO] [stderr]     Finished test [unoptimized + debuginfo] target(s) in 1m 43s
[INFO] running `Command { std: "docker" "inspect" "3d1a6bf5c3a14aa00700abac3e988edb162c7f0f045ee8f6995d1b0543d73c7e", kill_on_drop: false }`
[INFO] running `Command { std: "docker" "rm" "-f" "3d1a6bf5c3a14aa00700abac3e988edb162c7f0f045ee8f6995d1b0543d73c7e", kill_on_drop: false }`
[INFO] [stdout] 3d1a6bf5c3a14aa00700abac3e988edb162c7f0f045ee8f6995d1b0543d73c7e
[INFO] running `Command { std: "docker" "create" "-v" "/var/lib/crater-agent-workspace/builds/worker-107/target:/opt/rustwide/target:rw,Z" "-v" "/var/lib/crater-agent-workspace/builds/worker-107/source:/opt/rustwide/workdir:ro,Z" "-v" "/var/lib/crater-agent-workspace/cargo-home:/opt/rustwide/cargo-home:ro,Z" "-v" "/var/lib/crater-agent-workspace/rustup-home:/opt/rustwide/rustup-home:ro,Z" "-e" "SOURCE_DIR=/opt/rustwide/workdir" "-e" "CARGO_TARGET_DIR=/opt/rustwide/target" "-e" "CARGO_INCREMENTAL=0" "-e" "RUST_BACKTRACE=full" "-e" "RUSTFLAGS=--cap-lints=warn" "-e" "CARGO_HOME=/opt/rustwide/cargo-home" "-e" "RUSTUP_HOME=/opt/rustwide/rustup-home" "-w" "/opt/rustwide/workdir" "-m" "1610612736" "--user" "0:0" "--network" "none" "ghcr.io/rust-lang/crates-build-env/linux@sha256:34b6a614d2c27851fe6cbf88fbd1137609cefab8b10d0615aaeb6fd47975d74e" "/opt/rustwide/cargo-home/bin/cargo" "+beta-2021-08-01" "test" "--frozen", kill_on_drop: false }`
[INFO] [stdout] 6d6db6932a299ce7800227531ab5bd9ec0ce977c4c2a3f533acbfe11badd2bfb
[INFO] running `Command { std: "docker" "start" "-a" "6d6db6932a299ce7800227531ab5bd9ec0ce977c4c2a3f533acbfe11badd2bfb", kill_on_drop: false }`
[INFO] [stderr]     Blocking waiting for file lock on package cache
[INFO] [stderr]     Finished test [unoptimized + debuginfo] target(s) in 0.52s
[INFO] [stderr]      Running unittests (/opt/rustwide/target/debug/deps/cargo_docserver-79c0865f2bd9de7b)
[INFO] [stdout] 
[INFO] [stdout] running 4 tests
[INFO] [stdout] test test_make_relative ... ok
[INFO] [stdout] test test_make_root_document ... ok
[INFO] [stdout] test tests::correct_name_my_crate ... FAILED
[INFO] [stdout] test tests::correct_name_your_crate ... FAILED
[INFO] [stdout] 
[INFO] [stdout] failures:
[INFO] [stdout] 
[INFO] [stdout] ---- tests::correct_name_my_crate stdout ----
[INFO] [stdout] thread 'tests::correct_name_my_crate' panicked at 'Unable to create workspace: Os { code: 2, kind: NotFound, message: "No such file or directory" }
[INFO] [stdout] 
[INFO] [stdout]    0: failure::backtrace::internal::InternalBacktrace::new
[INFO] [stdout]              at /opt/rustwide/cargo-home/registry/src/github.com-1ecc6299db9ec823/failure-0.1.7/src/backtrace/internal.rs:46
[INFO] [stdout]    1: failure::backtrace::Backtrace::new
[INFO] [stdout]              at /opt/rustwide/cargo-home/registry/src/github.com-1ecc6299db9ec823/failure-0.1.7/src/backtrace/mod.rs:121
[INFO] [stdout]    2: <failure::error::error_impl::ErrorImpl as core::convert::From<F>>::from
[INFO] [stdout]              at /opt/rustwide/cargo-home/registry/src/github.com-1ecc6299db9ec823/failure-0.1.7/src/error/error_impl.rs:19
[INFO] [stdout]    3: <failure::error::Error as core::convert::From<F>>::from
[INFO] [stdout]              at /opt/rustwide/cargo-home/registry/src/github.com-1ecc6299db9ec823/failure-0.1.7/src/error/mod.rs:36
[INFO] [stdout]    4: <core::result::Result<T,F> as core::ops::try_trait::FromResidual<core::result::Result<core::convert::Infallible,E>>>::from_residual
[INFO] [stdout]              at /rustc/53fd98ca776cb875bc9e5514f56b52eb74f9e7a9/library/core/src/result.rs:1897
[INFO] [stdout]    5: cargo::util::paths::read_bytes::{{closure}}
[INFO] [stdout]              at /opt/rustwide/cargo-home/registry/src/github.com-1ecc6299db9ec823/cargo-0.39.0/src/cargo/util/paths.rs:128
[INFO] [stdout]    6: cargo::util::paths::read_bytes
[INFO] [stdout]              at /opt/rustwide/cargo-home/registry/src/github.com-1ecc6299db9ec823/cargo-0.39.0/src/cargo/util/paths.rs:126
[INFO] [stdout]    7: cargo::util::paths::read
[INFO] [stdout]              at /opt/rustwide/cargo-home/registry/src/github.com-1ecc6299db9ec823/cargo-0.39.0/src/cargo/util/paths.rs:119
[INFO] [stdout]    8: cargo::util::toml::read_manifest
[INFO] [stdout]              at /opt/rustwide/cargo-home/registry/src/github.com-1ecc6299db9ec823/cargo-0.39.0/src/cargo/util/toml/mod.rs:39
[INFO] [stdout]    9: cargo::core::workspace::Packages::load
[INFO] [stdout]              at /opt/rustwide/cargo-home/registry/src/github.com-1ecc6299db9ec823/cargo-0.39.0/src/cargo/core/workspace.rs:830
[INFO] [stdout]   10: cargo::core::workspace::Workspace::find_root
[INFO] [stdout]              at /opt/rustwide/cargo-home/registry/src/github.com-1ecc6299db9ec823/cargo-0.39.0/src/cargo/core/workspace.rs:373
[INFO] [stdout]   11: cargo::core::workspace::Workspace::new
[INFO] [stdout]              at /opt/rustwide/cargo-home/registry/src/github.com-1ecc6299db9ec823/cargo-0.39.0/src/cargo/core/workspace.rs:160
[INFO] [stdout]   12: cargo_docserver::tests::check_asset_crate
[INFO] [stdout]              at src/main.rs:181
[INFO] [stdout]   13: cargo_docserver::tests::correct_name_my_crate
[INFO] [stdout]              at src/main.rs:223
[INFO] [stdout]   14: cargo_docserver::tests::correct_name_my_crate::{{closure}}
[INFO] [stdout]              at src/main.rs:222
[INFO] [stdout]   15: core::ops::function::FnOnce::call_once
[INFO] [stdout]              at /rustc/53fd98ca776cb875bc9e5514f56b52eb74f9e7a9/library/core/src/ops/function.rs:227
[INFO] [stdout]   16: core::ops::function::FnOnce::call_once
[INFO] [stdout]              at /rustc/53fd98ca776cb875bc9e5514f56b52eb74f9e7a9/library/core/src/ops/function.rs:227
[INFO] [stdout]       test::__rust_begin_short_backtrace
[INFO] [stdout]              at library/test/src/lib.rs:578
[INFO] [stdout]   17: <alloc::boxed::Box<F,A> as core::ops::function::FnOnce<Args>>::call_once
[INFO] [stdout]              at /rustc/53fd98ca776cb875bc9e5514f56b52eb74f9e7a9/library/alloc/src/boxed.rs:1572
[INFO] [stdout]       <std::panic::AssertUnwindSafe<F> as core::ops::function::FnOnce<()>>::call_once
[INFO] [stdout]              at /rustc/53fd98ca776cb875bc9e5514f56b52eb74f9e7a9/library/std/src/panic.rs:347
[INFO] [stdout]       std::panicking::try::do_call
[INFO] [stdout]              at /rustc/53fd98ca776cb875bc9e5514f56b52eb74f9e7a9/library/std/src/panicking.rs:401
[INFO] [stdout]       std::panicking::try
[INFO] [stdout]              at /rustc/53fd98ca776cb875bc9e5514f56b52eb74f9e7a9/library/std/src/panicking.rs:365
[INFO] [stdout]       std::panic::catch_unwind
[INFO] [stdout]              at /rustc/53fd98ca776cb875bc9e5514f56b52eb74f9e7a9/library/std/src/panic.rs:434
[INFO] [stdout]       test::run_test_in_process
[INFO] [stdout]              at library/test/src/lib.rs:601
[INFO] [stdout]       test::run_test::run_test_inner::{{closure}}
[INFO] [stdout]              at library/test/src/lib.rs:493
[INFO] [stdout]   18: test::run_test::run_test_inner::{{closure}}
[INFO] [stdout]              at library/test/src/lib.rs:520
[INFO] [stdout]       std::sys_common::backtrace::__rust_begin_short_backtrace
[INFO] [stdout]              at /rustc/53fd98ca776cb875bc9e5514f56b52eb74f9e7a9/library/std/src/sys_common/backtrace.rs:125
[INFO] [stdout]   19: std::thread::Builder::spawn_unchecked::{{closure}}::{{closure}}
[INFO] [stdout]              at /rustc/53fd98ca776cb875bc9e5514f56b52eb74f9e7a9/library/std/src/thread/mod.rs:476
[INFO] [stdout]       <std::panic::AssertUnwindSafe<F> as core::ops::function::FnOnce<()>>::call_once
[INFO] [stdout]              at /rustc/53fd98ca776cb875bc9e5514f56b52eb74f9e7a9/library/std/src/panic.rs:347
[INFO] [stdout]       std::panicking::try::do_call
[INFO] [stdout]              at /rustc/53fd98ca776cb875bc9e5514f56b52eb74f9e7a9/library/std/src/panicking.rs:401
[INFO] [stdout]       std::panicking::try
[INFO] [stdout]              at /rustc/53fd98ca776cb875bc9e5514f56b52eb74f9e7a9/library/std/src/panicking.rs:365
[INFO] [stdout]       std::panic::catch_unwind
[INFO] [stdout]              at /rustc/53fd98ca776cb875bc9e5514f56b52eb74f9e7a9/library/std/src/panic.rs:434
[INFO] [stdout]       std::thread::Builder::spawn_unchecked::{{closure}}
[INFO] [stdout]              at /rustc/53fd98ca776cb875bc9e5514f56b52eb74f9e7a9/library/std/src/thread/mod.rs:475
[INFO] [stdout]       core::ops::function::FnOnce::call_once{{vtable.shim}}
[INFO] [stdout]              at /rustc/53fd98ca776cb875bc9e5514f56b52eb74f9e7a9/library/core/src/ops/function.rs:227
[INFO] [stdout]   20: <alloc::boxed::Box<F,A> as core::ops::function::FnOnce<Args>>::call_once
[INFO] [stdout]              at /rustc/53fd98ca776cb875bc9e5514f56b52eb74f9e7a9/library/alloc/src/boxed.rs:1572
[INFO] [stdout]       <alloc::boxed::Box<F,A> as core::ops::function::FnOnce<Args>>::call_once
[INFO] [stdout]              at /rustc/53fd98ca776cb875bc9e5514f56b52eb74f9e7a9/library/alloc/src/boxed.rs:1572
[INFO] [stdout]       std::sys::unix::thread::Thread::new::thread_start
[INFO] [stdout]              at library/std/src/sys/unix/thread.rs:74
[INFO] [stdout]   21: start_thread
[INFO] [stdout]   22: __clone
[INFO] [stdout] 
[INFO] [stdout] 
[INFO] [stdout] failed to read `/opt/rustwide/workdir/assets/my-crate/Cargo.toml`
[INFO] [stdout] 
[INFO] [stdout]    0: failure::backtrace::internal::InternalBacktrace::new
[INFO] [stdout]              at /opt/rustwide/cargo-home/registry/src/github.com-1ecc6299db9ec823/failure-0.1.7/src/backtrace/internal.rs:46
[INFO] [stdout]    1: failure::backtrace::Backtrace::new
[INFO] [stdout]              at /opt/rustwide/cargo-home/registry/src/github.com-1ecc6299db9ec823/failure-0.1.7/src/backtrace/mod.rs:121
[INFO] [stdout]    2: <failure::error::error_impl::ErrorImpl as core::convert::From<F>>::from
[INFO] [stdout]              at /opt/rustwide/cargo-home/registry/src/github.com-1ecc6299db9ec823/failure-0.1.7/src/error/error_impl.rs:19
[INFO] [stdout]    3: <failure::error::Error as core::convert::From<F>>::from
[INFO] [stdout]              at /opt/rustwide/cargo-home/registry/src/github.com-1ecc6299db9ec823/failure-0.1.7/src/error/mod.rs:36
[INFO] [stdout]    4: <core::result::Result<T,F> as core::ops::try_trait::FromResidual<core::result::Result<core::convert::Infallible,E>>>::from_residual
[INFO] [stdout]              at /rustc/53fd98ca776cb875bc9e5514f56b52eb74f9e7a9/library/core/src/result.rs:1897
[INFO] [stdout]    5: cargo::core::workspace::Packages::load
[INFO] [stdout]              at /opt/rustwide/cargo-home/registry/src/github.com-1ecc6299db9ec823/cargo-0.39.0/src/cargo/core/workspace.rs:830
[INFO] [stdout]    6: cargo::core::workspace::Workspace::find_root
[INFO] [stdout]              at /opt/rustwide/cargo-home/registry/src/github.com-1ecc6299db9ec823/cargo-0.39.0/src/cargo/core/workspace.rs:373
[INFO] [stdout]    7: cargo::core::workspace::Workspace::new
[INFO] [stdout]              at /opt/rustwide/cargo-home/registry/src/github.com-1ecc6299db9ec823/cargo-0.39.0/src/cargo/core/workspace.rs:160
[INFO] [stdout]    8: cargo_docserver::tests::check_asset_crate
[INFO] [stdout]              at src/main.rs:181
[INFO] [stdout]    9: cargo_docserver::tests::correct_name_my_crate
[INFO] [stdout]              at src/main.rs:223
[INFO] [stdout]   10: cargo_docserver::tests::correct_name_my_crate::{{closure}}
[INFO] [stdout]              at src/main.rs:222
[INFO] [stdout]   11: core::ops::function::FnOnce::call_once
[INFO] [stdout]              at /rustc/53fd98ca776cb875bc9e5514f56b52eb74f9e7a9/library/core/src/ops/function.rs:227
[INFO] [stdout]   12: core::ops::function::FnOnce::call_once
[INFO] [stdout]              at /rustc/53fd98ca776cb875bc9e5514f56b52eb74f9e7a9/library/core/src/ops/function.rs:227
[INFO] [stdout]       test::__rust_begin_short_backtrace
[INFO] [stdout]              at library/test/src/lib.rs:578
[INFO] [stdout]   13: <alloc::boxed::Box<F,A> as core::ops::function::FnOnce<Args>>::call_once
[INFO] [stdout]              at /rustc/53fd98ca776cb875bc9e5514f56b52eb74f9e7a9/library/alloc/src/boxed.rs:1572
[INFO] [stdout]       <std::panic::AssertUnwindSafe<F> as core::ops::function::FnOnce<()>>::call_once
[INFO] [stdout]              at /rustc/53fd98ca776cb875bc9e5514f56b52eb74f9e7a9/library/std/src/panic.rs:347
[INFO] [stdout]       std::panicking::try::do_call
[INFO] [stdout]              at /rustc/53fd98ca776cb875bc9e5514f56b52eb74f9e7a9/library/std/src/panicking.rs:401
[INFO] [stdout]       std::panicking::try
[INFO] [stdout]              at /rustc/53fd98ca776cb875bc9e5514f56b52eb74f9e7a9/library/std/src/panicking.rs:365
[INFO] [stdout]       std::panic::catch_unwind
[INFO] [stdout]              at /rustc/53fd98ca776cb875bc9e5514f56b52eb74f9e7a9/library/std/src/panic.rs:434
[INFO] [stdout]       test::run_test_in_process
[INFO] [stdout]              at library/test/src/lib.rs:601
[INFO] [stdout]       test::run_test::run_test_inner::{{closure}}
[INFO] [stdout]              at library/test/src/lib.rs:493
[INFO] [stdout]   14: test::run_test::run_test_inner::{{closure}}
[INFO] [stdout]              at library/test/src/lib.rs:520
[INFO] [stdout]       std::sys_common::backtrace::__rust_begin_short_backtrace
[INFO] [stdout]              at /rustc/53fd98ca776cb875bc9e5514f56b52eb74f9e7a9/library/std/src/sys_common/backtrace.rs:125
[INFO] [stdout]   15: std::thread::Builder::spawn_unchecked::{{closure}}::{{closure}}
[INFO] [stdout]              at /rustc/53fd98ca776cb875bc9e5514f56b52eb74f9e7a9/library/std/src/thread/mod.rs:476
[INFO] [stdout]       <std::panic::AssertUnwindSafe<F> as core::ops::function::FnOnce<()>>::call_once
[INFO] [stdout]              at /rustc/53fd98ca776cb875bc9e5514f56b52eb74f9e7a9/library/std/src/panic.rs:347
[INFO] [stdout]       std::panicking::try::do_call
[INFO] [stdout]              at /rustc/53fd98ca776cb875bc9e5514f56b52eb74f9e7a9/library/std/src/panicking.rs:401
[INFO] [stdout]       std::panicking::try
[INFO] [stdout]              at /rustc/53fd98ca776cb875bc9e5514f56b52eb74f9e7a9/library/std/src/panicking.rs:365
[INFO] [stdout]       std::panic::catch_unwind
[INFO] [stdout]              at /rustc/53fd98ca776cb875bc9e5514f56b52eb74f9e7a9/library/std/src/panic.rs:434
[INFO] [stdout]       std::thread::Builder::spawn_unchecked::{{closure}}
[INFO] [stdout]              at /rustc/53fd98ca776cb875bc9e5514f56b52eb74f9e7a9/library/std/src/thread/mod.rs:475
[INFO] [stdout]       core::ops::function::FnOnce::call_once{{vtable.shim}}
[INFO] [stdout]              at /rustc/53fd98ca776cb875bc9e5514f56b52eb74f9e7a9/library/core/src/ops/function.rs:227
[INFO] [stdout]   16: <alloc::boxed::Box<F,A> as core::ops::function::FnOnce<Args>>::call_once
[INFO] [stdout]              at /rustc/53fd98ca776cb875bc9e5514f56b52eb74f9e7a9/library/alloc/src/boxed.rs:1572
[INFO] [stdout]       <alloc::boxed::Box<F,A> as core::ops::function::FnOnce<Args>>::call_once
[INFO] [stdout]              at /rustc/53fd98ca776cb875bc9e5514f56b52eb74f9e7a9/library/alloc/src/boxed.rs:1572
[INFO] [stdout]       std::sys::unix::thread::Thread::new::thread_start
[INFO] [stdout]              at library/std/src/sys/unix/thread.rs:74
[INFO] [stdout]   17: start_thread
[INFO] [stdout]   18: __clone
[INFO] [stdout] ', src/main.rs:181:53
[INFO] [stdout] stack backtrace:
[INFO] [stdout]    0:     0x55bdf0cc0af0 - std::backtrace_rs::backtrace::libunwind::trace::hff4d1766e93f64f1
[INFO] [stdout]                                at /rustc/53fd98ca776cb875bc9e5514f56b52eb74f9e7a9/library/std/src/../../backtrace/src/backtrace/libunwind.rs:90:5
[INFO] [stdout]    1:     0x55bdf0cc0af0 - std::backtrace_rs::backtrace::trace_unsynchronized::h56bbc8eb78770bcb
[INFO] [stdout]                                at /rustc/53fd98ca776cb875bc9e5514f56b52eb74f9e7a9/library/std/src/../../backtrace/src/backtrace/mod.rs:66:5
[INFO] [stdout]    2:     0x55bdf0cc0af0 - std::sys_common::backtrace::_print_fmt::h5c8e75464faca780
[INFO] [stdout]                                at /rustc/53fd98ca776cb875bc9e5514f56b52eb74f9e7a9/library/std/src/sys_common/backtrace.rs:67:5
[INFO] [stdout]    3:     0x55bdf0cc0af0 - <std::sys_common::backtrace::_print::DisplayBacktrace as core::fmt::Display>::fmt::h48b88277def8b362
[INFO] [stdout]                                at /rustc/53fd98ca776cb875bc9e5514f56b52eb74f9e7a9/library/std/src/sys_common/backtrace.rs:46:22
[INFO] [stdout]    4:     0x55bdf0ce8c4c - core::fmt::write::h3381b3176fe2b3d3
[INFO] [stdout]                                at /rustc/53fd98ca776cb875bc9e5514f56b52eb74f9e7a9/library/core/src/fmt/mod.rs:1115:17
[INFO] [stdout]    5:     0x55bdf0cbaab5 - std::io::Write::write_fmt::h5f34a676f60246b5
[INFO] [stdout]                                at /rustc/53fd98ca776cb875bc9e5514f56b52eb74f9e7a9/library/std/src/io/mod.rs:1665:15
[INFO] [stdout]    6:     0x55bdf0cc395b - std::sys_common::backtrace::_print::ha537687d6c17dd0d
[INFO] [stdout]                                at /rustc/53fd98ca776cb875bc9e5514f56b52eb74f9e7a9/library/std/src/sys_common/backtrace.rs:49:5
[INFO] [stdout]    7:     0x55bdf0cc395b - std::sys_common::backtrace::print::h61376ae57d131d72
[INFO] [stdout]                                at /rustc/53fd98ca776cb875bc9e5514f56b52eb74f9e7a9/library/std/src/sys_common/backtrace.rs:36:9
[INFO] [stdout]    8:     0x55bdf0cc395b - std::panicking::default_hook::{{closure}}::h0f7208c0b9644a54
[INFO] [stdout]                                at /rustc/53fd98ca776cb875bc9e5514f56b52eb74f9e7a9/library/std/src/panicking.rs:208:50
[INFO] [stdout]    9:     0x55bdf0cc346c - std::panicking::default_hook::hdac7fc06578c14ce
[INFO] [stdout]                                at /rustc/53fd98ca776cb875bc9e5514f56b52eb74f9e7a9/library/std/src/panicking.rs:222:9
[INFO] [stdout]   10:     0x55bdf0cc4024 - std::panicking::rust_panic_with_hook::h72b21c283da3d1ef
[INFO] [stdout]                                at /rustc/53fd98ca776cb875bc9e5514f56b52eb74f9e7a9/library/std/src/panicking.rs:622:17
[INFO] [stdout]   11:     0x55bdf0cc3b07 - std::panicking::begin_panic_handler::{{closure}}::he5778f1729cff84a
[INFO] [stdout]                                at /rustc/53fd98ca776cb875bc9e5514f56b52eb74f9e7a9/library/std/src/panicking.rs:519:13
[INFO] [stdout]   12:     0x55bdf0cc0fcc - std::sys_common::backtrace::__rust_end_short_backtrace::h2d11ca8b453b4b1d
[INFO] [stdout]                                at /rustc/53fd98ca776cb875bc9e5514f56b52eb74f9e7a9/library/std/src/sys_common/backtrace.rs:141:18
[INFO] [stdout]   13:     0x55bdf0cc3a69 - rust_begin_unwind
[INFO] [stdout]                                at /rustc/53fd98ca776cb875bc9e5514f56b52eb74f9e7a9/library/std/src/panicking.rs:515:5
[INFO] [stdout]   14:     0x55bdefdfa3e1 - core::panicking::panic_fmt::hf9de31d4acbce4db
[INFO] [stdout]                                at /rustc/53fd98ca776cb875bc9e5514f56b52eb74f9e7a9/library/core/src/panicking.rs:92:14
[INFO] [stdout]   15:     0x55bdefdfa4d3 - core::result::unwrap_failed::ha0c84e81219e5878
[INFO] [stdout]                                at /rustc/53fd98ca776cb875bc9e5514f56b52eb74f9e7a9/library/core/src/result.rs:1599:5
[INFO] [stdout]   16:     0x55bdefdfd528 - core::result::Result<T,E>::expect::h317e6c743e9363a2
[INFO] [stdout]                                at /rustc/53fd98ca776cb875bc9e5514f56b52eb74f9e7a9/library/core/src/result.rs:1241:23
[INFO] [stdout]   17:     0x55bdefdfc7f1 - cargo_docserver::tests::check_asset_crate::h01686b4540b2cf7c
[INFO] [stdout]                                at /opt/rustwide/workdir/src/main.rs:181:13
[INFO] [stdout]   18:     0x55bdefdfd082 - cargo_docserver::tests::correct_name_my_crate::h2e564a9a88efaa8f
[INFO] [stdout]                                at /opt/rustwide/workdir/src/main.rs:223:9
[INFO] [stdout]   19:     0x55bdefdfd05a - cargo_docserver::tests::correct_name_my_crate::{{closure}}::h25a70c3c00f59455
[INFO] [stdout]                                at /opt/rustwide/workdir/src/main.rs:222:5
[INFO] [stdout]   20:     0x55bdefdfdace - core::ops::function::FnOnce::call_once::h18a4d90244100ebf
[INFO] [stdout]                                at /rustc/53fd98ca776cb875bc9e5514f56b52eb74f9e7a9/library/core/src/ops/function.rs:227:5
[INFO] [stdout]   21:     0x55bdefe316b3 - core::ops::function::FnOnce::call_once::hbb52c4519d3137b0
[INFO] [stdout]                                at /rustc/53fd98ca776cb875bc9e5514f56b52eb74f9e7a9/library/core/src/ops/function.rs:227:5
[INFO] [stdout]   22:     0x55bdefe316b3 - test::__rust_begin_short_backtrace::h86fe3a2a5a5121af
[INFO] [stdout]                                at /rustc/53fd98ca776cb875bc9e5514f56b52eb74f9e7a9/library/test/src/lib.rs:578:5
[INFO] [stdout]   23:     0x55bdefe30168 - <alloc::boxed::Box<F,A> as core::ops::function::FnOnce<Args>>::call_once::hfd956bc3d57399be
[INFO] [stdout]                                at /rustc/53fd98ca776cb875bc9e5514f56b52eb74f9e7a9/library/alloc/src/boxed.rs:1572:9
[INFO] [stdout]   24:     0x55bdefe30168 - <std::panic::AssertUnwindSafe<F> as core::ops::function::FnOnce<()>>::call_once::h40dc93e0ddb5938a
[INFO] [stdout]                                at /rustc/53fd98ca776cb875bc9e5514f56b52eb74f9e7a9/library/std/src/panic.rs:347:9
[INFO] [stdout]   25:     0x55bdefe30168 - std::panicking::try::do_call::h90d07750cb47c562
[INFO] [stdout]                                at /rustc/53fd98ca776cb875bc9e5514f56b52eb74f9e7a9/library/std/src/panicking.rs:401:40
[INFO] [stdout]   26:     0x55bdefe30168 - std::panicking::try::h063c84733ad2a629
[INFO] [stdout]                                at /rustc/53fd98ca776cb875bc9e5514f56b52eb74f9e7a9/library/std/src/panicking.rs:365:19
[INFO] [stdout]   27:     0x55bdefe30168 - std::panic::catch_unwind::h0c464836a84e7c08
[INFO] [stdout]                                at /rustc/53fd98ca776cb875bc9e5514f56b52eb74f9e7a9/library/std/src/panic.rs:434:14
[INFO] [stdout]   28:     0x55bdefe30168 - test::run_test_in_process::h5cb06ef620b157fc
[INFO] [stdout]                                at /rustc/53fd98ca776cb875bc9e5514f56b52eb74f9e7a9/library/test/src/lib.rs:601:18
[INFO] [stdout]   29:     0x55bdefe30168 - test::run_test::run_test_inner::{{closure}}::h76f677f4b93f9828
[INFO] [stdout]                                at /rustc/53fd98ca776cb875bc9e5514f56b52eb74f9e7a9/library/test/src/lib.rs:493:39
[INFO] [stdout]   30:     0x55bdefdfe8fd - test::run_test::run_test_inner::{{closure}}::h366d01fe04f4d67a
[INFO] [stdout]                                at /rustc/53fd98ca776cb875bc9e5514f56b52eb74f9e7a9/library/test/src/lib.rs:520:37
[INFO] [stdout]   31:     0x55bdefdfe8fd - std::sys_common::backtrace::__rust_begin_short_backtrace::h7dfa0de4eb395af2
[INFO] [stdout]                                at /rustc/53fd98ca776cb875bc9e5514f56b52eb74f9e7a9/library/std/src/sys_common/backtrace.rs:125:18
[INFO] [stdout]   32:     0x55bdefe030c8 - std::thread::Builder::spawn_unchecked::{{closure}}::{{closure}}::hf0a74bb58798037f
[INFO] [stdout]                                at /rustc/53fd98ca776cb875bc9e5514f56b52eb74f9e7a9/library/std/src/thread/mod.rs:476:17
[INFO] [stdout]   33:     0x55bdefe030c8 - <std::panic::AssertUnwindSafe<F> as core::ops::function::FnOnce<()>>::call_once::hb024e854818586ac
[INFO] [stdout]                                at /rustc/53fd98ca776cb875bc9e5514f56b52eb74f9e7a9/library/std/src/panic.rs:347:9
[INFO] [stdout]   34:     0x55bdefe030c8 - std::panicking::try::do_call::hb2dd9f1d0d48e41d
[INFO] [stdout]                                at /rustc/53fd98ca776cb875bc9e5514f56b52eb74f9e7a9/library/std/src/panicking.rs:401:40
[INFO] [stdout]   35:     0x55bdefe030c8 - std::panicking::try::h4717ae7bac8b2bf3
[INFO] [stdout]                                at /rustc/53fd98ca776cb875bc9e5514f56b52eb74f9e7a9/library/std/src/panicking.rs:365:19
[INFO] [stdout]   36:     0x55bdefe030c8 - std::panic::catch_unwind::h0dc8a061326ce8d8
[INFO] [stdout]                                at /rustc/53fd98ca776cb875bc9e5514f56b52eb74f9e7a9/library/std/src/panic.rs:434:14
[INFO] [stdout]   37:     0x55bdefe030c8 - std::thread::Builder::spawn_unchecked::{{closure}}::haa369e2d6fd00aa1
[INFO] [stdout]                                at /rustc/53fd98ca776cb875bc9e5514f56b52eb74f9e7a9/library/std/src/thread/mod.rs:475:30
[INFO] [stdout]   38:     0x55bdefe030c8 - core::ops::function::FnOnce::call_once{{vtable.shim}}::h36dcf3de8b056f17
[INFO] [stdout]                                at /rustc/53fd98ca776cb875bc9e5514f56b52eb74f9e7a9/library/core/src/ops/function.rs:227:5
[INFO] [stdout]   39:     0x55bdf0ccb577 - <alloc::boxed::Box<F,A> as core::ops::function::FnOnce<Args>>::call_once::h65c29e4642be2358
[INFO] [stdout]                                at /rustc/53fd98ca776cb875bc9e5514f56b52eb74f9e7a9/library/alloc/src/boxed.rs:1572:9
[INFO] [stdout]   40:     0x55bdf0ccb577 - <alloc::boxed::Box<F,A> as core::ops::function::FnOnce<Args>>::call_once::hd0f8f7fbbd9fffbf
[INFO] [stdout]                                at /rustc/53fd98ca776cb875bc9e5514f56b52eb74f9e7a9/library/alloc/src/boxed.rs:1572:9
[INFO] [stdout]   41:     0x55bdf0ccb577 - std::sys::unix::thread::Thread::new::thread_start::h2fd22fee3ca77b65
[INFO] [stdout]                                at /rustc/53fd98ca776cb875bc9e5514f56b52eb74f9e7a9/library/std/src/sys/unix/thread.rs:74:17
[INFO] [stdout]   42:     0x7f720a732609 - start_thread
[INFO] [stdout]   43:     0x7f720a50a293 - clone
[INFO] [stdout]   44:                0x0 - <unknown>
[INFO] [stdout] 
[INFO] [stdout] ---- tests::correct_name_your_crate stdout ----
[INFO] [stdout] thread 'tests::correct_name_your_crate' panicked at 'Unable to create workspace: Os { code: 2, kind: NotFound, message: "No such file or directory" }
[INFO] [stdout] 
[INFO] [stdout]    0: failure::backtrace::internal::InternalBacktrace::new
[INFO] [stdout]              at /opt/rustwide/cargo-home/registry/src/github.com-1ecc6299db9ec823/failure-0.1.7/src/backtrace/internal.rs:46
[INFO] [stdout]    1: failure::backtrace::Backtrace::new
[INFO] [stdout]              at /opt/rustwide/cargo-home/registry/src/github.com-1ecc6299db9ec823/failure-0.1.7/src/backtrace/mod.rs:121
[INFO] [stdout]    2: <failure::error::error_impl::ErrorImpl as core::convert::From<F>>::from
[INFO] [stdout]              at /opt/rustwide/cargo-home/registry/src/github.com-1ecc6299db9ec823/failure-0.1.7/src/error/error_impl.rs:19
[INFO] [stdout]    3: <failure::error::Error as core::convert::From<F>>::from
[INFO] [stdout]              at /opt/rustwide/cargo-home/registry/src/github.com-1ecc6299db9ec823/failure-0.1.7/src/error/mod.rs:36
[INFO] [stdout]    4: <core::result::Result<T,F> as core::ops::try_trait::FromResidual<core::result::Result<core::convert::Infallible,E>>>::from_residual
[INFO] [stdout]              at /rustc/53fd98ca776cb875bc9e5514f56b52eb74f9e7a9/library/core/src/result.rs:1897
[INFO] [stdout]    5: cargo::util::paths::read_bytes::{{closure}}
[INFO] [stdout]              at /opt/rustwide/cargo-home/registry/src/github.com-1ecc6299db9ec823/cargo-0.39.0/src/cargo/util/paths.rs:128
[INFO] [stdout]    6: cargo::util::paths::read_bytes
[INFO] [stdout]              at /opt/rustwide/cargo-home/registry/src/github.com-1ecc6299db9ec823/cargo-0.39.0/src/cargo/util/paths.rs:126
[INFO] [stdout]    7: cargo::util::paths::read
[INFO] [stdout]              at /opt/rustwide/cargo-home/registry/src/github.com-1ecc6299db9ec823/cargo-0.39.0/src/cargo/util/paths.rs:119
[INFO] [stdout]    8: cargo::util::toml::read_manifest
[INFO] [stdout]              at /opt/rustwide/cargo-home/registry/src/github.com-1ecc6299db9ec823/cargo-0.39.0/src/cargo/util/toml/mod.rs:39
[INFO] [stdout]    9: cargo::core::workspace::Packages::load
[INFO] [stdout]              at /opt/rustwide/cargo-home/registry/src/github.com-1ecc6299db9ec823/cargo-0.39.0/src/cargo/core/workspace.rs:830
[INFO] [stdout]   10: cargo::core::workspace::Workspace::find_root
[INFO] [stdout]              at /opt/rustwide/cargo-home/registry/src/github.com-1ecc6299db9ec823/cargo-0.39.0/src/cargo/core/workspace.rs:373
[INFO] [stdout]   11: cargo::core::workspace::Workspace::new
[INFO] [stdout]              at /opt/rustwide/cargo-home/registry/src/github.com-1ecc6299db9ec823/cargo-0.39.0/src/cargo/core/workspace.rs:160
[INFO] [stdout]   12: cargo_docserver::tests::check_asset_crate
[INFO] [stdout]              at src/main.rs:181
[INFO] [stdout]   13: cargo_docserver::tests::correct_name_your_crate
[INFO] [stdout]              at src/main.rs:228
[INFO] [stdout]   14: cargo_docserver::tests::correct_name_your_crate::{{closure}}
[INFO] [stdout]              at src/main.rs:227
[INFO] [stdout]   15: core::ops::function::FnOnce::call_once
[INFO] [stdout]              at /rustc/53fd98ca776cb875bc9e5514f56b52eb74f9e7a9/library/core/src/ops/function.rs:227
[INFO] [stdout]   16: core::ops::function::FnOnce::call_once
[INFO] [stdout]              at /rustc/53fd98ca776cb875bc9e5514f56b52eb74f9e7a9/library/core/src/ops/function.rs:227
[INFO] [stdout]       test::__rust_begin_short_backtrace
[INFO] [stdout]              at library/test/src/lib.rs:578
[INFO] [stdout]   17: <alloc::boxed::Box<F,A> as core::ops::function::FnOnce<Args>>::call_once
[INFO] [stdout]              at /rustc/53fd98ca776cb875bc9e5514f56b52eb74f9e7a9/library/alloc/src/boxed.rs:1572
[INFO] [stdout]       <std::panic::AssertUnwindSafe<F> as core::ops::function::FnOnce<()>>::call_once
[INFO] [stdout]              at /rustc/53fd98ca776cb875bc9e5514f56b52eb74f9e7a9/library/std/src/panic.rs:347
[INFO] [stdout]       std::panicking::try::do_call
[INFO] [stdout]              at /rustc/53fd98ca776cb875bc9e5514f56b52eb74f9e7a9/library/std/src/panicking.rs:401
[INFO] [stdout]       std::panicking::try
[INFO] [stdout]              at /rustc/53fd98ca776cb875bc9e5514f56b52eb74f9e7a9/library/std/src/panicking.rs:365
[INFO] [stdout]       std::panic::catch_unwind
[INFO] [stdout]              at /rustc/53fd98ca776cb875bc9e5514f56b52eb74f9e7a9/library/std/src/panic.rs:434
[INFO] [stdout]       test::run_test_in_process
[INFO] [stdout]              at library/test/src/lib.rs:601
[INFO] [stdout]       test::run_test::run_test_inner::{{closure}}
[INFO] [stdout]              at library/test/src/lib.rs:493
[INFO] [stdout]   18: test::run_test::run_test_inner::{{closure}}
[INFO] [stdout]              at library/test/src/lib.rs:520
[INFO] [stdout]       std::sys_common::backtrace::__rust_begin_short_backtrace
[INFO] [stdout]              at /rustc/53fd98ca776cb875bc9e5514f56b52eb74f9e7a9/library/std/src/sys_common/backtrace.rs:125
[INFO] [stdout]   19: std::thread::Builder::spawn_unchecked::{{closure}}::{{closure}}
[INFO] [stdout]              at /rustc/53fd98ca776cb875bc9e5514f56b52eb74f9e7a9/library/std/src/thread/mod.rs:476
[INFO] [stdout]       <std::panic::AssertUnwindSafe<F> as core::ops::function::FnOnce<()>>::call_once
[INFO] [stdout]              at /rustc/53fd98ca776cb875bc9e5514f56b52eb74f9e7a9/library/std/src/panic.rs:347
[INFO] [stdout]       std::panicking::try::do_call
[INFO] [stdout]              at /rustc/53fd98ca776cb875bc9e5514f56b52eb74f9e7a9/library/std/src/panicking.rs:401
[INFO] [stdout]       std::panicking::try
[INFO] [stdout]              at /rustc/53fd98ca776cb875bc9e5514f56b52eb74f9e7a9/library/std/src/panicking.rs:365
[INFO] [stdout]       std::panic::catch_unwind
[INFO] [stdout]              at /rustc/53fd98ca776cb875bc9e5514f56b52eb74f9e7a9/library/std/src/panic.rs:434
[INFO] [stdout]       std::thread::Builder::spawn_unchecked::{{closure}}
[INFO] [stdout]              at /rustc/53fd98ca776cb875bc9e5514f56b52eb74f9e7a9/library/std/src/thread/mod.rs:475
[INFO] [stdout]       core::ops::function::FnOnce::call_once{{vtable.shim}}
[INFO] [stdout]              at /rustc/53fd98ca776cb875bc9e5514f56b52eb74f9e7a9/library/core/src/ops/function.rs:227
[INFO] [stdout]   20: <alloc::boxed::Box<F,A> as core::ops::function::FnOnce<Args>>::call_once
[INFO] [stdout]              at /rustc/53fd98ca776cb875bc9e5514f56b52eb74f9e7a9/library/alloc/src/boxed.rs:1572
[INFO] [stdout]       <alloc::boxed::Box<F,A> as core::ops::function::FnOnce<Args>>::call_once
[INFO] [stdout]              at /rustc/53fd98ca776cb875bc9e5514f56b52eb74f9e7a9/library/alloc/src/boxed.rs:1572
[INFO] [stdout]       std::sys::unix::thread::Thread::new::thread_start
[INFO] [stdout]              at library/std/src/sys/unix/thread.rs:74
[INFO] [stdout]   21: start_thread
[INFO] [stdout]   22: __clone
[INFO] [stdout] 
[INFO] [stdout] 
[INFO] [stdout] failed to read `/opt/rustwide/workdir/assets/your-crate/Cargo.toml`
[INFO] [stdout] 
[INFO] [stdout]    0: failure::backtrace::internal::InternalBacktrace::new
[INFO] [stdout]              at /opt/rustwide/cargo-home/registry/src/github.com-1ecc6299db9ec823/failure-0.1.7/src/backtrace/internal.rs:46
[INFO] [stdout]    1: failure::backtrace::Backtrace::new
[INFO] [stdout]              at /opt/rustwide/cargo-home/registry/src/github.com-1ecc6299db9ec823/failure-0.1.7/src/backtrace/mod.rs:121
[INFO] [stdout]    2: <failure::error::error_impl::ErrorImpl as core::convert::From<F>>::from
[INFO] [stdout]              at /opt/rustwide/cargo-home/registry/src/github.com-1ecc6299db9ec823/failure-0.1.7/src/error/error_impl.rs:19
[INFO] [stdout]    3: <failure::error::Error as core::convert::From<F>>::from
[INFO] [stdout]              at /opt/rustwide/cargo-home/registry/src/github.com-1ecc6299db9ec823/failure-0.1.7/src/error/mod.rs:36
[INFO] [stdout]    4: <core::result::Result<T,F> as core::ops::try_trait::FromResidual<core::result::Result<core::convert::Infallible,E>>>::from_residual
[INFO] [stdout]              at /rustc/53fd98ca776cb875bc9e5514f56b52eb74f9e7a9/library/core/src/result.rs:1897
[INFO] [stdout]    5: cargo::core::workspace::Packages::load
[INFO] [stdout]              at /opt/rustwide/cargo-home/registry/src/github.com-1ecc6299db9ec823/cargo-0.39.0/src/cargo/core/workspace.rs:830
[INFO] [stdout]    6: cargo::core::workspace::Workspace::find_root
[INFO] [stdout]              at /opt/rustwide/cargo-home/registry/src/github.com-1ecc6299db9ec823/cargo-0.39.0/src/cargo/core/workspace.rs:373
[INFO] [stdout]    7: cargo::core::workspace::Workspace::new
[INFO] [stdout]              at /opt/rustwide/cargo-home/registry/src/github.com-1ecc6299db9ec823/cargo-0.39.0/src/cargo/core/workspace.rs:160
[INFO] [stdout]    8: cargo_docserver::tests::check_asset_crate
[INFO] [stdout]              at src/main.rs:181
[INFO] [stdout]    9: cargo_docserver::tests::correct_name_your_crate
[INFO] [stdout]              at src/main.rs:228
[INFO] [stdout]   10: cargo_docserver::tests::correct_name_your_crate::{{closure}}
[INFO] [stdout]              at src/main.rs:227
[INFO] [stdout]   11: core::ops::function::FnOnce::call_once
[INFO] [stdout]              at /rustc/53fd98ca776cb875bc9e5514f56b52eb74f9e7a9/library/core/src/ops/function.rs:227
[INFO] [stdout]   12: core::ops::function::FnOnce::call_once
[INFO] [stdout]              at /rustc/53fd98ca776cb875bc9e5514f56b52eb74f9e7a9/library/core/src/ops/function.rs:227
[INFO] [stdout]       test::__rust_begin_short_backtrace
[INFO] [stdout]              at library/test/src/lib.rs:578
[INFO] [stdout]   13: <alloc::boxed::Box<F,A> as core::ops::function::FnOnce<Args>>::call_once
[INFO] [stdout]              at /rustc/53fd98ca776cb875bc9e5514f56b52eb74f9e7a9/library/alloc/src/boxed.rs:1572
[INFO] [stdout]       <std::panic::AssertUnwindSafe<F> as core::ops::function::FnOnce<()>>::call_once
[INFO] [stdout]              at /rustc/53fd98ca776cb875bc9e5514f56b52eb74f9e7a9/library/std/src/panic.rs:347
[INFO] [stdout]       std::panicking::try::do_call
[INFO] [stdout]              at /rustc/53fd98ca776cb875bc9e5514f56b52eb74f9e7a9/library/std/src/panicking.rs:401
[INFO] [stdout]       std::panicking::try
[INFO] [stdout]              at /rustc/53fd98ca776cb875bc9e5514f56b52eb74f9e7a9/library/std/src/panicking.rs:365
[INFO] [stdout]       std::panic::catch_unwind
[INFO] [stdout]              at /rustc/53fd98ca776cb875bc9e5514f56b52eb74f9e7a9/library/std/src/panic.rs:434
[INFO] [stdout]       test::run_test_in_process
[INFO] [stdout]              at library/test/src/lib.rs:601
[INFO] [stdout]       test::run_test::run_test_inner::{{closure}}
[INFO] [stdout]              at library/test/src/lib.rs:493
[INFO] [stdout]   14: test::run_test::run_test_inner::{{closure}}
[INFO] [stdout]              at library/test/src/lib.rs:520
[INFO] [stdout]       std::sys_common::backtrace::__rust_begin_short_backtrace
[INFO] [stdout]              at /rustc/53fd98ca776cb875bc9e5514f56b52eb74f9e7a9/library/std/src/sys_common/backtrace.rs:125
[INFO] [stdout]   15: std::thread::Builder::spawn_unchecked::{{closure}}::{{closure}}
[INFO] [stdout]              at /rustc/53fd98ca776cb875bc9e5514f56b52eb74f9e7a9/library/std/src/thread/mod.rs:476
[INFO] [stdout]       <std::panic::AssertUnwindSafe<F> as core::ops::function::FnOnce<()>>::call_once
[INFO] [stdout]              at /rustc/53fd98ca776cb875bc9e5514f56b52eb74f9e7a9/library/std/src/panic.rs:347
[INFO] [stdout]       std::panicking::try::do_call
[INFO] [stdout]              at /rustc/53fd98ca776cb875bc9e5514f56b52eb74f9e7a9/library/std/src/panicking.rs:401
[INFO] [stdout]       std::panicking::try
[INFO] [stdout]              at /rustc/53fd98ca776cb875bc9e5514f56b52eb74f9e7a9/library/std/src/panicking.rs:365
[INFO] [stdout]       std::panic::catch_unwind
[INFO] [stdout]              at /rustc/53fd98ca776cb875bc9e5514f56b52eb74f9e7a9/library/std/src/panic.rs:434
[INFO] [stdout]       std::thread::Builder::spawn_unchecked::{{closure}}
[INFO] [stdout]              at /rustc/53fd98ca776cb875bc9e5514f56b52eb74f9e7a9/library/std/src/thread/mod.rs:475
[INFO] [stdout]       core::ops::function::FnOnce::call_once{{vtable.shim}}
[INFO] [stdout]              at /rustc/53fd98ca776cb875bc9e5514f56b52eb74f9e7a9/library/core/src/ops/function.rs:227
[INFO] [stdout]   16: <alloc::boxed::Box<F,A> as core::ops::function::FnOnce<Args>>::call_once
[INFO] [stdout]              at /rustc/53fd98ca776cb875bc9e5514f56b52eb74f9e7a9/library/alloc/src/boxed.rs:1572
[INFO] [stdout]       <alloc::boxed::Box<F,A> as core::ops::function::FnOnce<Args>>::call_once
[INFO] [stdout]              at /rustc/53fd98ca776cb875bc9e5514f56b52eb74f9e7a9/library/alloc/src/boxed.rs:1572
[INFO] [stdout]       std::sys::unix::thread::Thread::new::thread_start
[INFO] [stdout]              at library/std/src/sys/unix/thread.rs:74
[INFO] [stdout]   17: start_thread
[INFO] [stdout]   18: __clone
[INFO] [stdout] ', src/main.rs:181:53
[INFO] [stdout] stack backtrace:
[INFO] [stdout]    0:     0x55bdf0cc0af0 - std::backtrace_rs::backtrace::libunwind::trace::hff4d1766e93f64f1
[INFO] [stdout]                                at /rustc/53fd98ca776cb875bc9e5514f56b52eb74f9e7a9/library/std/src/../../backtrace/src/backtrace/libunwind.rs:90:5
[INFO] [stdout]    1:     0x55bdf0cc0af0 - std::backtrace_rs::backtrace::trace_unsynchronized::h56bbc8eb78770bcb
[INFO] [stdout]                                at /rustc/53fd98ca776cb875bc9e5514f56b52eb74f9e7a9/library/std/src/../../backtrace/src/backtrace/mod.rs:66:5
[INFO] [stdout]    2:     0x55bdf0cc0af0 - std::sys_common::backtrace::_print_fmt::h5c8e75464faca780
[INFO] [stdout]                                at /rustc/53fd98ca776cb875bc9e5514f56b52eb74f9e7a9/library/std/src/sys_common/backtrace.rs:67:5
[INFO] [stdout]    3:     0x55bdf0cc0af0 - <std::sys_common::backtrace::_print::DisplayBacktrace as core::fmt::Display>::fmt::h48b88277def8b362
[INFO] [stdout]                                at /rustc/53fd98ca776cb875bc9e5514f56b52eb74f9e7a9/library/std/src/sys_common/backtrace.rs:46:22
[INFO] [stdout]    4:     0x55bdf0ce8c4c - core::fmt::write::h3381b3176fe2b3d3
[INFO] [stdout]                                at /rustc/53fd98ca776cb875bc9e5514f56b52eb74f9e7a9/library/core/src/fmt/mod.rs:1115:17
[INFO] [stdout]    5:     0x55bdf0cbaab5 - std::io::Write::write_fmt::h5f34a676f60246b5
[INFO] [stdout]                                at /rustc/53fd98ca776cb875bc9e5514f56b52eb74f9e7a9/library/std/src/io/mod.rs:1665:15
[INFO] [stdout]    6:     0x55bdf0cc395b - std::sys_common::backtrace::_print::ha537687d6c17dd0d
[INFO] [stdout]                                at /rustc/53fd98ca776cb875bc9e5514f56b52eb74f9e7a9/library/std/src/sys_common/backtrace.rs:49:5
[INFO] [stdout]    7:     0x55bdf0cc395b - std::sys_common::backtrace::print::h61376ae57d131d72
[INFO] [stdout]                                at /rustc/53fd98ca776cb875bc9e5514f56b52eb74f9e7a9/library/std/src/sys_common/backtrace.rs:36:9
[INFO] [stdout]    8:     0x55bdf0cc395b - std::panicking::default_hook::{{closure}}::h0f7208c0b9644a54
[INFO] [stdout]                                at /rustc/53fd98ca776cb875bc9e5514f56b52eb74f9e7a9/library/std/src/panicking.rs:208:50
[INFO] [stdout]    9:     0x55bdf0cc346c - std::panicking::default_hook::hdac7fc06578c14ce
[INFO] [stdout]                                at /rustc/53fd98ca776cb875bc9e5514f56b52eb74f9e7a9/library/std/src/panicking.rs:222:9
[INFO] [stdout]   10:     0x55bdf0cc4024 - std::panicking::rust_panic_with_hook::h72b21c283da3d1ef
[INFO] [stdout]                                at /rustc/53fd98ca776cb875bc9e5514f56b52eb74f9e7a9/library/std/src/panicking.rs:622:17
[INFO] [stdout]   11:     0x55bdf0cc3b07 - std::panicking::begin_panic_handler::{{closure}}::he5778f1729cff84a
[INFO] [stdout]                                at /rustc/53fd98ca776cb875bc9e5514f56b52eb74f9e7a9/library/std/src/panicking.rs:519:13
[INFO] [stdout]   12:     0x55bdf0cc0fcc - std::sys_common::backtrace::__rust_end_short_backtrace::h2d11ca8b453b4b1d
[INFO] [stdout]                                at /rustc/53fd98ca776cb875bc9e5514f56b52eb74f9e7a9/library/std/src/sys_common/backtrace.rs:141:18
[INFO] [stdout]   13:     0x55bdf0cc3a69 - rust_begin_unwind
[INFO] [stdout]                                at /rustc/53fd98ca776cb875bc9e5514f56b52eb74f9e7a9/library/std/src/panicking.rs:515:5
[INFO] [stdout]   14:     0x55bdefdfa3e1 - core::panicking::panic_fmt::hf9de31d4acbce4db
[INFO] [stdout]                                at /rustc/53fd98ca776cb875bc9e5514f56b52eb74f9e7a9/library/core/src/panicking.rs:92:14
[INFO] [stdout]   15:     0x55bdefdfa4d3 - core::result::unwrap_failed::ha0c84e81219e5878
[INFO] [stdout]                                at /rustc/53fd98ca776cb875bc9e5514f56b52eb74f9e7a9/library/core/src/result.rs:1599:5
[INFO] [stdout]   16:     0x55bdefdfd528 - core::result::Result<T,E>::expect::h317e6c743e9363a2
[INFO] [stdout]                                at /rustc/53fd98ca776cb875bc9e5514f56b52eb74f9e7a9/library/core/src/result.rs:1241:23
[INFO] [stdout]   17:     0x55bdefdfc7f1 - cargo_docserver::tests::check_asset_crate::h01686b4540b2cf7c
[INFO] [stdout]                                at /opt/rustwide/workdir/src/main.rs:181:13
[INFO] [stdout]   18:     0x55bdefdfd0c2 - cargo_docserver::tests::correct_name_your_crate::hae5991932a4e2987
[INFO] [stdout]                                at /opt/rustwide/workdir/src/main.rs:228:9
[INFO] [stdout]   19:     0x55bdefdfd09a - cargo_docserver::tests::correct_name_your_crate::{{closure}}::h3bc43a929af0dd01
[INFO] [stdout]                                at /opt/rustwide/workdir/src/main.rs:227:5
[INFO] [stdout]   20:     0x55bdefdfdb5e - core::ops::function::FnOnce::call_once::hc3b6580334e974ef
[INFO] [stdout]                                at /rustc/53fd98ca776cb875bc9e5514f56b52eb74f9e7a9/library/core/src/ops/function.rs:227:5
[INFO] [stdout]   21:     0x55bdefe316b3 - core::ops::function::FnOnce::call_once::hbb52c4519d3137b0
[INFO] [stdout]                                at /rustc/53fd98ca776cb875bc9e5514f56b52eb74f9e7a9/library/core/src/ops/function.rs:227:5
[INFO] [stdout]   22:     0x55bdefe316b3 - test::__rust_begin_short_backtrace::h86fe3a2a5a5121af
[INFO] [stdout]                                at /rustc/53fd98ca776cb875bc9e5514f56b52eb74f9e7a9/library/test/src/lib.rs:578:5
[INFO] [stdout]   23:     0x55bdefe30168 - <alloc::boxed::Box<F,A> as core::ops::function::FnOnce<Args>>::call_once::hfd956bc3d57399be
[INFO] [stdout]                                at /rustc/53fd98ca776cb875bc9e5514f56b52eb74f9e7a9/library/alloc/src/boxed.rs:1572:9
[INFO] [stdout]   24:     0x55bdefe30168 - <std::panic::AssertUnwindSafe<F> as core::ops::function::FnOnce<()>>::call_once::h40dc93e0ddb5938a
[INFO] [stdout]                                at /rustc/53fd98ca776cb875bc9e5514f56b52eb74f9e7a9/library/std/src/panic.rs:347:9
[INFO] [stdout]   25:     0x55bdefe30168 - std::panicking::try::do_call::h90d07750cb47c562
[INFO] [stdout]                                at /rustc/53fd98ca776cb875bc9e5514f56b52eb74f9e7a9/library/std/src/panicking.rs:401:40
[INFO] [stdout]   26:     0x55bdefe30168 - std::panicking::try::h063c84733ad2a629
[INFO] [stdout]                                at /rustc/53fd98ca776cb875bc9e5514f56b52eb74f9e7a9/library/std/src/panicking.rs:365:19
[INFO] [stdout]   27:     0x55bdefe30168 - std::panic::catch_unwind::h0c464836a84e7c08
[INFO] [stdout]                                at /rustc/53fd98ca776cb875bc9e5514f56b52eb74f9e7a9/library/std/src/panic.rs:434:14
[INFO] [stdout]   28:     0x55bdefe30168 - test::run_test_in_process::h5cb06ef620b157fc
[INFO] [stdout]                                at /rustc/53fd98ca776cb875bc9e5514f56b52eb74f9e7a9/library/test/src/lib.rs:601:18
[INFO] [stdout]   29:     0x55bdefe30168 - test::run_test::run_test_inner::{{closure}}::h76f677f4b93f9828
[INFO] [stdout]                                at /rustc/53fd98ca776cb875bc9e5514f56b52eb74f9e7a9/library/test/src/lib.rs:493:39
[INFO] [stdout]   30:     0x55bdefdfe8fd - test::run_test::run_test_inner::{{closure}}::h366d01fe04f4d67a
[INFO] [stdout]                                at /rustc/53fd98ca776cb875bc9e5514f56b52eb74f9e7a9/library/test/src/lib.rs:520:37
[INFO] [stdout]   31:     0x55bdefdfe8fd - std::sys_common::backtrace::__rust_begin_short_backtrace::h7dfa0de4eb395af2
[INFO] [stdout]                                at /rustc/53fd98ca776cb875bc9e5514f56b52eb74f9e7a9/library/std/src/sys_common/backtrace.rs:125:18
[INFO] [stdout]   32:     0x55bdefe030c8 - std::thread::Builder::spawn_unchecked::{{closure}}::{{closure}}::hf0a74bb58798037f
[INFO] [stdout]                                at /rustc/53fd98ca776cb875bc9e5514f56b52eb74f9e7a9/library/std/src/thread/mod.rs:476:17
[INFO] [stdout]   33:     0x55bdefe030c8 - <std::panic::AssertUnwindSafe<F> as core::ops::function::FnOnce<()>>::call_once::hb024e854818586ac
[INFO] [stdout]                                at /rustc/53fd98ca776cb875bc9e5514f56b52eb74f9e7a9/library/std/src/panic.rs:347:9
[INFO] [stdout]   34:     0x55bdefe030c8 - std::panicking::try::do_call::hb2dd9f1d0d48e41d
[INFO] [stdout]                                at /rustc/53fd98ca776cb875bc9e5514f56b52eb74f9e7a9/library/std/src/panicking.rs:401:40
[INFO] [stdout]   35:     0x55bdefe030c8 - std::panicking::try::h4717ae7bac8b2bf3
[INFO] [stdout]                                at /rustc/53fd98ca776cb875bc9e5514f56b52eb74f9e7a9/library/std/src/panicking.rs:365:19
[INFO] [stdout]   36:     0x55bdefe030c8 - std::panic::catch_unwind::h0dc8a061326ce8d8
[INFO] [stdout]                                at /rustc/53fd98ca776cb875bc9e5514f56b52eb74f9e7a9/library/std/src/panic.rs:434:14
[INFO] [stdout]   37:     0x55bdefe030c8 - std::thread::Builder::spawn_unchecked::{{closure}}::haa369e2d6fd00aa1
[INFO] [stdout]                                at /rustc/53fd98ca776cb875bc9e5514f56b52eb74f9e7a9/library/std/src/thread/mod.rs:475:30
[INFO] [stdout]   38:     0x55bdefe030c8 - core::ops::function::FnOnce::call_once{{vtable.shim}}::h36dcf3de8b056f17
[INFO] [stdout]                                at /rustc/53fd98ca776cb875bc9e5514f56b52eb74f9e7a9/library/core/src/ops/function.rs:227:5
[INFO] [stdout]   39:     0x55bdf0ccb577 - <alloc::boxed::Box<F,A> as core::ops::function::FnOnce<Args>>::call_once::h65c29e4642be2358
[INFO] [stdout]                                at /rustc/53fd98ca776cb875bc9e5514f56b52eb74f9e7a9/library/alloc/src/boxed.rs:1572:9
[INFO] [stdout]   40:     0x55bdf0ccb577 - <alloc::boxed::Box<F,A> as core::ops::function::FnOnce<Args>>::call_once::hd0f8f7fbbd9fffbf
[INFO] [stdout]                                at /rustc/53fd98ca776cb875bc9e5514f56b52eb74f9e7a9/library/alloc/src/boxed.rs:1572:9
[INFO] [stdout]   41:     0x55bdf0ccb577 - std::sys::unix::thread::Thread::new::thread_start::h2fd22fee3ca77b65
[INFO] [stdout]                                at /rustc/53fd98ca776cb875bc9e5514f56b52eb74f9e7a9/library/std/src/sys/unix/thread.rs:74:17
[INFO] [stdout]   42:     0x7f720a732609 - start_thread
[INFO] [stdout]   43:     0x7f720a50a293 - clone
[INFO] [stdout]   44:                0x0 - <unknown>
[INFO] [stdout] 
[INFO] [stdout] 
[INFO] [stdout] failures:
[INFO] [stdout]     tests::correct_name_my_crate
[INFO] [stdout]     tests::correct_name_your_crate
[INFO] [stdout] 
[INFO] [stdout] test result: FAILED. 2 passed; 2 failed; 0 ignored; 0 measured; 0 filtered out; finished in 1.07s
[INFO] [stdout] 
[INFO] [stderr] error: test failed, to rerun pass '--bin cargo-docserver'
[INFO] running `Command { std: "docker" "inspect" "6d6db6932a299ce7800227531ab5bd9ec0ce977c4c2a3f533acbfe11badd2bfb", kill_on_drop: false }`
[INFO] running `Command { std: "docker" "rm" "-f" "6d6db6932a299ce7800227531ab5bd9ec0ce977c4c2a3f533acbfe11badd2bfb", kill_on_drop: false }`
[INFO] [stdout] 6d6db6932a299ce7800227531ab5bd9ec0ce977c4c2a3f533acbfe11badd2bfb
