[INFO] fetching crate cargo-deb 1.30.0...
[INFO] testing cargo-deb-1.30.0 against 1.54.0 for beta-1.55-1
[INFO] extracting crate cargo-deb 1.30.0 into /workspace/builds/worker-26/source
[INFO] validating manifest of crates.io crate cargo-deb 1.30.0 on toolchain 1.54.0
[INFO] running `Command { std: "/workspace/cargo-home/bin/cargo" "+1.54.0" "metadata" "--manifest-path" "Cargo.toml" "--no-deps", kill_on_drop: false }`
[INFO] started tweaking crates.io crate cargo-deb 1.30.0
[INFO] finished tweaking crates.io crate cargo-deb 1.30.0
[INFO] tweaked toml for crates.io crate cargo-deb 1.30.0 written to /workspace/builds/worker-26/source/Cargo.toml
[INFO] crate crates.io crate cargo-deb 1.30.0 already has a lockfile, it will not be regenerated
[INFO] running `Command { std: "/workspace/cargo-home/bin/cargo" "+1.54.0" "fetch" "--manifest-path" "Cargo.toml", kill_on_drop: false }`
[INFO] [stderr]     Blocking waiting for file lock on package cache
[INFO] running `Command { std: "docker" "create" "-v" "/var/lib/crater-agent-workspace/builds/worker-26/target:/opt/rustwide/target:rw,Z" "-v" "/var/lib/crater-agent-workspace/builds/worker-26/source:/opt/rustwide/workdir:ro,Z" "-v" "/var/lib/crater-agent-workspace/cargo-home:/opt/rustwide/cargo-home:ro,Z" "-v" "/var/lib/crater-agent-workspace/rustup-home:/opt/rustwide/rustup-home:ro,Z" "-e" "SOURCE_DIR=/opt/rustwide/workdir" "-e" "CARGO_TARGET_DIR=/opt/rustwide/target" "-e" "CARGO_HOME=/opt/rustwide/cargo-home" "-e" "RUSTUP_HOME=/opt/rustwide/rustup-home" "-w" "/opt/rustwide/workdir" "-m" "1610612736" "--user" "0:0" "--network" "none" "ghcr.io/rust-lang/crates-build-env/linux@sha256:34b6a614d2c27851fe6cbf88fbd1137609cefab8b10d0615aaeb6fd47975d74e" "/opt/rustwide/cargo-home/bin/cargo" "+1.54.0" "metadata" "--no-deps" "--format-version=1", kill_on_drop: false }`
[INFO] [stdout] 0e675b1680cbd25ce933953a2a6f3625432a0ef509450f9ba74804d77e8f5d10
[INFO] running `Command { std: "docker" "start" "-a" "0e675b1680cbd25ce933953a2a6f3625432a0ef509450f9ba74804d77e8f5d10", kill_on_drop: false }`
[INFO] running `Command { std: "docker" "inspect" "0e675b1680cbd25ce933953a2a6f3625432a0ef509450f9ba74804d77e8f5d10", kill_on_drop: false }`
[INFO] running `Command { std: "docker" "rm" "-f" "0e675b1680cbd25ce933953a2a6f3625432a0ef509450f9ba74804d77e8f5d10", kill_on_drop: false }`
[INFO] [stdout] 0e675b1680cbd25ce933953a2a6f3625432a0ef509450f9ba74804d77e8f5d10
[INFO] running `Command { std: "docker" "create" "-v" "/var/lib/crater-agent-workspace/builds/worker-26/target:/opt/rustwide/target:rw,Z" "-v" "/var/lib/crater-agent-workspace/builds/worker-26/source:/opt/rustwide/workdir:ro,Z" "-v" "/var/lib/crater-agent-workspace/cargo-home:/opt/rustwide/cargo-home:ro,Z" "-v" "/var/lib/crater-agent-workspace/rustup-home:/opt/rustwide/rustup-home:ro,Z" "-e" "SOURCE_DIR=/opt/rustwide/workdir" "-e" "CARGO_TARGET_DIR=/opt/rustwide/target" "-e" "CARGO_INCREMENTAL=0" "-e" "RUST_BACKTRACE=full" "-e" "RUSTFLAGS=--cap-lints=warn" "-e" "CARGO_HOME=/opt/rustwide/cargo-home" "-e" "RUSTUP_HOME=/opt/rustwide/rustup-home" "-w" "/opt/rustwide/workdir" "-m" "1610612736" "--user" "0:0" "--network" "none" "ghcr.io/rust-lang/crates-build-env/linux@sha256:34b6a614d2c27851fe6cbf88fbd1137609cefab8b10d0615aaeb6fd47975d74e" "/opt/rustwide/cargo-home/bin/cargo" "+1.54.0" "build" "--frozen" "--message-format=json", kill_on_drop: false }`
[INFO] [stdout] 7f2266994ff14cadf13114e481a828e9f692c295fbb15730ce22c1086c94c30a
[INFO] running `Command { std: "docker" "start" "-a" "7f2266994ff14cadf13114e481a828e9f692c295fbb15730ce22c1086c94c30a", kill_on_drop: false }`
[INFO] [stderr]    Compiling autocfg v1.0.1
[INFO] [stderr]    Compiling libc v0.2.94
[INFO] [stderr]    Compiling proc-macro2 v1.0.27
[INFO] [stderr]    Compiling cfg-if v1.0.0
[INFO] [stderr]    Compiling unicode-xid v0.2.2
[INFO] [stderr]    Compiling syn v1.0.72
[INFO] [stderr]    Compiling lazy_static v1.4.0
[INFO] [stderr]    Compiling serde_derive v1.0.126
[INFO] [stderr]    Compiling serde v1.0.126
[INFO] [stderr]    Compiling pkg-config v0.3.19
[INFO] [stderr]    Compiling cc v1.0.67
[INFO] [stderr]    Compiling build_const v0.2.2
[INFO] [stderr]    Compiling rayon-core v1.9.1
[INFO] [stderr]    Compiling scopeguard v1.1.0
[INFO] [stderr]    Compiling memchr v2.4.0
[INFO] [stderr]    Compiling ryu v1.0.5
[INFO] [stderr]    Compiling either v1.6.1
[INFO] [stderr]    Compiling serde_json v1.0.64
[INFO] [stderr]    Compiling itoa v0.4.7
[INFO] [stderr]    Compiling cargo-deb v1.30.0 (/opt/rustwide/workdir)
[INFO] [stderr]    Compiling adler32 v1.2.0
[INFO] [stderr]    Compiling regex-syntax v0.6.25
[INFO] [stderr]    Compiling unicode-width v0.1.8
[INFO] [stderr]    Compiling byteorder v1.4.3
[INFO] [stderr]    Compiling typed-arena v1.7.0
[INFO] [stderr]    Compiling md5 v0.7.0
[INFO] [stderr]    Compiling glob v0.3.0
[INFO] [stderr]    Compiling ar v0.8.0
[INFO] [stderr]    Compiling quick-error v2.0.1
[INFO] [stderr]    Compiling itertools v0.10.0
[INFO] [stderr]    Compiling getopts v0.2.21
[INFO] [stderr]    Compiling crc v1.8.1
[INFO] [stderr]    Compiling crossbeam-utils v0.8.4
[INFO] [stderr]    Compiling memoffset v0.6.3
[INFO] [stderr]    Compiling rayon v1.5.1
[INFO] [stderr]    Compiling zopfli v0.4.0
[INFO] [stderr]    Compiling aho-corasick v0.7.18
[INFO] [stderr]    Compiling lzma-sys v0.1.17
[INFO] [stderr]    Compiling quote v1.0.9
[INFO] [stderr]    Compiling num_cpus v1.13.0
[INFO] [stderr]    Compiling filetime v0.2.14
[INFO] [stderr]    Compiling xattr v0.2.2
[INFO] [stderr]    Compiling tar v0.4.33
[INFO] [stderr]    Compiling xz2 v0.1.6
[INFO] [stderr]    Compiling regex v1.5.4
[INFO] [stderr]    Compiling crossbeam-epoch v0.9.4
[INFO] [stderr]    Compiling crossbeam-channel v0.5.1
[INFO] [stderr]    Compiling crossbeam-deque v0.8.0
[INFO] [stderr]    Compiling toml v0.5.8
[INFO] [stderr]    Compiling cargo_toml v0.9.1
[INFO] [stderr]     Finished dev [unoptimized + debuginfo] target(s) in 40.12s
[INFO] running `Command { std: "docker" "inspect" "7f2266994ff14cadf13114e481a828e9f692c295fbb15730ce22c1086c94c30a", kill_on_drop: false }`
[INFO] running `Command { std: "docker" "rm" "-f" "7f2266994ff14cadf13114e481a828e9f692c295fbb15730ce22c1086c94c30a", kill_on_drop: false }`
[INFO] [stdout] 7f2266994ff14cadf13114e481a828e9f692c295fbb15730ce22c1086c94c30a
[INFO] running `Command { std: "docker" "create" "-v" "/var/lib/crater-agent-workspace/builds/worker-26/target:/opt/rustwide/target:rw,Z" "-v" "/var/lib/crater-agent-workspace/builds/worker-26/source:/opt/rustwide/workdir:ro,Z" "-v" "/var/lib/crater-agent-workspace/cargo-home:/opt/rustwide/cargo-home:ro,Z" "-v" "/var/lib/crater-agent-workspace/rustup-home:/opt/rustwide/rustup-home:ro,Z" "-e" "SOURCE_DIR=/opt/rustwide/workdir" "-e" "CARGO_TARGET_DIR=/opt/rustwide/target" "-e" "CARGO_INCREMENTAL=0" "-e" "RUST_BACKTRACE=full" "-e" "RUSTFLAGS=--cap-lints=warn" "-e" "CARGO_HOME=/opt/rustwide/cargo-home" "-e" "RUSTUP_HOME=/opt/rustwide/rustup-home" "-w" "/opt/rustwide/workdir" "-m" "1610612736" "--user" "0:0" "--network" "none" "ghcr.io/rust-lang/crates-build-env/linux@sha256:34b6a614d2c27851fe6cbf88fbd1137609cefab8b10d0615aaeb6fd47975d74e" "/opt/rustwide/cargo-home/bin/cargo" "+1.54.0" "test" "--frozen" "--no-run" "--message-format=json", kill_on_drop: false }`
[INFO] [stdout] b7d2a6a8b4a0dc8aa6c1354f345719b522f2a58b31cce6742d5c675704d8f8db
[INFO] running `Command { std: "docker" "start" "-a" "b7d2a6a8b4a0dc8aa6c1354f345719b522f2a58b31cce6742d5c675704d8f8db", kill_on_drop: false }`
[INFO] [stderr]    Compiling ucd-trie v0.1.3
[INFO] [stderr]    Compiling predicates-core v1.0.2
[INFO] [stderr]    Compiling normalize-line-endings v0.3.0
[INFO] [stderr]    Compiling difference v2.0.0
[INFO] [stderr]    Compiling treeline v0.1.0
[INFO] [stderr]    Compiling remove_dir_all v0.5.3
[INFO] [stderr]    Compiling fragile v1.0.0
[INFO] [stderr]    Compiling downcast v0.10.0
[INFO] [stderr]    Compiling num-traits v0.2.14
[INFO] [stderr]    Compiling cargo-deb v1.30.0 (/opt/rustwide/workdir)
[INFO] [stderr]    Compiling rand v0.4.6
[INFO] [stderr]    Compiling mockall_derive v0.9.1
[INFO] [stderr]    Compiling pest v2.1.3
[INFO] [stderr]    Compiling predicates-tree v1.0.2
[INFO] [stderr]    Compiling tempdir v0.3.7
[INFO] [stderr]    Compiling semver-parser v0.10.2
[INFO] [stderr]    Compiling semver v0.11.0
[INFO] [stderr]    Compiling float-cmp v0.8.0
[INFO] [stderr]    Compiling rustc_version v0.3.3
[INFO] [stderr]    Compiling predicates v1.0.8
[INFO] [stderr]    Compiling rstest v0.7.0
[INFO] [stderr]    Compiling mockall v0.9.1
[INFO] [stderr]     Finished test [unoptimized + debuginfo] target(s) in 19.19s
[INFO] running `Command { std: "docker" "inspect" "b7d2a6a8b4a0dc8aa6c1354f345719b522f2a58b31cce6742d5c675704d8f8db", kill_on_drop: false }`
[INFO] running `Command { std: "docker" "rm" "-f" "b7d2a6a8b4a0dc8aa6c1354f345719b522f2a58b31cce6742d5c675704d8f8db", kill_on_drop: false }`
[INFO] [stdout] b7d2a6a8b4a0dc8aa6c1354f345719b522f2a58b31cce6742d5c675704d8f8db
[INFO] running `Command { std: "docker" "create" "-v" "/var/lib/crater-agent-workspace/builds/worker-26/target:/opt/rustwide/target:rw,Z" "-v" "/var/lib/crater-agent-workspace/builds/worker-26/source:/opt/rustwide/workdir:ro,Z" "-v" "/var/lib/crater-agent-workspace/cargo-home:/opt/rustwide/cargo-home:ro,Z" "-v" "/var/lib/crater-agent-workspace/rustup-home:/opt/rustwide/rustup-home:ro,Z" "-e" "SOURCE_DIR=/opt/rustwide/workdir" "-e" "CARGO_TARGET_DIR=/opt/rustwide/target" "-e" "CARGO_INCREMENTAL=0" "-e" "RUST_BACKTRACE=full" "-e" "RUSTFLAGS=--cap-lints=warn" "-e" "CARGO_HOME=/opt/rustwide/cargo-home" "-e" "RUSTUP_HOME=/opt/rustwide/rustup-home" "-w" "/opt/rustwide/workdir" "-m" "1610612736" "--user" "0:0" "--network" "none" "ghcr.io/rust-lang/crates-build-env/linux@sha256:34b6a614d2c27851fe6cbf88fbd1137609cefab8b10d0615aaeb6fd47975d74e" "/opt/rustwide/cargo-home/bin/cargo" "+1.54.0" "test" "--frozen", kill_on_drop: false }`
[INFO] [stdout] 68a4691e28ea0588becac4f44915a8faa22655f64f2c3ca908e16d17270c42d4
[INFO] running `Command { std: "docker" "start" "-a" "68a4691e28ea0588becac4f44915a8faa22655f64f2c3ca908e16d17270c42d4", kill_on_drop: false }`
[INFO] [stderr]     Blocking waiting for file lock on package cache
[INFO] [stderr]     Finished test [unoptimized + debuginfo] target(s) in 0.14s
[INFO] [stderr]      Running unittests (/opt/rustwide/target/debug/deps/cargo_deb-8b66f48574429ee8)
[INFO] [stdout] 
[INFO] [stdout] running 110 tests
[INFO] [stdout] test dependencies::parse_search ... ok
[INFO] [stdout] test config::parse_objcopy ... ok
[INFO] [stdout] test dh_installsystemd::tests::find_units_for_package ... ok
[INFO] [stdout] test config::parse_strip ... ok
[INFO] [stdout] test dh_installsystemd::tests::find_named_units_for_package ... ok
[INFO] [stdout] test dh_installsystemd::tests::find_units_in_empty_dir_finds_nothing ... ok
[INFO] [stdout] test dh_installsystemd::tests::generate_acts_only_on_unit_files_with_the_expected_install_path ... ok
[INFO] [stdout] test dh_installsystemd::tests::generate_creates_expected_autoscript_fragments::case_02 ... ok
[INFO] [stdout] test dh_installsystemd::tests::generate_creates_expected_autoscript_fragments::case_03 ... ok
[INFO] [stdout] test dh_installsystemd::tests::generate_creates_expected_autoscript_fragments::case_04 ... ok
[INFO] [stdout] test dh_installsystemd::tests::generate_creates_expected_autoscript_fragments::case_01 ... ok
[INFO] [stdout] test dh_installsystemd::tests::generate_creates_expected_autoscript_fragments::case_05 ... ok
[INFO] [stdout] test dh_installsystemd::tests::generate_creates_expected_autoscript_fragments::case_06 ... ok
[INFO] [stdout] test dh_installsystemd::tests::generate_creates_expected_autoscript_fragments::case_08 ... ok
[INFO] [stdout] test dh_installsystemd::tests::generate_creates_expected_autoscript_fragments::case_07 ... ok
[INFO] [stdout] test dh_installsystemd::tests::generate_creates_expected_autoscript_fragments::case_11 ... ok
[INFO] [stdout] test dh_installsystemd::tests::generate_creates_expected_autoscript_fragments::case_09 ... ok
[INFO] [stdout] test dh_installsystemd::tests::generate_creates_expected_autoscript_fragments::case_10 ... ok
[INFO] [stdout] test dh_installsystemd::tests::generate_creates_expected_autoscript_fragments::case_13 ... ok
[INFO] [stdout] test dh_installsystemd::tests::generate_creates_expected_autoscript_fragments::case_12 ... ok
[INFO] [stdout] test dh_installsystemd::tests::generate_creates_expected_autoscript_fragments::case_14 ... ok
[INFO] [stdout] test dh_installsystemd::tests::generate_creates_expected_autoscript_fragments::case_16 ... ok
[INFO] [stdout] test dh_installsystemd::tests::generate_creates_expected_autoscript_fragments::case_15 ... ok
[INFO] [stdout] test dh_installsystemd::tests::generate_creates_expected_autoscript_fragments::case_20 ... ok
[INFO] [stdout] test dh_installsystemd::tests::generate_creates_expected_autoscript_fragments::case_18 ... ok
[INFO] [stdout] test dh_installsystemd::tests::generate_creates_expected_autoscript_fragments::case_17 ... ok
[INFO] [stdout] test dh_installsystemd::tests::generate_creates_expected_autoscript_fragments::case_19 ... ok
[INFO] [stdout] test dh_installsystemd::tests::generate_creates_expected_autoscript_fragments::case_21 ... ok
[INFO] [stdout] test dh_installsystemd::tests::generate_creates_expected_autoscript_fragments::case_28 ... ok
[INFO] [stdout] test dh_installsystemd::tests::generate_creates_expected_autoscript_fragments::case_27 ... ok
[INFO] [stdout] test dh_installsystemd::tests::generate_creates_expected_autoscript_fragments::case_23 ... ok
[INFO] [stdout] test dh_installsystemd::tests::generate_creates_expected_autoscript_fragments::case_25 ... ok
[INFO] [stdout] test dh_installsystemd::tests::generate_creates_expected_autoscript_fragments::case_22 ... ok
[INFO] [stdout] test dh_installsystemd::tests::generate_filters_out_template_units ... ok
[INFO] [stdout] test dh_installsystemd::tests::generate_creates_expected_autoscript_fragments::case_24 ... ok
[INFO] [stdout] test dh_installsystemd::tests::generate_creates_expected_autoscript_fragments::case_33 ... ok
[INFO] [stdout] test dh_installsystemd::tests::generate_creates_expected_autoscript_fragments::case_32 ... ok
[INFO] [stdout] test dh_installsystemd::tests::generate_with_arbitrary_asset_does_nothing ... ok
[INFO] [stdout] test dh_installsystemd::tests::generate_with_empty_inputs_does_nothing ... ok
[INFO] [stdout] test dh_installsystemd::tests::generate_creates_expected_autoscript_fragments::case_26 ... ok
[INFO] [stdout] test dh_installsystemd::tests::generate_creates_expected_autoscript_fragments::case_29 ... ok
[INFO] [stdout] test dh_installsystemd::tests::generate_creates_expected_autoscript_fragments::case_31 ... ok
[INFO] [stdout] test dh_installsystemd::tests::is_comment_detects_comments ... ok
[INFO] [stdout] test dh_installsystemd::tests::is_comment_detects_non_comments ... ok
[INFO] [stdout] test dh_installsystemd::tests::generate_creates_expected_autoscript_fragments::case_30 ... ok
[INFO] [stdout] test dh_installsystemd::tests::unquote_ignores_embedded_quotes ... ok
[INFO] [stdout] test dh_installsystemd::tests::unquote_unquotes_matching_double_quotes ... ok
[INFO] [stdout] test dh_installsystemd::tests::unquote_ignores_partial_quotes ... ok
[INFO] [stdout] test dh_installsystemd::tests::generate_with_empty_tmp_file_asset ... ok
[INFO] [stdout] test dh_installsystemd::tests::unquote_unquotes_matching_single_quotes ... ok
[INFO] [stdout] test dh_installsystemd::tests::unquote_ignores_mismatched_quotes ... ok
[INFO] [stdout] test dh_lib::tests::apply_with_no_matching_files ... ok
[INFO] [stdout] test dh_lib::tests::autoscript_check_embedded_files ... ok
[INFO] [stdout] test dh_lib::tests::apply_with_valid_user_files ... ok
[INFO] [stdout] test dh_lib::tests::autoscript_check_service_order ... ok
[INFO] [stdout] test dh_lib::tests::autoscript_detailed_check::case_1_prerm ... ok
[INFO] [stdout] test dh_lib::tests::autoscript_detailed_check::case_3_postinst ... ok
[INFO] [stdout] test dh_lib::tests::autoscript_detailed_check::case_4_postrm ... ok
[INFO] [stdout] test dh_lib::tests::autoscript_detailed_check::case_2_preinst ... ok
[INFO] [stdout] test dh_lib::tests::debhelper_script_subst_with_generated_file_only ... ok
[INFO] [stdout] test dh_lib::tests::autoscript_sanity_check_all_embedded_autoscripts ... ok
[INFO] [stdout] test dh_lib::tests::debhelper_script_subst_with_user_and_generated_files::case_4 ... ok
[INFO] [stdout] test dh_lib::tests::debhelper_script_subst_with_no_matching_files ... ok
[INFO] [stdout] test dh_lib::tests::debhelper_script_subst_with_user_and_generated_file ... ok
[INFO] [stdout] test dh_lib::tests::debhelper_script_subst_with_user_file_access_error::case_3_permission_denied ... ok
[INFO] [stdout] test dh_lib::tests::debhelper_script_subst_with_user_and_generated_files::case_2 ... ok
[INFO] [stdout] test dh_lib::tests::debhelper_script_subst_with_user_file_access_error::case_1_invalid_input ... ok
[INFO] [stdout] test dh_lib::tests::debhelper_script_subst_with_user_file_access_error::case_5_other ... ok
[INFO] [stdout] test dh_lib::tests::pkgfile_fails_to_find_a_match ... ok
[INFO] [stdout] test dh_lib::tests::pkgfile_finds_a_fallback_match ... ok
[INFO] [stdout] test dh_lib::tests::debhelper_script_subst_with_user_and_generated_files::case_1 ... ok
[INFO] [stdout] test dh_lib::tests::debhelper_script_subst_with_user_and_generated_files::case_3 ... ok
[INFO] [stdout] test dh_lib::tests::pkgfile_finds_most_specific_match_without_pkg_file ... ok
[INFO] [stdout] test dh_lib::tests::pkgfile_finds_most_specific_match_with_pkg_unit_file ... ok
[INFO] [stdout] test dh_lib::tests::debhelper_script_subst_with_user_file_access_error::case_4_not_found ... ok
[INFO] [stdout] test manifest::deb_ver ... ok
[INFO] [stdout] test dh_lib::tests::pkgfile_finds_most_specific_match_without_unit_file ... ok
[INFO] [stdout] test dh_lib::tests::debhelper_script_subst_with_user_file_access_error::case_2_interrupted ... ok
[INFO] [stdout] test dh_lib::tests::debhelper_script_subst_with_user_file_only ... ok
[INFO] [stdout] test manifest::tests::format_conffiles_empty ... ok
[INFO] [stdout] test manifest::tests::format_conffiles_multiple ... ok
[INFO] [stdout] test manifest::tests::assets ... ok
[INFO] [stdout] test manifest::tests::test_debug_filename ... ok
[INFO] [stdout] test manifest::tests::test_debug_source_data ... ok
[INFO] [stdout] test manifest::tests::test_debug_source_path ... ok
[INFO] [stdout] test manifest::tests::test_debug_target_not_built ... ok
[INFO] [stdout] test manifest::tests::test_debug_target_ok ... ok
[INFO] [stdout] test manifest::tests::test_debug_target_ok_relative ... ok
[INFO] [stdout] test pathbytes::unix_path ... ok
[INFO] [stdout] test util::tests::btreeset_join ... ok
[INFO] [stdout] test manifest::tests::format_conffiles_one ... ok
[INFO] [stdout] test util::tests::fname_from_path_returns_file_name_even_if_it_looks_like_a_directory ... ok
[INFO] [stdout] test manifest::tests::match_arm_arch ... ok
[INFO] [stdout] test util::tests::map_macro ... ok
[INFO] [stdout] test wordsplit::test_split_by_chars ... ok
[INFO] [stdout] test util::tests::fname_from_path_returns_file_name_even_if_file_does_not_exist ... ok
[INFO] [stdout] test manifest::tests::arch_spec ... ok
[INFO] [stdout] test dh_installsystemd::tests::generate_with_data_tmp_file_asset_panics - should panic ... ok
[INFO] [stdout] test dh_installsystemd::tests::generate_with_invalid_tmp_file_asset_panics - should panic ... ok
[INFO] [stdout] test dh_lib::tests::autoscript_panics_with_unknown_autoscript - should panic ... ok
[INFO] [stdout] test dh_lib::tests::autoscript_panics_in_sed_mode - should panic ... ok
[INFO] [stdout] test dh_lib::tests::debhelper_script_subst_errs_if_user_file_lacks_token - should panic ... ok
[INFO] [stdout] test util::tests::fname_from_path_panics_when_path_has_no_filename - should panic ... ok
[INFO] [stdout] test util::tests::fname_from_path_panics_when_path_is_empty - should panic ... ok
[INFO] [stdout] test control::tests::generate_scripts_archives_user_supplied_maintainer_scripts ... ok
[INFO] [stdout] test control::tests::generate_scripts_does_nothing_if_maintainer_scripts_is_not_set ... ok
[INFO] [stdout] test control::tests::generate_scripts_generates_maintainer_scripts_for_unit ... ok
[INFO] [stdout] test manifest::tests::add_systemd_assets_with_config_adds_unit_assets ... ok
[INFO] [stdout] test manifest::tests::add_systemd_assets_with_no_config_does_nothing ... ok
[INFO] [stdout] test dependencies::resolve_test ... ok
[INFO] [stdout] 
[INFO] [stdout] test result: ok. 110 passed; 0 failed; 0 ignored; 0 measured; 0 filtered out; finished in 1.81s
[INFO] [stdout] 
[INFO] [stderr]      Running unittests (/opt/rustwide/target/debug/deps/cargo_deb-43d9faebe02fd381)
[INFO] [stdout] 
[INFO] [stderr]      Running tests/command.rs (/opt/rustwide/target/debug/deps/command-b1d9aac788436792)
[INFO] [stdout] running 0 tests
[INFO] [stdout] 
[INFO] [stdout] test result: ok. 0 passed; 0 failed; 0 ignored; 0 measured; 0 filtered out; finished in 0.00s
[INFO] [stdout] 
[INFO] [stdout] 
[INFO] [stdout] running 3 tests
[INFO] [stdout] test run_cargo_deb_command_on_example_dir ... FAILED
[INFO] [stdout] test run_cargo_deb_command_on_example_dir_with_variant ... FAILED
[INFO] [stdout] test run_cargo_deb_command_on_example_dir_with_version ... FAILED
[INFO] [stdout] 
[INFO] [stdout] failures:
[INFO] [stdout] 
[INFO] [stdout] ---- run_cargo_deb_command_on_example_dir stdout ----
[INFO] [stdout] thread 'run_cargo_deb_command_on_example_dir' panicked at 'assertion failed: cmd_path.exists()', tests/command.rs:12:5
[INFO] [stdout] stack backtrace:
[INFO] [stdout]    0:     0x55a70b6771f0 - std::backtrace_rs::backtrace::libunwind::trace::h34055254b57d8e79
[INFO] [stdout]                                at /rustc/a178d0322ce20e33eac124758e837cbd80a6f633/library/std/src/../../backtrace/src/backtrace/libunwind.rs:90:5
[INFO] [stdout]    1:     0x55a70b6771f0 - std::backtrace_rs::backtrace::trace_unsynchronized::h8f1e3fbd9afff6ec
[INFO] [stdout]                                at /rustc/a178d0322ce20e33eac124758e837cbd80a6f633/library/std/src/../../backtrace/src/backtrace/mod.rs:66:5
[INFO] [stdout]    2:     0x55a70b6771f0 - std::sys_common::backtrace::_print_fmt::h3a99a796b770c360
[INFO] [stdout]                                at /rustc/a178d0322ce20e33eac124758e837cbd80a6f633/library/std/src/sys_common/backtrace.rs:67:5
[INFO] [stdout]    3:     0x55a70b6771f0 - <std::sys_common::backtrace::_print::DisplayBacktrace as core::fmt::Display>::fmt::h32d1f94a80615d18
[INFO] [stdout]                                at /rustc/a178d0322ce20e33eac124758e837cbd80a6f633/library/std/src/sys_common/backtrace.rs:46:22
[INFO] [stdout]    4:     0x55a70b69ab6c - core::fmt::write::h306731c068f7162c
[INFO] [stdout]                                at /rustc/a178d0322ce20e33eac124758e837cbd80a6f633/library/core/src/fmt/mod.rs:1110:17
[INFO] [stdout]    5:     0x55a70b673c65 - std::io::Write::write_fmt::h87f19b0a2cd190bc
[INFO] [stdout]                                at /rustc/a178d0322ce20e33eac124758e837cbd80a6f633/library/std/src/io/mod.rs:1588:15
[INFO] [stdout]    6:     0x55a70b67978b - std::sys_common::backtrace::_print::h5abaa2601a852287
[INFO] [stdout]                                at /rustc/a178d0322ce20e33eac124758e837cbd80a6f633/library/std/src/sys_common/backtrace.rs:49:5
[INFO] [stdout]    7:     0x55a70b67978b - std::sys_common::backtrace::print::h8d81445442bb638f
[INFO] [stdout]                                at /rustc/a178d0322ce20e33eac124758e837cbd80a6f633/library/std/src/sys_common/backtrace.rs:36:9
[INFO] [stdout]    8:     0x55a70b67978b - std::panicking::default_hook::{{closure}}::hcfe804496a9fa747
[INFO] [stdout]                                at /rustc/a178d0322ce20e33eac124758e837cbd80a6f633/library/std/src/panicking.rs:208:50
[INFO] [stdout]    9:     0x55a70b67929c - std::panicking::default_hook::hbea8e3ccf2ba8901
[INFO] [stdout]                                at /rustc/a178d0322ce20e33eac124758e837cbd80a6f633/library/std/src/panicking.rs:222:9
[INFO] [stdout]   10:     0x55a70b679e54 - std::panicking::rust_panic_with_hook::h7ee9e1a2d0f8975a
[INFO] [stdout]                                at /rustc/a178d0322ce20e33eac124758e837cbd80a6f633/library/std/src/panicking.rs:622:17
[INFO] [stdout]   11:     0x55a70b679907 - std::panicking::begin_panic_handler::{{closure}}::h8ab3b4491718b2c7
[INFO] [stdout]                                at /rustc/a178d0322ce20e33eac124758e837cbd80a6f633/library/std/src/panicking.rs:517:13
[INFO] [stdout]   12:     0x55a70b6776ec - std::sys_common::backtrace::__rust_end_short_backtrace::hd489062ffa586a9f
[INFO] [stdout]                                at /rustc/a178d0322ce20e33eac124758e837cbd80a6f633/library/std/src/sys_common/backtrace.rs:141:18
[INFO] [stdout]   13:     0x55a70b679899 - rust_begin_unwind
[INFO] [stdout]                                at /rustc/a178d0322ce20e33eac124758e837cbd80a6f633/library/std/src/panicking.rs:515:5
[INFO] [stdout]   14:     0x55a70b5ff661 - core::panicking::panic_fmt::hca6330e3e14086b4
[INFO] [stdout]                                at /rustc/a178d0322ce20e33eac124758e837cbd80a6f633/library/core/src/panicking.rs:92:14
[INFO] [stdout]   15:     0x55a70b5ff5ad - core::panicking::panic::h1a48d878ff3dcd40
[INFO] [stdout]                                at /rustc/a178d0322ce20e33eac124758e837cbd80a6f633/library/core/src/panicking.rs:50:5
[INFO] [stdout]   16:     0x55a70b6060cd - command::run_cargo_deb_command_on_example_dir::h3278c941565bdbb2
[INFO] [stdout]                                at /opt/rustwide/workdir/tests/command.rs:12:5
[INFO] [stdout]   17:     0x55a70b605efa - command::run_cargo_deb_command_on_example_dir::{{closure}}::h4bde6f52bd345e6e
[INFO] [stdout]                                at /opt/rustwide/workdir/tests/command.rs:9:1
[INFO] [stdout]   18:     0x55a70b602dbe - core::ops::function::FnOnce::call_once::hab5a6aecc6795f8f
[INFO] [stdout]                                at /rustc/a178d0322ce20e33eac124758e837cbd80a6f633/library/core/src/ops/function.rs:227:5
[INFO] [stdout]   19:     0x55a70b639883 - core::ops::function::FnOnce::call_once::h152e7e439ff59e19
[INFO] [stdout]                                at /rustc/a178d0322ce20e33eac124758e837cbd80a6f633/library/core/src/ops/function.rs:227:5
[INFO] [stdout]   20:     0x55a70b639883 - test::__rust_begin_short_backtrace::h0908f3b1fdbb72ab
[INFO] [stdout]                                at /rustc/a178d0322ce20e33eac124758e837cbd80a6f633/library/test/src/lib.rs:577:5
[INFO] [stdout]   21:     0x55a70b638340 - <alloc::boxed::Box<F,A> as core::ops::function::FnOnce<Args>>::call_once::hf6d2a51e5587546c
[INFO] [stdout]                                at /rustc/a178d0322ce20e33eac124758e837cbd80a6f633/library/alloc/src/boxed.rs:1575:9
[INFO] [stdout]   22:     0x55a70b638340 - <std::panic::AssertUnwindSafe<F> as core::ops::function::FnOnce<()>>::call_once::h8af660f3a89ef593
[INFO] [stdout]                                at /rustc/a178d0322ce20e33eac124758e837cbd80a6f633/library/std/src/panic.rs:347:9
[INFO] [stdout]   23:     0x55a70b638340 - std::panicking::try::do_call::hd36aef60f84b6d36
[INFO] [stdout]                                at /rustc/a178d0322ce20e33eac124758e837cbd80a6f633/library/std/src/panicking.rs:401:40
[INFO] [stdout]   24:     0x55a70b638340 - std::panicking::try::h9932b4480e69817c
[INFO] [stdout]                                at /rustc/a178d0322ce20e33eac124758e837cbd80a6f633/library/std/src/panicking.rs:365:19
[INFO] [stdout]   25:     0x55a70b638340 - std::panic::catch_unwind::h6aa177099cfff5f8
[INFO] [stdout]                                at /rustc/a178d0322ce20e33eac124758e837cbd80a6f633/library/std/src/panic.rs:434:14
[INFO] [stdout]   26:     0x55a70b638340 - test::run_test_in_process::h5884d6f2d99e20c3
[INFO] [stdout]                                at /rustc/a178d0322ce20e33eac124758e837cbd80a6f633/library/test/src/lib.rs:600:18
[INFO] [stdout]   27:     0x55a70b638340 - test::run_test::run_test_inner::{{closure}}::h6fdc58c6d5f5b6e3
[INFO] [stdout]                                at /rustc/a178d0322ce20e33eac124758e837cbd80a6f633/library/test/src/lib.rs:492:39
[INFO] [stdout]   28:     0x55a70b6119f2 - test::run_test::run_test_inner::{{closure}}::h408365d67a78ade8
[INFO] [stdout]                                at /rustc/a178d0322ce20e33eac124758e837cbd80a6f633/library/test/src/lib.rs:519:37
[INFO] [stdout]   29:     0x55a70b6119f2 - std::sys_common::backtrace::__rust_begin_short_backtrace::hb560b77c4f701523
[INFO] [stdout]                                at /rustc/a178d0322ce20e33eac124758e837cbd80a6f633/library/std/src/sys_common/backtrace.rs:125:18
[INFO] [stdout]   30:     0x55a70b6155a8 - std::thread::Builder::spawn_unchecked::{{closure}}::{{closure}}::hf2e7831dad93c597
[INFO] [stdout]                                at /rustc/a178d0322ce20e33eac124758e837cbd80a6f633/library/std/src/thread/mod.rs:481:17
[INFO] [stdout]   31:     0x55a70b6155a8 - <std::panic::AssertUnwindSafe<F> as core::ops::function::FnOnce<()>>::call_once::hd2e08783d8be4d02
[INFO] [stdout]                                at /rustc/a178d0322ce20e33eac124758e837cbd80a6f633/library/std/src/panic.rs:347:9
[INFO] [stdout]   32:     0x55a70b6155a8 - std::panicking::try::do_call::h062597b7acfd6b82
[INFO] [stdout]                                at /rustc/a178d0322ce20e33eac124758e837cbd80a6f633/library/std/src/panicking.rs:401:40
[INFO] [stdout]   33:     0x55a70b6155a8 - std::panicking::try::h0d7b79db04c14552
[INFO] [stdout]                                at /rustc/a178d0322ce20e33eac124758e837cbd80a6f633/library/std/src/panicking.rs:365:19
[INFO] [stdout]   34:     0x55a70b6155a8 - std::panic::catch_unwind::hb01a0b5e7c8cd43b
[INFO] [stdout]                                at /rustc/a178d0322ce20e33eac124758e837cbd80a6f633/library/std/src/panic.rs:434:14
[INFO] [stdout]   35:     0x55a70b6155a8 - std::thread::Builder::spawn_unchecked::{{closure}}::h5bde48cc887e0d1e
[INFO] [stdout]                                at /rustc/a178d0322ce20e33eac124758e837cbd80a6f633/library/std/src/thread/mod.rs:480:30
[INFO] [stdout]   36:     0x55a70b6155a8 - core::ops::function::FnOnce::call_once{{vtable.shim}}::h745ea30807a29e55
[INFO] [stdout]                                at /rustc/a178d0322ce20e33eac124758e837cbd80a6f633/library/core/src/ops/function.rs:227:5
[INFO] [stdout]   37:     0x55a70b67f657 - <alloc::boxed::Box<F,A> as core::ops::function::FnOnce<Args>>::call_once::h7ece6cfefaff1005
[INFO] [stdout]                                at /rustc/a178d0322ce20e33eac124758e837cbd80a6f633/library/alloc/src/boxed.rs:1575:9
[INFO] [stdout]   38:     0x55a70b67f657 - <alloc::boxed::Box<F,A> as core::ops::function::FnOnce<Args>>::call_once::hb8b48e55c21f193e
[INFO] [stdout]                                at /rustc/a178d0322ce20e33eac124758e837cbd80a6f633/library/alloc/src/boxed.rs:1575:9
[INFO] [stdout]   39:     0x55a70b67f657 - std::sys::unix::thread::Thread::new::thread_start::h8c7c4450dba62914
[INFO] [stdout]                                at /rustc/a178d0322ce20e33eac124758e837cbd80a6f633/library/std/src/sys/unix/thread.rs:71:17
[INFO] [stdout]   40:     0x7f4083efa609 - start_thread
[INFO] [stdout]   41:     0x7f4083ccc293 - clone
[INFO] [stdout]   42:                0x0 - <unknown>
[INFO] [stdout] 
[INFO] [stdout] ---- run_cargo_deb_command_on_example_dir_with_variant stdout ----
[INFO] [stdout] thread 'run_cargo_deb_command_on_example_dir_with_variant' panicked at 'assertion failed: cmd_path.exists()', tests/command.rs:84:5
[INFO] [stdout] stack backtrace:
[INFO] [stdout]    0:     0x55a70b6771f0 - std::backtrace_rs::backtrace::libunwind::trace::h34055254b57d8e79
[INFO] [stdout]                                at /rustc/a178d0322ce20e33eac124758e837cbd80a6f633/library/std/src/../../backtrace/src/backtrace/libunwind.rs:90:5
[INFO] [stdout]    1:     0x55a70b6771f0 - std::backtrace_rs::backtrace::trace_unsynchronized::h8f1e3fbd9afff6ec
[INFO] [stdout]                                at /rustc/a178d0322ce20e33eac124758e837cbd80a6f633/library/std/src/../../backtrace/src/backtrace/mod.rs:66:5
[INFO] [stdout]    2:     0x55a70b6771f0 - std::sys_common::backtrace::_print_fmt::h3a99a796b770c360
[INFO] [stdout]                                at /rustc/a178d0322ce20e33eac124758e837cbd80a6f633/library/std/src/sys_common/backtrace.rs:67:5
[INFO] [stdout]    3:     0x55a70b6771f0 - <std::sys_common::backtrace::_print::DisplayBacktrace as core::fmt::Display>::fmt::h32d1f94a80615d18
[INFO] [stdout]                                at /rustc/a178d0322ce20e33eac124758e837cbd80a6f633/library/std/src/sys_common/backtrace.rs:46:22
[INFO] [stdout]    4:     0x55a70b69ab6c - core::fmt::write::h306731c068f7162c
[INFO] [stdout]                                at /rustc/a178d0322ce20e33eac124758e837cbd80a6f633/library/core/src/fmt/mod.rs:1110:17
[INFO] [stdout]    5:     0x55a70b673c65 - std::io::Write::write_fmt::h87f19b0a2cd190bc
[INFO] [stdout]                                at /rustc/a178d0322ce20e33eac124758e837cbd80a6f633/library/std/src/io/mod.rs:1588:15
[INFO] [stdout]    6:     0x55a70b67978b - std::sys_common::backtrace::_print::h5abaa2601a852287
[INFO] [stdout]                                at /rustc/a178d0322ce20e33eac124758e837cbd80a6f633/library/std/src/sys_common/backtrace.rs:49:5
[INFO] [stdout]    7:     0x55a70b67978b - std::sys_common::backtrace::print::h8d81445442bb638f
[INFO] [stdout]                                at /rustc/a178d0322ce20e33eac124758e837cbd80a6f633/library/std/src/sys_common/backtrace.rs:36:9
[INFO] [stdout]    8:     0x55a70b67978b - std::panicking::default_hook::{{closure}}::hcfe804496a9fa747
[INFO] [stdout]                                at /rustc/a178d0322ce20e33eac124758e837cbd80a6f633/library/std/src/panicking.rs:208:50
[INFO] [stdout]    9:     0x55a70b67929c - std::panicking::default_hook::hbea8e3ccf2ba8901
[INFO] [stdout]                                at /rustc/a178d0322ce20e33eac124758e837cbd80a6f633/library/std/src/panicking.rs:222:9
[INFO] [stdout]   10:     0x55a70b679e54 - std::panicking::rust_panic_with_hook::h7ee9e1a2d0f8975a
[INFO] [stdout]                                at /rustc/a178d0322ce20e33eac124758e837cbd80a6f633/library/std/src/panicking.rs:622:17
[INFO] [stdout]   11:     0x55a70b679907 - std::panicking::begin_panic_handler::{{closure}}::h8ab3b4491718b2c7
[INFO] [stdout]                                at /rustc/a178d0322ce20e33eac124758e837cbd80a6f633/library/std/src/panicking.rs:517:13
[INFO] [stdout]   12:     0x55a70b6776ec - std::sys_common::backtrace::__rust_end_short_backtrace::hd489062ffa586a9f
[INFO] [stdout]                                at /rustc/a178d0322ce20e33eac124758e837cbd80a6f633/library/std/src/sys_common/backtrace.rs:141:18
[INFO] [stdout]   13:     0x55a70b679899 - rust_begin_unwind
[INFO] [stdout]                                at /rustc/a178d0322ce20e33eac124758e837cbd80a6f633/library/std/src/panicking.rs:515:5
[INFO] [stdout]   14:     0x55a70b5ff661 - core::panicking::panic_fmt::hca6330e3e14086b4
[INFO] [stdout]                                at /rustc/a178d0322ce20e33eac124758e837cbd80a6f633/library/core/src/panicking.rs:92:14
[INFO] [stdout]   15:     0x55a70b5ff5ad - core::panicking::panic::h1a48d878ff3dcd40
[INFO] [stdout]                                at /rustc/a178d0322ce20e33eac124758e837cbd80a6f633/library/core/src/panicking.rs:50:5
[INFO] [stdout]   16:     0x55a70b6084e3 - command::run_cargo_deb_command_on_example_dir_with_variant::h6ff146be7717b7ff
[INFO] [stdout]                                at /opt/rustwide/workdir/tests/command.rs:84:5
[INFO] [stdout]   17:     0x55a70b60824a - command::run_cargo_deb_command_on_example_dir_with_variant::{{closure}}::h5cc04709524f5b41
[INFO] [stdout]                                at /opt/rustwide/workdir/tests/command.rs:81:1
[INFO] [stdout]   18:     0x55a70b602dfe - core::ops::function::FnOnce::call_once::hd7a839275835fd92
[INFO] [stdout]                                at /rustc/a178d0322ce20e33eac124758e837cbd80a6f633/library/core/src/ops/function.rs:227:5
[INFO] [stdout]   19:     0x55a70b639883 - core::ops::function::FnOnce::call_once::h152e7e439ff59e19
[INFO] [stdout]                                at /rustc/a178d0322ce20e33eac124758e837cbd80a6f633/library/core/src/ops/function.rs:227:5
[INFO] [stdout]   20:     0x55a70b639883 - test::__rust_begin_short_backtrace::h0908f3b1fdbb72ab
[INFO] [stdout]                                at /rustc/a178d0322ce20e33eac124758e837cbd80a6f633/library/test/src/lib.rs:577:5
[INFO] [stdout]   21:     0x55a70b638340 - <alloc::boxed::Box<F,A> as core::ops::function::FnOnce<Args>>::call_once::hf6d2a51e5587546c
[INFO] [stdout]                                at /rustc/a178d0322ce20e33eac124758e837cbd80a6f633/library/alloc/src/boxed.rs:1575:9
[INFO] [stdout]   22:     0x55a70b638340 - <std::panic::AssertUnwindSafe<F> as core::ops::function::FnOnce<()>>::call_once::h8af660f3a89ef593
[INFO] [stdout]                                at /rustc/a178d0322ce20e33eac124758e837cbd80a6f633/library/std/src/panic.rs:347:9
[INFO] [stdout]   23:     0x55a70b638340 - std::panicking::try::do_call::hd36aef60f84b6d36
[INFO] [stdout]                                at /rustc/a178d0322ce20e33eac124758e837cbd80a6f633/library/std/src/panicking.rs:401:40
[INFO] [stdout]   24:     0x55a70b638340 - std::panicking::try::h9932b4480e69817c
[INFO] [stdout]                                at /rustc/a178d0322ce20e33eac124758e837cbd80a6f633/library/std/src/panicking.rs:365:19
[INFO] [stdout]   25:     0x55a70b638340 - std::panic::catch_unwind::h6aa177099cfff5f8
[INFO] [stdout]                                at /rustc/a178d0322ce20e33eac124758e837cbd80a6f633/library/std/src/panic.rs:434:14
[INFO] [stdout]   26:     0x55a70b638340 - test::run_test_in_process::h5884d6f2d99e20c3
[INFO] [stdout]                                at /rustc/a178d0322ce20e33eac124758e837cbd80a6f633/library/test/src/lib.rs:600:18
[INFO] [stdout]   27:     0x55a70b638340 - test::run_test::run_test_inner::{{closure}}::h6fdc58c6d5f5b6e3
[INFO] [stdout]                                at /rustc/a178d0322ce20e33eac124758e837cbd80a6f633/library/test/src/lib.rs:492:39
[INFO] [stdout]   28:     0x55a70b6119f2 - test::run_test::run_test_inner::{{closure}}::h408365d67a78ade8
[INFO] [stdout]                                at /rustc/a178d0322ce20e33eac124758e837cbd80a6f633/library/test/src/lib.rs:519:37
[INFO] [stdout]   29:     0x55a70b6119f2 - std::sys_common::backtrace::__rust_begin_short_backtrace::hb560b77c4f701523
[INFO] [stdout]                                at /rustc/a178d0322ce20e33eac124758e837cbd80a6f633/library/std/src/sys_common/backtrace.rs:125:18
[INFO] [stdout]   30:     0x55a70b6155a8 - std::thread::Builder::spawn_unchecked::{{closure}}::{{closure}}::hf2e7831dad93c597
[INFO] [stdout]                                at /rustc/a178d0322ce20e33eac124758e837cbd80a6f633/library/std/src/thread/mod.rs:481:17
[INFO] [stdout]   31:     0x55a70b6155a8 - <std::panic::AssertUnwindSafe<F> as core::ops::function::FnOnce<()>>::call_once::hd2e08783d8be4d02
[INFO] [stdout]                                at /rustc/a178d0322ce20e33eac124758e837cbd80a6f633/library/std/src/panic.rs:347:9
[INFO] [stdout]   32:     0x55a70b6155a8 - std::panicking::try::do_call::h062597b7acfd6b82
[INFO] [stdout]                                at /rustc/a178d0322ce20e33eac124758e837cbd80a6f633/library/std/src/panicking.rs:401:40
[INFO] [stdout]   33:     0x55a70b6155a8 - std::panicking::try::h0d7b79db04c14552
[INFO] [stdout]                                at /rustc/a178d0322ce20e33eac124758e837cbd80a6f633/library/std/src/panicking.rs:365:19
[INFO] [stdout]   34:     0x55a70b6155a8 - std::panic::catch_unwind::hb01a0b5e7c8cd43b
[INFO] [stdout]                                at /rustc/a178d0322ce20e33eac124758e837cbd80a6f633/library/std/src/panic.rs:434:14
[INFO] [stdout]   35:     0x55a70b6155a8 - std::thread::Builder::spawn_unchecked::{{closure}}::h5bde48cc887e0d1e
[INFO] [stdout]                                at /rustc/a178d0322ce20e33eac124758e837cbd80a6f633/library/std/src/thread/mod.rs:480:30
[INFO] [stdout]   36:     0x55a70b6155a8 - core::ops::function::FnOnce::call_once{{vtable.shim}}::h745ea30807a29e55
[INFO] [stdout]                                at /rustc/a178d0322ce20e33eac124758e837cbd80a6f633/library/core/src/ops/function.rs:227:5
[INFO] [stdout]   37:     0x55a70b67f657 - <alloc::boxed::Box<F,A> as core::ops::function::FnOnce<Args>>::call_once::h7ece6cfefaff1005
[INFO] [stdout]                                at /rustc/a178d0322ce20e33eac124758e837cbd80a6f633/library/alloc/src/boxed.rs:1575:9
[INFO] [stdout]   38:     0x55a70b67f657 - <alloc::boxed::Box<F,A> as core::ops::function::FnOnce<Args>>::call_once::hb8b48e55c21f193e
[INFO] [stdout]                                at /rustc/a178d0322ce20e33eac124758e837cbd80a6f633/library/alloc/src/boxed.rs:1575:9
[INFO] [stdout]   39:     0x55a70b67f657 - std::sys::unix::thread::Thread::new::thread_start::h8c7c4450dba62914
[INFO] [stdout]                                at /rustc/a178d0322ce20e33eac124758e837cbd80a6f633/library/std/src/sys/unix/thread.rs:71:17
[INFO] [stdout]   40:     0x7f4083efa609 - start_thread
[INFO] [stdout]   41:     0x7f4083ccc293 - clone
[INFO] [stdout]   42:                0x0 - <unknown>
[INFO] [stdout] 
[INFO] [stdout] ---- run_cargo_deb_command_on_example_dir_with_version stdout ----
[INFO] [stdout] thread 'run_cargo_deb_command_on_example_dir_with_version' panicked at 'assertion failed: cmd_path.exists()', tests/command.rs:162:5
[INFO] [stdout] stack backtrace:
[INFO] [stdout]    0:     0x55a70b6771f0 - std::backtrace_rs::backtrace::libunwind::trace::h34055254b57d8e79
[INFO] [stdout]                                at /rustc/a178d0322ce20e33eac124758e837cbd80a6f633/library/std/src/../../backtrace/src/backtrace/libunwind.rs:90:5
[INFO] [stdout]    1:     0x55a70b6771f0 - std::backtrace_rs::backtrace::trace_unsynchronized::h8f1e3fbd9afff6ec
[INFO] [stdout]                                at /rustc/a178d0322ce20e33eac124758e837cbd80a6f633/library/std/src/../../backtrace/src/backtrace/mod.rs:66:5
[INFO] [stdout]    2:     0x55a70b6771f0 - std::sys_common::backtrace::_print_fmt::h3a99a796b770c360
[INFO] [stdout]                                at /rustc/a178d0322ce20e33eac124758e837cbd80a6f633/library/std/src/sys_common/backtrace.rs:67:5
[INFO] [stdout]    3:     0x55a70b6771f0 - <std::sys_common::backtrace::_print::DisplayBacktrace as core::fmt::Display>::fmt::h32d1f94a80615d18
[INFO] [stdout]                                at /rustc/a178d0322ce20e33eac124758e837cbd80a6f633/library/std/src/sys_common/backtrace.rs:46:22
[INFO] [stdout]    4:     0x55a70b69ab6c - core::fmt::write::h306731c068f7162c
[INFO] [stdout]                                at /rustc/a178d0322ce20e33eac124758e837cbd80a6f633/library/core/src/fmt/mod.rs:1110:17
[INFO] [stdout]    5:     0x55a70b673c65 - std::io::Write::write_fmt::h87f19b0a2cd190bc
[INFO] [stdout]                                at /rustc/a178d0322ce20e33eac124758e837cbd80a6f633/library/std/src/io/mod.rs:1588:15
[INFO] [stdout]    6:     0x55a70b67978b - std::sys_common::backtrace::_print::h5abaa2601a852287
[INFO] [stdout]                                at /rustc/a178d0322ce20e33eac124758e837cbd80a6f633/library/std/src/sys_common/backtrace.rs:49:5
[INFO] [stdout]    7:     0x55a70b67978b - std::sys_common::backtrace::print::h8d81445442bb638f
[INFO] [stdout]                                at /rustc/a178d0322ce20e33eac124758e837cbd80a6f633/library/std/src/sys_common/backtrace.rs:36:9
[INFO] [stdout]    8:     0x55a70b67978b - std::panicking::default_hook::{{closure}}::hcfe804496a9fa747
[INFO] [stdout]                                at /rustc/a178d0322ce20e33eac124758e837cbd80a6f633/library/std/src/panicking.rs:208:50
[INFO] [stdout]    9:     0x55a70b67929c - std::panicking::default_hook::hbea8e3ccf2ba8901
[INFO] [stdout]                                at /rustc/a178d0322ce20e33eac124758e837cbd80a6f633/library/std/src/panicking.rs:222:9
[INFO] [stdout]   10:     0x55a70b679e54 - std::panicking::rust_panic_with_hook::h7ee9e1a2d0f8975a
[INFO] [stdout]                                at /rustc/a178d0322ce20e33eac124758e837cbd80a6f633/library/std/src/panicking.rs:622:17
[INFO] [stdout]   11:     0x55a70b679907 - std::panicking::begin_panic_handler::{{closure}}::h8ab3b4491718b2c7
[INFO] [stdout]                                at /rustc/a178d0322ce20e33eac124758e837cbd80a6f633/library/std/src/panicking.rs:517:13
[INFO] [stdout]   12:     0x55a70b6776ec - std::sys_common::backtrace::__rust_end_short_backtrace::hd489062ffa586a9f
[INFO] [stdout]                                at /rustc/a178d0322ce20e33eac124758e837cbd80a6f633/library/std/src/sys_common/backtrace.rs:141:18
[INFO] [stdout]   13:     0x55a70b679899 - rust_begin_unwind
[INFO] [stdout]                                at /rustc/a178d0322ce20e33eac124758e837cbd80a6f633/library/std/src/panicking.rs:515:5
[INFO] [stdout]   14:     0x55a70b5ff661 - core::panicking::panic_fmt::hca6330e3e14086b4
[INFO] [stdout]                                at /rustc/a178d0322ce20e33eac124758e837cbd80a6f633/library/core/src/panicking.rs:92:14
[INFO] [stdout]   15:     0x55a70b5ff5ad - core::panicking::panic::h1a48d878ff3dcd40
[INFO] [stdout]                                at /rustc/a178d0322ce20e33eac124758e837cbd80a6f633/library/core/src/panicking.rs:50:5
[INFO] [stdout]   16:     0x55a70b60aad1 - command::run_cargo_deb_command_on_example_dir_with_version::h49954599f34e7f0b
[INFO] [stdout]                                at /opt/rustwide/workdir/tests/command.rs:162:5
[INFO] [stdout]   17:     0x55a70b60a92a - command::run_cargo_deb_command_on_example_dir_with_version::{{closure}}::h133a688995ab91c7
[INFO] [stdout]                                at /opt/rustwide/workdir/tests/command.rs:159:1
[INFO] [stdout]   18:     0x55a70b602d2e - core::ops::function::FnOnce::call_once::h3b47b8255a6a8c03
[INFO] [stdout]                                at /rustc/a178d0322ce20e33eac124758e837cbd80a6f633/library/core/src/ops/function.rs:227:5
[INFO] [stdout]   19:     0x55a70b639883 - core::ops::function::FnOnce::call_once::h152e7e439ff59e19
[INFO] [stdout]                                at /rustc/a178d0322ce20e33eac124758e837cbd80a6f633/library/core/src/ops/function.rs:227:5
[INFO] [stdout]   20:     0x55a70b639883 - test::__rust_begin_short_backtrace::h0908f3b1fdbb72ab
[INFO] [stdout]                                at /rustc/a178d0322ce20e33eac124758e837cbd80a6f633/library/test/src/lib.rs:577:5
[INFO] [stdout]   21:     0x55a70b638340 - <alloc::boxed::Box<F,A> as core::ops::function::FnOnce<Args>>::call_once::hf6d2a51e5587546c
[INFO] [stdout]                                at /rustc/a178d0322ce20e33eac124758e837cbd80a6f633/library/alloc/src/boxed.rs:1575:9
[INFO] [stdout]   22:     0x55a70b638340 - <std::panic::AssertUnwindSafe<F> as core::ops::function::FnOnce<()>>::call_once::h8af660f3a89ef593
[INFO] [stdout]                                at /rustc/a178d0322ce20e33eac124758e837cbd80a6f633/library/std/src/panic.rs:347:9
[INFO] [stdout]   23:     0x55a70b638340 - std::panicking::try::do_call::hd36aef60f84b6d36
[INFO] [stdout]                                at /rustc/a178d0322ce20e33eac124758e837cbd80a6f633/library/std/src/panicking.rs:401:40
[INFO] [stdout]   24:     0x55a70b638340 - std::panicking::try::h9932b4480e69817c
[INFO] [stdout]                                at /rustc/a178d0322ce20e33eac124758e837cbd80a6f633/library/std/src/panicking.rs:365:19
[INFO] [stdout]   25:     0x55a70b638340 - std::panic::catch_unwind::h6aa177099cfff5f8
[INFO] [stdout]                                at /rustc/a178d0322ce20e33eac124758e837cbd80a6f633/library/std/src/panic.rs:434:14
[INFO] [stdout]   26:     0x55a70b638340 - test::run_test_in_process::h5884d6f2d99e20c3
[INFO] [stdout]                                at /rustc/a178d0322ce20e33eac124758e837cbd80a6f633/library/test/src/lib.rs:600:18
[INFO] [stdout]   27:     0x55a70b638340 - test::run_test::run_test_inner::{{closure}}::h6fdc58c6d5f5b6e3
[INFO] [stdout]                                at /rustc/a178d0322ce20e33eac124758e837cbd80a6f633/library/test/src/lib.rs:492:39
[INFO] [stdout]   28:     0x55a70b6119f2 - test::run_test::run_test_inner::{{closure}}::h408365d67a78ade8
[INFO] [stdout]                                at /rustc/a178d0322ce20e33eac124758e837cbd80a6f633/library/test/src/lib.rs:519:37
[INFO] [stdout]   29:     0x55a70b6119f2 - std::sys_common::backtrace::__rust_begin_short_backtrace::hb560b77c4f701523
[INFO] [stdout]                                at /rustc/a178d0322ce20e33eac124758e837cbd80a6f633/library/std/src/sys_common/backtrace.rs:125:18
[INFO] [stdout]   30:     0x55a70b6155a8 - std::thread::Builder::spawn_unchecked::{{closure}}::{{closure}}::hf2e7831dad93c597
[INFO] [stdout]                                at /rustc/a178d0322ce20e33eac124758e837cbd80a6f633/library/std/src/thread/mod.rs:481:17
[INFO] [stdout]   31:     0x55a70b6155a8 - <std::panic::AssertUnwindSafe<F> as core::ops::function::FnOnce<()>>::call_once::hd2e08783d8be4d02
[INFO] [stdout]                                at /rustc/a178d0322ce20e33eac124758e837cbd80a6f633/library/std/src/panic.rs:347:9
[INFO] [stdout]   32:     0x55a70b6155a8 - std::panicking::try::do_call::h062597b7acfd6b82
[INFO] [stdout]                                at /rustc/a178d0322ce20e33eac124758e837cbd80a6f633/library/std/src/panicking.rs:401:40
[INFO] [stdout]   33:     0x55a70b6155a8 - std::panicking::try::h0d7b79db04c14552
[INFO] [stdout]                                at /rustc/a178d0322ce20e33eac124758e837cbd80a6f633/library/std/src/panicking.rs:365:19
[INFO] [stdout]   34:     0x55a70b6155a8 - std::panic::catch_unwind::hb01a0b5e7c8cd43b
[INFO] [stdout]                                at /rustc/a178d0322ce20e33eac124758e837cbd80a6f633/library/std/src/panic.rs:434:14
[INFO] [stdout]   35:     0x55a70b6155a8 - std::thread::Builder::spawn_unchecked::{{closure}}::h5bde48cc887e0d1e
[INFO] [stdout]                                at /rustc/a178d0322ce20e33eac124758e837cbd80a6f633/library/std/src/thread/mod.rs:480:30
[INFO] [stdout]   36:     0x55a70b6155a8 - core::ops::function::FnOnce::call_once{{vtable.shim}}::h745ea30807a29e55
[INFO] [stdout]                                at /rustc/a178d0322ce20e33eac124758e837cbd80a6f633/library/core/src/ops/function.rs:227:5
[INFO] [stdout]   37:     0x55a70b67f657 - <alloc::boxed::Box<F,A> as core::ops::function::FnOnce<Args>>::call_once::h7ece6cfefaff1005
[INFO] [stdout]                                at /rustc/a178d0322ce20e33eac124758e837cbd80a6f633/library/alloc/src/boxed.rs:1575:9
[INFO] [stdout]   38:     0x55a70b67f657 - <alloc::boxed::Box<F,A> as core::ops::function::FnOnce<Args>>::call_once::hb8b48e55c21f193e
[INFO] [stdout]                                at /rustc/a178d0322ce20e33eac124758e837cbd80a6f633/library/alloc/src/boxed.rs:1575:9
[INFO] [stdout]   39:     0x55a70b67f657 - std::sys::unix::thread::Thread::new::thread_start::h8c7c4450dba62914
[INFO] [stdout]                                at /rustc/a178d0322ce20e33eac124758e837cbd80a6f633/library/std/src/sys/unix/thread.rs:71:17
[INFO] [stdout]   40:     0x7f4083efa609 - start_thread
[INFO] [stdout]   41:     0x7f4083ccc293 - clone
[INFO] [stdout]   42:                0x0 - <unknown>
[INFO] [stdout] 
[INFO] [stdout] 
[INFO] [stdout] failures:
[INFO] [stdout]     run_cargo_deb_command_on_example_dir
[INFO] [stdout]     run_cargo_deb_command_on_example_dir_with_variant
[INFO] [stdout]     run_cargo_deb_command_on_example_dir_with_version
[INFO] [stdout] 
[INFO] [stdout] test result: FAILED. 0 passed; 3 failed; 0 ignored; 0 measured; 0 filtered out; finished in 0.01s
[INFO] [stdout] 
[INFO] [stderr] error: test failed, to rerun pass '--test command'
[INFO] running `Command { std: "docker" "inspect" "68a4691e28ea0588becac4f44915a8faa22655f64f2c3ca908e16d17270c42d4", kill_on_drop: false }`
[INFO] running `Command { std: "docker" "rm" "-f" "68a4691e28ea0588becac4f44915a8faa22655f64f2c3ca908e16d17270c42d4", kill_on_drop: false }`
[INFO] [stdout] 68a4691e28ea0588becac4f44915a8faa22655f64f2c3ca908e16d17270c42d4
