[INFO] fetching crate cargo-compiler-interrupts 3.2.0...
[INFO] testing cargo-compiler-interrupts-3.2.0 against beta-2021-08-01 for beta-1.55-1
[INFO] extracting crate cargo-compiler-interrupts 3.2.0 into /workspace/builds/worker-32/source
[INFO] validating manifest of crates.io crate cargo-compiler-interrupts 3.2.0 on toolchain beta-2021-08-01
[INFO] running `Command { std: "/workspace/cargo-home/bin/cargo" "+beta-2021-08-01" "metadata" "--manifest-path" "Cargo.toml" "--no-deps", kill_on_drop: false }`
[INFO] started tweaking crates.io crate cargo-compiler-interrupts 3.2.0
[INFO] finished tweaking crates.io crate cargo-compiler-interrupts 3.2.0
[INFO] tweaked toml for crates.io crate cargo-compiler-interrupts 3.2.0 written to /workspace/builds/worker-32/source/Cargo.toml
[INFO] crate crates.io crate cargo-compiler-interrupts 3.2.0 already has a lockfile, it will not be regenerated
[INFO] running `Command { std: "/workspace/cargo-home/bin/cargo" "+beta-2021-08-01" "fetch" "--manifest-path" "Cargo.toml", kill_on_drop: false }`
[INFO] [stderr]  Downloading crates ...
[INFO] [stderr]   Downloaded faccess v0.2.3
[INFO] [stderr]   Downloaded term_size v1.0.0-beta1
[INFO] running `Command { std: "docker" "create" "-v" "/var/lib/crater-agent-workspace/builds/worker-32/target:/opt/rustwide/target:rw,Z" "-v" "/var/lib/crater-agent-workspace/builds/worker-32/source:/opt/rustwide/workdir:ro,Z" "-v" "/var/lib/crater-agent-workspace/cargo-home:/opt/rustwide/cargo-home:ro,Z" "-v" "/var/lib/crater-agent-workspace/rustup-home:/opt/rustwide/rustup-home:ro,Z" "-e" "SOURCE_DIR=/opt/rustwide/workdir" "-e" "CARGO_TARGET_DIR=/opt/rustwide/target" "-e" "CARGO_HOME=/opt/rustwide/cargo-home" "-e" "RUSTUP_HOME=/opt/rustwide/rustup-home" "-w" "/opt/rustwide/workdir" "-m" "1610612736" "--user" "0:0" "--network" "none" "ghcr.io/rust-lang/crates-build-env/linux@sha256:34b6a614d2c27851fe6cbf88fbd1137609cefab8b10d0615aaeb6fd47975d74e" "/opt/rustwide/cargo-home/bin/cargo" "+beta-2021-08-01" "metadata" "--no-deps" "--format-version=1", kill_on_drop: false }`
[INFO] [stdout] 87ef2c1de0eb42c22fc5b3c77ae218ba2d482e2a5483deb1cfe067225588788d
[INFO] running `Command { std: "docker" "start" "-a" "87ef2c1de0eb42c22fc5b3c77ae218ba2d482e2a5483deb1cfe067225588788d", kill_on_drop: false }`
[INFO] running `Command { std: "docker" "inspect" "87ef2c1de0eb42c22fc5b3c77ae218ba2d482e2a5483deb1cfe067225588788d", kill_on_drop: false }`
[INFO] running `Command { std: "docker" "rm" "-f" "87ef2c1de0eb42c22fc5b3c77ae218ba2d482e2a5483deb1cfe067225588788d", kill_on_drop: false }`
[INFO] [stdout] 87ef2c1de0eb42c22fc5b3c77ae218ba2d482e2a5483deb1cfe067225588788d
[INFO] running `Command { std: "docker" "create" "-v" "/var/lib/crater-agent-workspace/builds/worker-32/target:/opt/rustwide/target:rw,Z" "-v" "/var/lib/crater-agent-workspace/builds/worker-32/source:/opt/rustwide/workdir:ro,Z" "-v" "/var/lib/crater-agent-workspace/cargo-home:/opt/rustwide/cargo-home:ro,Z" "-v" "/var/lib/crater-agent-workspace/rustup-home:/opt/rustwide/rustup-home:ro,Z" "-e" "SOURCE_DIR=/opt/rustwide/workdir" "-e" "CARGO_TARGET_DIR=/opt/rustwide/target" "-e" "CARGO_INCREMENTAL=0" "-e" "RUST_BACKTRACE=full" "-e" "RUSTFLAGS=--cap-lints=warn" "-e" "CARGO_HOME=/opt/rustwide/cargo-home" "-e" "RUSTUP_HOME=/opt/rustwide/rustup-home" "-w" "/opt/rustwide/workdir" "-m" "1610612736" "--user" "0:0" "--network" "none" "ghcr.io/rust-lang/crates-build-env/linux@sha256:34b6a614d2c27851fe6cbf88fbd1137609cefab8b10d0615aaeb6fd47975d74e" "/opt/rustwide/cargo-home/bin/cargo" "+beta-2021-08-01" "build" "--frozen" "--message-format=json", kill_on_drop: false }`
[INFO] [stdout] 7492d3f5befdd557a685704e11285e7afa1764a59e80b5d4deb9146bec12663d
[INFO] running `Command { std: "docker" "start" "-a" "7492d3f5befdd557a685704e11285e7afa1764a59e80b5d4deb9146bec12663d", kill_on_drop: false }`
[INFO] [stderr]     Blocking waiting for file lock on package cache
[INFO] [stderr]    Compiling libc v0.2.95
[INFO] [stderr]    Compiling syn v1.0.72
[INFO] [stderr]    Compiling serde_json v1.0.64
[INFO] [stderr]    Compiling openssl v0.10.35
[INFO] [stderr]    Compiling ucd-trie v0.1.3
[INFO] [stderr]    Compiling camino v1.0.4
[INFO] [stderr]    Compiling anyhow v1.0.41
[INFO] [stderr]    Compiling unicode-segmentation v1.7.1
[INFO] [stderr]    Compiling hashbrown v0.9.1
[INFO] [stderr]    Compiling pin-project-lite v0.2.6
[INFO] [stderr]    Compiling os_str_bytes v2.4.0
[INFO] [stderr]    Compiling smallvec v1.6.1
[INFO] [stderr]    Compiling md5 v0.7.0
[INFO] [stderr]    Compiling ring v0.16.20
[INFO] [stderr]    Compiling openssl-sys v0.9.65
[INFO] [stderr]    Compiling proc-macro-error-attr v1.0.4
[INFO] [stderr]    Compiling proc-macro-error v1.0.4
[INFO] [stderr]    Compiling tracing-core v0.1.17
[INFO] [stderr]    Compiling tinyvec v1.3.1
[INFO] [stderr]    Compiling indexmap v1.6.2
[INFO] [stderr]    Compiling regex-automata v0.1.10
[INFO] [stderr]    Compiling regex v1.4.5
[INFO] [stderr]    Compiling textwrap v0.12.1
[INFO] [stderr]    Compiling sharded-slab v0.1.1
[INFO] [stderr]    Compiling proc-macro2 v1.0.27
[INFO] [stderr]    Compiling heck v0.3.2
[INFO] [stderr]    Compiling pest v2.1.3
[INFO] [stderr]    Compiling quote v1.0.9
[INFO] [stderr]    Compiling tracing-log v0.1.2
[INFO] [stderr]    Compiling matchers v0.0.1
[INFO] [stderr]    Compiling unicode-normalization v0.1.19
[INFO] [stderr]    Compiling idna v0.2.3
[INFO] [stderr]    Compiling getrandom v0.2.2
[INFO] [stderr]    Compiling atty v0.2.14
[INFO] [stderr]    Compiling terminal_size v0.1.17
[INFO] [stderr]    Compiling time v0.1.43
[INFO] [stderr]    Compiling filetime v0.2.14
[INFO] [stderr]    Compiling jobserver v0.1.22
[INFO] [stderr]    Compiling dirs-sys v0.3.6
[INFO] [stderr]    Compiling faccess v0.2.3
[INFO] [stderr]    Compiling num_cpus v1.13.0
[INFO] [stderr]    Compiling term_size v1.0.0-beta1
[INFO] [stderr]    Compiling semver-parser v0.10.2
[INFO] [stderr]    Compiling chrono v0.4.19
[INFO] [stderr]    Compiling colored v2.0.0
[INFO] [stderr]    Compiling dirs v3.0.2
[INFO] [stderr]    Compiling console v0.14.1
[INFO] [stderr]    Compiling url v2.2.2
[INFO] [stderr]    Compiling rand_core v0.6.3
[INFO] [stderr]    Compiling indicatif v0.16.2
[INFO] [stderr]    Compiling webpki v0.21.4
[INFO] [stderr]    Compiling sct v0.6.1
[INFO] [stderr]    Compiling rand_chacha v0.3.1
[INFO] [stderr]    Compiling webpki-roots v0.21.1
[INFO] [stderr]    Compiling rustls v0.19.1
[INFO] [stderr]    Compiling rand v0.8.4
[INFO] [stderr]    Compiling crypto-hash v0.3.4
[INFO] [stderr]    Compiling tempfile v3.2.0
[INFO] [stderr]    Compiling cargo-util v0.1.1
[INFO] [stderr]    Compiling ureq v2.1.1
[INFO] [stderr]    Compiling serde_derive v1.0.125
[INFO] [stderr]    Compiling tracing-attributes v0.1.15
[INFO] [stderr]    Compiling thiserror-impl v1.0.26
[INFO] [stderr]    Compiling clap_derive v3.0.0-beta.2
[INFO] [stderr]    Compiling thiserror v1.0.26
[INFO] [stderr]    Compiling tracing v0.1.25
[INFO] [stderr]    Compiling clap v3.0.0-beta.2
[INFO] [stderr]    Compiling serde v1.0.125
[INFO] [stderr]    Compiling cargo-platform v0.1.1
[INFO] [stderr]    Compiling semver v0.11.0
[INFO] [stderr]    Compiling tracing-serde v0.1.2
[INFO] [stderr]    Compiling toml v0.5.8
[INFO] [stderr]    Compiling tracing-subscriber v0.2.19
[INFO] [stderr]    Compiling cargo_metadata v0.13.1
[INFO] [stderr]    Compiling cargo-compiler-interrupts v3.2.0 (/opt/rustwide/workdir)
[INFO] [stderr]     Finished dev [unoptimized + debuginfo] target(s) in 52.84s
[INFO] running `Command { std: "docker" "inspect" "7492d3f5befdd557a685704e11285e7afa1764a59e80b5d4deb9146bec12663d", kill_on_drop: false }`
[INFO] running `Command { std: "docker" "rm" "-f" "7492d3f5befdd557a685704e11285e7afa1764a59e80b5d4deb9146bec12663d", kill_on_drop: false }`
[INFO] [stdout] 7492d3f5befdd557a685704e11285e7afa1764a59e80b5d4deb9146bec12663d
[INFO] running `Command { std: "docker" "create" "-v" "/var/lib/crater-agent-workspace/builds/worker-32/target:/opt/rustwide/target:rw,Z" "-v" "/var/lib/crater-agent-workspace/builds/worker-32/source:/opt/rustwide/workdir:ro,Z" "-v" "/var/lib/crater-agent-workspace/cargo-home:/opt/rustwide/cargo-home:ro,Z" "-v" "/var/lib/crater-agent-workspace/rustup-home:/opt/rustwide/rustup-home:ro,Z" "-e" "SOURCE_DIR=/opt/rustwide/workdir" "-e" "CARGO_TARGET_DIR=/opt/rustwide/target" "-e" "CARGO_INCREMENTAL=0" "-e" "RUST_BACKTRACE=full" "-e" "RUSTFLAGS=--cap-lints=warn" "-e" "CARGO_HOME=/opt/rustwide/cargo-home" "-e" "RUSTUP_HOME=/opt/rustwide/rustup-home" "-w" "/opt/rustwide/workdir" "-m" "1610612736" "--user" "0:0" "--network" "none" "ghcr.io/rust-lang/crates-build-env/linux@sha256:34b6a614d2c27851fe6cbf88fbd1137609cefab8b10d0615aaeb6fd47975d74e" "/opt/rustwide/cargo-home/bin/cargo" "+beta-2021-08-01" "test" "--frozen" "--no-run" "--message-format=json", kill_on_drop: false }`
[INFO] [stdout] 98c51746fa88e01992f315cb1718c2f2916c64fd03baf6501fae4b8a70dd9353
[INFO] running `Command { std: "docker" "start" "-a" "98c51746fa88e01992f315cb1718c2f2916c64fd03baf6501fae4b8a70dd9353", kill_on_drop: false }`
[INFO] [stderr]    Compiling cargo-compiler-interrupts v3.2.0 (/opt/rustwide/workdir)
[INFO] [stderr]     Finished test [unoptimized + debuginfo] target(s) in 4.94s
[INFO] running `Command { std: "docker" "inspect" "98c51746fa88e01992f315cb1718c2f2916c64fd03baf6501fae4b8a70dd9353", kill_on_drop: false }`
[INFO] running `Command { std: "docker" "rm" "-f" "98c51746fa88e01992f315cb1718c2f2916c64fd03baf6501fae4b8a70dd9353", kill_on_drop: false }`
[INFO] [stdout] 98c51746fa88e01992f315cb1718c2f2916c64fd03baf6501fae4b8a70dd9353
[INFO] running `Command { std: "docker" "create" "-v" "/var/lib/crater-agent-workspace/builds/worker-32/target:/opt/rustwide/target:rw,Z" "-v" "/var/lib/crater-agent-workspace/builds/worker-32/source:/opt/rustwide/workdir:ro,Z" "-v" "/var/lib/crater-agent-workspace/cargo-home:/opt/rustwide/cargo-home:ro,Z" "-v" "/var/lib/crater-agent-workspace/rustup-home:/opt/rustwide/rustup-home:ro,Z" "-e" "SOURCE_DIR=/opt/rustwide/workdir" "-e" "CARGO_TARGET_DIR=/opt/rustwide/target" "-e" "CARGO_INCREMENTAL=0" "-e" "RUST_BACKTRACE=full" "-e" "RUSTFLAGS=--cap-lints=warn" "-e" "CARGO_HOME=/opt/rustwide/cargo-home" "-e" "RUSTUP_HOME=/opt/rustwide/rustup-home" "-w" "/opt/rustwide/workdir" "-m" "1610612736" "--user" "0:0" "--network" "none" "ghcr.io/rust-lang/crates-build-env/linux@sha256:34b6a614d2c27851fe6cbf88fbd1137609cefab8b10d0615aaeb6fd47975d74e" "/opt/rustwide/cargo-home/bin/cargo" "+beta-2021-08-01" "test" "--frozen", kill_on_drop: false }`
[INFO] [stdout] 21383118359c9337f1c9623368f2df822fef54b8e656745ff4b37a86daeace79
[INFO] running `Command { std: "docker" "start" "-a" "21383118359c9337f1c9623368f2df822fef54b8e656745ff4b37a86daeace79", kill_on_drop: false }`
[INFO] [stderr]     Finished test [unoptimized + debuginfo] target(s) in 0.15s
[INFO] [stderr]      Running unittests (/opt/rustwide/target/debug/deps/cargo_compiler_interrupts-1f3581b9daa92c4d)
[INFO] [stdout] 
[INFO] [stdout] running 0 tests
[INFO] [stdout] 
[INFO] [stdout] test result: ok. 0 passed; 0 failed; 0 ignored; 0 measured; 0 filtered out; finished in 0.00s
[INFO] [stdout] 
[INFO] [stdout] 
[INFO] [stdout] running 0 tests
[INFO] [stdout] 
[INFO] [stdout] test result: ok. 0 passed; 0 failed; 0 ignored; 0 measured; 0 filtered out; finished in 0.00s
[INFO] [stdout] 
[INFO] [stderr]      Running unittests (/opt/rustwide/target/debug/deps/cargo_build_ci-52db5c0123eac3fd)
[INFO] [stderr]      Running unittests (/opt/rustwide/target/debug/deps/cargo_lib_ci-599394e9e536c78e)
[INFO] [stdout] 
[INFO] [stdout] running 0 tests
[INFO] [stdout] 
[INFO] [stdout] test result: ok. 0 passed; 0 failed; 0 ignored; 0 measured; 0 filtered out; finished in 0.00s
[INFO] [stdout] 
[INFO] [stderr]      Running unittests (/opt/rustwide/target/debug/deps/cargo_run_ci-dc059801be2fb045)
[INFO] [stderr]    Doc-tests cargo-compiler-interrupts
[INFO] [stdout] 
[INFO] [stdout] running 0 tests
[INFO] [stdout] 
[INFO] [stdout] test result: ok. 0 passed; 0 failed; 0 ignored; 0 measured; 0 filtered out; finished in 0.00s
[INFO] [stdout] 
[INFO] [stdout] 
[INFO] [stdout] running 1 test
[INFO] [stdout] test src/lib.rs - (line 54) ... FAILED
[INFO] [stdout] 
[INFO] [stdout] failures:
[INFO] [stdout] 
[INFO] [stdout] ---- src/lib.rs - (line 54) stdout ----
[INFO] [stdout] error[E0433]: failed to resolve: use of undeclared crate or module `compiler_interrupts`
[INFO] [stdout]  --> src/lib.rs:60:5
[INFO] [stdout]   |
[INFO] [stdout] 8 |     compiler_interrupts::register(1000, 1000, interrupt_handler);
[INFO] [stdout]   |     ^^^^^^^^^^^^^^^^^^^ use of undeclared crate or module `compiler_interrupts`
[INFO] [stdout] 
[INFO] [stdout] error: aborting due to previous error
[INFO] [stdout] 
[INFO] [stdout] For more information about this error, try `rustc --explain E0433`.
[INFO] [stdout] Couldn't compile the test.
[INFO] [stdout] 
[INFO] [stdout] failures:
[INFO] [stdout]     src/lib.rs - (line 54)
[INFO] [stdout] 
[INFO] [stdout] test result: FAILED. 0 passed; 1 failed; 0 ignored; 0 measured; 0 filtered out; finished in 0.22s
[INFO] [stdout] 
[INFO] [stderr] error: test failed, to rerun pass '--doc'
[INFO] running `Command { std: "docker" "inspect" "21383118359c9337f1c9623368f2df822fef54b8e656745ff4b37a86daeace79", kill_on_drop: false }`
[INFO] running `Command { std: "docker" "rm" "-f" "21383118359c9337f1c9623368f2df822fef54b8e656745ff4b37a86daeace79", kill_on_drop: false }`
[INFO] [stdout] 21383118359c9337f1c9623368f2df822fef54b8e656745ff4b37a86daeace79
