[INFO] fetching crate cargo-asm 0.1.16...
[INFO] testing cargo-asm-0.1.16 against 1.54.0 for beta-1.55-1
[INFO] extracting crate cargo-asm 0.1.16 into /workspace/builds/worker-93/source
[INFO] validating manifest of crates.io crate cargo-asm 0.1.16 on toolchain 1.54.0
[INFO] running `Command { std: "/workspace/cargo-home/bin/cargo" "+1.54.0" "metadata" "--manifest-path" "Cargo.toml" "--no-deps", kill_on_drop: false }`
[INFO] started tweaking crates.io crate cargo-asm 0.1.16
[INFO] finished tweaking crates.io crate cargo-asm 0.1.16
[INFO] tweaked toml for crates.io crate cargo-asm 0.1.16 written to /workspace/builds/worker-93/source/Cargo.toml
[INFO] running `Command { std: "/workspace/cargo-home/bin/cargo" "+1.54.0" "generate-lockfile" "--manifest-path" "Cargo.toml" "-Zno-index-update", kill_on_drop: false }`
[INFO] [stderr]     Blocking waiting for file lock on package cache
[INFO] running `Command { std: "/workspace/cargo-home/bin/cargo" "+1.54.0" "fetch" "--manifest-path" "Cargo.toml", kill_on_drop: false }`
[INFO] [stderr] warning: file found to be present in multiple build targets: /workspace/builds/worker-93/source/src/main.rs
[INFO] [stderr]     Blocking waiting for file lock on package cache
[INFO] [stderr]     Blocking waiting for file lock on package cache
[INFO] running `Command { std: "docker" "create" "-v" "/var/lib/crater-agent-workspace/builds/worker-93/target:/opt/rustwide/target:rw,Z" "-v" "/var/lib/crater-agent-workspace/builds/worker-93/source:/opt/rustwide/workdir:ro,Z" "-v" "/var/lib/crater-agent-workspace/cargo-home:/opt/rustwide/cargo-home:ro,Z" "-v" "/var/lib/crater-agent-workspace/rustup-home:/opt/rustwide/rustup-home:ro,Z" "-e" "SOURCE_DIR=/opt/rustwide/workdir" "-e" "CARGO_TARGET_DIR=/opt/rustwide/target" "-e" "CARGO_HOME=/opt/rustwide/cargo-home" "-e" "RUSTUP_HOME=/opt/rustwide/rustup-home" "-w" "/opt/rustwide/workdir" "-m" "1610612736" "--user" "0:0" "--network" "none" "ghcr.io/rust-lang/crates-build-env/linux@sha256:34b6a614d2c27851fe6cbf88fbd1137609cefab8b10d0615aaeb6fd47975d74e" "/opt/rustwide/cargo-home/bin/cargo" "+1.54.0" "metadata" "--no-deps" "--format-version=1", kill_on_drop: false }`
[INFO] [stdout] ce3f993b6184ebaee6a66eebbb709e38252fa369cebfada7079b95d6814e6985
[INFO] running `Command { std: "docker" "start" "-a" "ce3f993b6184ebaee6a66eebbb709e38252fa369cebfada7079b95d6814e6985", kill_on_drop: false }`
[INFO] running `Command { std: "docker" "inspect" "ce3f993b6184ebaee6a66eebbb709e38252fa369cebfada7079b95d6814e6985", kill_on_drop: false }`
[INFO] running `Command { std: "docker" "rm" "-f" "ce3f993b6184ebaee6a66eebbb709e38252fa369cebfada7079b95d6814e6985", kill_on_drop: false }`
[INFO] [stdout] ce3f993b6184ebaee6a66eebbb709e38252fa369cebfada7079b95d6814e6985
[INFO] running `Command { std: "docker" "create" "-v" "/var/lib/crater-agent-workspace/builds/worker-93/target:/opt/rustwide/target:rw,Z" "-v" "/var/lib/crater-agent-workspace/builds/worker-93/source:/opt/rustwide/workdir:ro,Z" "-v" "/var/lib/crater-agent-workspace/cargo-home:/opt/rustwide/cargo-home:ro,Z" "-v" "/var/lib/crater-agent-workspace/rustup-home:/opt/rustwide/rustup-home:ro,Z" "-e" "SOURCE_DIR=/opt/rustwide/workdir" "-e" "CARGO_TARGET_DIR=/opt/rustwide/target" "-e" "CARGO_INCREMENTAL=0" "-e" "RUST_BACKTRACE=full" "-e" "RUSTFLAGS=--cap-lints=warn" "-e" "CARGO_HOME=/opt/rustwide/cargo-home" "-e" "RUSTUP_HOME=/opt/rustwide/rustup-home" "-w" "/opt/rustwide/workdir" "-m" "1610612736" "--user" "0:0" "--network" "none" "ghcr.io/rust-lang/crates-build-env/linux@sha256:34b6a614d2c27851fe6cbf88fbd1137609cefab8b10d0615aaeb6fd47975d74e" "/opt/rustwide/cargo-home/bin/cargo" "+1.54.0" "build" "--frozen" "--message-format=json", kill_on_drop: false }`
[INFO] [stdout] 774db3792554804be6c6c53b0c6d4f70e68c96c11e7a9e4faf98d963dbbd610b
[INFO] running `Command { std: "docker" "start" "-a" "774db3792554804be6c6c53b0c6d4f70e68c96c11e7a9e4faf98d963dbbd610b", kill_on_drop: false }`
[INFO] [stderr] warning: file found to be present in multiple build targets: /opt/rustwide/workdir/src/main.rs
[INFO] [stderr]     Blocking waiting for file lock on package cache
[INFO] [stderr]    Compiling libc v0.2.98
[INFO] [stderr]    Compiling proc-macro2 v1.0.28
[INFO] [stderr]    Compiling proc-macro2 v0.4.30
[INFO] [stderr]    Compiling unicode-xid v0.2.2
[INFO] [stderr]    Compiling syn v1.0.74
[INFO] [stderr]    Compiling maybe-uninit v2.0.0
[INFO] [stderr]    Compiling unicode-xid v0.1.0
[INFO] [stderr]    Compiling bitflags v1.2.1
[INFO] [stderr]    Compiling syn v0.15.44
[INFO] [stderr]    Compiling serde_derive v1.0.127
[INFO] [stderr]    Compiling ryu v1.0.5
[INFO] [stderr]    Compiling serde v1.0.127
[INFO] [stderr]    Compiling unicode-width v0.1.8
[INFO] [stderr]    Compiling unicode-segmentation v1.8.0
[INFO] [stderr]    Compiling vec_map v0.8.2
[INFO] [stderr]    Compiling serde_json v1.0.66
[INFO] [stderr]    Compiling ansi_term v0.11.0
[INFO] [stderr]    Compiling log v0.4.14
[INFO] [stderr]    Compiling strsim v0.8.0
[INFO] [stderr]    Compiling stable_deref_trait v1.2.0
[INFO] [stderr]    Compiling cfg-if v1.0.0
[INFO] [stderr]    Compiling itoa v0.4.7
[INFO] [stderr]    Compiling same-file v1.0.6
[INFO] [stderr]    Compiling edit-distance v2.1.0
[INFO] [stderr]    Compiling rustc-demangle v0.1.20
[INFO] [stderr]    Compiling termcolor v0.3.6
[INFO] [stderr]    Compiling lazy_static v1.4.0
[INFO] [stderr]    Compiling textwrap v0.11.0
[INFO] [stderr]    Compiling owning_ref v0.3.3
[INFO] [stderr]    Compiling walkdir v2.3.2
[INFO] [stderr]    Compiling atty v0.2.14
[INFO] [stderr]    Compiling rand v0.4.6
[INFO] [stderr]    Compiling heck v0.3.3
[INFO] [stderr]    Compiling quote v0.6.13
[INFO] [stderr]    Compiling smallvec v0.6.14
[INFO] [stderr]    Compiling quote v1.0.9
[INFO] [stderr]    Compiling parking_lot_core v0.2.14
[INFO] [stderr]    Compiling clap v2.33.3
[INFO] [stderr]    Compiling parking_lot v0.5.5
[INFO] [stderr]    Compiling structopt-derive v0.2.18
[INFO] [stderr]    Compiling structopt v0.2.18
[INFO] [stderr]    Compiling cargo-asm v0.1.16 (/opt/rustwide/workdir)
[INFO] [stdout] warning: unused `#[macro_use]` import
[INFO] [stdout]   --> src/main.rs:20:1
[INFO] [stdout]    |
[INFO] [stdout] 20 | #[macro_use]
[INFO] [stdout]    | ^^^^^^^^^^^^
[INFO] [stdout]    |
[INFO] [stdout]    = note: `#[warn(unused_imports)]` on by default
[INFO] [stdout] 
[INFO] [stdout] 
[INFO] [stdout] warning: unused `#[macro_use]` import
[INFO] [stdout]   --> src/main.rs:20:1
[INFO] [stdout]    |
[INFO] [stdout] 20 | #[macro_use]
[INFO] [stdout]    | ^^^^^^^^^^^^
[INFO] [stdout]    |
[INFO] [stdout]    = note: `#[warn(unused_imports)]` on by default
[INFO] [stdout] 
[INFO] [stdout] 
[INFO] [stdout] warning: unnecessary trailing semicolon
[INFO] [stdout]  --> src/llvmir.rs:7:42
[INFO] [stdout]   |
[INFO] [stdout] 7 |         debug!("Scanning file: {:?}", f);;
[INFO] [stdout]   |                                          ^ help: remove this semicolon
[INFO] [stdout]   |
[INFO] [stdout]   = note: `#[warn(redundant_semicolons)]` on by default
[INFO] [stdout] 
[INFO] [stdout] 
[INFO] [stdout] warning: unnecessary braces around block return value
[INFO] [stdout]   --> src/options.rs:11:9
[INFO] [stdout]    |
[INFO] [stdout] 11 |         { ::parking_lot::RwLock::new(read()) };
[INFO] [stdout]    |         ^^^^^^^^^^^^^^^^^^^^^^^^^^^^^^^^^^^^^^ help: remove these braces
[INFO] [stdout]    |
[INFO] [stdout]    = note: `#[warn(unused_braces)]` on by default
[INFO] [stdout] 
[INFO] [stdout] 
[INFO] [stdout] warning: unnecessary trailing semicolon
[INFO] [stdout]  --> src/llvmir.rs:7:42
[INFO] [stdout]   |
[INFO] [stdout] 7 |         debug!("Scanning file: {:?}", f);;
[INFO] [stdout]   |                                          ^ help: remove this semicolon
[INFO] [stdout]   |
[INFO] [stdout]   = note: `#[warn(redundant_semicolons)]` on by default
[INFO] [stdout] 
[INFO] [stdout] 
[INFO] [stdout] warning: unnecessary braces around block return value
[INFO] [stdout]   --> src/options.rs:11:9
[INFO] [stdout]    |
[INFO] [stdout] 11 |         { ::parking_lot::RwLock::new(read()) };
[INFO] [stdout]    |         ^^^^^^^^^^^^^^^^^^^^^^^^^^^^^^^^^^^^^^ help: remove these braces
[INFO] [stdout]    |
[INFO] [stdout]    = note: `#[warn(unused_braces)]` on by default
[INFO] [stdout] 
[INFO] [stdout] 
[INFO] [stdout] warning: unnecessary trailing semicolon
[INFO] [stdout]   --> src/rust.rs:84:49
[INFO] [stdout]    |
[INFO] [stdout] 84 |     debug!("Done inserting files: {:?}", files);;
[INFO] [stdout]    |                                                 ^ help: remove this semicolon
[INFO] [stdout] 
[INFO] [stdout] 
[INFO] [stdout] warning: unnecessary trailing semicolon
[INFO] [stdout]    --> src/rust.rs:104:55
[INFO] [stdout]     |
[INFO] [stdout] 104 |     debug!("Done filing holes in files: {:?}", files);;
[INFO] [stdout]     |                                                       ^ help: remove this semicolon
[INFO] [stdout] 
[INFO] [stdout] 
[INFO] [stdout] warning: unnecessary trailing semicolon
[INFO] [stdout]    --> src/rust.rs:109:59
[INFO] [stdout]     |
[INFO] [stdout] 109 |     debug!("Done correcting paths in files: {:?}", files);;
[INFO] [stdout]     |                                                           ^ help: remove this semicolon
[INFO] [stdout] 
[INFO] [stdout] 
[INFO] [stdout] warning: unnecessary trailing semicolon
[INFO] [stdout]    --> src/rust.rs:129:56
[INFO] [stdout]     |
[INFO] [stdout] 129 |     debug!("Done reading lines in files: {:?}", files);;
[INFO] [stdout]     |                                                        ^ help: remove this semicolon
[INFO] [stdout] 
[INFO] [stdout] 
[INFO] [stdout] warning: unnecessary trailing semicolon
[INFO] [stdout]   --> src/rust.rs:80:42
[INFO] [stdout]    |
[INFO] [stdout] 80 |             debug!("files: {:?}", files);;
[INFO] [stdout]    |                                          ^ help: remove this semicolon
[INFO] [stdout] 
[INFO] [stdout] 
[INFO] [stdout] warning: unnecessary trailing semicolon
[INFO] [stdout]   --> src/rust.rs:84:49
[INFO] [stdout]    |
[INFO] [stdout] 84 |     debug!("Done inserting files: {:?}", files);;
[INFO] [stdout]    |                                                 ^ help: remove this semicolon
[INFO] [stdout] 
[INFO] [stdout] 
[INFO] [stdout] warning: unnecessary trailing semicolon
[INFO] [stdout]    --> src/rust.rs:104:55
[INFO] [stdout]     |
[INFO] [stdout] 104 |     debug!("Done filing holes in files: {:?}", files);;
[INFO] [stdout]     |                                                       ^ help: remove this semicolon
[INFO] [stdout] 
[INFO] [stdout] 
[INFO] [stdout] warning: unnecessary trailing semicolon
[INFO] [stdout]    --> src/rust.rs:109:59
[INFO] [stdout]     |
[INFO] [stdout] 109 |     debug!("Done correcting paths in files: {:?}", files);;
[INFO] [stdout]     |                                                           ^ help: remove this semicolon
[INFO] [stdout] 
[INFO] [stdout] 
[INFO] [stdout] warning: unnecessary trailing semicolon
[INFO] [stdout]    --> src/rust.rs:129:56
[INFO] [stdout]     |
[INFO] [stdout] 129 |     debug!("Done reading lines in files: {:?}", files);;
[INFO] [stdout]     |                                                        ^ help: remove this semicolon
[INFO] [stdout] 
[INFO] [stdout] 
[INFO] [stdout] warning: unnecessary trailing semicolon
[INFO] [stdout]   --> src/rust.rs:80:42
[INFO] [stdout]    |
[INFO] [stdout] 80 |             debug!("files: {:?}", files);;
[INFO] [stdout]    |                                          ^ help: remove this semicolon
[INFO] [stdout] 
[INFO] [stdout] 
[INFO] [stdout] warning: variable does not need to be mutable
[INFO] [stdout]   --> src/rust.rs:90:13
[INFO] [stdout]    |
[INFO] [stdout] 90 |         let mut prev = 0;
[INFO] [stdout]    |             ----^^^^
[INFO] [stdout]    |             |
[INFO] [stdout]    |             help: remove this `mut`
[INFO] [stdout]    |
[INFO] [stdout]    = note: `#[warn(unused_mut)]` on by default
[INFO] [stdout] 
[INFO] [stdout] 
[INFO] [stdout] warning: variable does not need to be mutable
[INFO] [stdout]   --> src/rust.rs:90:13
[INFO] [stdout]    |
[INFO] [stdout] 90 |         let mut prev = 0;
[INFO] [stdout]    |             ----^^^^
[INFO] [stdout]    |             |
[INFO] [stdout]    |             help: remove this `mut`
[INFO] [stdout]    |
[INFO] [stdout]    = note: `#[warn(unused_mut)]` on by default
[INFO] [stdout] 
[INFO] [stdout] 
[INFO] [stdout] warning: 9 warnings emitted
[INFO] [stdout] 
[INFO] [stdout] 
[INFO] [stdout] warning: 9 warnings emitted
[INFO] [stdout] 
[INFO] [stdout] 
[INFO] [stderr]     Finished dev [unoptimized + debuginfo] target(s) in 39.83s
[INFO] running `Command { std: "docker" "inspect" "774db3792554804be6c6c53b0c6d4f70e68c96c11e7a9e4faf98d963dbbd610b", kill_on_drop: false }`
[INFO] running `Command { std: "docker" "rm" "-f" "774db3792554804be6c6c53b0c6d4f70e68c96c11e7a9e4faf98d963dbbd610b", kill_on_drop: false }`
[INFO] [stdout] 774db3792554804be6c6c53b0c6d4f70e68c96c11e7a9e4faf98d963dbbd610b
[INFO] running `Command { std: "docker" "create" "-v" "/var/lib/crater-agent-workspace/builds/worker-93/target:/opt/rustwide/target:rw,Z" "-v" "/var/lib/crater-agent-workspace/builds/worker-93/source:/opt/rustwide/workdir:ro,Z" "-v" "/var/lib/crater-agent-workspace/cargo-home:/opt/rustwide/cargo-home:ro,Z" "-v" "/var/lib/crater-agent-workspace/rustup-home:/opt/rustwide/rustup-home:ro,Z" "-e" "SOURCE_DIR=/opt/rustwide/workdir" "-e" "CARGO_TARGET_DIR=/opt/rustwide/target" "-e" "CARGO_INCREMENTAL=0" "-e" "RUST_BACKTRACE=full" "-e" "RUSTFLAGS=--cap-lints=warn" "-e" "CARGO_HOME=/opt/rustwide/cargo-home" "-e" "RUSTUP_HOME=/opt/rustwide/rustup-home" "-w" "/opt/rustwide/workdir" "-m" "1610612736" "--user" "0:0" "--network" "none" "ghcr.io/rust-lang/crates-build-env/linux@sha256:34b6a614d2c27851fe6cbf88fbd1137609cefab8b10d0615aaeb6fd47975d74e" "/opt/rustwide/cargo-home/bin/cargo" "+1.54.0" "test" "--frozen" "--no-run" "--message-format=json", kill_on_drop: false }`
[INFO] [stdout] 451e8069ad6bfdac5aa7c2fde4e090d2dc54817f2b19c6ed8f82760afb35e9d3
[INFO] running `Command { std: "docker" "start" "-a" "451e8069ad6bfdac5aa7c2fde4e090d2dc54817f2b19c6ed8f82760afb35e9d3", kill_on_drop: false }`
[INFO] [stderr] warning: file found to be present in multiple build targets: /opt/rustwide/workdir/src/main.rs
[INFO] [stderr]    Compiling version_check v0.9.3
[INFO] [stderr]    Compiling memchr v2.4.0
[INFO] [stderr]    Compiling ucd-trie v0.1.3
[INFO] [stderr]    Compiling ppv-lite86 v0.2.10
[INFO] [stderr]    Compiling autocfg v1.0.1
[INFO] [stderr]    Compiling pulldown-cmark v0.8.0
[INFO] [stderr]    Compiling cc v1.0.69
[INFO] [stderr]    Compiling remove_dir_all v0.5.3
[INFO] [stderr]    Compiling bytecount v0.6.2
[INFO] [stderr]    Compiling adler v1.0.2
[INFO] [stderr]    Compiling gimli v0.25.0
[INFO] [stderr]    Compiling glob v0.3.0
[INFO] [stderr]    Compiling difference v1.0.0
[INFO] [stderr]    Compiling environment v0.1.1
[INFO] [stderr]    Compiling getrandom v0.2.3
[INFO] [stderr]    Compiling colored v1.9.3
[INFO] [stderr]    Compiling cargo-platform v0.1.2
[INFO] [stdout] warning: unused `#[macro_use]` import
[INFO] [stdout]   --> src/main.rs:20:1
[INFO] [stdout]    |
[INFO] [stdout] 20 | #[macro_use]
[INFO] [stdout]    | ^^^^^^^^^^^^
[INFO] [stdout]    |
[INFO] [stdout]    = note: `#[warn(unused_imports)]` on by default
[INFO] [stdout] 
[INFO] [stdout] 
[INFO] [stdout] warning: unnecessary trailing semicolon
[INFO] [stdout]  --> src/llvmir.rs:7:42
[INFO] [stdout]   |
[INFO] [stdout] 7 |         debug!("Scanning file: {:?}", f);;
[INFO] [stdout]   |                                          ^ help: remove this semicolon
[INFO] [stdout]   |
[INFO] [stdout]   = note: `#[warn(redundant_semicolons)]` on by default
[INFO] [stdout] 
[INFO] [stdout] 
[INFO] [stdout] warning: unnecessary braces around block return value
[INFO] [stdout]   --> src/options.rs:11:9
[INFO] [stdout]    |
[INFO] [stdout] 11 |         { ::parking_lot::RwLock::new(read()) };
[INFO] [stdout]    |         ^^^^^^^^^^^^^^^^^^^^^^^^^^^^^^^^^^^^^^ help: remove these braces
[INFO] [stdout]    |
[INFO] [stdout]    = note: `#[warn(unused_braces)]` on by default
[INFO] [stdout] 
[INFO] [stdout] 
[INFO] [stdout] warning: unnecessary trailing semicolon
[INFO] [stdout]   --> src/rust.rs:84:49
[INFO] [stdout]    |
[INFO] [stdout] 84 |     debug!("Done inserting files: {:?}", files);;
[INFO] [stdout]    |                                                 ^ help: remove this semicolon
[INFO] [stdout] 
[INFO] [stdout] 
[INFO] [stdout] warning: unnecessary trailing semicolon
[INFO] [stdout]    --> src/rust.rs:104:55
[INFO] [stdout]     |
[INFO] [stdout] 104 |     debug!("Done filing holes in files: {:?}", files);;
[INFO] [stdout]     |                                                       ^ help: remove this semicolon
[INFO] [stdout] 
[INFO] [stdout] 
[INFO] [stdout] warning: unnecessary trailing semicolon
[INFO] [stdout]    --> src/rust.rs:109:59
[INFO] [stdout]     |
[INFO] [stdout] 109 |     debug!("Done correcting paths in files: {:?}", files);;
[INFO] [stdout]     |                                                           ^ help: remove this semicolon
[INFO] [stdout] 
[INFO] [stdout] 
[INFO] [stdout] warning: unnecessary trailing semicolon
[INFO] [stdout]    --> src/rust.rs:129:56
[INFO] [stdout]     |
[INFO] [stdout] 129 |     debug!("Done reading lines in files: {:?}", files);;
[INFO] [stdout]     |                                                        ^ help: remove this semicolon
[INFO] [stdout] 
[INFO] [stdout] 
[INFO] [stdout] warning: unnecessary trailing semicolon
[INFO] [stdout]   --> src/rust.rs:80:42
[INFO] [stdout]    |
[INFO] [stdout] 80 |             debug!("files: {:?}", files);;
[INFO] [stdout]    |                                          ^ help: remove this semicolon
[INFO] [stdout] 
[INFO] [stdout] 
[INFO] [stdout] warning: variable does not need to be mutable
[INFO] [stdout]   --> src/rust.rs:90:13
[INFO] [stdout]    |
[INFO] [stdout] 90 |         let mut prev = 0;
[INFO] [stdout]    |             ----^^^^
[INFO] [stdout]    |             |
[INFO] [stdout]    |             help: remove this `mut`
[INFO] [stdout]    |
[INFO] [stdout]    = note: `#[warn(unused_mut)]` on by default
[INFO] [stdout] 
[INFO] [stdout] 
[INFO] [stdout] warning: 9 warnings emitted
[INFO] [stdout] 
[INFO] [stdout] 
[INFO] [stdout] warning: unused `#[macro_use]` import
[INFO] [stdout]   --> src/main.rs:20:1
[INFO] [stdout]    |
[INFO] [stdout] 20 | #[macro_use]
[INFO] [stdout]    | ^^^^^^^^^^^^
[INFO] [stdout]    |
[INFO] [stdout]    = note: `#[warn(unused_imports)]` on by default
[INFO] [stdout] 
[INFO] [stdout] 
[INFO] [stdout] warning: unnecessary trailing semicolon
[INFO] [stdout]  --> src/llvmir.rs:7:42
[INFO] [stdout]   |
[INFO] [stdout] 7 |         debug!("Scanning file: {:?}", f);;
[INFO] [stdout]   |                                          ^ help: remove this semicolon
[INFO] [stdout]   |
[INFO] [stdout]   = note: `#[warn(redundant_semicolons)]` on by default
[INFO] [stdout] 
[INFO] [stdout] 
[INFO] [stdout] warning: unnecessary braces around block return value
[INFO] [stdout]   --> src/options.rs:11:9
[INFO] [stdout]    |
[INFO] [stdout] 11 |         { ::parking_lot::RwLock::new(read()) };
[INFO] [stdout]    |         ^^^^^^^^^^^^^^^^^^^^^^^^^^^^^^^^^^^^^^ help: remove these braces
[INFO] [stdout]    |
[INFO] [stdout]    = note: `#[warn(unused_braces)]` on by default
[INFO] [stdout] 
[INFO] [stdout] 
[INFO] [stdout] warning: unnecessary trailing semicolon
[INFO] [stdout]   --> src/rust.rs:84:49
[INFO] [stdout]    |
[INFO] [stdout] 84 |     debug!("Done inserting files: {:?}", files);;
[INFO] [stdout]    |                                                 ^ help: remove this semicolon
[INFO] [stdout] 
[INFO] [stdout] 
[INFO] [stdout] warning: unnecessary trailing semicolon
[INFO] [stdout]    --> src/rust.rs:104:55
[INFO] [stdout]     |
[INFO] [stdout] 104 |     debug!("Done filing holes in files: {:?}", files);;
[INFO] [stdout]     |                                                       ^ help: remove this semicolon
[INFO] [stdout] 
[INFO] [stdout] 
[INFO] [stdout] warning: unnecessary trailing semicolon
[INFO] [stdout]    --> src/rust.rs:109:59
[INFO] [stdout]     |
[INFO] [stdout] 109 |     debug!("Done correcting paths in files: {:?}", files);;
[INFO] [stdout]     |                                                           ^ help: remove this semicolon
[INFO] [stdout] 
[INFO] [stdout] 
[INFO] [stdout] warning: unnecessary trailing semicolon
[INFO] [stdout]    --> src/rust.rs:129:56
[INFO] [stdout]     |
[INFO] [stdout] 129 |     debug!("Done reading lines in files: {:?}", files);;
[INFO] [stdout]     |                                                        ^ help: remove this semicolon
[INFO] [stdout] 
[INFO] [stdout] 
[INFO] [stdout] warning: unnecessary trailing semicolon
[INFO] [stdout]   --> src/rust.rs:80:42
[INFO] [stdout]    |
[INFO] [stdout] 80 |             debug!("files: {:?}", files);;
[INFO] [stdout]    |                                          ^ help: remove this semicolon
[INFO] [stdout] 
[INFO] [stdout] 
[INFO] [stdout] warning: variable does not need to be mutable
[INFO] [stdout]   --> src/rust.rs:90:13
[INFO] [stdout]    |
[INFO] [stdout] 90 |         let mut prev = 0;
[INFO] [stdout]    |             ----^^^^
[INFO] [stdout]    |             |
[INFO] [stdout]    |             help: remove this `mut`
[INFO] [stdout]    |
[INFO] [stdout]    = note: `#[warn(unused_mut)]` on by default
[INFO] [stdout] 
[INFO] [stdout] 
[INFO] [stdout] warning: 9 warnings emitted
[INFO] [stdout] 
[INFO] [stdout] 
[INFO] [stderr]    Compiling pest v2.1.3
[INFO] [stderr]    Compiling rand_core v0.6.3
[INFO] [stderr]    Compiling miniz_oxide v0.4.4
[INFO] [stderr]    Compiling rand_chacha v0.3.1
[INFO] [stderr]    Compiling rand v0.8.4
[INFO] [stderr]    Compiling unicase v2.6.0
[INFO] [stderr]    Compiling error-chain v0.12.4
[INFO] [stderr]    Compiling object v0.26.0
[INFO] [stderr]    Compiling backtrace v0.3.61
[INFO] [stderr]    Compiling tempfile v3.2.0
[INFO] [stderr]    Compiling semver-parser v0.10.2
[INFO] [stderr]    Compiling semver v0.11.0
[INFO] [stderr]    Compiling cargo_metadata v0.12.3
[INFO] [stderr]    Compiling addr2line v0.16.0
[INFO] [stderr]    Compiling skeptic v0.13.6
[INFO] [stderr]    Compiling assert_cli v0.5.4
[INFO] [stderr]    Compiling error-chain v0.11.0
[INFO] [stderr]    Compiling cargo-asm v0.1.16 (/opt/rustwide/workdir)
[INFO] [stdout] warning: unused `#[macro_use]` import
[INFO] [stdout]   --> src/main.rs:20:1
[INFO] [stdout]    |
[INFO] [stdout] 20 | #[macro_use]
[INFO] [stdout]    | ^^^^^^^^^^^^
[INFO] [stdout]    |
[INFO] [stdout]    = note: `#[warn(unused_imports)]` on by default
[INFO] [stdout] 
[INFO] [stdout] 
[INFO] [stdout] warning: unnecessary trailing semicolon
[INFO] [stdout]  --> src/llvmir.rs:7:42
[INFO] [stdout]   |
[INFO] [stdout] 7 |         debug!("Scanning file: {:?}", f);;
[INFO] [stdout]   |                                          ^ help: remove this semicolon
[INFO] [stdout]   |
[INFO] [stdout]   = note: `#[warn(redundant_semicolons)]` on by default
[INFO] [stdout] 
[INFO] [stdout] 
[INFO] [stdout] warning: unnecessary braces around block return value
[INFO] [stdout]   --> src/options.rs:11:9
[INFO] [stdout]    |
[INFO] [stdout] 11 |         { ::parking_lot::RwLock::new(read()) };
[INFO] [stdout]    |         ^^^^^^^^^^^^^^^^^^^^^^^^^^^^^^^^^^^^^^ help: remove these braces
[INFO] [stdout]    |
[INFO] [stdout]    = note: `#[warn(unused_braces)]` on by default
[INFO] [stdout] 
[INFO] [stdout] 
[INFO] [stdout] warning: unnecessary trailing semicolon
[INFO] [stdout]   --> src/rust.rs:84:49
[INFO] [stdout]    |
[INFO] [stdout] 84 |     debug!("Done inserting files: {:?}", files);;
[INFO] [stdout]    |                                                 ^ help: remove this semicolon
[INFO] [stdout] 
[INFO] [stdout] 
[INFO] [stdout] warning: unnecessary trailing semicolon
[INFO] [stdout]    --> src/rust.rs:104:55
[INFO] [stdout]     |
[INFO] [stdout] 104 |     debug!("Done filing holes in files: {:?}", files);;
[INFO] [stdout]     |                                                       ^ help: remove this semicolon
[INFO] [stdout] 
[INFO] [stdout] 
[INFO] [stdout] warning: unnecessary trailing semicolon
[INFO] [stdout]    --> src/rust.rs:109:59
[INFO] [stdout]     |
[INFO] [stdout] 109 |     debug!("Done correcting paths in files: {:?}", files);;
[INFO] [stdout]     |                                                           ^ help: remove this semicolon
[INFO] [stdout] 
[INFO] [stdout] 
[INFO] [stdout] warning: unnecessary trailing semicolon
[INFO] [stdout]    --> src/rust.rs:129:56
[INFO] [stdout]     |
[INFO] [stdout] 129 |     debug!("Done reading lines in files: {:?}", files);;
[INFO] [stdout]     |                                                        ^ help: remove this semicolon
[INFO] [stdout] 
[INFO] [stdout] 
[INFO] [stdout] warning: unnecessary trailing semicolon
[INFO] [stdout]   --> src/rust.rs:80:42
[INFO] [stdout]    |
[INFO] [stdout] 80 |             debug!("files: {:?}", files);;
[INFO] [stdout]    |                                          ^ help: remove this semicolon
[INFO] [stdout] 
[INFO] [stdout] 
[INFO] [stdout] warning: unused `#[macro_use]` import
[INFO] [stdout]   --> src/main.rs:20:1
[INFO] [stdout]    |
[INFO] [stdout] 20 | #[macro_use]
[INFO] [stdout]    | ^^^^^^^^^^^^
[INFO] [stdout]    |
[INFO] [stdout]    = note: `#[warn(unused_imports)]` on by default
[INFO] [stdout] 
[INFO] [stdout] 
[INFO] [stdout] warning: unnecessary trailing semicolon
[INFO] [stdout]  --> src/llvmir.rs:7:42
[INFO] [stdout]   |
[INFO] [stdout] 7 |         debug!("Scanning file: {:?}", f);;
[INFO] [stdout]   |                                          ^ help: remove this semicolon
[INFO] [stdout]   |
[INFO] [stdout]   = note: `#[warn(redundant_semicolons)]` on by default
[INFO] [stdout] 
[INFO] [stdout] 
[INFO] [stdout] warning: unnecessary braces around block return value
[INFO] [stdout]   --> src/options.rs:11:9
[INFO] [stdout]    |
[INFO] [stdout] 11 |         { ::parking_lot::RwLock::new(read()) };
[INFO] [stdout]    |         ^^^^^^^^^^^^^^^^^^^^^^^^^^^^^^^^^^^^^^ help: remove these braces
[INFO] [stdout]    |
[INFO] [stdout]    = note: `#[warn(unused_braces)]` on by default
[INFO] [stdout] 
[INFO] [stdout] 
[INFO] [stdout] warning: unnecessary trailing semicolon
[INFO] [stdout]   --> src/rust.rs:84:49
[INFO] [stdout]    |
[INFO] [stdout] 84 |     debug!("Done inserting files: {:?}", files);;
[INFO] [stdout]    |                                                 ^ help: remove this semicolon
[INFO] [stdout] 
[INFO] [stdout] 
[INFO] [stdout] warning: unnecessary trailing semicolon
[INFO] [stdout]    --> src/rust.rs:104:55
[INFO] [stdout]     |
[INFO] [stdout] 104 |     debug!("Done filing holes in files: {:?}", files);;
[INFO] [stdout]     |                                                       ^ help: remove this semicolon
[INFO] [stdout] 
[INFO] [stdout] 
[INFO] [stdout] warning: unnecessary trailing semicolon
[INFO] [stdout]    --> src/rust.rs:109:59
[INFO] [stdout]     |
[INFO] [stdout] 109 |     debug!("Done correcting paths in files: {:?}", files);;
[INFO] [stdout]     |                                                           ^ help: remove this semicolon
[INFO] [stdout] 
[INFO] [stdout] 
[INFO] [stdout] warning: unnecessary trailing semicolon
[INFO] [stdout]    --> src/rust.rs:129:56
[INFO] [stdout]     |
[INFO] [stdout] 129 |     debug!("Done reading lines in files: {:?}", files);;
[INFO] [stdout]     |                                                        ^ help: remove this semicolon
[INFO] [stdout] 
[INFO] [stdout] 
[INFO] [stdout] warning: unnecessary trailing semicolon
[INFO] [stdout]   --> src/rust.rs:80:42
[INFO] [stdout]    |
[INFO] [stdout] 80 |             debug!("files: {:?}", files);;
[INFO] [stdout]    |                                          ^ help: remove this semicolon
[INFO] [stdout] 
[INFO] [stdout] 
[INFO] [stdout] warning: variable does not need to be mutable
[INFO] [stdout]   --> src/rust.rs:90:13
[INFO] [stdout]    |
[INFO] [stdout] 90 |         let mut prev = 0;
[INFO] [stdout]    |             ----^^^^
[INFO] [stdout]    |             |
[INFO] [stdout]    |             help: remove this `mut`
[INFO] [stdout]    |
[INFO] [stdout]    = note: `#[warn(unused_mut)]` on by default
[INFO] [stdout] 
[INFO] [stdout] 
[INFO] [stdout] warning: variable does not need to be mutable
[INFO] [stdout]   --> src/rust.rs:90:13
[INFO] [stdout]    |
[INFO] [stdout] 90 |         let mut prev = 0;
[INFO] [stdout]    |             ----^^^^
[INFO] [stdout]    |             |
[INFO] [stdout]    |             help: remove this `mut`
[INFO] [stdout]    |
[INFO] [stdout]    = note: `#[warn(unused_mut)]` on by default
[INFO] [stdout] 
[INFO] [stdout] 
[INFO] [stdout] warning: 9 warnings emitted
[INFO] [stdout] 
[INFO] [stdout] 
[INFO] [stdout] warning: 9 warnings emitted
[INFO] [stdout] 
[INFO] [stdout] 
[INFO] [stderr]     Finished test [unoptimized + debuginfo] target(s) in 10.64s
[INFO] running `Command { std: "docker" "inspect" "451e8069ad6bfdac5aa7c2fde4e090d2dc54817f2b19c6ed8f82760afb35e9d3", kill_on_drop: false }`
[INFO] running `Command { std: "docker" "rm" "-f" "451e8069ad6bfdac5aa7c2fde4e090d2dc54817f2b19c6ed8f82760afb35e9d3", kill_on_drop: false }`
[INFO] [stdout] 451e8069ad6bfdac5aa7c2fde4e090d2dc54817f2b19c6ed8f82760afb35e9d3
[INFO] running `Command { std: "docker" "create" "-v" "/var/lib/crater-agent-workspace/builds/worker-93/target:/opt/rustwide/target:rw,Z" "-v" "/var/lib/crater-agent-workspace/builds/worker-93/source:/opt/rustwide/workdir:ro,Z" "-v" "/var/lib/crater-agent-workspace/cargo-home:/opt/rustwide/cargo-home:ro,Z" "-v" "/var/lib/crater-agent-workspace/rustup-home:/opt/rustwide/rustup-home:ro,Z" "-e" "SOURCE_DIR=/opt/rustwide/workdir" "-e" "CARGO_TARGET_DIR=/opt/rustwide/target" "-e" "CARGO_INCREMENTAL=0" "-e" "RUST_BACKTRACE=full" "-e" "RUSTFLAGS=--cap-lints=warn" "-e" "CARGO_HOME=/opt/rustwide/cargo-home" "-e" "RUSTUP_HOME=/opt/rustwide/rustup-home" "-w" "/opt/rustwide/workdir" "-m" "1610612736" "--user" "0:0" "--network" "none" "ghcr.io/rust-lang/crates-build-env/linux@sha256:34b6a614d2c27851fe6cbf88fbd1137609cefab8b10d0615aaeb6fd47975d74e" "/opt/rustwide/cargo-home/bin/cargo" "+1.54.0" "test" "--frozen", kill_on_drop: false }`
[INFO] [stdout] d4bdf979dc7a93f13b01fedf5c4044c6c90bccb5512223f235aee517daea3ad4
[INFO] running `Command { std: "docker" "start" "-a" "d4bdf979dc7a93f13b01fedf5c4044c6c90bccb5512223f235aee517daea3ad4", kill_on_drop: false }`
[INFO] [stderr] warning: file found to be present in multiple build targets: /opt/rustwide/workdir/src/main.rs
[INFO] [stderr]     Blocking waiting for file lock on package cache
[INFO] [stderr] warning: unused `#[macro_use]` import
[INFO] [stderr]   --> src/main.rs:20:1
[INFO] [stderr]    |
[INFO] [stderr] 20 | #[macro_use]
[INFO] [stderr]    | ^^^^^^^^^^^^
[INFO] [stderr]    |
[INFO] [stderr]    = note: `#[warn(unused_imports)]` on by default
[INFO] [stderr] 
[INFO] [stderr] warning: unnecessary trailing semicolon
[INFO] [stderr]  --> src/llvmir.rs:7:42
[INFO] [stderr]   |
[INFO] [stderr] 7 |         debug!("Scanning file: {:?}", f);;
[INFO] [stderr]   |                                          ^ help: remove this semicolon
[INFO] [stderr]   |
[INFO] [stderr]   = note: `#[warn(redundant_semicolons)]` on by default
[INFO] [stderr] 
[INFO] [stderr] warning: unnecessary braces around block return value
[INFO] [stderr]   --> src/options.rs:11:9
[INFO] [stderr]    |
[INFO] [stderr] 11 |         { ::parking_lot::RwLock::new(read()) };
[INFO] [stderr]    |         ^^^^^^^^^^^^^^^^^^^^^^^^^^^^^^^^^^^^^^ help: remove these braces
[INFO] [stderr]    |
[INFO] [stderr]    = note: `#[warn(unused_braces)]` on by default
[INFO] [stderr] 
[INFO] [stderr] warning: unnecessary trailing semicolon
[INFO] [stderr]   --> src/rust.rs:84:49
[INFO] [stderr]    |
[INFO] [stderr] 84 |     debug!("Done inserting files: {:?}", files);;
[INFO] [stderr]    |                                                 ^ help: remove this semicolon
[INFO] [stderr] 
[INFO] [stderr] warning: unnecessary trailing semicolon
[INFO] [stderr]    --> src/rust.rs:104:55
[INFO] [stderr]     |
[INFO] [stderr] 104 |     debug!("Done filing holes in files: {:?}", files);;
[INFO] [stderr]     |                                                       ^ help: remove this semicolon
[INFO] [stderr] 
[INFO] [stderr] warning: unnecessary trailing semicolon
[INFO] [stderr]    --> src/rust.rs:109:59
[INFO] [stderr]     |
[INFO] [stderr] 109 |     debug!("Done correcting paths in files: {:?}", files);;
[INFO] [stderr]     |                                                           ^ help: remove this semicolon
[INFO] [stderr] 
[INFO] [stderr] warning: unnecessary trailing semicolon
[INFO] [stderr]    --> src/rust.rs:129:56
[INFO] [stderr]     |
[INFO] [stderr] 129 |     debug!("Done reading lines in files: {:?}", files);;
[INFO] [stderr]     |                                                        ^ help: remove this semicolon
[INFO] [stderr] 
[INFO] [stderr] warning: unnecessary trailing semicolon
[INFO] [stderr]   --> src/rust.rs:80:42
[INFO] [stderr]    |
[INFO] [stderr] 80 |             debug!("files: {:?}", files);;
[INFO] [stderr]    |                                          ^ help: remove this semicolon
[INFO] [stderr] 
[INFO] [stderr] warning: variable does not need to be mutable
[INFO] [stderr]   --> src/rust.rs:90:13
[INFO] [stderr]    |
[INFO] [stderr] 90 |         let mut prev = 0;
[INFO] [stderr]    |             ----^^^^
[INFO] [stderr]    |             |
[INFO] [stderr]    |             help: remove this `mut`
[INFO] [stderr]    |
[INFO] [stderr]    = note: `#[warn(unused_mut)]` on by default
[INFO] [stderr] 
[INFO] [stderr] warning: 9 warnings emitted
[INFO] [stderr] 
[INFO] [stderr] warning: unused `#[macro_use]` import
[INFO] [stderr]   --> src/main.rs:20:1
[INFO] [stderr]    |
[INFO] [stderr] 20 | #[macro_use]
[INFO] [stderr]    | ^^^^^^^^^^^^
[INFO] [stderr]    |
[INFO] [stderr]    = note: `#[warn(unused_imports)]` on by default
[INFO] [stderr] 
[INFO] [stderr] warning: unnecessary trailing semicolon
[INFO] [stderr]  --> src/llvmir.rs:7:42
[INFO] [stderr]   |
[INFO] [stderr] 7 |         debug!("Scanning file: {:?}", f);;
[INFO] [stderr]   |                                          ^ help: remove this semicolon
[INFO] [stderr]   |
[INFO] [stderr]   = note: `#[warn(redundant_semicolons)]` on by default
[INFO] [stderr] 
[INFO] [stderr] warning: unnecessary braces around block return value
[INFO] [stderr]   --> src/options.rs:11:9
[INFO] [stderr]    |
[INFO] [stderr] 11 |         { ::parking_lot::RwLock::new(read()) };
[INFO] [stderr]    |         ^^^^^^^^^^^^^^^^^^^^^^^^^^^^^^^^^^^^^^ help: remove these braces
[INFO] [stderr]    |
[INFO] [stderr]    = note: `#[warn(unused_braces)]` on by default
[INFO] [stderr] 
[INFO] [stderr] warning: unnecessary trailing semicolon
[INFO] [stderr]   --> src/rust.rs:84:49
[INFO] [stderr]    |
[INFO] [stderr] 84 |     debug!("Done inserting files: {:?}", files);;
[INFO] [stderr]    |                                                 ^ help: remove this semicolon
[INFO] [stderr] 
[INFO] [stderr] warning: unnecessary trailing semicolon
[INFO] [stderr]    --> src/rust.rs:104:55
[INFO] [stderr]     |
[INFO] [stderr] 104 |     debug!("Done filing holes in files: {:?}", files);;
[INFO] [stderr]     |                                                       ^ help: remove this semicolon
[INFO] [stderr] 
[INFO] [stderr] warning: unnecessary trailing semicolon
[INFO] [stderr]    --> src/rust.rs:109:59
[INFO] [stderr]     |
[INFO] [stderr] 109 |     debug!("Done correcting paths in files: {:?}", files);;
[INFO] [stderr]     |                                                           ^ help: remove this semicolon
[INFO] [stderr] 
[INFO] [stderr] warning: unnecessary trailing semicolon
[INFO] [stderr]    --> src/rust.rs:129:56
[INFO] [stderr]     |
[INFO] [stderr] 129 |     debug!("Done reading lines in files: {:?}", files);;
[INFO] [stderr]     |                                                        ^ help: remove this semicolon
[INFO] [stderr] 
[INFO] [stderr] warning: unnecessary trailing semicolon
[INFO] [stderr]   --> src/rust.rs:80:42
[INFO] [stderr]    |
[INFO] [stderr] 80 |             debug!("files: {:?}", files);;
[INFO] [stderr]    |                                          ^ help: remove this semicolon
[INFO] [stderr] 
[INFO] [stderr] warning: variable does not need to be mutable
[INFO] [stderr]   --> src/rust.rs:90:13
[INFO] [stderr]    |
[INFO] [stderr] 90 |         let mut prev = 0;
[INFO] [stderr]    |             ----^^^^
[INFO] [stderr]    |             |
[INFO] [stderr]    |             help: remove this `mut`
[INFO] [stderr]    |
[INFO] [stderr]    = note: `#[warn(unused_mut)]` on by default
[INFO] [stderr] 
[INFO] [stderr] warning: 9 warnings emitted
[INFO] [stderr] 
[INFO] [stderr] warning: unused `#[macro_use]` import
[INFO] [stderr]   --> src/main.rs:20:1
[INFO] [stderr]    |
[INFO] [stderr] 20 | #[macro_use]
[INFO] [stderr]    | ^^^^^^^^^^^^
[INFO] [stderr]    |
[INFO] [stderr]    = note: `#[warn(unused_imports)]` on by default
[INFO] [stderr] 
[INFO] [stderr] warning: unnecessary trailing semicolon
[INFO] [stderr]  --> src/llvmir.rs:7:42
[INFO] [stderr]   |
[INFO] [stderr] 7 |         debug!("Scanning file: {:?}", f);;
[INFO] [stderr]   |                                          ^ help: remove this semicolon
[INFO] [stderr]   |
[INFO] [stderr]   = note: `#[warn(redundant_semicolons)]` on by default
[INFO] [stderr] 
[INFO] [stderr] warning: unnecessary braces around block return value
[INFO] [stderr]   --> src/options.rs:11:9
[INFO] [stderr]    |
[INFO] [stderr] 11 |         { ::parking_lot::RwLock::new(read()) };
[INFO] [stderr]    |         ^^^^^^^^^^^^^^^^^^^^^^^^^^^^^^^^^^^^^^ help: remove these braces
[INFO] [stderr]    |
[INFO] [stderr]    = note: `#[warn(unused_braces)]` on by default
[INFO] [stderr] 
[INFO] [stderr] warning: unnecessary trailing semicolon
[INFO] [stderr]   --> src/rust.rs:84:49
[INFO] [stderr]    |
[INFO] [stderr] 84 |     debug!("Done inserting files: {:?}", files);;
[INFO] [stderr]    |                                                 ^ help: remove this semicolon
[INFO] [stderr] 
[INFO] [stderr] warning: unnecessary trailing semicolon
[INFO] [stderr]    --> src/rust.rs:104:55
[INFO] [stderr]     |
[INFO] [stderr] 104 |     debug!("Done filing holes in files: {:?}", files);;
[INFO] [stderr]     |                                                       ^ help: remove this semicolon
[INFO] [stderr] 
[INFO] [stderr] warning: unnecessary trailing semicolon
[INFO] [stderr]    --> src/rust.rs:109:59
[INFO] [stderr]     |
[INFO] [stderr] 109 |     debug!("Done correcting paths in files: {:?}", files);;
[INFO] [stderr]     |                                                           ^ help: remove this semicolon
[INFO] [stderr] 
[INFO] [stderr] warning: unnecessary trailing semicolon
[INFO] [stderr]    --> src/rust.rs:129:56
[INFO] [stderr]     |
[INFO] [stderr] 129 |     debug!("Done reading lines in files: {:?}", files);;
[INFO] [stderr]     |                                                        ^ help: remove this semicolon
[INFO] [stderr] 
[INFO] [stderr] warning: unnecessary trailing semicolon
[INFO] [stderr]   --> src/rust.rs:80:42
[INFO] [stderr]    |
[INFO] [stderr] 80 |             debug!("files: {:?}", files);;
[INFO] [stderr]    |                                          ^ help: remove this semicolon
[INFO] [stderr] 
[INFO] [stderr] warning: variable does not need to be mutable
[INFO] [stderr]   --> src/rust.rs:90:13
[INFO] [stderr]    |
[INFO] [stderr] 90 |         let mut prev = 0;
[INFO] [stderr]    |             ----^^^^
[INFO] [stderr]    |             |
[INFO] [stderr]    |             help: remove this `mut`
[INFO] [stderr]    |
[INFO] [stderr]    = note: `#[warn(unused_mut)]` on by default
[INFO] [stderr] 
[INFO] [stderr] warning: 9 warnings emitted
[INFO] [stderr] 
[INFO] [stderr] warning: unused `#[macro_use]` import
[INFO] [stderr]   --> src/main.rs:20:1
[INFO] [stderr]    |
[INFO] [stderr] 20 | #[macro_use]
[INFO] [stderr]    | ^^^^^^^^^^^^
[INFO] [stderr]    |
[INFO] [stderr]    = note: `#[warn(unused_imports)]` on by default
[INFO] [stderr] 
[INFO] [stderr] warning: unnecessary trailing semicolon
[INFO] [stderr]  --> src/llvmir.rs:7:42
[INFO] [stderr]   |
[INFO] [stderr] 7 |         debug!("Scanning file: {:?}", f);;
[INFO] [stderr]   |                                          ^ help: remove this semicolon
[INFO] [stderr]   |
[INFO] [stderr]   = note: `#[warn(redundant_semicolons)]` on by default
[INFO] [stderr] 
[INFO] [stderr] warning: unnecessary braces around block return value
[INFO] [stderr]   --> src/options.rs:11:9
[INFO] [stderr]    |
[INFO] [stderr] 11 |         { ::parking_lot::RwLock::new(read()) };
[INFO] [stderr]    |         ^^^^^^^^^^^^^^^^^^^^^^^^^^^^^^^^^^^^^^ help: remove these braces
[INFO] [stderr]    |
[INFO] [stderr]    = note: `#[warn(unused_braces)]` on by default
[INFO] [stderr] 
[INFO] [stderr] warning: unnecessary trailing semicolon
[INFO] [stderr]   --> src/rust.rs:84:49
[INFO] [stderr]    |
[INFO] [stderr] 84 |     debug!("Done inserting files: {:?}", files);;
[INFO] [stderr]    |                                                 ^ help: remove this semicolon
[INFO] [stderr] 
[INFO] [stderr] warning: unnecessary trailing semicolon
[INFO] [stderr]    --> src/rust.rs:104:55
[INFO] [stderr]     |
[INFO] [stderr] 104 |     debug!("Done filing holes in files: {:?}", files);;
[INFO] [stderr]     |                                                       ^ help: remove this semicolon
[INFO] [stderr] 
[INFO] [stderr] warning: unnecessary trailing semicolon
[INFO] [stderr]    --> src/rust.rs:109:59
[INFO] [stderr]     |
[INFO] [stderr] 109 |     debug!("Done correcting paths in files: {:?}", files);;
[INFO] [stderr]     |                                                           ^ help: remove this semicolon
[INFO] [stderr] 
[INFO] [stderr] warning: unnecessary trailing semicolon
[INFO] [stderr]    --> src/rust.rs:129:56
[INFO] [stderr]     |
[INFO] [stderr] 129 |     debug!("Done reading lines in files: {:?}", files);;
[INFO] [stderr]     |                                                        ^ help: remove this semicolon
[INFO] [stderr] 
[INFO] [stderr] warning: unnecessary trailing semicolon
[INFO] [stderr]   --> src/rust.rs:80:42
[INFO] [stderr]    |
[INFO] [stderr] 80 |             debug!("files: {:?}", files);;
[INFO] [stderr]    |                                          ^ help: remove this semicolon
[INFO] [stderr] 
[INFO] [stderr] warning: variable does not need to be mutable
[INFO] [stderr]   --> src/rust.rs:90:13
[INFO] [stderr]    |
[INFO] [stderr] 90 |         let mut prev = 0;
[INFO] [stderr]    |             ----^^^^
[INFO] [stderr]    |             |
[INFO] [stderr]    |             help: remove this `mut`
[INFO] [stderr]    |
[INFO] [stderr]    = note: `#[warn(unused_mut)]` on by default
[INFO] [stderr] 
[INFO] [stderr] warning: 9 warnings emitted
[INFO] [stderr] 
[INFO] [stderr]     Finished test [unoptimized + debuginfo] target(s) in 1.30s
[INFO] [stdout] 
[INFO] [stderr]      Running unittests (/opt/rustwide/target/debug/deps/cargo_asm-05e4de1ccb8ef2ad)
[INFO] [stdout] running 2 tests
[INFO] [stderr]      Running unittests (/opt/rustwide/target/debug/deps/cargo_llvm_ir-d30e57c9b0dbc720)
[INFO] [stdout] test asm::ast::tests::replace_slashes ... ok
[INFO] [stdout] test path::tests::contains ... ok
[INFO] [stdout] 
[INFO] [stdout] test result: ok. 2 passed; 0 failed; 0 ignored; 0 measured; 0 filtered out; finished in 0.01s
[INFO] [stdout] 
[INFO] [stdout] 
[INFO] [stdout] running 2 tests
[INFO] [stdout] test asm::ast::tests::replace_slashes ... ok
[INFO] [stderr]      Running tests/cli.rs (/opt/rustwide/target/debug/deps/cli-c72f5f2099ad4904)
[INFO] [stdout] test path::tests::contains ... ok
[INFO] [stdout] 
[INFO] [stdout] test result: ok. 2 passed; 0 failed; 0 ignored; 0 measured; 0 filtered out; finished in 0.01s
[INFO] [stdout] 
[INFO] [stdout] 
[INFO] [stdout] running 9 tests
[INFO] [stdout] test sum_array ... FAILED
[INFO] [stderr] error: test failed, to rerun pass '--test cli'
[INFO] [stdout] test trait_method ... FAILED
[INFO] [stdout] test max_array_rust ... FAILED
[INFO] [stdout] test max_array ... FAILED
[INFO] [stdout] test sum_array_rust ... FAILED
[INFO] [stdout] test cargo_features ... FAILED
[INFO] [stdout] test inherent_method ... FAILED
[INFO] [stdout] test generic_function ... FAILED
[INFO] [stdout] test completions ... FAILED
[INFO] [stdout] 
[INFO] [stdout] failures:
[INFO] [stdout] 
[INFO] [stdout] ---- sum_array stdout ----
[INFO] [stdout] thread 'sum_array' panicked at 'CLI assertion failed: (command `cargo run --bin cargo-asm -- asm --manifest-path cargo-asm-test/lib_crate --no-color --debug-info lib_crate::sum_array` expected to succeed)
[INFO] [stdout] status=failed
[INFO] [stdout] stdout=``````
[INFO] [stdout] stderr=```warning: file found to be present in multiple build targets: /opt/rustwide/workdir/src/main.rs
[INFO] [stdout] warning: unused `#[macro_use]` import
[INFO] [stdout]   --> src/main.rs:20:1
[INFO] [stdout]    |
[INFO] [stdout] 20 | #[macro_use]
[INFO] [stdout]    | ^^^^^^^^^^^^
[INFO] [stdout]    |
[INFO] [stdout]    = note: `#[warn(unused_imports)]` on by default
[INFO] [stdout] 
[INFO] [stdout] warning: unnecessary trailing semicolon
[INFO] [stdout]  --> src/llvmir.rs:7:42
[INFO] [stdout]   |
[INFO] [stdout] 7 |         debug!("Scanning file: {:?}", f);;
[INFO] [stdout]   |                                          ^ help: remove this semicolon
[INFO] [stdout]   |
[INFO] [stdout]   = note: `#[warn(redundant_semicolons)]` on by default
[INFO] [stdout] 
[INFO] [stdout] warning: unnecessary braces around block return value
[INFO] [stdout]   --> src/options.rs:11:9
[INFO] [stdout]    |
[INFO] [stdout] 11 |         { ::parking_lot::RwLock::new(read()) };
[INFO] [stdout]    |         ^^^^^^^^^^^^^^^^^^^^^^^^^^^^^^^^^^^^^^ help: remove these braces
[INFO] [stdout]    |
[INFO] [stdout]    = note: `#[warn(unused_braces)]` on by default
[INFO] [stdout] 
[INFO] [stdout] warning: unnecessary trailing semicolon
[INFO] [stdout]   --> src/rust.rs:84:49
[INFO] [stdout]    |
[INFO] [stdout] 84 |     debug!("Done inserting files: {:?}", files);;
[INFO] [stdout]    |                                                 ^ help: remove this semicolon
[INFO] [stdout] 
[INFO] [stdout] warning: unnecessary trailing semicolon
[INFO] [stdout]    --> src/rust.rs:104:55
[INFO] [stdout]     |
[INFO] [stdout] 104 |     debug!("Done filing holes in files: {:?}", files);;
[INFO] [stdout]     |                                                       ^ help: remove this semicolon
[INFO] [stdout] 
[INFO] [stdout] warning: unnecessary trailing semicolon
[INFO] [stdout]    --> src/rust.rs:109:59
[INFO] [stdout]     |
[INFO] [stdout] 109 |     debug!("Done correcting paths in files: {:?}", files);;
[INFO] [stdout]     |                                                           ^ help: remove this semicolon
[INFO] [stdout] 
[INFO] [stdout] warning: unnecessary trailing semicolon
[INFO] [stdout]    --> src/rust.rs:129:56
[INFO] [stdout]     |
[INFO] [stdout] 129 |     debug!("Done reading lines in files: {:?}", files);;
[INFO] [stdout]     |                                                        ^ help: remove this semicolon
[INFO] [stdout] 
[INFO] [stdout] warning: unnecessary trailing semicolon
[INFO] [stdout]   --> src/rust.rs:80:42
[INFO] [stdout]    |
[INFO] [stdout] 80 |             debug!("files: {:?}", files);;
[INFO] [stdout]    |                                          ^ help: remove this semicolon
[INFO] [stdout] 
[INFO] [stdout] warning: variable does not need to be mutable
[INFO] [stdout]   --> src/rust.rs:90:13
[INFO] [stdout]    |
[INFO] [stdout] 90 |         let mut prev = 0;
[INFO] [stdout]    |             ----^^^^
[INFO] [stdout]    |             |
[INFO] [stdout]    |             help: remove this `mut`
[INFO] [stdout]    |
[INFO] [stdout]    = note: `#[warn(unused_mut)]` on by default
[INFO] [stdout] 
[INFO] [stdout] warning: 9 warnings emitted
[INFO] [stdout] 
[INFO] [stdout]     Finished dev [unoptimized + debuginfo] target(s) in 0.11s
[INFO] [stdout]      Running `/opt/rustwide/target/debug/cargo-asm asm --manifest-path cargo-asm-test/lib_crate --no-color --debug-info 'lib_crate::sum_array'`
[INFO] [stdout] [ERROR][cargo_asm][src/main.rs:81]: The manifest-path cargo-asm-test/lib_crate does not exist!
[INFO] [stdout] ```', /opt/rustwide/cargo-home/registry/src/github.com-1ecc6299db9ec823/assert_cli-0.5.4/src/assert.rs:368:13
[INFO] [stdout] stack backtrace:
[INFO] [stdout]    0:     0x55a70a480cf0 - std::backtrace_rs::backtrace::libunwind::trace::h34055254b57d8e79
[INFO] [stdout]                                at /rustc/a178d0322ce20e33eac124758e837cbd80a6f633/library/std/src/../../backtrace/src/backtrace/libunwind.rs:90:5
[INFO] [stdout]    1:     0x55a70a480cf0 - std::backtrace_rs::backtrace::trace_unsynchronized::h8f1e3fbd9afff6ec
[INFO] [stdout]                                at /rustc/a178d0322ce20e33eac124758e837cbd80a6f633/library/std/src/../../backtrace/src/backtrace/mod.rs:66:5
[INFO] [stdout]    2:     0x55a70a480cf0 - std::sys_common::backtrace::_print_fmt::h3a99a796b770c360
[INFO] [stdout]                                at /rustc/a178d0322ce20e33eac124758e837cbd80a6f633/library/std/src/sys_common/backtrace.rs:67:5
[INFO] [stdout]    3:     0x55a70a480cf0 - <std::sys_common::backtrace::_print::DisplayBacktrace as core::fmt::Display>::fmt::h32d1f94a80615d18
[INFO] [stdout]                                at /rustc/a178d0322ce20e33eac124758e837cbd80a6f633/library/std/src/sys_common/backtrace.rs:46:22
[INFO] [stdout]    4:     0x55a70a4a39cc - core::fmt::write::h306731c068f7162c
[INFO] [stdout]                                at /rustc/a178d0322ce20e33eac124758e837cbd80a6f633/library/core/src/fmt/mod.rs:1110:17
[INFO] [stdout]    5:     0x55a70a47d855 - std::io::Write::write_fmt::h87f19b0a2cd190bc
[INFO] [stdout]                                at /rustc/a178d0322ce20e33eac124758e837cbd80a6f633/library/std/src/io/mod.rs:1588:15
[INFO] [stdout]    6:     0x55a70a482e9b - std::sys_common::backtrace::_print::h5abaa2601a852287
[INFO] [stdout]                                at /rustc/a178d0322ce20e33eac124758e837cbd80a6f633/library/std/src/sys_common/backtrace.rs:49:5
[INFO] [stdout]    7:     0x55a70a482e9b - std::sys_common::backtrace::print::h8d81445442bb638f
[INFO] [stdout]                                at /rustc/a178d0322ce20e33eac124758e837cbd80a6f633/library/std/src/sys_common/backtrace.rs:36:9
[INFO] [stdout]    8:     0x55a70a482e9b - std::panicking::default_hook::{{closure}}::hcfe804496a9fa747
[INFO] [stdout]                                at /rustc/a178d0322ce20e33eac124758e837cbd80a6f633/library/std/src/panicking.rs:208:50
[INFO] [stdout]    9:     0x55a70a4829ac - std::panicking::default_hook::hbea8e3ccf2ba8901
[INFO] [stdout]                                at /rustc/a178d0322ce20e33eac124758e837cbd80a6f633/library/std/src/panicking.rs:222:9
[INFO] [stdout]   10:     0x55a70a483564 - std::panicking::rust_panic_with_hook::h7ee9e1a2d0f8975a
[INFO] [stdout]                                at /rustc/a178d0322ce20e33eac124758e837cbd80a6f633/library/std/src/panicking.rs:622:17
[INFO] [stdout]   11:     0x55a70a483047 - std::panicking::begin_panic_handler::{{closure}}::h8ab3b4491718b2c7
[INFO] [stdout]                                at /rustc/a178d0322ce20e33eac124758e837cbd80a6f633/library/std/src/panicking.rs:519:13
[INFO] [stdout]   12:     0x55a70a4811ec - std::sys_common::backtrace::__rust_end_short_backtrace::hd489062ffa586a9f
[INFO] [stdout]                                at /rustc/a178d0322ce20e33eac124758e837cbd80a6f633/library/std/src/sys_common/backtrace.rs:141:18
[INFO] [stdout]   13:     0x55a70a482fa9 - rust_begin_unwind
[INFO] [stdout]                                at /rustc/a178d0322ce20e33eac124758e837cbd80a6f633/library/std/src/panicking.rs:515:5
[INFO] [stdout]   14:     0x55a70a314f2b - std::panicking::begin_panic_fmt::h5479575e112541f8
[INFO] [stdout]                                at /rustc/a178d0322ce20e33eac124758e837cbd80a6f633/library/std/src/panicking.rs:457:5
[INFO] [stdout]   15:     0x55a70a36b0f9 - assert_cli::assert::Assert::unwrap::hef0244b8c0495950
[INFO] [stdout]                                at /opt/rustwide/cargo-home/registry/src/github.com-1ecc6299db9ec823/assert_cli-0.5.4/src/assert.rs:368:13
[INFO] [stdout]   16:     0x55a70a317556 - cli::sum_array::h14ab992bb52eb21e
[INFO] [stdout]                                at /opt/rustwide/workdir/tests/cli.rs:302:5
[INFO] [stdout]   17:     0x55a70a3174ca - cli::sum_array::{{closure}}::h70662a06dd07ac3c
[INFO] [stdout]                                at /opt/rustwide/workdir/tests/cli.rs:16:1
[INFO] [stdout]   18:     0x55a70a31708e - core::ops::function::FnOnce::call_once::h88871328336d4385
[INFO] [stdout]                                at /rustc/a178d0322ce20e33eac124758e837cbd80a6f633/library/core/src/ops/function.rs:227:5
[INFO] [stdout]   19:     0x55a70a3403f3 - core::ops::function::FnOnce::call_once::h152e7e439ff59e19
[INFO] [stdout]                                at /rustc/a178d0322ce20e33eac124758e837cbd80a6f633/library/core/src/ops/function.rs:227:5
[INFO] [stdout]   20:     0x55a70a3403f3 - test::__rust_begin_short_backtrace::h0908f3b1fdbb72ab
[INFO] [stdout]                                at /rustc/a178d0322ce20e33eac124758e837cbd80a6f633/library/test/src/lib.rs:577:5
[INFO] [stdout]   21:     0x55a70a33eeb0 - <alloc::boxed::Box<F,A> as core::ops::function::FnOnce<Args>>::call_once::hf6d2a51e5587546c
[INFO] [stdout]                                at /rustc/a178d0322ce20e33eac124758e837cbd80a6f633/library/alloc/src/boxed.rs:1575:9
[INFO] [stdout]   22:     0x55a70a33eeb0 - <std::panic::AssertUnwindSafe<F> as core::ops::function::FnOnce<()>>::call_once::h8af660f3a89ef593
[INFO] [stdout]                                at /rustc/a178d0322ce20e33eac124758e837cbd80a6f633/library/std/src/panic.rs:347:9
[INFO] [stdout]   23:     0x55a70a33eeb0 - std::panicking::try::do_call::hd36aef60f84b6d36
[INFO] [stdout]                                at /rustc/a178d0322ce20e33eac124758e837cbd80a6f633/library/std/src/panicking.rs:401:40
[INFO] [stdout]   24:     0x55a70a33eeb0 - std::panicking::try::h9932b4480e69817c
[INFO] [stdout]                                at /rustc/a178d0322ce20e33eac124758e837cbd80a6f633/library/std/src/panicking.rs:365:19
[INFO] [stdout]   25:     0x55a70a33eeb0 - std::panic::catch_unwind::h6aa177099cfff5f8
[INFO] [stdout]                                at /rustc/a178d0322ce20e33eac124758e837cbd80a6f633/library/std/src/panic.rs:434:14
[INFO] [stdout]   26:     0x55a70a33eeb0 - test::run_test_in_process::h5884d6f2d99e20c3
[INFO] [stdout]                                at /rustc/a178d0322ce20e33eac124758e837cbd80a6f633/library/test/src/lib.rs:600:18
[INFO] [stdout]   27:     0x55a70a33eeb0 - test::run_test::run_test_inner::{{closure}}::h6fdc58c6d5f5b6e3
[INFO] [stdout]                                at /rustc/a178d0322ce20e33eac124758e837cbd80a6f633/library/test/src/lib.rs:492:39
[INFO] [stdout]   28:     0x55a70a318562 - test::run_test::run_test_inner::{{closure}}::h408365d67a78ade8
[INFO] [stdout]                                at /rustc/a178d0322ce20e33eac124758e837cbd80a6f633/library/test/src/lib.rs:519:37
[INFO] [stdout]   29:     0x55a70a318562 - std::sys_common::backtrace::__rust_begin_short_backtrace::hb560b77c4f701523
[INFO] [stdout]                                at /rustc/a178d0322ce20e33eac124758e837cbd80a6f633/library/std/src/sys_common/backtrace.rs:125:18
[INFO] [stdout]   30:     0x55a70a31c118 - std::thread::Builder::spawn_unchecked::{{closure}}::{{closure}}::hf2e7831dad93c597
[INFO] [stdout]                                at /rustc/a178d0322ce20e33eac124758e837cbd80a6f633/library/std/src/thread/mod.rs:481:17
[INFO] [stdout]   31:     0x55a70a31c118 - <std::panic::AssertUnwindSafe<F> as core::ops::function::FnOnce<()>>::call_once::hd2e08783d8be4d02
[INFO] [stdout]                                at /rustc/a178d0322ce20e33eac124758e837cbd80a6f633/library/std/src/panic.rs:347:9
[INFO] [stdout]   32:     0x55a70a31c118 - std::panicking::try::do_call::h062597b7acfd6b82
[INFO] [stdout]                                at /rustc/a178d0322ce20e33eac124758e837cbd80a6f633/library/std/src/panicking.rs:401:40
[INFO] [stdout]   33:     0x55a70a31c118 - std::panicking::try::h0d7b79db04c14552
[INFO] [stdout]                                at /rustc/a178d0322ce20e33eac124758e837cbd80a6f633/library/std/src/panicking.rs:365:19
[INFO] [stdout]   34:     0x55a70a31c118 - std::panic::catch_unwind::hb01a0b5e7c8cd43b
[INFO] [stdout]                                at /rustc/a178d0322ce20e33eac124758e837cbd80a6f633/library/std/src/panic.rs:434:14
[INFO] [stdout]   35:     0x55a70a31c118 - std::thread::Builder::spawn_unchecked::{{closure}}::h5bde48cc887e0d1e
[INFO] [stdout]                                at /rustc/a178d0322ce20e33eac124758e837cbd80a6f633/library/std/src/thread/mod.rs:480:30
[INFO] [stdout]   36:     0x55a70a31c118 - core::ops::function::FnOnce::call_once{{vtable.shim}}::h745ea30807a29e55
[INFO] [stdout]                                at /rustc/a178d0322ce20e33eac124758e837cbd80a6f633/library/core/src/ops/function.rs:227:5
[INFO] [stdout]   37:     0x55a70a488427 - <alloc::boxed::Box<F,A> as core::ops::function::FnOnce<Args>>::call_once::h7ece6cfefaff1005
[INFO] [stdout]                                at /rustc/a178d0322ce20e33eac124758e837cbd80a6f633/library/alloc/src/boxed.rs:1575:9
[INFO] [stdout]   38:     0x55a70a488427 - <alloc::boxed::Box<F,A> as core::ops::function::FnOnce<Args>>::call_once::hb8b48e55c21f193e
[INFO] [stdout]                                at /rustc/a178d0322ce20e33eac124758e837cbd80a6f633/library/alloc/src/boxed.rs:1575:9
[INFO] [stdout]   39:     0x55a70a488427 - std::sys::unix::thread::Thread::new::thread_start::h8c7c4450dba62914
[INFO] [stdout]                                at /rustc/a178d0322ce20e33eac124758e837cbd80a6f633/library/std/src/sys/unix/thread.rs:71:17
[INFO] [stdout]   40:     0x7efd66912609 - start_thread
[INFO] [stdout]   41:     0x7efd666e4293 - clone
[INFO] [stdout]   42:                0x0 - <unknown>
[INFO] [stdout] 
[INFO] [stdout] ---- trait_method stdout ----
[INFO] [stdout] thread 'trait_method' panicked at 'CLI assertion failed: (command `cargo run --bin cargo-asm -- asm --manifest-path cargo-asm-test/lib_crate --no-color --debug-info <lib_crate::baz::Foo as lib_crate::baz::Addd>::addd --rust` expected to succeed)
[INFO] [stdout] status=failed
[INFO] [stdout] stdout=``````
[INFO] [stdout] stderr=```warning: file found to be present in multiple build targets: /opt/rustwide/workdir/src/main.rs
[INFO] [stdout]     Blocking waiting for file lock on package cache
[INFO] [stdout]     Blocking waiting for file lock on build directory
[INFO] [stdout] warning: unused `#[macro_use]` import
[INFO] [stdout]   --> src/main.rs:20:1
[INFO] [stdout]    |
[INFO] [stdout] 20 | #[macro_use]
[INFO] [stdout]    | ^^^^^^^^^^^^
[INFO] [stdout]    |
[INFO] [stdout]    = note: `#[warn(unused_imports)]` on by default
[INFO] [stdout] 
[INFO] [stdout] warning: unnecessary trailing semicolon
[INFO] [stdout]  --> src/llvmir.rs:7:42
[INFO] [stdout]   |
[INFO] [stdout] 7 |         debug!("Scanning file: {:?}", f);;
[INFO] [stdout]   |                                          ^ help: remove this semicolon
[INFO] [stdout]   |
[INFO] [stdout]   = note: `#[warn(redundant_semicolons)]` on by default
[INFO] [stdout] 
[INFO] [stdout] warning: unnecessary braces around block return value
[INFO] [stdout]   --> src/options.rs:11:9
[INFO] [stdout]    |
[INFO] [stdout] 11 |         { ::parking_lot::RwLock::new(read()) };
[INFO] [stdout]    |         ^^^^^^^^^^^^^^^^^^^^^^^^^^^^^^^^^^^^^^ help: remove these braces
[INFO] [stdout]    |
[INFO] [stdout]    = note: `#[warn(unused_braces)]` on by default
[INFO] [stdout] 
[INFO] [stdout] warning: unnecessary trailing semicolon
[INFO] [stdout]   --> src/rust.rs:84:49
[INFO] [stdout]    |
[INFO] [stdout] 84 |     debug!("Done inserting files: {:?}", files);;
[INFO] [stdout]    |                                                 ^ help: remove this semicolon
[INFO] [stdout] 
[INFO] [stdout] warning: unnecessary trailing semicolon
[INFO] [stdout]    --> src/rust.rs:104:55
[INFO] [stdout]     |
[INFO] [stdout] 104 |     debug!("Done filing holes in files: {:?}", files);;
[INFO] [stdout]     |                                                       ^ help: remove this semicolon
[INFO] [stdout] 
[INFO] [stdout] warning: unnecessary trailing semicolon
[INFO] [stdout]    --> src/rust.rs:109:59
[INFO] [stdout]     |
[INFO] [stdout] 109 |     debug!("Done correcting paths in files: {:?}", files);;
[INFO] [stdout]     |                                                           ^ help: remove this semicolon
[INFO] [stdout] 
[INFO] [stdout] warning: unnecessary trailing semicolon
[INFO] [stdout]    --> src/rust.rs:129:56
[INFO] [stdout]     |
[INFO] [stdout] 129 |     debug!("Done reading lines in files: {:?}", files);;
[INFO] [stdout]     |                                                        ^ help: remove this semicolon
[INFO] [stdout] 
[INFO] [stdout] warning: unnecessary trailing semicolon
[INFO] [stdout]   --> src/rust.rs:80:42
[INFO] [stdout]    |
[INFO] [stdout] 80 |             debug!("files: {:?}", files);;
[INFO] [stdout]    |                                          ^ help: remove this semicolon
[INFO] [stdout] 
[INFO] [stdout] warning: variable does not need to be mutable
[INFO] [stdout]   --> src/rust.rs:90:13
[INFO] [stdout]    |
[INFO] [stdout] 90 |         let mut prev = 0;
[INFO] [stdout]    |             ----^^^^
[INFO] [stdout]    |             |
[INFO] [stdout]    |             help: remove this `mut`
[INFO] [stdout]    |
[INFO] [stdout]    = note: `#[warn(unused_mut)]` on by default
[INFO] [stdout] 
[INFO] [stdout] warning: 9 warnings emitted
[INFO] [stdout] 
[INFO] [stdout]     Finished dev [unoptimized + debuginfo] target(s) in 0.35s
[INFO] [stdout]      Running `/opt/rustwide/target/debug/cargo-asm asm --manifest-path cargo-asm-test/lib_crate --no-color --debug-info '<lib_crate::baz::Foo as lib_crate::baz::Addd>::addd' --rust`
[INFO] [stdout] [ERROR][cargo_asm][src/main.rs:81]: The manifest-path cargo-asm-test/lib_crate does not exist!
[INFO] [stdout] ```', /opt/rustwide/cargo-home/registry/src/github.com-1ecc6299db9ec823/assert_cli-0.5.4/src/assert.rs:368:13
[INFO] [stdout] stack backtrace:
[INFO] [stdout]    0:     0x55a70a480cf0 - std::backtrace_rs::backtrace::libunwind::trace::h34055254b57d8e79
[INFO] [stdout]                                at /rustc/a178d0322ce20e33eac124758e837cbd80a6f633/library/std/src/../../backtrace/src/backtrace/libunwind.rs:90:5
[INFO] [stdout]    1:     0x55a70a480cf0 - std::backtrace_rs::backtrace::trace_unsynchronized::h8f1e3fbd9afff6ec
[INFO] [stdout]                                at /rustc/a178d0322ce20e33eac124758e837cbd80a6f633/library/std/src/../../backtrace/src/backtrace/mod.rs:66:5
[INFO] [stdout]    2:     0x55a70a480cf0 - std::sys_common::backtrace::_print_fmt::h3a99a796b770c360
[INFO] [stdout]                                at /rustc/a178d0322ce20e33eac124758e837cbd80a6f633/library/std/src/sys_common/backtrace.rs:67:5
[INFO] [stdout]    3:     0x55a70a480cf0 - <std::sys_common::backtrace::_print::DisplayBacktrace as core::fmt::Display>::fmt::h32d1f94a80615d18
[INFO] [stdout]                                at /rustc/a178d0322ce20e33eac124758e837cbd80a6f633/library/std/src/sys_common/backtrace.rs:46:22
[INFO] [stdout]    4:     0x55a70a4a39cc - core::fmt::write::h306731c068f7162c
[INFO] [stdout]                                at /rustc/a178d0322ce20e33eac124758e837cbd80a6f633/library/core/src/fmt/mod.rs:1110:17
[INFO] [stdout]    5:     0x55a70a47d855 - std::io::Write::write_fmt::h87f19b0a2cd190bc
[INFO] [stdout]                                at /rustc/a178d0322ce20e33eac124758e837cbd80a6f633/library/std/src/io/mod.rs:1588:15
[INFO] [stdout]    6:     0x55a70a482e9b - std::sys_common::backtrace::_print::h5abaa2601a852287
[INFO] [stdout]                                at /rustc/a178d0322ce20e33eac124758e837cbd80a6f633/library/std/src/sys_common/backtrace.rs:49:5
[INFO] [stdout]    7:     0x55a70a482e9b - std::sys_common::backtrace::print::h8d81445442bb638f
[INFO] [stdout]                                at /rustc/a178d0322ce20e33eac124758e837cbd80a6f633/library/std/src/sys_common/backtrace.rs:36:9
[INFO] [stdout]    8:     0x55a70a482e9b - std::panicking::default_hook::{{closure}}::hcfe804496a9fa747
[INFO] [stdout]                                at /rustc/a178d0322ce20e33eac124758e837cbd80a6f633/library/std/src/panicking.rs:208:50
[INFO] [stdout]    9:     0x55a70a4829ac - std::panicking::default_hook::hbea8e3ccf2ba8901
[INFO] [stdout]                                at /rustc/a178d0322ce20e33eac124758e837cbd80a6f633/library/std/src/panicking.rs:222:9
[INFO] [stdout]   10:     0x55a70a483564 - std::panicking::rust_panic_with_hook::h7ee9e1a2d0f8975a
[INFO] [stdout]                                at /rustc/a178d0322ce20e33eac124758e837cbd80a6f633/library/std/src/panicking.rs:622:17
[INFO] [stdout]   11:     0x55a70a483047 - std::panicking::begin_panic_handler::{{closure}}::h8ab3b4491718b2c7
[INFO] [stdout]                                at /rustc/a178d0322ce20e33eac124758e837cbd80a6f633/library/std/src/panicking.rs:519:13
[INFO] [stdout]   12:     0x55a70a4811ec - std::sys_common::backtrace::__rust_end_short_backtrace::hd489062ffa586a9f
[INFO] [stdout]                                at /rustc/a178d0322ce20e33eac124758e837cbd80a6f633/library/std/src/sys_common/backtrace.rs:141:18
[INFO] [stdout]   13:     0x55a70a482fa9 - rust_begin_unwind
[INFO] [stdout]                                at /rustc/a178d0322ce20e33eac124758e837cbd80a6f633/library/std/src/panicking.rs:515:5
[INFO] [stdout]   14:     0x55a70a314f2b - std::panicking::begin_panic_fmt::h5479575e112541f8
[INFO] [stdout]                                at /rustc/a178d0322ce20e33eac124758e837cbd80a6f633/library/std/src/panicking.rs:457:5
[INFO] [stdout]   15:     0x55a70a36b0f9 - assert_cli::assert::Assert::unwrap::hef0244b8c0495950
[INFO] [stdout]                                at /opt/rustwide/cargo-home/registry/src/github.com-1ecc6299db9ec823/assert_cli-0.5.4/src/assert.rs:368:13
[INFO] [stdout]   16:     0x55a70a3177d6 - cli::trait_method::he556292c4256e9f1
[INFO] [stdout]                                at /opt/rustwide/workdir/tests/cli.rs:843:5
[INFO] [stdout]   17:     0x55a70a31774a - cli::trait_method::{{closure}}::hab747a188e09274d
[INFO] [stdout]                                at /opt/rustwide/workdir/tests/cli.rs:817:1
[INFO] [stdout]   18:     0x55a70a316f2e - core::ops::function::FnOnce::call_once::h027a02970d509c7f
[INFO] [stdout]                                at /rustc/a178d0322ce20e33eac124758e837cbd80a6f633/library/core/src/ops/function.rs:227:5
[INFO] [stdout]   19:     0x55a70a3403f3 - core::ops::function::FnOnce::call_once::h152e7e439ff59e19
[INFO] [stdout]                                at /rustc/a178d0322ce20e33eac124758e837cbd80a6f633/library/core/src/ops/function.rs:227:5
[INFO] [stdout]   20:     0x55a70a3403f3 - test::__rust_begin_short_backtrace::h0908f3b1fdbb72ab
[INFO] [stdout]                                at /rustc/a178d0322ce20e33eac124758e837cbd80a6f633/library/test/src/lib.rs:577:5
[INFO] [stdout]   21:     0x55a70a33eeb0 - <alloc::boxed::Box<F,A> as core::ops::function::FnOnce<Args>>::call_once::hf6d2a51e5587546c
[INFO] [stdout]                                at /rustc/a178d0322ce20e33eac124758e837cbd80a6f633/library/alloc/src/boxed.rs:1575:9
[INFO] [stdout]   22:     0x55a70a33eeb0 - <std::panic::AssertUnwindSafe<F> as core::ops::function::FnOnce<()>>::call_once::h8af660f3a89ef593
[INFO] [stdout]                                at /rustc/a178d0322ce20e33eac124758e837cbd80a6f633/library/std/src/panic.rs:347:9
[INFO] [stdout]   23:     0x55a70a33eeb0 - std::panicking::try::do_call::hd36aef60f84b6d36
[INFO] [stdout]                                at /rustc/a178d0322ce20e33eac124758e837cbd80a6f633/library/std/src/panicking.rs:401:40
[INFO] [stdout]   24:     0x55a70a33eeb0 - std::panicking::try::h9932b4480e69817c
[INFO] [stdout]                                at /rustc/a178d0322ce20e33eac124758e837cbd80a6f633/library/std/src/panicking.rs:365:19
[INFO] [stdout]   25:     0x55a70a33eeb0 - std::panic::catch_unwind::h6aa177099cfff5f8
[INFO] [stdout]                                at /rustc/a178d0322ce20e33eac124758e837cbd80a6f633/library/std/src/panic.rs:434:14
[INFO] [stdout]   26:     0x55a70a33eeb0 - test::run_test_in_process::h5884d6f2d99e20c3
[INFO] [stdout]                                at /rustc/a178d0322ce20e33eac124758e837cbd80a6f633/library/test/src/lib.rs:600:18
[INFO] [stdout]   27:     0x55a70a33eeb0 - test::run_test::run_test_inner::{{closure}}::h6fdc58c6d5f5b6e3
[INFO] [stdout]                                at /rustc/a178d0322ce20e33eac124758e837cbd80a6f633/library/test/src/lib.rs:492:39
[INFO] [stdout]   28:     0x55a70a318562 - test::run_test::run_test_inner::{{closure}}::h408365d67a78ade8
[INFO] [stdout]                                at /rustc/a178d0322ce20e33eac124758e837cbd80a6f633/library/test/src/lib.rs:519:37
[INFO] [stdout]   29:     0x55a70a318562 - std::sys_common::backtrace::__rust_begin_short_backtrace::hb560b77c4f701523
[INFO] [stdout]                                at /rustc/a178d0322ce20e33eac124758e837cbd80a6f633/library/std/src/sys_common/backtrace.rs:125:18
[INFO] [stdout]   30:     0x55a70a31c118 - std::thread::Builder::spawn_unchecked::{{closure}}::{{closure}}::hf2e7831dad93c597
[INFO] [stdout]                                at /rustc/a178d0322ce20e33eac124758e837cbd80a6f633/library/std/src/thread/mod.rs:481:17
[INFO] [stdout]   31:     0x55a70a31c118 - <std::panic::AssertUnwindSafe<F> as core::ops::function::FnOnce<()>>::call_once::hd2e08783d8be4d02
[INFO] [stdout]                                at /rustc/a178d0322ce20e33eac124758e837cbd80a6f633/library/std/src/panic.rs:347:9
[INFO] [stdout]   32:     0x55a70a31c118 - std::panicking::try::do_call::h062597b7acfd6b82
[INFO] [stdout]                                at /rustc/a178d0322ce20e33eac124758e837cbd80a6f633/library/std/src/panicking.rs:401:40
[INFO] [stdout]   33:     0x55a70a31c118 - std::panicking::try::h0d7b79db04c14552
[INFO] [stdout]                                at /rustc/a178d0322ce20e33eac124758e837cbd80a6f633/library/std/src/panicking.rs:365:19
[INFO] [stdout]   34:     0x55a70a31c118 - std::panic::catch_unwind::hb01a0b5e7c8cd43b
[INFO] [stdout]                                at /rustc/a178d0322ce20e33eac124758e837cbd80a6f633/library/std/src/panic.rs:434:14
[INFO] [stdout]   35:     0x55a70a31c118 - std::thread::Builder::spawn_unchecked::{{closure}}::h5bde48cc887e0d1e
[INFO] [stdout]                                at /rustc/a178d0322ce20e33eac124758e837cbd80a6f633/library/std/src/thread/mod.rs:480:30
[INFO] [stdout]   36:     0x55a70a31c118 - core::ops::function::FnOnce::call_once{{vtable.shim}}::h745ea30807a29e55
[INFO] [stdout]                                at /rustc/a178d0322ce20e33eac124758e837cbd80a6f633/library/core/src/ops/function.rs:227:5
[INFO] [stdout]   37:     0x55a70a488427 - <alloc::boxed::Box<F,A> as core::ops::function::FnOnce<Args>>::call_once::h7ece6cfefaff1005
[INFO] [stdout]                                at /rustc/a178d0322ce20e33eac124758e837cbd80a6f633/library/alloc/src/boxed.rs:1575:9
[INFO] [stdout]   38:     0x55a70a488427 - <alloc::boxed::Box<F,A> as core::ops::function::FnOnce<Args>>::call_once::hb8b48e55c21f193e
[INFO] [stdout]                                at /rustc/a178d0322ce20e33eac124758e837cbd80a6f633/library/alloc/src/boxed.rs:1575:9
[INFO] [stdout]   39:     0x55a70a488427 - std::sys::unix::thread::Thread::new::thread_start::h8c7c4450dba62914
[INFO] [stdout]                                at /rustc/a178d0322ce20e33eac124758e837cbd80a6f633/library/std/src/sys/unix/thread.rs:71:17
[INFO] [stdout]   40:     0x7efd66912609 - start_thread
[INFO] [stdout]   41:     0x7efd666e4293 - clone
[INFO] [stdout]   42:                0x0 - <unknown>
[INFO] [stdout] 
[INFO] [stdout] ---- max_array_rust stdout ----
[INFO] [stdout] thread 'max_array_rust' panicked at 'CLI assertion failed: (command `cargo run --bin cargo-asm -- asm --manifest-path cargo-asm-test/lib_crate --no-color --debug-info lib_crate::bar::max_array --rust` expected to succeed)
[INFO] [stdout] status=failed
[INFO] [stdout] stdout=``````
[INFO] [stdout] stderr=```warning: file found to be present in multiple build targets: /opt/rustwide/workdir/src/main.rs
[INFO] [stdout]     Blocking waiting for file lock on build directory
[INFO] [stdout] warning: unused `#[macro_use]` import
[INFO] [stdout]   --> src/main.rs:20:1
[INFO] [stdout]    |
[INFO] [stdout] 20 | #[macro_use]
[INFO] [stdout]    | ^^^^^^^^^^^^
[INFO] [stdout]    |
[INFO] [stdout]    = note: `#[warn(unused_imports)]` on by default
[INFO] [stdout] 
[INFO] [stdout] warning: unnecessary trailing semicolon
[INFO] [stdout]  --> src/llvmir.rs:7:42
[INFO] [stdout]   |
[INFO] [stdout] 7 |         debug!("Scanning file: {:?}", f);;
[INFO] [stdout]   |                                          ^ help: remove this semicolon
[INFO] [stdout]   |
[INFO] [stdout]   = note: `#[warn(redundant_semicolons)]` on by default
[INFO] [stdout] 
[INFO] [stdout] warning: unnecessary braces around block return value
[INFO] [stdout]   --> src/options.rs:11:9
[INFO] [stdout]    |
[INFO] [stdout] 11 |         { ::parking_lot::RwLock::new(read()) };
[INFO] [stdout]    |         ^^^^^^^^^^^^^^^^^^^^^^^^^^^^^^^^^^^^^^ help: remove these braces
[INFO] [stdout]    |
[INFO] [stdout]    = note: `#[warn(unused_braces)]` on by default
[INFO] [stdout] 
[INFO] [stdout] warning: unnecessary trailing semicolon
[INFO] [stdout]   --> src/rust.rs:84:49
[INFO] [stdout]    |
[INFO] [stdout] 84 |     debug!("Done inserting files: {:?}", files);;
[INFO] [stdout]    |                                                 ^ help: remove this semicolon
[INFO] [stdout] 
[INFO] [stdout] warning: unnecessary trailing semicolon
[INFO] [stdout]    --> src/rust.rs:104:55
[INFO] [stdout]     |
[INFO] [stdout] 104 |     debug!("Done filing holes in files: {:?}", files);;
[INFO] [stdout]     |                                                       ^ help: remove this semicolon
[INFO] [stdout] 
[INFO] [stdout] warning: unnecessary trailing semicolon
[INFO] [stdout]    --> src/rust.rs:109:59
[INFO] [stdout]     |
[INFO] [stdout] 109 |     debug!("Done correcting paths in files: {:?}", files);;
[INFO] [stdout]     |                                                           ^ help: remove this semicolon
[INFO] [stdout] 
[INFO] [stdout] warning: unnecessary trailing semicolon
[INFO] [stdout]    --> src/rust.rs:129:56
[INFO] [stdout]     |
[INFO] [stdout] 129 |     debug!("Done reading lines in files: {:?}", files);;
[INFO] [stdout]     |                                                        ^ help: remove this semicolon
[INFO] [stdout] 
[INFO] [stdout] warning: unnecessary trailing semicolon
[INFO] [stdout]   --> src/rust.rs:80:42
[INFO] [stdout]    |
[INFO] [stdout] 80 |             debug!("files: {:?}", files);;
[INFO] [stdout]    |                                          ^ help: remove this semicolon
[INFO] [stdout] 
[INFO] [stdout] warning: variable does not need to be mutable
[INFO] [stdout]   --> src/rust.rs:90:13
[INFO] [stdout]    |
[INFO] [stdout] 90 |         let mut prev = 0;
[INFO] [stdout]    |             ----^^^^
[INFO] [stdout]    |             |
[INFO] [stdout]    |             help: remove this `mut`
[INFO] [stdout]    |
[INFO] [stdout]    = note: `#[warn(unused_mut)]` on by default
[INFO] [stdout] 
[INFO] [stdout] warning: 9 warnings emitted
[INFO] [stdout] 
[INFO] [stdout]     Finished dev [unoptimized + debuginfo] target(s) in 0.33s
[INFO] [stdout]      Running `/opt/rustwide/target/debug/cargo-asm asm --manifest-path cargo-asm-test/lib_crate --no-color --debug-info 'lib_crate::bar::max_array' --rust`
[INFO] [stdout] [ERROR][cargo_asm][src/main.rs:81]: The manifest-path cargo-asm-test/lib_crate does not exist!
[INFO] [stdout] ```', /opt/rustwide/cargo-home/registry/src/github.com-1ecc6299db9ec823/assert_cli-0.5.4/src/assert.rs:368:13
[INFO] [stdout] stack backtrace:
[INFO] [stdout]    0:     0x55a70a480cf0 - std::backtrace_rs::backtrace::libunwind::trace::h34055254b57d8e79
[INFO] [stdout]                                at /rustc/a178d0322ce20e33eac124758e837cbd80a6f633/library/std/src/../../backtrace/src/backtrace/libunwind.rs:90:5
[INFO] [stdout]    1:     0x55a70a480cf0 - std::backtrace_rs::backtrace::trace_unsynchronized::h8f1e3fbd9afff6ec
[INFO] [stdout]                                at /rustc/a178d0322ce20e33eac124758e837cbd80a6f633/library/std/src/../../backtrace/src/backtrace/mod.rs:66:5
[INFO] [stdout]    2:     0x55a70a480cf0 - std::sys_common::backtrace::_print_fmt::h3a99a796b770c360
[INFO] [stdout]                                at /rustc/a178d0322ce20e33eac124758e837cbd80a6f633/library/std/src/sys_common/backtrace.rs:67:5
[INFO] [stdout]    3:     0x55a70a480cf0 - <std::sys_common::backtrace::_print::DisplayBacktrace as core::fmt::Display>::fmt::h32d1f94a80615d18
[INFO] [stdout]                                at /rustc/a178d0322ce20e33eac124758e837cbd80a6f633/library/std/src/sys_common/backtrace.rs:46:22
[INFO] [stdout]    4:     0x55a70a4a39cc - core::fmt::write::h306731c068f7162c
[INFO] [stdout]                                at /rustc/a178d0322ce20e33eac124758e837cbd80a6f633/library/core/src/fmt/mod.rs:1110:17
[INFO] [stdout]    5:     0x55a70a47d855 - std::io::Write::write_fmt::h87f19b0a2cd190bc
[INFO] [stdout]                                at /rustc/a178d0322ce20e33eac124758e837cbd80a6f633/library/std/src/io/mod.rs:1588:15
[INFO] [stdout]    6:     0x55a70a482e9b - std::sys_common::backtrace::_print::h5abaa2601a852287
[INFO] [stdout]                                at /rustc/a178d0322ce20e33eac124758e837cbd80a6f633/library/std/src/sys_common/backtrace.rs:49:5
[INFO] [stdout]    7:     0x55a70a482e9b - std::sys_common::backtrace::print::h8d81445442bb638f
[INFO] [stdout]                                at /rustc/a178d0322ce20e33eac124758e837cbd80a6f633/library/std/src/sys_common/backtrace.rs:36:9
[INFO] [stdout]    8:     0x55a70a482e9b - std::panicking::default_hook::{{closure}}::hcfe804496a9fa747
[INFO] [stdout]                                at /rustc/a178d0322ce20e33eac124758e837cbd80a6f633/library/std/src/panicking.rs:208:50
[INFO] [stdout]    9:     0x55a70a4829ac - std::panicking::default_hook::hbea8e3ccf2ba8901
[INFO] [stdout]                                at /rustc/a178d0322ce20e33eac124758e837cbd80a6f633/library/std/src/panicking.rs:222:9
[INFO] [stdout]   10:     0x55a70a483564 - std::panicking::rust_panic_with_hook::h7ee9e1a2d0f8975a
[INFO] [stdout]                                at /rustc/a178d0322ce20e33eac124758e837cbd80a6f633/library/std/src/panicking.rs:622:17
[INFO] [stdout]   11:     0x55a70a483047 - std::panicking::begin_panic_handler::{{closure}}::h8ab3b4491718b2c7
[INFO] [stdout]                                at /rustc/a178d0322ce20e33eac124758e837cbd80a6f633/library/std/src/panicking.rs:519:13
[INFO] [stdout]   12:     0x55a70a4811ec - std::sys_common::backtrace::__rust_end_short_backtrace::hd489062ffa586a9f
[INFO] [stdout]                                at /rustc/a178d0322ce20e33eac124758e837cbd80a6f633/library/std/src/sys_common/backtrace.rs:141:18
[INFO] [stdout]   13:     0x55a70a482fa9 - rust_begin_unwind
[INFO] [stdout]                                at /rustc/a178d0322ce20e33eac124758e837cbd80a6f633/library/std/src/panicking.rs:515:5
[INFO] [stdout]   14:     0x55a70a314f2b - std::panicking::begin_panic_fmt::h5479575e112541f8
[INFO] [stdout]                                at /rustc/a178d0322ce20e33eac124758e837cbd80a6f633/library/std/src/panicking.rs:457:5
[INFO] [stdout]   15:     0x55a70a36b0f9 - assert_cli::assert::Assert::unwrap::hef0244b8c0495950
[INFO] [stdout]                                at /opt/rustwide/cargo-home/registry/src/github.com-1ecc6299db9ec823/assert_cli-0.5.4/src/assert.rs:368:13
[INFO] [stdout]   16:     0x55a70a317736 - cli::max_array_rust::h2afc2144226881d2
[INFO] [stdout]                                at /opt/rustwide/workdir/tests/cli.rs:810:5
[INFO] [stdout]   17:     0x55a70a3176aa - cli::max_array_rust::{{closure}}::ha1424dc8f753f9f8
[INFO] [stdout]                                at /opt/rustwide/workdir/tests/cli.rs:722:1
[INFO] [stdout]   18:     0x55a70a316fee - core::ops::function::FnOnce::call_once::h3600ef936d4a9355
[INFO] [stdout]                                at /rustc/a178d0322ce20e33eac124758e837cbd80a6f633/library/core/src/ops/function.rs:227:5
[INFO] [stdout]   19:     0x55a70a3403f3 - core::ops::function::FnOnce::call_once::h152e7e439ff59e19
[INFO] [stdout]                                at /rustc/a178d0322ce20e33eac124758e837cbd80a6f633/library/core/src/ops/function.rs:227:5
[INFO] [stdout]   20:     0x55a70a3403f3 - test::__rust_begin_short_backtrace::h0908f3b1fdbb72ab
[INFO] [stdout]                                at /rustc/a178d0322ce20e33eac124758e837cbd80a6f633/library/test/src/lib.rs:577:5
[INFO] [stdout]   21:     0x55a70a33eeb0 - <alloc::boxed::Box<F,A> as core::ops::function::FnOnce<Args>>::call_once::hf6d2a51e5587546c
[INFO] [stdout]                                at /rustc/a178d0322ce20e33eac124758e837cbd80a6f633/library/alloc/src/boxed.rs:1575:9
[INFO] [stdout]   22:     0x55a70a33eeb0 - <std::panic::AssertUnwindSafe<F> as core::ops::function::FnOnce<()>>::call_once::h8af660f3a89ef593
[INFO] [stdout]                                at /rustc/a178d0322ce20e33eac124758e837cbd80a6f633/library/std/src/panic.rs:347:9
[INFO] [stdout]   23:     0x55a70a33eeb0 - std::panicking::try::do_call::hd36aef60f84b6d36
[INFO] [stdout]                                at /rustc/a178d0322ce20e33eac124758e837cbd80a6f633/library/std/src/panicking.rs:401:40
[INFO] [stdout]   24:     0x55a70a33eeb0 - std::panicking::try::h9932b4480e69817c
[INFO] [stdout]                                at /rustc/a178d0322ce20e33eac124758e837cbd80a6f633/library/std/src/panicking.rs:365:19
[INFO] [stdout]   25:     0x55a70a33eeb0 - std::panic::catch_unwind::h6aa177099cfff5f8
[INFO] [stdout]                                at /rustc/a178d0322ce20e33eac124758e837cbd80a6f633/library/std/src/panic.rs:434:14
[INFO] [stdout]   26:     0x55a70a33eeb0 - test::run_test_in_process::h5884d6f2d99e20c3
[INFO] [stdout]                                at /rustc/a178d0322ce20e33eac124758e837cbd80a6f633/library/test/src/lib.rs:600:18
[INFO] [stdout]   27:     0x55a70a33eeb0 - test::run_test::run_test_inner::{{closure}}::h6fdc58c6d5f5b6e3
[INFO] [stdout]                                at /rustc/a178d0322ce20e33eac124758e837cbd80a6f633/library/test/src/lib.rs:492:39
[INFO] [stdout]   28:     0x55a70a318562 - test::run_test::run_test_inner::{{closure}}::h408365d67a78ade8
[INFO] [stdout]                                at /rustc/a178d0322ce20e33eac124758e837cbd80a6f633/library/test/src/lib.rs:519:37
[INFO] [stdout]   29:     0x55a70a318562 - std::sys_common::backtrace::__rust_begin_short_backtrace::hb560b77c4f701523
[INFO] [stdout]                                at /rustc/a178d0322ce20e33eac124758e837cbd80a6f633/library/std/src/sys_common/backtrace.rs:125:18
[INFO] [stdout]   30:     0x55a70a31c118 - std::thread::Builder::spawn_unchecked::{{closure}}::{{closure}}::hf2e7831dad93c597
[INFO] [stdout]                                at /rustc/a178d0322ce20e33eac124758e837cbd80a6f633/library/std/src/thread/mod.rs:481:17
[INFO] [stdout]   31:     0x55a70a31c118 - <std::panic::AssertUnwindSafe<F> as core::ops::function::FnOnce<()>>::call_once::hd2e08783d8be4d02
[INFO] [stdout]                                at /rustc/a178d0322ce20e33eac124758e837cbd80a6f633/library/std/src/panic.rs:347:9
[INFO] [stdout]   32:     0x55a70a31c118 - std::panicking::try::do_call::h062597b7acfd6b82
[INFO] [stdout]                                at /rustc/a178d0322ce20e33eac124758e837cbd80a6f633/library/std/src/panicking.rs:401:40
[INFO] [stdout]   33:     0x55a70a31c118 - std::panicking::try::h0d7b79db04c14552
[INFO] [stdout]                                at /rustc/a178d0322ce20e33eac124758e837cbd80a6f633/library/std/src/panicking.rs:365:19
[INFO] [stdout]   34:     0x55a70a31c118 - std::panic::catch_unwind::hb01a0b5e7c8cd43b
[INFO] [stdout]                                at /rustc/a178d0322ce20e33eac124758e837cbd80a6f633/library/std/src/panic.rs:434:14
[INFO] [stdout]   35:     0x55a70a31c118 - std::thread::Builder::spawn_unchecked::{{closure}}::h5bde48cc887e0d1e
[INFO] [stdout]                                at /rustc/a178d0322ce20e33eac124758e837cbd80a6f633/library/std/src/thread/mod.rs:480:30
[INFO] [stdout]   36:     0x55a70a31c118 - core::ops::function::FnOnce::call_once{{vtable.shim}}::h745ea30807a29e55
[INFO] [stdout]                                at /rustc/a178d0322ce20e33eac124758e837cbd80a6f633/library/core/src/ops/function.rs:227:5
[INFO] [stdout]   37:     0x55a70a488427 - <alloc::boxed::Box<F,A> as core::ops::function::FnOnce<Args>>::call_once::h7ece6cfefaff1005
[INFO] [stdout]                                at /rustc/a178d0322ce20e33eac124758e837cbd80a6f633/library/alloc/src/boxed.rs:1575:9
[INFO] [stdout]   38:     0x55a70a488427 - <alloc::boxed::Box<F,A> as core::ops::function::FnOnce<Args>>::call_once::hb8b48e55c21f193e
[INFO] [stdout]                                at /rustc/a178d0322ce20e33eac124758e837cbd80a6f633/library/alloc/src/boxed.rs:1575:9
[INFO] [stdout]   39:     0x55a70a488427 - std::sys::unix::thread::Thread::new::thread_start::h8c7c4450dba62914
[INFO] [stdout]                                at /rustc/a178d0322ce20e33eac124758e837cbd80a6f633/library/std/src/sys/unix/thread.rs:71:17
[INFO] [stdout]   40:     0x7efd66912609 - start_thread
[INFO] [stdout]   41:     0x7efd666e4293 - clone
[INFO] [stdout]   42:                0x0 - <unknown>
[INFO] [stdout] 
[INFO] [stdout] ---- max_array stdout ----
[INFO] [stdout] thread 'max_array' panicked at 'CLI assertion failed: (command `cargo run --bin cargo-asm -- asm --manifest-path cargo-asm-test/lib_crate --no-color --debug-info lib_crate::bar::max_array` expected to succeed)
[INFO] [stdout] status=failed
[INFO] [stdout] stdout=``````
[INFO] [stdout] stderr=```warning: file found to be present in multiple build targets: /opt/rustwide/workdir/src/main.rs
[INFO] [stdout]     Blocking waiting for file lock on build directory
[INFO] [stdout] warning: unused `#[macro_use]` import
[INFO] [stdout]   --> src/main.rs:20:1
[INFO] [stdout]    |
[INFO] [stdout] 20 | #[macro_use]
[INFO] [stdout]    | ^^^^^^^^^^^^
[INFO] [stdout]    |
[INFO] [stdout]    = note: `#[warn(unused_imports)]` on by default
[INFO] [stdout] 
[INFO] [stdout] warning: unnecessary trailing semicolon
[INFO] [stdout]  --> src/llvmir.rs:7:42
[INFO] [stdout]   |
[INFO] [stdout] 7 |         debug!("Scanning file: {:?}", f);;
[INFO] [stdout]   |                                          ^ help: remove this semicolon
[INFO] [stdout]   |
[INFO] [stdout]   = note: `#[warn(redundant_semicolons)]` on by default
[INFO] [stdout] 
[INFO] [stdout] warning: unnecessary braces around block return value
[INFO] [stdout]   --> src/options.rs:11:9
[INFO] [stdout]    |
[INFO] [stdout] 11 |         { ::parking_lot::RwLock::new(read()) };
[INFO] [stdout]    |         ^^^^^^^^^^^^^^^^^^^^^^^^^^^^^^^^^^^^^^ help: remove these braces
[INFO] [stdout]    |
[INFO] [stdout]    = note: `#[warn(unused_braces)]` on by default
[INFO] [stdout] 
[INFO] [stdout] warning: unnecessary trailing semicolon
[INFO] [stdout]   --> src/rust.rs:84:49
[INFO] [stdout]    |
[INFO] [stdout] 84 |     debug!("Done inserting files: {:?}", files);;
[INFO] [stdout]    |                                                 ^ help: remove this semicolon
[INFO] [stdout] 
[INFO] [stdout] warning: unnecessary trailing semicolon
[INFO] [stdout]    --> src/rust.rs:104:55
[INFO] [stdout]     |
[INFO] [stdout] 104 |     debug!("Done filing holes in files: {:?}", files);;
[INFO] [stdout]     |                                                       ^ help: remove this semicolon
[INFO] [stdout] 
[INFO] [stdout] warning: unnecessary trailing semicolon
[INFO] [stdout]    --> src/rust.rs:109:59
[INFO] [stdout]     |
[INFO] [stdout] 109 |     debug!("Done correcting paths in files: {:?}", files);;
[INFO] [stdout]     |                                                           ^ help: remove this semicolon
[INFO] [stdout] 
[INFO] [stdout] warning: unnecessary trailing semicolon
[INFO] [stdout]    --> src/rust.rs:129:56
[INFO] [stdout]     |
[INFO] [stdout] 129 |     debug!("Done reading lines in files: {:?}", files);;
[INFO] [stdout]     |                                                        ^ help: remove this semicolon
[INFO] [stdout] 
[INFO] [stdout] warning: unnecessary trailing semicolon
[INFO] [stdout]   --> src/rust.rs:80:42
[INFO] [stdout]    |
[INFO] [stdout] 80 |             debug!("files: {:?}", files);;
[INFO] [stdout]    |                                          ^ help: remove this semicolon
[INFO] [stdout] 
[INFO] [stdout] warning: variable does not need to be mutable
[INFO] [stdout]   --> src/rust.rs:90:13
[INFO] [stdout]    |
[INFO] [stdout] 90 |         let mut prev = 0;
[INFO] [stdout]    |             ----^^^^
[INFO] [stdout]    |             |
[INFO] [stdout]    |             help: remove this `mut`
[INFO] [stdout]    |
[INFO] [stdout]    = note: `#[warn(unused_mut)]` on by default
[INFO] [stdout] 
[INFO] [stdout] warning: 9 warnings emitted
[INFO] [stdout] 
[INFO] [stdout]     Finished dev [unoptimized + debuginfo] target(s) in 0.18s
[INFO] [stdout]      Running `/opt/rustwide/target/debug/cargo-asm asm --manifest-path cargo-asm-test/lib_crate --no-color --debug-info 'lib_crate::bar::max_array'`
[INFO] [stdout] [ERROR][cargo_asm][src/main.rs:81]: The manifest-path cargo-asm-test/lib_crate does not exist!
[INFO] [stdout] ```', /opt/rustwide/cargo-home/registry/src/github.com-1ecc6299db9ec823/assert_cli-0.5.4/src/assert.rs:368:13
[INFO] [stdout] stack backtrace:
[INFO] [stdout]    0:     0x55a70a480cf0 - std::backtrace_rs::backtrace::libunwind::trace::h34055254b57d8e79
[INFO] [stdout]                                at /rustc/a178d0322ce20e33eac124758e837cbd80a6f633/library/std/src/../../backtrace/src/backtrace/libunwind.rs:90:5
[INFO] [stdout]    1:     0x55a70a480cf0 - std::backtrace_rs::backtrace::trace_unsynchronized::h8f1e3fbd9afff6ec
[INFO] [stdout]                                at /rustc/a178d0322ce20e33eac124758e837cbd80a6f633/library/std/src/../../backtrace/src/backtrace/mod.rs:66:5
[INFO] [stdout]    2:     0x55a70a480cf0 - std::sys_common::backtrace::_print_fmt::h3a99a796b770c360
[INFO] [stdout]                                at /rustc/a178d0322ce20e33eac124758e837cbd80a6f633/library/std/src/sys_common/backtrace.rs:67:5
[INFO] [stdout]    3:     0x55a70a480cf0 - <std::sys_common::backtrace::_print::DisplayBacktrace as core::fmt::Display>::fmt::h32d1f94a80615d18
[INFO] [stdout]                                at /rustc/a178d0322ce20e33eac124758e837cbd80a6f633/library/std/src/sys_common/backtrace.rs:46:22
[INFO] [stdout]    4:     0x55a70a4a39cc - core::fmt::write::h306731c068f7162c
[INFO] [stdout]                                at /rustc/a178d0322ce20e33eac124758e837cbd80a6f633/library/core/src/fmt/mod.rs:1110:17
[INFO] [stdout]    5:     0x55a70a47d855 - std::io::Write::write_fmt::h87f19b0a2cd190bc
[INFO] [stdout]                                at /rustc/a178d0322ce20e33eac124758e837cbd80a6f633/library/std/src/io/mod.rs:1588:15
[INFO] [stdout]    6:     0x55a70a482e9b - std::sys_common::backtrace::_print::h5abaa2601a852287
[INFO] [stdout]                                at /rustc/a178d0322ce20e33eac124758e837cbd80a6f633/library/std/src/sys_common/backtrace.rs:49:5
[INFO] [stdout]    7:     0x55a70a482e9b - std::sys_common::backtrace::print::h8d81445442bb638f
[INFO] [stdout]                                at /rustc/a178d0322ce20e33eac124758e837cbd80a6f633/library/std/src/sys_common/backtrace.rs:36:9
[INFO] [stdout]    8:     0x55a70a482e9b - std::panicking::default_hook::{{closure}}::hcfe804496a9fa747
[INFO] [stdout]                                at /rustc/a178d0322ce20e33eac124758e837cbd80a6f633/library/std/src/panicking.rs:208:50
[INFO] [stdout]    9:     0x55a70a4829ac - std::panicking::default_hook::hbea8e3ccf2ba8901
[INFO] [stdout]                                at /rustc/a178d0322ce20e33eac124758e837cbd80a6f633/library/std/src/panicking.rs:222:9
[INFO] [stdout]   10:     0x55a70a483564 - std::panicking::rust_panic_with_hook::h7ee9e1a2d0f8975a
[INFO] [stdout]                                at /rustc/a178d0322ce20e33eac124758e837cbd80a6f633/library/std/src/panicking.rs:622:17
[INFO] [stdout]   11:     0x55a70a483047 - std::panicking::begin_panic_handler::{{closure}}::h8ab3b4491718b2c7
[INFO] [stdout]                                at /rustc/a178d0322ce20e33eac124758e837cbd80a6f633/library/std/src/panicking.rs:519:13
[INFO] [stdout]   12:     0x55a70a4811ec - std::sys_common::backtrace::__rust_end_short_backtrace::hd489062ffa586a9f
[INFO] [stdout]                                at /rustc/a178d0322ce20e33eac124758e837cbd80a6f633/library/std/src/sys_common/backtrace.rs:141:18
[INFO] [stdout]   13:     0x55a70a482fa9 - rust_begin_unwind
[INFO] [stdout]                                at /rustc/a178d0322ce20e33eac124758e837cbd80a6f633/library/std/src/panicking.rs:515:5
[INFO] [stdout]   14:     0x55a70a314f2b - std::panicking::begin_panic_fmt::h5479575e112541f8
[INFO] [stdout]                                at /rustc/a178d0322ce20e33eac124758e837cbd80a6f633/library/std/src/panicking.rs:457:5
[INFO] [stdout]   15:     0x55a70a36b0f9 - assert_cli::assert::Assert::unwrap::hef0244b8c0495950
[INFO] [stdout]                                at /opt/rustwide/cargo-home/registry/src/github.com-1ecc6299db9ec823/assert_cli-0.5.4/src/assert.rs:368:13
[INFO] [stdout]   16:     0x55a70a3175f6 - cli::max_array::he63d014f9b611570
[INFO] [stdout]                                at /opt/rustwide/workdir/tests/cli.rs:393:5
[INFO] [stdout]   17:     0x55a70a31756a - cli::max_array::{{closure}}::h850897bc0e36268a
[INFO] [stdout]                                at /opt/rustwide/workdir/tests/cli.rs:309:1
[INFO] [stdout]   18:     0x55a70a316fae - core::ops::function::FnOnce::call_once::h1db75906b435624d
[INFO] [stdout]                                at /rustc/a178d0322ce20e33eac124758e837cbd80a6f633/library/core/src/ops/function.rs:227:5
[INFO] [stdout]   19:     0x55a70a3403f3 - core::ops::function::FnOnce::call_once::h152e7e439ff59e19
[INFO] [stdout]                                at /rustc/a178d0322ce20e33eac124758e837cbd80a6f633/library/core/src/ops/function.rs:227:5
[INFO] [stdout]   20:     0x55a70a3403f3 - test::__rust_begin_short_backtrace::h0908f3b1fdbb72ab
[INFO] [stdout]                                at /rustc/a178d0322ce20e33eac124758e837cbd80a6f633/library/test/src/lib.rs:577:5
[INFO] [stdout]   21:     0x55a70a33eeb0 - <alloc::boxed::Box<F,A> as core::ops::function::FnOnce<Args>>::call_once::hf6d2a51e5587546c
[INFO] [stdout]                                at /rustc/a178d0322ce20e33eac124758e837cbd80a6f633/library/alloc/src/boxed.rs:1575:9
[INFO] [stdout]   22:     0x55a70a33eeb0 - <std::panic::AssertUnwindSafe<F> as core::ops::function::FnOnce<()>>::call_once::h8af660f3a89ef593
[INFO] [stdout]                                at /rustc/a178d0322ce20e33eac124758e837cbd80a6f633/library/std/src/panic.rs:347:9
[INFO] [stdout]   23:     0x55a70a33eeb0 - std::panicking::try::do_call::hd36aef60f84b6d36
[INFO] [stdout]                                at /rustc/a178d0322ce20e33eac124758e837cbd80a6f633/library/std/src/panicking.rs:401:40
[INFO] [stdout]   24:     0x55a70a33eeb0 - std::panicking::try::h9932b4480e69817c
[INFO] [stdout]                                at /rustc/a178d0322ce20e33eac124758e837cbd80a6f633/library/std/src/panicking.rs:365:19
[INFO] [stdout]   25:     0x55a70a33eeb0 - std::panic::catch_unwind::h6aa177099cfff5f8
[INFO] [stdout]                                at /rustc/a178d0322ce20e33eac124758e837cbd80a6f633/library/std/src/panic.rs:434:14
[INFO] [stdout]   26:     0x55a70a33eeb0 - test::run_test_in_process::h5884d6f2d99e20c3
[INFO] [stdout]                                at /rustc/a178d0322ce20e33eac124758e837cbd80a6f633/library/test/src/lib.rs:600:18
[INFO] [stdout]   27:     0x55a70a33eeb0 - test::run_test::run_test_inner::{{closure}}::h6fdc58c6d5f5b6e3
[INFO] [stdout]                                at /rustc/a178d0322ce20e33eac124758e837cbd80a6f633/library/test/src/lib.rs:492:39
[INFO] [stdout]   28:     0x55a70a318562 - test::run_test::run_test_inner::{{closure}}::h408365d67a78ade8
[INFO] [stdout]                                at /rustc/a178d0322ce20e33eac124758e837cbd80a6f633/library/test/src/lib.rs:519:37
[INFO] [stdout]   29:     0x55a70a318562 - std::sys_common::backtrace::__rust_begin_short_backtrace::hb560b77c4f701523
[INFO] [stdout]                                at /rustc/a178d0322ce20e33eac124758e837cbd80a6f633/library/std/src/sys_common/backtrace.rs:125:18
[INFO] [stdout]   30:     0x55a70a31c118 - std::thread::Builder::spawn_unchecked::{{closure}}::{{closure}}::hf2e7831dad93c597
[INFO] [stdout]                                at /rustc/a178d0322ce20e33eac124758e837cbd80a6f633/library/std/src/thread/mod.rs:481:17
[INFO] [stdout]   31:     0x55a70a31c118 - <std::panic::AssertUnwindSafe<F> as core::ops::function::FnOnce<()>>::call_once::hd2e08783d8be4d02
[INFO] [stdout]                                at /rustc/a178d0322ce20e33eac124758e837cbd80a6f633/library/std/src/panic.rs:347:9
[INFO] [stdout]   32:     0x55a70a31c118 - std::panicking::try::do_call::h062597b7acfd6b82
[INFO] [stdout]                                at /rustc/a178d0322ce20e33eac124758e837cbd80a6f633/library/std/src/panicking.rs:401:40
[INFO] [stdout]   33:     0x55a70a31c118 - std::panicking::try::h0d7b79db04c14552
[INFO] [stdout]                                at /rustc/a178d0322ce20e33eac124758e837cbd80a6f633/library/std/src/panicking.rs:365:19
[INFO] [stdout]   34:     0x55a70a31c118 - std::panic::catch_unwind::hb01a0b5e7c8cd43b
[INFO] [stdout]                                at /rustc/a178d0322ce20e33eac124758e837cbd80a6f633/library/std/src/panic.rs:434:14
[INFO] [stdout]   35:     0x55a70a31c118 - std::thread::Builder::spawn_unchecked::{{closure}}::h5bde48cc887e0d1e
[INFO] [stdout]                                at /rustc/a178d0322ce20e33eac124758e837cbd80a6f633/library/std/src/thread/mod.rs:480:30
[INFO] [stdout]   36:     0x55a70a31c118 - core::ops::function::FnOnce::call_once{{vtable.shim}}::h745ea30807a29e55
[INFO] [stdout]                                at /rustc/a178d0322ce20e33eac124758e837cbd80a6f633/library/core/src/ops/function.rs:227:5
[INFO] [stdout]   37:     0x55a70a488427 - <alloc::boxed::Box<F,A> as core::ops::function::FnOnce<Args>>::call_once::h7ece6cfefaff1005
[INFO] [stdout]                                at /rustc/a178d0322ce20e33eac124758e837cbd80a6f633/library/alloc/src/boxed.rs:1575:9
[INFO] [stdout]   38:     0x55a70a488427 - <alloc::boxed::Box<F,A> as core::ops::function::FnOnce<Args>>::call_once::hb8b48e55c21f193e
[INFO] [stdout]                                at /rustc/a178d0322ce20e33eac124758e837cbd80a6f633/library/alloc/src/boxed.rs:1575:9
[INFO] [stdout]   39:     0x55a70a488427 - std::sys::unix::thread::Thread::new::thread_start::h8c7c4450dba62914
[INFO] [stdout]                                at /rustc/a178d0322ce20e33eac124758e837cbd80a6f633/library/std/src/sys/unix/thread.rs:71:17
[INFO] [stdout]   40:     0x7efd66912609 - start_thread
[INFO] [stdout]   41:     0x7efd666e4293 - clone
[INFO] [stdout]   42:                0x0 - <unknown>
[INFO] [stdout] 
[INFO] [stdout] ---- sum_array_rust stdout ----
[INFO] [stdout] thread 'sum_array_rust' panicked at 'CLI assertion failed: (command `cargo run --bin cargo-asm -- asm --manifest-path cargo-asm-test/lib_crate --no-color --debug-info lib_crate::sum_array --rust` expected to succeed)
[INFO] [stdout] status=failed
[INFO] [stdout] stdout=``````
[INFO] [stdout] stderr=```warning: file found to be present in multiple build targets: /opt/rustwide/workdir/src/main.rs
[INFO] [stdout] warning: unused `#[macro_use]` import
[INFO] [stdout]   --> src/main.rs:20:1
[INFO] [stdout]    |
[INFO] [stdout] 20 | #[macro_use]
[INFO] [stdout]    | ^^^^^^^^^^^^
[INFO] [stdout]    |
[INFO] [stdout]    = note: `#[warn(unused_imports)]` on by default
[INFO] [stdout] 
[INFO] [stdout] warning: unnecessary trailing semicolon
[INFO] [stdout]  --> src/llvmir.rs:7:42
[INFO] [stdout]   |
[INFO] [stdout] 7 |         debug!("Scanning file: {:?}", f);;
[INFO] [stdout]   |                                          ^ help: remove this semicolon
[INFO] [stdout]   |
[INFO] [stdout]   = note: `#[warn(redundant_semicolons)]` on by default
[INFO] [stdout] 
[INFO] [stdout] warning: unnecessary braces around block return value
[INFO] [stdout]   --> src/options.rs:11:9
[INFO] [stdout]    |
[INFO] [stdout] 11 |         { ::parking_lot::RwLock::new(read()) };
[INFO] [stdout]    |         ^^^^^^^^^^^^^^^^^^^^^^^^^^^^^^^^^^^^^^ help: remove these braces
[INFO] [stdout]    |
[INFO] [stdout]    = note: `#[warn(unused_braces)]` on by default
[INFO] [stdout] 
[INFO] [stdout] warning: unnecessary trailing semicolon
[INFO] [stdout]   --> src/rust.rs:84:49
[INFO] [stdout]    |
[INFO] [stdout] 84 |     debug!("Done inserting files: {:?}", files);;
[INFO] [stdout]    |                                                 ^ help: remove this semicolon
[INFO] [stdout] 
[INFO] [stdout] warning: unnecessary trailing semicolon
[INFO] [stdout]    --> src/rust.rs:104:55
[INFO] [stdout]     |
[INFO] [stdout] 104 |     debug!("Done filing holes in files: {:?}", files);;
[INFO] [stdout]     |                                                       ^ help: remove this semicolon
[INFO] [stdout] 
[INFO] [stdout] warning: unnecessary trailing semicolon
[INFO] [stdout]    --> src/rust.rs:109:59
[INFO] [stdout]     |
[INFO] [stdout] 109 |     debug!("Done correcting paths in files: {:?}", files);;
[INFO] [stdout]     |                                                           ^ help: remove this semicolon
[INFO] [stdout] 
[INFO] [stdout] warning: unnecessary trailing semicolon
[INFO] [stdout]    --> src/rust.rs:129:56
[INFO] [stdout]     |
[INFO] [stdout] 129 |     debug!("Done reading lines in files: {:?}", files);;
[INFO] [stdout]     |                                                        ^ help: remove this semicolon
[INFO] [stdout] 
[INFO] [stdout] warning: unnecessary trailing semicolon
[INFO] [stdout]   --> src/rust.rs:80:42
[INFO] [stdout]    |
[INFO] [stdout] 80 |             debug!("files: {:?}", files);;
[INFO] [stdout]    |                                          ^ help: remove this semicolon
[INFO] [stdout] 
[INFO] [stdout] warning: variable does not need to be mutable
[INFO] [stdout]   --> src/rust.rs:90:13
[INFO] [stdout]    |
[INFO] [stdout] 90 |         let mut prev = 0;
[INFO] [stdout]    |             ----^^^^
[INFO] [stdout]    |             |
[INFO] [stdout]    |             help: remove this `mut`
[INFO] [stdout]    |
[INFO] [stdout]    = note: `#[warn(unused_mut)]` on by default
[INFO] [stdout] 
[INFO] [stdout] warning: 9 warnings emitted
[INFO] [stdout] 
[INFO] [stdout]     Finished dev [unoptimized + debuginfo] target(s) in 0.28s
[INFO] [stdout]      Running `/opt/rustwide/target/debug/cargo-asm asm --manifest-path cargo-asm-test/lib_crate --no-color --debug-info 'lib_crate::sum_array' --rust`
[INFO] [stdout] [ERROR][cargo_asm][src/main.rs:81]: The manifest-path cargo-asm-test/lib_crate does not exist!
[INFO] [stdout] ```', /opt/rustwide/cargo-home/registry/src/github.com-1ecc6299db9ec823/assert_cli-0.5.4/src/assert.rs:368:13
[INFO] [stdout] stack backtrace:
[INFO] [stdout]    0:     0x55a70a480cf0 - std::backtrace_rs::backtrace::libunwind::trace::h34055254b57d8e79
[INFO] [stdout]                                at /rustc/a178d0322ce20e33eac124758e837cbd80a6f633/library/std/src/../../backtrace/src/backtrace/libunwind.rs:90:5
[INFO] [stdout]    1:     0x55a70a480cf0 - std::backtrace_rs::backtrace::trace_unsynchronized::h8f1e3fbd9afff6ec
[INFO] [stdout]                                at /rustc/a178d0322ce20e33eac124758e837cbd80a6f633/library/std/src/../../backtrace/src/backtrace/mod.rs:66:5
[INFO] [stdout]    2:     0x55a70a480cf0 - std::sys_common::backtrace::_print_fmt::h3a99a796b770c360
[INFO] [stdout]                                at /rustc/a178d0322ce20e33eac124758e837cbd80a6f633/library/std/src/sys_common/backtrace.rs:67:5
[INFO] [stdout]    3:     0x55a70a480cf0 - <std::sys_common::backtrace::_print::DisplayBacktrace as core::fmt::Display>::fmt::h32d1f94a80615d18
[INFO] [stdout]                                at /rustc/a178d0322ce20e33eac124758e837cbd80a6f633/library/std/src/sys_common/backtrace.rs:46:22
[INFO] [stdout]    4:     0x55a70a4a39cc - core::fmt::write::h306731c068f7162c
[INFO] [stdout]                                at /rustc/a178d0322ce20e33eac124758e837cbd80a6f633/library/core/src/fmt/mod.rs:1110:17
[INFO] [stdout]    5:     0x55a70a47d855 - std::io::Write::write_fmt::h87f19b0a2cd190bc
[INFO] [stdout]                                at /rustc/a178d0322ce20e33eac124758e837cbd80a6f633/library/std/src/io/mod.rs:1588:15
[INFO] [stdout]    6:     0x55a70a482e9b - std::sys_common::backtrace::_print::h5abaa2601a852287
[INFO] [stdout]                                at /rustc/a178d0322ce20e33eac124758e837cbd80a6f633/library/std/src/sys_common/backtrace.rs:49:5
[INFO] [stdout]    7:     0x55a70a482e9b - std::sys_common::backtrace::print::h8d81445442bb638f
[INFO] [stdout]                                at /rustc/a178d0322ce20e33eac124758e837cbd80a6f633/library/std/src/sys_common/backtrace.rs:36:9
[INFO] [stdout]    8:     0x55a70a482e9b - std::panicking::default_hook::{{closure}}::hcfe804496a9fa747
[INFO] [stdout]                                at /rustc/a178d0322ce20e33eac124758e837cbd80a6f633/library/std/src/panicking.rs:208:50
[INFO] [stdout]    9:     0x55a70a4829ac - std::panicking::default_hook::hbea8e3ccf2ba8901
[INFO] [stdout]                                at /rustc/a178d0322ce20e33eac124758e837cbd80a6f633/library/std/src/panicking.rs:222:9
[INFO] [stdout]   10:     0x55a70a483564 - std::panicking::rust_panic_with_hook::h7ee9e1a2d0f8975a
[INFO] [stdout]                                at /rustc/a178d0322ce20e33eac124758e837cbd80a6f633/library/std/src/panicking.rs:622:17
[INFO] [stdout]   11:     0x55a70a483047 - std::panicking::begin_panic_handler::{{closure}}::h8ab3b4491718b2c7
[INFO] [stdout]                                at /rustc/a178d0322ce20e33eac124758e837cbd80a6f633/library/std/src/panicking.rs:519:13
[INFO] [stdout]   12:     0x55a70a4811ec - std::sys_common::backtrace::__rust_end_short_backtrace::hd489062ffa586a9f
[INFO] [stdout]                                at /rustc/a178d0322ce20e33eac124758e837cbd80a6f633/library/std/src/sys_common/backtrace.rs:141:18
[INFO] [stdout]   13:     0x55a70a482fa9 - rust_begin_unwind
[INFO] [stdout]                                at /rustc/a178d0322ce20e33eac124758e837cbd80a6f633/library/std/src/panicking.rs:515:5
[INFO] [stdout]   14:     0x55a70a314f2b - std::panicking::begin_panic_fmt::h5479575e112541f8
[INFO] [stdout]                                at /rustc/a178d0322ce20e33eac124758e837cbd80a6f633/library/std/src/panicking.rs:457:5
[INFO] [stdout]   15:     0x55a70a36b0f9 - assert_cli::assert::Assert::unwrap::hef0244b8c0495950
[INFO] [stdout]                                at /opt/rustwide/cargo-home/registry/src/github.com-1ecc6299db9ec823/assert_cli-0.5.4/src/assert.rs:368:13
[INFO] [stdout]   16:     0x55a70a317696 - cli::sum_array_rust::h89fae9a09ad9dadb
[INFO] [stdout]                                at /opt/rustwide/workdir/tests/cli.rs:715:5
[INFO] [stdout]   17:     0x55a70a31760a - cli::sum_array_rust::{{closure}}::h8f7be210393e0372
[INFO] [stdout]                                at /opt/rustwide/workdir/tests/cli.rs:400:1
[INFO] [stdout]   18:     0x55a70a31718e - core::ops::function::FnOnce::call_once::hc9312c2db547b02a
[INFO] [stdout]                                at /rustc/a178d0322ce20e33eac124758e837cbd80a6f633/library/core/src/ops/function.rs:227:5
[INFO] [stdout]   19:     0x55a70a3403f3 - core::ops::function::FnOnce::call_once::h152e7e439ff59e19
[INFO] [stdout]                                at /rustc/a178d0322ce20e33eac124758e837cbd80a6f633/library/core/src/ops/function.rs:227:5
[INFO] [stdout]   20:     0x55a70a3403f3 - test::__rust_begin_short_backtrace::h0908f3b1fdbb72ab
[INFO] [stdout]                                at /rustc/a178d0322ce20e33eac124758e837cbd80a6f633/library/test/src/lib.rs:577:5
[INFO] [stdout]   21:     0x55a70a33eeb0 - <alloc::boxed::Box<F,A> as core::ops::function::FnOnce<Args>>::call_once::hf6d2a51e5587546c
[INFO] [stdout]                                at /rustc/a178d0322ce20e33eac124758e837cbd80a6f633/library/alloc/src/boxed.rs:1575:9
[INFO] [stdout]   22:     0x55a70a33eeb0 - <std::panic::AssertUnwindSafe<F> as core::ops::function::FnOnce<()>>::call_once::h8af660f3a89ef593
[INFO] [stdout]                                at /rustc/a178d0322ce20e33eac124758e837cbd80a6f633/library/std/src/panic.rs:347:9
[INFO] [stdout]   23:     0x55a70a33eeb0 - std::panicking::try::do_call::hd36aef60f84b6d36
[INFO] [stdout]                                at /rustc/a178d0322ce20e33eac124758e837cbd80a6f633/library/std/src/panicking.rs:401:40
[INFO] [stdout]   24:     0x55a70a33eeb0 - std::panicking::try::h9932b4480e69817c
[INFO] [stdout]                                at /rustc/a178d0322ce20e33eac124758e837cbd80a6f633/library/std/src/panicking.rs:365:19
[INFO] [stdout]   25:     0x55a70a33eeb0 - std::panic::catch_unwind::h6aa177099cfff5f8
[INFO] [stdout]                                at /rustc/a178d0322ce20e33eac124758e837cbd80a6f633/library/std/src/panic.rs:434:14
[INFO] [stdout]   26:     0x55a70a33eeb0 - test::run_test_in_process::h5884d6f2d99e20c3
[INFO] [stdout]                                at /rustc/a178d0322ce20e33eac124758e837cbd80a6f633/library/test/src/lib.rs:600:18
[INFO] [stdout]   27:     0x55a70a33eeb0 - test::run_test::run_test_inner::{{closure}}::h6fdc58c6d5f5b6e3
[INFO] [stdout]                                at /rustc/a178d0322ce20e33eac124758e837cbd80a6f633/library/test/src/lib.rs:492:39
[INFO] [stdout]   28:     0x55a70a318562 - test::run_test::run_test_inner::{{closure}}::h408365d67a78ade8
[INFO] [stdout]                                at /rustc/a178d0322ce20e33eac124758e837cbd80a6f633/library/test/src/lib.rs:519:37
[INFO] [stdout]   29:     0x55a70a318562 - std::sys_common::backtrace::__rust_begin_short_backtrace::hb560b77c4f701523
[INFO] [stdout]                                at /rustc/a178d0322ce20e33eac124758e837cbd80a6f633/library/std/src/sys_common/backtrace.rs:125:18
[INFO] [stdout]   30:     0x55a70a31c118 - std::thread::Builder::spawn_unchecked::{{closure}}::{{closure}}::hf2e7831dad93c597
[INFO] [stdout]                                at /rustc/a178d0322ce20e33eac124758e837cbd80a6f633/library/std/src/thread/mod.rs:481:17
[INFO] [stdout]   31:     0x55a70a31c118 - <std::panic::AssertUnwindSafe<F> as core::ops::function::FnOnce<()>>::call_once::hd2e08783d8be4d02
[INFO] [stdout]                                at /rustc/a178d0322ce20e33eac124758e837cbd80a6f633/library/std/src/panic.rs:347:9
[INFO] [stdout]   32:     0x55a70a31c118 - std::panicking::try::do_call::h062597b7acfd6b82
[INFO] [stdout]                                at /rustc/a178d0322ce20e33eac124758e837cbd80a6f633/library/std/src/panicking.rs:401:40
[INFO] [stdout]   33:     0x55a70a31c118 - std::panicking::try::h0d7b79db04c14552
[INFO] [stdout]                                at /rustc/a178d0322ce20e33eac124758e837cbd80a6f633/library/std/src/panicking.rs:365:19
[INFO] [stdout]   34:     0x55a70a31c118 - std::panic::catch_unwind::hb01a0b5e7c8cd43b
[INFO] [stdout]                                at /rustc/a178d0322ce20e33eac124758e837cbd80a6f633/library/std/src/panic.rs:434:14
[INFO] [stdout]   35:     0x55a70a31c118 - std::thread::Builder::spawn_unchecked::{{closure}}::h5bde48cc887e0d1e
[INFO] [stdout]                                at /rustc/a178d0322ce20e33eac124758e837cbd80a6f633/library/std/src/thread/mod.rs:480:30
[INFO] [stdout]   36:     0x55a70a31c118 - core::ops::function::FnOnce::call_once{{vtable.shim}}::h745ea30807a29e55
[INFO] [stdout]                                at /rustc/a178d0322ce20e33eac124758e837cbd80a6f633/library/core/src/ops/function.rs:227:5
[INFO] [stdout]   37:     0x55a70a488427 - <alloc::boxed::Box<F,A> as core::ops::function::FnOnce<Args>>::call_once::h7ece6cfefaff1005
[INFO] [stdout]                                at /rustc/a178d0322ce20e33eac124758e837cbd80a6f633/library/alloc/src/boxed.rs:1575:9
[INFO] [stdout]   38:     0x55a70a488427 - <alloc::boxed::Box<F,A> as core::ops::function::FnOnce<Args>>::call_once::hb8b48e55c21f193e
[INFO] [stdout]                                at /rustc/a178d0322ce20e33eac124758e837cbd80a6f633/library/alloc/src/boxed.rs:1575:9
[INFO] [stdout]   39:     0x55a70a488427 - std::sys::unix::thread::Thread::new::thread_start::h8c7c4450dba62914
[INFO] [stdout]                                at /rustc/a178d0322ce20e33eac124758e837cbd80a6f633/library/std/src/sys/unix/thread.rs:71:17
[INFO] [stdout]   40:     0x7efd66912609 - start_thread
[INFO] [stdout]   41:     0x7efd666e4293 - clone
[INFO] [stdout]   42:                0x0 - <unknown>
[INFO] [stdout] 
[INFO] [stdout] ---- cargo_features stdout ----
[INFO] [stdout] thread 'cargo_features' panicked at 'CLI assertion failed: `cargo run --bin cargo-asm -- asm --manifest-path cargo-asm-test/lib_crate --no-color --debug-info lib_crate::bar::tiger_add` StdErr mismatch: expected to contain "could not find function at path \"lib_crate::bar::tiger_add\" in the generated assembly."
[INFO] [stdout] output=```warning: file found to be present in multiple build targets: /opt/rustwide/workdir/src/main.rs
[INFO] [stdout] warning: unused `#[macro_use]` import
[INFO] [stdout]   --> src/main.rs:20:1
[INFO] [stdout]    |
[INFO] [stdout] 20 | #[macro_use]
[INFO] [stdout]    | ^^^^^^^^^^^^
[INFO] [stdout]    |
[INFO] [stdout]    = note: `#[warn(unused_imports)]` on by default
[INFO] [stdout] 
[INFO] [stdout] warning: unnecessary trailing semicolon
[INFO] [stdout]  --> src/llvmir.rs:7:42
[INFO] [stdout]   |
[INFO] [stdout] 7 |         debug!("Scanning file: {:?}", f);;
[INFO] [stdout]   |                                          ^ help: remove this semicolon
[INFO] [stdout]   |
[INFO] [stdout]   = note: `#[warn(redundant_semicolons)]` on by default
[INFO] [stdout] 
[INFO] [stdout] warning: unnecessary braces around block return value
[INFO] [stdout]   --> src/options.rs:11:9
[INFO] [stdout]    |
[INFO] [stdout] 11 |         { ::parking_lot::RwLock::new(read()) };
[INFO] [stdout]    |         ^^^^^^^^^^^^^^^^^^^^^^^^^^^^^^^^^^^^^^ help: remove these braces
[INFO] [stdout]    |
[INFO] [stdout]    = note: `#[warn(unused_braces)]` on by default
[INFO] [stdout] 
[INFO] [stdout] warning: unnecessary trailing semicolon
[INFO] [stdout]   --> src/rust.rs:84:49
[INFO] [stdout]    |
[INFO] [stdout] 84 |     debug!("Done inserting files: {:?}", files);;
[INFO] [stdout]    |                                                 ^ help: remove this semicolon
[INFO] [stdout] 
[INFO] [stdout] warning: unnecessary trailing semicolon
[INFO] [stdout]    --> src/rust.rs:104:55
[INFO] [stdout]     |
[INFO] [stdout] 104 |     debug!("Done filing holes in files: {:?}", files);;
[INFO] [stdout]     |                                                       ^ help: remove this semicolon
[INFO] [stdout] 
[INFO] [stdout] warning: unnecessary trailing semicolon
[INFO] [stdout]    --> src/rust.rs:109:59
[INFO] [stdout]     |
[INFO] [stdout] 109 |     debug!("Done correcting paths in files: {:?}", files);;
[INFO] [stdout]     |                                                           ^ help: remove this semicolon
[INFO] [stdout] 
[INFO] [stdout] warning: unnecessary trailing semicolon
[INFO] [stdout]    --> src/rust.rs:129:56
[INFO] [stdout]     |
[INFO] [stdout] 129 |     debug!("Done reading lines in files: {:?}", files);;
[INFO] [stdout]     |                                                        ^ help: remove this semicolon
[INFO] [stdout] 
[INFO] [stdout] warning: unnecessary trailing semicolon
[INFO] [stdout]   --> src/rust.rs:80:42
[INFO] [stdout]    |
[INFO] [stdout] 80 |             debug!("files: {:?}", files);;
[INFO] [stdout]    |                                          ^ help: remove this semicolon
[INFO] [stdout] 
[INFO] [stdout] warning: variable does not need to be mutable
[INFO] [stdout]   --> src/rust.rs:90:13
[INFO] [stdout]    |
[INFO] [stdout] 90 |         let mut prev = 0;
[INFO] [stdout]    |             ----^^^^
[INFO] [stdout]    |             |
[INFO] [stdout]    |             help: remove this `mut`
[INFO] [stdout]    |
[INFO] [stdout]    = note: `#[warn(unused_mut)]` on by default
[INFO] [stdout] 
[INFO] [stdout] warning: 9 warnings emitted
[INFO] [stdout] 
[INFO] [stdout]     Finished dev [unoptimized + debuginfo] target(s) in 0.06s
[INFO] [stdout]      Running `/opt/rustwide/target/debug/cargo-asm asm --manifest-path cargo-asm-test/lib_crate --no-color --debug-info 'lib_crate::bar::tiger_add'`
[INFO] [stdout] [ERROR][cargo_asm][src/main.rs:81]: The manifest-path cargo-asm-test/lib_crate does not exist!
[INFO] [stdout] ```', /opt/rustwide/cargo-home/registry/src/github.com-1ecc6299db9ec823/assert_cli-0.5.4/src/assert.rs:368:13
[INFO] [stdout] stack backtrace:
[INFO] [stdout]    0:     0x55a70a480cf0 - std::backtrace_rs::backtrace::libunwind::trace::h34055254b57d8e79
[INFO] [stdout]                                at /rustc/a178d0322ce20e33eac124758e837cbd80a6f633/library/std/src/../../backtrace/src/backtrace/libunwind.rs:90:5
[INFO] [stdout]    1:     0x55a70a480cf0 - std::backtrace_rs::backtrace::trace_unsynchronized::h8f1e3fbd9afff6ec
[INFO] [stdout]                                at /rustc/a178d0322ce20e33eac124758e837cbd80a6f633/library/std/src/../../backtrace/src/backtrace/mod.rs:66:5
[INFO] [stdout]    2:     0x55a70a480cf0 - std::sys_common::backtrace::_print_fmt::h3a99a796b770c360
[INFO] [stdout]                                at /rustc/a178d0322ce20e33eac124758e837cbd80a6f633/library/std/src/sys_common/backtrace.rs:67:5
[INFO] [stdout]    3:     0x55a70a480cf0 - <std::sys_common::backtrace::_print::DisplayBacktrace as core::fmt::Display>::fmt::h32d1f94a80615d18
[INFO] [stdout]                                at /rustc/a178d0322ce20e33eac124758e837cbd80a6f633/library/std/src/sys_common/backtrace.rs:46:22
[INFO] [stdout]    4:     0x55a70a4a39cc - core::fmt::write::h306731c068f7162c
[INFO] [stdout]                                at /rustc/a178d0322ce20e33eac124758e837cbd80a6f633/library/core/src/fmt/mod.rs:1110:17
[INFO] [stdout]    5:     0x55a70a47d855 - std::io::Write::write_fmt::h87f19b0a2cd190bc
[INFO] [stdout]                                at /rustc/a178d0322ce20e33eac124758e837cbd80a6f633/library/std/src/io/mod.rs:1588:15
[INFO] [stdout]    6:     0x55a70a482e9b - std::sys_common::backtrace::_print::h5abaa2601a852287
[INFO] [stdout]                                at /rustc/a178d0322ce20e33eac124758e837cbd80a6f633/library/std/src/sys_common/backtrace.rs:49:5
[INFO] [stdout]    7:     0x55a70a482e9b - std::sys_common::backtrace::print::h8d81445442bb638f
[INFO] [stdout]                                at /rustc/a178d0322ce20e33eac124758e837cbd80a6f633/library/std/src/sys_common/backtrace.rs:36:9
[INFO] [stdout]    8:     0x55a70a482e9b - std::panicking::default_hook::{{closure}}::hcfe804496a9fa747
[INFO] [stdout]                                at /rustc/a178d0322ce20e33eac124758e837cbd80a6f633/library/std/src/panicking.rs:208:50
[INFO] [stdout]    9:     0x55a70a4829ac - std::panicking::default_hook::hbea8e3ccf2ba8901
[INFO] [stdout]                                at /rustc/a178d0322ce20e33eac124758e837cbd80a6f633/library/std/src/panicking.rs:222:9
[INFO] [stdout]   10:     0x55a70a483564 - std::panicking::rust_panic_with_hook::h7ee9e1a2d0f8975a
[INFO] [stdout]                                at /rustc/a178d0322ce20e33eac124758e837cbd80a6f633/library/std/src/panicking.rs:622:17
[INFO] [stdout]   11:     0x55a70a483047 - std::panicking::begin_panic_handler::{{closure}}::h8ab3b4491718b2c7
[INFO] [stdout]                                at /rustc/a178d0322ce20e33eac124758e837cbd80a6f633/library/std/src/panicking.rs:519:13
[INFO] [stdout]   12:     0x55a70a4811ec - std::sys_common::backtrace::__rust_end_short_backtrace::hd489062ffa586a9f
[INFO] [stdout]                                at /rustc/a178d0322ce20e33eac124758e837cbd80a6f633/library/std/src/sys_common/backtrace.rs:141:18
[INFO] [stdout]   13:     0x55a70a482fa9 - rust_begin_unwind
[INFO] [stdout]                                at /rustc/a178d0322ce20e33eac124758e837cbd80a6f633/library/std/src/panicking.rs:515:5
[INFO] [stdout]   14:     0x55a70a314f2b - std::panicking::begin_panic_fmt::h5479575e112541f8
[INFO] [stdout]                                at /rustc/a178d0322ce20e33eac124758e837cbd80a6f633/library/std/src/panicking.rs:457:5
[INFO] [stdout]   15:     0x55a70a36b0f9 - assert_cli::assert::Assert::unwrap::hef0244b8c0495950
[INFO] [stdout]                                at /opt/rustwide/cargo-home/registry/src/github.com-1ecc6299db9ec823/assert_cli-0.5.4/src/assert.rs:368:13
[INFO] [stdout]   16:     0x55a70a317ac5 - cli::cargo_features::hdffcbd1d1cf38e34
[INFO] [stdout]                                at /opt/rustwide/workdir/tests/cli.rs:928:5
[INFO] [stdout]   17:     0x55a70a317a3a - cli::cargo_features::{{closure}}::ha976dc2fbf7320d8
[INFO] [stdout]                                at /opt/rustwide/workdir/tests/cli.rs:927:1
[INFO] [stdout]   18:     0x55a70a31710e - core::ops::function::FnOnce::call_once::ha6de769965ae05f3
[INFO] [stdout]                                at /rustc/a178d0322ce20e33eac124758e837cbd80a6f633/library/core/src/ops/function.rs:227:5
[INFO] [stdout]   19:     0x55a70a3403f3 - core::ops::function::FnOnce::call_once::h152e7e439ff59e19
[INFO] [stdout]                                at /rustc/a178d0322ce20e33eac124758e837cbd80a6f633/library/core/src/ops/function.rs:227:5
[INFO] [stdout]   20:     0x55a70a3403f3 - test::__rust_begin_short_backtrace::h0908f3b1fdbb72ab
[INFO] [stdout]                                at /rustc/a178d0322ce20e33eac124758e837cbd80a6f633/library/test/src/lib.rs:577:5
[INFO] [stdout]   21:     0x55a70a33eeb0 - <alloc::boxed::Box<F,A> as core::ops::function::FnOnce<Args>>::call_once::hf6d2a51e5587546c
[INFO] [stdout]                                at /rustc/a178d0322ce20e33eac124758e837cbd80a6f633/library/alloc/src/boxed.rs:1575:9
[INFO] [stdout]   22:     0x55a70a33eeb0 - <std::panic::AssertUnwindSafe<F> as core::ops::function::FnOnce<()>>::call_once::h8af660f3a89ef593
[INFO] [stdout]                                at /rustc/a178d0322ce20e33eac124758e837cbd80a6f633/library/std/src/panic.rs:347:9
[INFO] [stdout]   23:     0x55a70a33eeb0 - std::panicking::try::do_call::hd36aef60f84b6d36
[INFO] [stdout]                                at /rustc/a178d0322ce20e33eac124758e837cbd80a6f633/library/std/src/panicking.rs:401:40
[INFO] [stdout]   24:     0x55a70a33eeb0 - std::panicking::try::h9932b4480e69817c
[INFO] [stdout]                                at /rustc/a178d0322ce20e33eac124758e837cbd80a6f633/library/std/src/panicking.rs:365:19
[INFO] [stdout]   25:     0x55a70a33eeb0 - std::panic::catch_unwind::h6aa177099cfff5f8
[INFO] [stdout]                                at /rustc/a178d0322ce20e33eac124758e837cbd80a6f633/library/std/src/panic.rs:434:14
[INFO] [stdout]   26:     0x55a70a33eeb0 - test::run_test_in_process::h5884d6f2d99e20c3
[INFO] [stdout]                                at /rustc/a178d0322ce20e33eac124758e837cbd80a6f633/library/test/src/lib.rs:600:18
[INFO] [stdout]   27:     0x55a70a33eeb0 - test::run_test::run_test_inner::{{closure}}::h6fdc58c6d5f5b6e3
[INFO] [stdout]                                at /rustc/a178d0322ce20e33eac124758e837cbd80a6f633/library/test/src/lib.rs:492:39
[INFO] [stdout]   28:     0x55a70a318562 - test::run_test::run_test_inner::{{closure}}::h408365d67a78ade8
[INFO] [stdout]                                at /rustc/a178d0322ce20e33eac124758e837cbd80a6f633/library/test/src/lib.rs:519:37
[INFO] [stdout]   29:     0x55a70a318562 - std::sys_common::backtrace::__rust_begin_short_backtrace::hb560b77c4f701523
[INFO] [stdout]                                at /rustc/a178d0322ce20e33eac124758e837cbd80a6f633/library/std/src/sys_common/backtrace.rs:125:18
[INFO] [stdout]   30:     0x55a70a31c118 - std::thread::Builder::spawn_unchecked::{{closure}}::{{closure}}::hf2e7831dad93c597
[INFO] [stdout]                                at /rustc/a178d0322ce20e33eac124758e837cbd80a6f633/library/std/src/thread/mod.rs:481:17
[INFO] [stdout]   31:     0x55a70a31c118 - <std::panic::AssertUnwindSafe<F> as core::ops::function::FnOnce<()>>::call_once::hd2e08783d8be4d02
[INFO] [stdout]                                at /rustc/a178d0322ce20e33eac124758e837cbd80a6f633/library/std/src/panic.rs:347:9
[INFO] [stdout]   32:     0x55a70a31c118 - std::panicking::try::do_call::h062597b7acfd6b82
[INFO] [stdout]                                at /rustc/a178d0322ce20e33eac124758e837cbd80a6f633/library/std/src/panicking.rs:401:40
[INFO] [stdout]   33:     0x55a70a31c118 - std::panicking::try::h0d7b79db04c14552
[INFO] [stdout]                                at /rustc/a178d0322ce20e33eac124758e837cbd80a6f633/library/std/src/panicking.rs:365:19
[INFO] [stdout]   34:     0x55a70a31c118 - std::panic::catch_unwind::hb01a0b5e7c8cd43b
[INFO] [stdout]                                at /rustc/a178d0322ce20e33eac124758e837cbd80a6f633/library/std/src/panic.rs:434:14
[INFO] [stdout]   35:     0x55a70a31c118 - std::thread::Builder::spawn_unchecked::{{closure}}::h5bde48cc887e0d1e
[INFO] [stdout]                                at /rustc/a178d0322ce20e33eac124758e837cbd80a6f633/library/std/src/thread/mod.rs:480:30
[INFO] [stdout]   36:     0x55a70a31c118 - core::ops::function::FnOnce::call_once{{vtable.shim}}::h745ea30807a29e55
[INFO] [stdout]                                at /rustc/a178d0322ce20e33eac124758e837cbd80a6f633/library/core/src/ops/function.rs:227:5
[INFO] [stdout]   37:     0x55a70a488427 - <alloc::boxed::Box<F,A> as core::ops::function::FnOnce<Args>>::call_once::h7ece6cfefaff1005
[INFO] [stdout]                                at /rustc/a178d0322ce20e33eac124758e837cbd80a6f633/library/alloc/src/boxed.rs:1575:9
[INFO] [stdout]   38:     0x55a70a488427 - <alloc::boxed::Box<F,A> as core::ops::function::FnOnce<Args>>::call_once::hb8b48e55c21f193e
[INFO] [stdout]                                at /rustc/a178d0322ce20e33eac124758e837cbd80a6f633/library/alloc/src/boxed.rs:1575:9
[INFO] [stdout]   39:     0x55a70a488427 - std::sys::unix::thread::Thread::new::thread_start::h8c7c4450dba62914
[INFO] [stdout]                                at /rustc/a178d0322ce20e33eac124758e837cbd80a6f633/library/std/src/sys/unix/thread.rs:71:17
[INFO] [stdout]   40:     0x7efd66912609 - start_thread
[INFO] [stdout]   41:     0x7efd666e4293 - clone
[INFO] [stdout]   42:                0x0 - <unknown>
[INFO] [stdout] 
[INFO] [stdout] ---- inherent_method stdout ----
[INFO] [stdout] thread 'inherent_method' panicked at 'CLI assertion failed: (command `cargo run --bin cargo-asm -- asm --manifest-path cargo-asm-test/lib_crate --no-color --debug-info lib_crate::baz::Foo::foo_add --rust` expected to succeed)
[INFO] [stdout] status=failed
[INFO] [stdout] stdout=``````
[INFO] [stdout] stderr=```warning: file found to be present in multiple build targets: /opt/rustwide/workdir/src/main.rs
[INFO] [stdout]     Blocking waiting for file lock on package cache
[INFO] [stdout] warning: unused `#[macro_use]` import
[INFO] [stdout]   --> src/main.rs:20:1
[INFO] [stdout]    |
[INFO] [stdout] 20 | #[macro_use]
[INFO] [stdout]    | ^^^^^^^^^^^^
[INFO] [stdout]    |
[INFO] [stdout]    = note: `#[warn(unused_imports)]` on by default
[INFO] [stdout] 
[INFO] [stdout] warning: unnecessary trailing semicolon
[INFO] [stdout]  --> src/llvmir.rs:7:42
[INFO] [stdout]   |
[INFO] [stdout] 7 |         debug!("Scanning file: {:?}", f);;
[INFO] [stdout]   |                                          ^ help: remove this semicolon
[INFO] [stdout]   |
[INFO] [stdout]   = note: `#[warn(redundant_semicolons)]` on by default
[INFO] [stdout] 
[INFO] [stdout] warning: unnecessary braces around block return value
[INFO] [stdout]   --> src/options.rs:11:9
[INFO] [stdout]    |
[INFO] [stdout] 11 |         { ::parking_lot::RwLock::new(read()) };
[INFO] [stdout]    |         ^^^^^^^^^^^^^^^^^^^^^^^^^^^^^^^^^^^^^^ help: remove these braces
[INFO] [stdout]    |
[INFO] [stdout]    = note: `#[warn(unused_braces)]` on by default
[INFO] [stdout] 
[INFO] [stdout] warning: unnecessary trailing semicolon
[INFO] [stdout]   --> src/rust.rs:84:49
[INFO] [stdout]    |
[INFO] [stdout] 84 |     debug!("Done inserting files: {:?}", files);;
[INFO] [stdout]    |                                                 ^ help: remove this semicolon
[INFO] [stdout] 
[INFO] [stdout] warning: unnecessary trailing semicolon
[INFO] [stdout]    --> src/rust.rs:104:55
[INFO] [stdout]     |
[INFO] [stdout] 104 |     debug!("Done filing holes in files: {:?}", files);;
[INFO] [stdout]     |                                                       ^ help: remove this semicolon
[INFO] [stdout] 
[INFO] [stdout] warning: unnecessary trailing semicolon
[INFO] [stdout]    --> src/rust.rs:109:59
[INFO] [stdout]     |
[INFO] [stdout] 109 |     debug!("Done correcting paths in files: {:?}", files);;
[INFO] [stdout]     |                                                           ^ help: remove this semicolon
[INFO] [stdout] 
[INFO] [stdout] warning: unnecessary trailing semicolon
[INFO] [stdout]    --> src/rust.rs:129:56
[INFO] [stdout]     |
[INFO] [stdout] 129 |     debug!("Done reading lines in files: {:?}", files);;
[INFO] [stdout]     |                                                        ^ help: remove this semicolon
[INFO] [stdout] 
[INFO] [stdout] warning: unnecessary trailing semicolon
[INFO] [stdout]   --> src/rust.rs:80:42
[INFO] [stdout]    |
[INFO] [stdout] 80 |             debug!("files: {:?}", files);;
[INFO] [stdout]    |                                          ^ help: remove this semicolon
[INFO] [stdout] 
[INFO] [stdout] warning: variable does not need to be mutable
[INFO] [stdout]   --> src/rust.rs:90:13
[INFO] [stdout]    |
[INFO] [stdout] 90 |         let mut prev = 0;
[INFO] [stdout]    |             ----^^^^
[INFO] [stdout]    |             |
[INFO] [stdout]    |             help: remove this `mut`
[INFO] [stdout]    |
[INFO] [stdout]    = note: `#[warn(unused_mut)]` on by default
[INFO] [stdout] 
[INFO] [stdout] warning: 9 warnings emitted
[INFO] [stdout] 
[INFO] [stdout]     Finished dev [unoptimized + debuginfo] target(s) in 0.30s
[INFO] [stdout]      Running `/opt/rustwide/target/debug/cargo-asm asm --manifest-path cargo-asm-test/lib_crate --no-color --debug-info 'lib_crate::baz::Foo::foo_add' --rust`
[INFO] [stdout] [ERROR][cargo_asm][src/main.rs:81]: The manifest-path cargo-asm-test/lib_crate does not exist!
[INFO] [stdout] ```', /opt/rustwide/cargo-home/registry/src/github.com-1ecc6299db9ec823/assert_cli-0.5.4/src/assert.rs:368:13
[INFO] [stdout] stack backtrace:
[INFO] [stdout]    0:     0x55a70a480cf0 - std::backtrace_rs::backtrace::libunwind::trace::h34055254b57d8e79
[INFO] [stdout]                                at /rustc/a178d0322ce20e33eac124758e837cbd80a6f633/library/std/src/../../backtrace/src/backtrace/libunwind.rs:90:5
[INFO] [stdout]    1:     0x55a70a480cf0 - std::backtrace_rs::backtrace::trace_unsynchronized::h8f1e3fbd9afff6ec
[INFO] [stdout]                                at /rustc/a178d0322ce20e33eac124758e837cbd80a6f633/library/std/src/../../backtrace/src/backtrace/mod.rs:66:5
[INFO] [stdout]    2:     0x55a70a480cf0 - std::sys_common::backtrace::_print_fmt::h3a99a796b770c360
[INFO] [stdout]                                at /rustc/a178d0322ce20e33eac124758e837cbd80a6f633/library/std/src/sys_common/backtrace.rs:67:5
[INFO] [stdout]    3:     0x55a70a480cf0 - <std::sys_common::backtrace::_print::DisplayBacktrace as core::fmt::Display>::fmt::h32d1f94a80615d18
[INFO] [stdout]                                at /rustc/a178d0322ce20e33eac124758e837cbd80a6f633/library/std/src/sys_common/backtrace.rs:46:22
[INFO] [stdout]    4:     0x55a70a4a39cc - core::fmt::write::h306731c068f7162c
[INFO] [stdout]                                at /rustc/a178d0322ce20e33eac124758e837cbd80a6f633/library/core/src/fmt/mod.rs:1110:17
[INFO] [stdout]    5:     0x55a70a47d855 - std::io::Write::write_fmt::h87f19b0a2cd190bc
[INFO] [stdout]                                at /rustc/a178d0322ce20e33eac124758e837cbd80a6f633/library/std/src/io/mod.rs:1588:15
[INFO] [stdout]    6:     0x55a70a482e9b - std::sys_common::backtrace::_print::h5abaa2601a852287
[INFO] [stdout]                                at /rustc/a178d0322ce20e33eac124758e837cbd80a6f633/library/std/src/sys_common/backtrace.rs:49:5
[INFO] [stdout]    7:     0x55a70a482e9b - std::sys_common::backtrace::print::h8d81445442bb638f
[INFO] [stdout]                                at /rustc/a178d0322ce20e33eac124758e837cbd80a6f633/library/std/src/sys_common/backtrace.rs:36:9
[INFO] [stdout]    8:     0x55a70a482e9b - std::panicking::default_hook::{{closure}}::hcfe804496a9fa747
[INFO] [stdout]                                at /rustc/a178d0322ce20e33eac124758e837cbd80a6f633/library/std/src/panicking.rs:208:50
[INFO] [stdout]    9:     0x55a70a4829ac - std::panicking::default_hook::hbea8e3ccf2ba8901
[INFO] [stdout]                                at /rustc/a178d0322ce20e33eac124758e837cbd80a6f633/library/std/src/panicking.rs:222:9
[INFO] [stdout]   10:     0x55a70a483564 - std::panicking::rust_panic_with_hook::h7ee9e1a2d0f8975a
[INFO] [stdout]                                at /rustc/a178d0322ce20e33eac124758e837cbd80a6f633/library/std/src/panicking.rs:622:17
[INFO] [stdout]   11:     0x55a70a483047 - std::panicking::begin_panic_handler::{{closure}}::h8ab3b4491718b2c7
[INFO] [stdout]                                at /rustc/a178d0322ce20e33eac124758e837cbd80a6f633/library/std/src/panicking.rs:519:13
[INFO] [stdout]   12:     0x55a70a4811ec - std::sys_common::backtrace::__rust_end_short_backtrace::hd489062ffa586a9f
[INFO] [stdout]                                at /rustc/a178d0322ce20e33eac124758e837cbd80a6f633/library/std/src/sys_common/backtrace.rs:141:18
[INFO] [stdout]   13:     0x55a70a482fa9 - rust_begin_unwind
[INFO] [stdout]                                at /rustc/a178d0322ce20e33eac124758e837cbd80a6f633/library/std/src/panicking.rs:515:5
[INFO] [stdout]   14:     0x55a70a314f2b - std::panicking::begin_panic_fmt::h5479575e112541f8
[INFO] [stdout]                                at /rustc/a178d0322ce20e33eac124758e837cbd80a6f633/library/std/src/panicking.rs:457:5
[INFO] [stdout]   15:     0x55a70a36b0f9 - assert_cli::assert::Assert::unwrap::hef0244b8c0495950
[INFO] [stdout]                                at /opt/rustwide/cargo-home/registry/src/github.com-1ecc6299db9ec823/assert_cli-0.5.4/src/assert.rs:368:13
[INFO] [stdout]   16:     0x55a70a317916 - cli::inherent_method::he1d5ca17121d694d
[INFO] [stdout]                                at /opt/rustwide/workdir/tests/cli.rs:910:5
[INFO] [stdout]   17:     0x55a70a31788a - cli::inherent_method::{{closure}}::h5689ec8bc23aea8f
[INFO] [stdout]                                at /opt/rustwide/workdir/tests/cli.rs:884:1
[INFO] [stdout]   18:     0x55a70a31714e - core::ops::function::FnOnce::call_once::hc6f94d248cdbacd5
[INFO] [stdout]                                at /rustc/a178d0322ce20e33eac124758e837cbd80a6f633/library/core/src/ops/function.rs:227:5
[INFO] [stdout]   19:     0x55a70a3403f3 - core::ops::function::FnOnce::call_once::h152e7e439ff59e19
[INFO] [stdout]                                at /rustc/a178d0322ce20e33eac124758e837cbd80a6f633/library/core/src/ops/function.rs:227:5
[INFO] [stdout]   20:     0x55a70a3403f3 - test::__rust_begin_short_backtrace::h0908f3b1fdbb72ab
[INFO] [stdout]                                at /rustc/a178d0322ce20e33eac124758e837cbd80a6f633/library/test/src/lib.rs:577:5
[INFO] [stdout]   21:     0x55a70a33eeb0 - <alloc::boxed::Box<F,A> as core::ops::function::FnOnce<Args>>::call_once::hf6d2a51e5587546c
[INFO] [stdout]                                at /rustc/a178d0322ce20e33eac124758e837cbd80a6f633/library/alloc/src/boxed.rs:1575:9
[INFO] [stdout]   22:     0x55a70a33eeb0 - <std::panic::AssertUnwindSafe<F> as core::ops::function::FnOnce<()>>::call_once::h8af660f3a89ef593
[INFO] [stdout]                                at /rustc/a178d0322ce20e33eac124758e837cbd80a6f633/library/std/src/panic.rs:347:9
[INFO] [stdout]   23:     0x55a70a33eeb0 - std::panicking::try::do_call::hd36aef60f84b6d36
[INFO] [stdout]                                at /rustc/a178d0322ce20e33eac124758e837cbd80a6f633/library/std/src/panicking.rs:401:40
[INFO] [stdout]   24:     0x55a70a33eeb0 - std::panicking::try::h9932b4480e69817c
[INFO] [stdout]                                at /rustc/a178d0322ce20e33eac124758e837cbd80a6f633/library/std/src/panicking.rs:365:19
[INFO] [stdout]   25:     0x55a70a33eeb0 - std::panic::catch_unwind::h6aa177099cfff5f8
[INFO] [stdout]                                at /rustc/a178d0322ce20e33eac124758e837cbd80a6f633/library/std/src/panic.rs:434:14
[INFO] [stdout]   26:     0x55a70a33eeb0 - test::run_test_in_process::h5884d6f2d99e20c3
[INFO] [stdout]                                at /rustc/a178d0322ce20e33eac124758e837cbd80a6f633/library/test/src/lib.rs:600:18
[INFO] [stdout]   27:     0x55a70a33eeb0 - test::run_test::run_test_inner::{{closure}}::h6fdc58c6d5f5b6e3
[INFO] [stdout]                                at /rustc/a178d0322ce20e33eac124758e837cbd80a6f633/library/test/src/lib.rs:492:39
[INFO] [stdout]   28:     0x55a70a318562 - test::run_test::run_test_inner::{{closure}}::h408365d67a78ade8
[INFO] [stdout]                                at /rustc/a178d0322ce20e33eac124758e837cbd80a6f633/library/test/src/lib.rs:519:37
[INFO] [stdout]   29:     0x55a70a318562 - std::sys_common::backtrace::__rust_begin_short_backtrace::hb560b77c4f701523
[INFO] [stdout]                                at /rustc/a178d0322ce20e33eac124758e837cbd80a6f633/library/std/src/sys_common/backtrace.rs:125:18
[INFO] [stdout]   30:     0x55a70a31c118 - std::thread::Builder::spawn_unchecked::{{closure}}::{{closure}}::hf2e7831dad93c597
[INFO] [stdout]                                at /rustc/a178d0322ce20e33eac124758e837cbd80a6f633/library/std/src/thread/mod.rs:481:17
[INFO] [stdout]   31:     0x55a70a31c118 - <std::panic::AssertUnwindSafe<F> as core::ops::function::FnOnce<()>>::call_once::hd2e08783d8be4d02
[INFO] [stdout]                                at /rustc/a178d0322ce20e33eac124758e837cbd80a6f633/library/std/src/panic.rs:347:9
[INFO] [stdout]   32:     0x55a70a31c118 - std::panicking::try::do_call::h062597b7acfd6b82
[INFO] [stdout]                                at /rustc/a178d0322ce20e33eac124758e837cbd80a6f633/library/std/src/panicking.rs:401:40
[INFO] [stdout]   33:     0x55a70a31c118 - std::panicking::try::h0d7b79db04c14552
[INFO] [stdout]                                at /rustc/a178d0322ce20e33eac124758e837cbd80a6f633/library/std/src/panicking.rs:365:19
[INFO] [stdout]   34:     0x55a70a31c118 - std::panic::catch_unwind::hb01a0b5e7c8cd43b
[INFO] [stdout]                                at /rustc/a178d0322ce20e33eac124758e837cbd80a6f633/library/std/src/panic.rs:434:14
[INFO] [stdout]   35:     0x55a70a31c118 - std::thread::Builder::spawn_unchecked::{{closure}}::h5bde48cc887e0d1e
[INFO] [stdout]                                at /rustc/a178d0322ce20e33eac124758e837cbd80a6f633/library/std/src/thread/mod.rs:480:30
[INFO] [stdout]   36:     0x55a70a31c118 - core::ops::function::FnOnce::call_once{{vtable.shim}}::h745ea30807a29e55
[INFO] [stdout]                                at /rustc/a178d0322ce20e33eac124758e837cbd80a6f633/library/core/src/ops/function.rs:227:5
[INFO] [stdout]   37:     0x55a70a488427 - <alloc::boxed::Box<F,A> as core::ops::function::FnOnce<Args>>::call_once::h7ece6cfefaff1005
[INFO] [stdout]                                at /rustc/a178d0322ce20e33eac124758e837cbd80a6f633/library/alloc/src/boxed.rs:1575:9
[INFO] [stdout]   38:     0x55a70a488427 - <alloc::boxed::Box<F,A> as core::ops::function::FnOnce<Args>>::call_once::hb8b48e55c21f193e
[INFO] [stdout]                                at /rustc/a178d0322ce20e33eac124758e837cbd80a6f633/library/alloc/src/boxed.rs:1575:9
[INFO] [stdout]   39:     0x55a70a488427 - std::sys::unix::thread::Thread::new::thread_start::h8c7c4450dba62914
[INFO] [stdout]                                at /rustc/a178d0322ce20e33eac124758e837cbd80a6f633/library/std/src/sys/unix/thread.rs:71:17
[INFO] [stdout]   40:     0x7efd66912609 - start_thread
[INFO] [stdout]   41:     0x7efd666e4293 - clone
[INFO] [stdout]   42:                0x0 - <unknown>
[INFO] [stdout] 
[INFO] [stdout] ---- generic_function stdout ----
[INFO] [stdout] thread 'generic_function' panicked at 'CLI assertion failed: (command `cargo run --bin cargo-asm -- asm --manifest-path cargo-asm-test/lib_crate --no-color --debug-info lib_crate::bar::generic_add --rust` expected to succeed)
[INFO] [stdout] status=failed
[INFO] [stdout] stdout=``````
[INFO] [stdout] stderr=```warning: file found to be present in multiple build targets: /opt/rustwide/workdir/src/main.rs
[INFO] [stdout]     Blocking waiting for file lock on build directory
[INFO] [stdout] warning: unused `#[macro_use]` import
[INFO] [stdout]   --> src/main.rs:20:1
[INFO] [stdout]    |
[INFO] [stdout] 20 | #[macro_use]
[INFO] [stdout]    | ^^^^^^^^^^^^
[INFO] [stdout]    |
[INFO] [stdout]    = note: `#[warn(unused_imports)]` on by default
[INFO] [stdout] 
[INFO] [stdout] warning: unnecessary trailing semicolon
[INFO] [stdout]  --> src/llvmir.rs:7:42
[INFO] [stdout]   |
[INFO] [stdout] 7 |         debug!("Scanning file: {:?}", f);;
[INFO] [stdout]   |                                          ^ help: remove this semicolon
[INFO] [stdout]   |
[INFO] [stdout]   = note: `#[warn(redundant_semicolons)]` on by default
[INFO] [stdout] 
[INFO] [stdout] warning: unnecessary braces around block return value
[INFO] [stdout]   --> src/options.rs:11:9
[INFO] [stdout]    |
[INFO] [stdout] 11 |         { ::parking_lot::RwLock::new(read()) };
[INFO] [stdout]    |         ^^^^^^^^^^^^^^^^^^^^^^^^^^^^^^^^^^^^^^ help: remove these braces
[INFO] [stdout]    |
[INFO] [stdout]    = note: `#[warn(unused_braces)]` on by default
[INFO] [stdout] 
[INFO] [stdout] warning: unnecessary trailing semicolon
[INFO] [stdout]   --> src/rust.rs:84:49
[INFO] [stdout]    |
[INFO] [stdout] 84 |     debug!("Done inserting files: {:?}", files);;
[INFO] [stdout]    |                                                 ^ help: remove this semicolon
[INFO] [stdout] 
[INFO] [stdout] warning: unnecessary trailing semicolon
[INFO] [stdout]    --> src/rust.rs:104:55
[INFO] [stdout]     |
[INFO] [stdout] 104 |     debug!("Done filing holes in files: {:?}", files);;
[INFO] [stdout]     |                                                       ^ help: remove this semicolon
[INFO] [stdout] 
[INFO] [stdout] warning: unnecessary trailing semicolon
[INFO] [stdout]    --> src/rust.rs:109:59
[INFO] [stdout]     |
[INFO] [stdout] 109 |     debug!("Done correcting paths in files: {:?}", files);;
[INFO] [stdout]     |                                                           ^ help: remove this semicolon
[INFO] [stdout] 
[INFO] [stdout] warning: unnecessary trailing semicolon
[INFO] [stdout]    --> src/rust.rs:129:56
[INFO] [stdout]     |
[INFO] [stdout] 129 |     debug!("Done reading lines in files: {:?}", files);;
[INFO] [stdout]     |                                                        ^ help: remove this semicolon
[INFO] [stdout] 
[INFO] [stdout] warning: unnecessary trailing semicolon
[INFO] [stdout]   --> src/rust.rs:80:42
[INFO] [stdout]    |
[INFO] [stdout] 80 |             debug!("files: {:?}", files);;
[INFO] [stdout]    |                                          ^ help: remove this semicolon
[INFO] [stdout] 
[INFO] [stdout] warning: variable does not need to be mutable
[INFO] [stdout]   --> src/rust.rs:90:13
[INFO] [stdout]    |
[INFO] [stdout] 90 |         let mut prev = 0;
[INFO] [stdout]    |             ----^^^^
[INFO] [stdout]    |             |
[INFO] [stdout]    |             help: remove this `mut`
[INFO] [stdout]    |
[INFO] [stdout]    = note: `#[warn(unused_mut)]` on by default
[INFO] [stdout] 
[INFO] [stdout] warning: 9 warnings emitted
[INFO] [stdout] 
[INFO] [stdout]     Finished dev [unoptimized + debuginfo] target(s) in 0.09s
[INFO] [stdout]      Running `/opt/rustwide/target/debug/cargo-asm asm --manifest-path cargo-asm-test/lib_crate --no-color --debug-info 'lib_crate::bar::generic_add' --rust`
[INFO] [stdout] [ERROR][cargo_asm][src/main.rs:81]: The manifest-path cargo-asm-test/lib_crate does not exist!
[INFO] [stdout] ```', /opt/rustwide/cargo-home/registry/src/github.com-1ecc6299db9ec823/assert_cli-0.5.4/src/assert.rs:368:13
[INFO] [stdout] stack backtrace:
[INFO] [stdout]    0:     0x55a70a480cf0 - std::backtrace_rs::backtrace::libunwind::trace::h34055254b57d8e79
[INFO] [stdout]                                at /rustc/a178d0322ce20e33eac124758e837cbd80a6f633/library/std/src/../../backtrace/src/backtrace/libunwind.rs:90:5
[INFO] [stdout]    1:     0x55a70a480cf0 - std::backtrace_rs::backtrace::trace_unsynchronized::h8f1e3fbd9afff6ec
[INFO] [stdout]                                at /rustc/a178d0322ce20e33eac124758e837cbd80a6f633/library/std/src/../../backtrace/src/backtrace/mod.rs:66:5
[INFO] [stdout]    2:     0x55a70a480cf0 - std::sys_common::backtrace::_print_fmt::h3a99a796b770c360
[INFO] [stdout]                                at /rustc/a178d0322ce20e33eac124758e837cbd80a6f633/library/std/src/sys_common/backtrace.rs:67:5
[INFO] [stdout]    3:     0x55a70a480cf0 - <std::sys_common::backtrace::_print::DisplayBacktrace as core::fmt::Display>::fmt::h32d1f94a80615d18
[INFO] [stdout]                                at /rustc/a178d0322ce20e33eac124758e837cbd80a6f633/library/std/src/sys_common/backtrace.rs:46:22
[INFO] [stdout]    4:     0x55a70a4a39cc - core::fmt::write::h306731c068f7162c
[INFO] [stdout]                                at /rustc/a178d0322ce20e33eac124758e837cbd80a6f633/library/core/src/fmt/mod.rs:1110:17
[INFO] [stdout]    5:     0x55a70a47d855 - std::io::Write::write_fmt::h87f19b0a2cd190bc
[INFO] [stdout]                                at /rustc/a178d0322ce20e33eac124758e837cbd80a6f633/library/std/src/io/mod.rs:1588:15
[INFO] [stdout]    6:     0x55a70a482e9b - std::sys_common::backtrace::_print::h5abaa2601a852287
[INFO] [stdout]                                at /rustc/a178d0322ce20e33eac124758e837cbd80a6f633/library/std/src/sys_common/backtrace.rs:49:5
[INFO] [stdout]    7:     0x55a70a482e9b - std::sys_common::backtrace::print::h8d81445442bb638f
[INFO] [stdout]                                at /rustc/a178d0322ce20e33eac124758e837cbd80a6f633/library/std/src/sys_common/backtrace.rs:36:9
[INFO] [stdout]    8:     0x55a70a482e9b - std::panicking::default_hook::{{closure}}::hcfe804496a9fa747
[INFO] [stdout]                                at /rustc/a178d0322ce20e33eac124758e837cbd80a6f633/library/std/src/panicking.rs:208:50
[INFO] [stdout]    9:     0x55a70a4829ac - std::panicking::default_hook::hbea8e3ccf2ba8901
[INFO] [stdout]                                at /rustc/a178d0322ce20e33eac124758e837cbd80a6f633/library/std/src/panicking.rs:222:9
[INFO] [stdout]   10:     0x55a70a483564 - std::panicking::rust_panic_with_hook::h7ee9e1a2d0f8975a
[INFO] [stdout]                                at /rustc/a178d0322ce20e33eac124758e837cbd80a6f633/library/std/src/panicking.rs:622:17
[INFO] [stdout]   11:     0x55a70a483047 - std::panicking::begin_panic_handler::{{closure}}::h8ab3b4491718b2c7
[INFO] [stdout]                                at /rustc/a178d0322ce20e33eac124758e837cbd80a6f633/library/std/src/panicking.rs:519:13
[INFO] [stdout]   12:     0x55a70a4811ec - std::sys_common::backtrace::__rust_end_short_backtrace::hd489062ffa586a9f
[INFO] [stdout]                                at /rustc/a178d0322ce20e33eac124758e837cbd80a6f633/library/std/src/sys_common/backtrace.rs:141:18
[INFO] [stdout]   13:     0x55a70a482fa9 - rust_begin_unwind
[INFO] [stdout]                                at /rustc/a178d0322ce20e33eac124758e837cbd80a6f633/library/std/src/panicking.rs:515:5
[INFO] [stdout]   14:     0x55a70a314f2b - std::panicking::begin_panic_fmt::h5479575e112541f8
[INFO] [stdout]                                at /rustc/a178d0322ce20e33eac124758e837cbd80a6f633/library/std/src/panicking.rs:457:5
[INFO] [stdout]   15:     0x55a70a36b0f9 - assert_cli::assert::Assert::unwrap::hef0244b8c0495950
[INFO] [stdout]                                at /opt/rustwide/cargo-home/registry/src/github.com-1ecc6299db9ec823/assert_cli-0.5.4/src/assert.rs:368:13
[INFO] [stdout]   16:     0x55a70a317876 - cli::generic_function::hceb3c4f9cb973785
[INFO] [stdout]                                at /opt/rustwide/workdir/tests/cli.rs:877:5
[INFO] [stdout]   17:     0x55a70a3177ea - cli::generic_function::{{closure}}::h07678b43796a76db
[INFO] [stdout]                                at /opt/rustwide/workdir/tests/cli.rs:852:1
[INFO] [stdout]   18:     0x55a70a316f6e - core::ops::function::FnOnce::call_once::h037554c5f7b4e60e
[INFO] [stdout]                                at /rustc/a178d0322ce20e33eac124758e837cbd80a6f633/library/core/src/ops/function.rs:227:5
[INFO] [stdout]   19:     0x55a70a3403f3 - core::ops::function::FnOnce::call_once::h152e7e439ff59e19
[INFO] [stdout]                                at /rustc/a178d0322ce20e33eac124758e837cbd80a6f633/library/core/src/ops/function.rs:227:5
[INFO] [stdout]   20:     0x55a70a3403f3 - test::__rust_begin_short_backtrace::h0908f3b1fdbb72ab
[INFO] [stdout]                                at /rustc/a178d0322ce20e33eac124758e837cbd80a6f633/library/test/src/lib.rs:577:5
[INFO] [stdout]   21:     0x55a70a33eeb0 - <alloc::boxed::Box<F,A> as core::ops::function::FnOnce<Args>>::call_once::hf6d2a51e5587546c
[INFO] [stdout]                                at /rustc/a178d0322ce20e33eac124758e837cbd80a6f633/library/alloc/src/boxed.rs:1575:9
[INFO] [stdout]   22:     0x55a70a33eeb0 - <std::panic::AssertUnwindSafe<F> as core::ops::function::FnOnce<()>>::call_once::h8af660f3a89ef593
[INFO] [stdout]                                at /rustc/a178d0322ce20e33eac124758e837cbd80a6f633/library/std/src/panic.rs:347:9
[INFO] [stdout]   23:     0x55a70a33eeb0 - std::panicking::try::do_call::hd36aef60f84b6d36
[INFO] [stdout]                                at /rustc/a178d0322ce20e33eac124758e837cbd80a6f633/library/std/src/panicking.rs:401:40
[INFO] [stdout]   24:     0x55a70a33eeb0 - std::panicking::try::h9932b4480e69817c
[INFO] [stdout]                                at /rustc/a178d0322ce20e33eac124758e837cbd80a6f633/library/std/src/panicking.rs:365:19
[INFO] [stdout]   25:     0x55a70a33eeb0 - std::panic::catch_unwind::h6aa177099cfff5f8
[INFO] [stdout]                                at /rustc/a178d0322ce20e33eac124758e837cbd80a6f633/library/std/src/panic.rs:434:14
[INFO] [stdout]   26:     0x55a70a33eeb0 - test::run_test_in_process::h5884d6f2d99e20c3
[INFO] [stdout]                                at /rustc/a178d0322ce20e33eac124758e837cbd80a6f633/library/test/src/lib.rs:600:18
[INFO] [stdout]   27:     0x55a70a33eeb0 - test::run_test::run_test_inner::{{closure}}::h6fdc58c6d5f5b6e3
[INFO] [stdout]                                at /rustc/a178d0322ce20e33eac124758e837cbd80a6f633/library/test/src/lib.rs:492:39
[INFO] [stdout]   28:     0x55a70a318562 - test::run_test::run_test_inner::{{closure}}::h408365d67a78ade8
[INFO] [stdout]                                at /rustc/a178d0322ce20e33eac124758e837cbd80a6f633/library/test/src/lib.rs:519:37
[INFO] [stdout]   29:     0x55a70a318562 - std::sys_common::backtrace::__rust_begin_short_backtrace::hb560b77c4f701523
[INFO] [stdout]                                at /rustc/a178d0322ce20e33eac124758e837cbd80a6f633/library/std/src/sys_common/backtrace.rs:125:18
[INFO] [stdout]   30:     0x55a70a31c118 - std::thread::Builder::spawn_unchecked::{{closure}}::{{closure}}::hf2e7831dad93c597
[INFO] [stdout]                                at /rustc/a178d0322ce20e33eac124758e837cbd80a6f633/library/std/src/thread/mod.rs:481:17
[INFO] [stdout]   31:     0x55a70a31c118 - <std::panic::AssertUnwindSafe<F> as core::ops::function::FnOnce<()>>::call_once::hd2e08783d8be4d02
[INFO] [stdout]                                at /rustc/a178d0322ce20e33eac124758e837cbd80a6f633/library/std/src/panic.rs:347:9
[INFO] [stdout]   32:     0x55a70a31c118 - std::panicking::try::do_call::h062597b7acfd6b82
[INFO] [stdout]                                at /rustc/a178d0322ce20e33eac124758e837cbd80a6f633/library/std/src/panicking.rs:401:40
[INFO] [stdout]   33:     0x55a70a31c118 - std::panicking::try::h0d7b79db04c14552
[INFO] [stdout]                                at /rustc/a178d0322ce20e33eac124758e837cbd80a6f633/library/std/src/panicking.rs:365:19
[INFO] [stdout]   34:     0x55a70a31c118 - std::panic::catch_unwind::hb01a0b5e7c8cd43b
[INFO] [stdout]                                at /rustc/a178d0322ce20e33eac124758e837cbd80a6f633/library/std/src/panic.rs:434:14
[INFO] [stdout]   35:     0x55a70a31c118 - std::thread::Builder::spawn_unchecked::{{closure}}::h5bde48cc887e0d1e
[INFO] [stdout]                                at /rustc/a178d0322ce20e33eac124758e837cbd80a6f633/library/std/src/thread/mod.rs:480:30
[INFO] [stdout]   36:     0x55a70a31c118 - core::ops::function::FnOnce::call_once{{vtable.shim}}::h745ea30807a29e55
[INFO] [stdout]                                at /rustc/a178d0322ce20e33eac124758e837cbd80a6f633/library/core/src/ops/function.rs:227:5
[INFO] [stdout]   37:     0x55a70a488427 - <alloc::boxed::Box<F,A> as core::ops::function::FnOnce<Args>>::call_once::h7ece6cfefaff1005
[INFO] [stdout]                                at /rustc/a178d0322ce20e33eac124758e837cbd80a6f633/library/alloc/src/boxed.rs:1575:9
[INFO] [stdout]   38:     0x55a70a488427 - <alloc::boxed::Box<F,A> as core::ops::function::FnOnce<Args>>::call_once::hb8b48e55c21f193e
[INFO] [stdout]                                at /rustc/a178d0322ce20e33eac124758e837cbd80a6f633/library/alloc/src/boxed.rs:1575:9
[INFO] [stdout]   39:     0x55a70a488427 - std::sys::unix::thread::Thread::new::thread_start::h8c7c4450dba62914
[INFO] [stdout]                                at /rustc/a178d0322ce20e33eac124758e837cbd80a6f633/library/std/src/sys/unix/thread.rs:71:17
[INFO] [stdout]   40:     0x7efd66912609 - start_thread
[INFO] [stdout]   41:     0x7efd666e4293 - clone
[INFO] [stdout]   42:                0x0 - <unknown>
[INFO] [stdout] 
[INFO] [stdout] ---- completions stdout ----
[INFO] [stdout] thread 'completions' panicked at 'CLI assertion failed: `cargo run --bin cargo-asm -- asm --manifest-path cargo-asm-test/lib_crate --no-color --debug-info maxarray` StdErr mismatch: expected to contain "could not find function at path \"maxarray\" in the generated assembly."
[INFO] [stdout] output=```warning: file found to be present in multiple build targets: /opt/rustwide/workdir/src/main.rs
[INFO] [stdout] warning: unused `#[macro_use]` import
[INFO] [stdout]   --> src/main.rs:20:1
[INFO] [stdout]    |
[INFO] [stdout] 20 | #[macro_use]
[INFO] [stdout]    | ^^^^^^^^^^^^
[INFO] [stdout]    |
[INFO] [stdout]    = note: `#[warn(unused_imports)]` on by default
[INFO] [stdout] 
[INFO] [stdout] warning: unnecessary trailing semicolon
[INFO] [stdout]  --> src/llvmir.rs:7:42
[INFO] [stdout]   |
[INFO] [stdout] 7 |         debug!("Scanning file: {:?}", f);;
[INFO] [stdout]   |                                          ^ help: remove this semicolon
[INFO] [stdout]   |
[INFO] [stdout]   = note: `#[warn(redundant_semicolons)]` on by default
[INFO] [stdout] 
[INFO] [stdout] warning: unnecessary braces around block return value
[INFO] [stdout]   --> src/options.rs:11:9
[INFO] [stdout]    |
[INFO] [stdout] 11 |         { ::parking_lot::RwLock::new(read()) };
[INFO] [stdout]    |         ^^^^^^^^^^^^^^^^^^^^^^^^^^^^^^^^^^^^^^ help: remove these braces
[INFO] [stdout]    |
[INFO] [stdout]    = note: `#[warn(unused_braces)]` on by default
[INFO] [stdout] 
[INFO] [stdout] warning: unnecessary trailing semicolon
[INFO] [stdout]   --> src/rust.rs:84:49
[INFO] [stdout]    |
[INFO] [stdout] 84 |     debug!("Done inserting files: {:?}", files);;
[INFO] [stdout]    |                                                 ^ help: remove this semicolon
[INFO] [stdout] 
[INFO] [stdout] warning: unnecessary trailing semicolon
[INFO] [stdout]    --> src/rust.rs:104:55
[INFO] [stdout]     |
[INFO] [stdout] 104 |     debug!("Done filing holes in files: {:?}", files);;
[INFO] [stdout]     |                                                       ^ help: remove this semicolon
[INFO] [stdout] 
[INFO] [stdout] warning: unnecessary trailing semicolon
[INFO] [stdout]    --> src/rust.rs:109:59
[INFO] [stdout]     |
[INFO] [stdout] 109 |     debug!("Done correcting paths in files: {:?}", files);;
[INFO] [stdout]     |                                                           ^ help: remove this semicolon
[INFO] [stdout] 
[INFO] [stdout] warning: unnecessary trailing semicolon
[INFO] [stdout]    --> src/rust.rs:129:56
[INFO] [stdout]     |
[INFO] [stdout] 129 |     debug!("Done reading lines in files: {:?}", files);;
[INFO] [stdout]     |                                                        ^ help: remove this semicolon
[INFO] [stdout] 
[INFO] [stdout] warning: unnecessary trailing semicolon
[INFO] [stdout]   --> src/rust.rs:80:42
[INFO] [stdout]    |
[INFO] [stdout] 80 |             debug!("files: {:?}", files);;
[INFO] [stdout]    |                                          ^ help: remove this semicolon
[INFO] [stdout] 
[INFO] [stdout] warning: variable does not need to be mutable
[INFO] [stdout]   --> src/rust.rs:90:13
[INFO] [stdout]    |
[INFO] [stdout] 90 |         let mut prev = 0;
[INFO] [stdout]    |             ----^^^^
[INFO] [stdout]    |             |
[INFO] [stdout]    |             help: remove this `mut`
[INFO] [stdout]    |
[INFO] [stdout]    = note: `#[warn(unused_mut)]` on by default
[INFO] [stdout] 
[INFO] [stdout] warning: 9 warnings emitted
[INFO] [stdout] 
[INFO] [stdout]     Finished dev [unoptimized + debuginfo] target(s) in 0.12s
[INFO] [stdout]      Running `/opt/rustwide/target/debug/cargo-asm asm --manifest-path cargo-asm-test/lib_crate --no-color --debug-info maxarray`
[INFO] [stdout] [ERROR][cargo_asm][src/main.rs:81]: The manifest-path cargo-asm-test/lib_crate does not exist!
[INFO] [stdout] ```', /opt/rustwide/cargo-home/registry/src/github.com-1ecc6299db9ec823/assert_cli-0.5.4/src/assert.rs:368:13
[INFO] [stdout] stack backtrace:
[INFO] [stdout]    0:     0x55a70a480cf0 - std::backtrace_rs::backtrace::libunwind::trace::h34055254b57d8e79
[INFO] [stdout]                                at /rustc/a178d0322ce20e33eac124758e837cbd80a6f633/library/std/src/../../backtrace/src/backtrace/libunwind.rs:90:5
[INFO] [stdout]    1:     0x55a70a480cf0 - std::backtrace_rs::backtrace::trace_unsynchronized::h8f1e3fbd9afff6ec
[INFO] [stdout]                                at /rustc/a178d0322ce20e33eac124758e837cbd80a6f633/library/std/src/../../backtrace/src/backtrace/mod.rs:66:5
[INFO] [stdout]    2:     0x55a70a480cf0 - std::sys_common::backtrace::_print_fmt::h3a99a796b770c360
[INFO] [stdout]                                at /rustc/a178d0322ce20e33eac124758e837cbd80a6f633/library/std/src/sys_common/backtrace.rs:67:5
[INFO] [stdout]    3:     0x55a70a480cf0 - <std::sys_common::backtrace::_print::DisplayBacktrace as core::fmt::Display>::fmt::h32d1f94a80615d18
[INFO] [stdout]                                at /rustc/a178d0322ce20e33eac124758e837cbd80a6f633/library/std/src/sys_common/backtrace.rs:46:22
[INFO] [stdout]    4:     0x55a70a4a39cc - core::fmt::write::h306731c068f7162c
[INFO] [stdout]                                at /rustc/a178d0322ce20e33eac124758e837cbd80a6f633/library/core/src/fmt/mod.rs:1110:17
[INFO] [stdout]    5:     0x55a70a47d855 - std::io::Write::write_fmt::h87f19b0a2cd190bc
[INFO] [stdout]                                at /rustc/a178d0322ce20e33eac124758e837cbd80a6f633/library/std/src/io/mod.rs:1588:15
[INFO] [stdout]    6:     0x55a70a482e9b - std::sys_common::backtrace::_print::h5abaa2601a852287
[INFO] [stdout]                                at /rustc/a178d0322ce20e33eac124758e837cbd80a6f633/library/std/src/sys_common/backtrace.rs:49:5
[INFO] [stdout]    7:     0x55a70a482e9b - std::sys_common::backtrace::print::h8d81445442bb638f
[INFO] [stdout]                                at /rustc/a178d0322ce20e33eac124758e837cbd80a6f633/library/std/src/sys_common/backtrace.rs:36:9
[INFO] [stdout]    8:     0x55a70a482e9b - std::panicking::default_hook::{{closure}}::hcfe804496a9fa747
[INFO] [stdout]                                at /rustc/a178d0322ce20e33eac124758e837cbd80a6f633/library/std/src/panicking.rs:208:50
[INFO] [stdout]    9:     0x55a70a4829ac - std::panicking::default_hook::hbea8e3ccf2ba8901
[INFO] [stdout]                                at /rustc/a178d0322ce20e33eac124758e837cbd80a6f633/library/std/src/panicking.rs:222:9
[INFO] [stdout]   10:     0x55a70a483564 - std::panicking::rust_panic_with_hook::h7ee9e1a2d0f8975a
[INFO] [stdout]                                at /rustc/a178d0322ce20e33eac124758e837cbd80a6f633/library/std/src/panicking.rs:622:17
[INFO] [stdout]   11:     0x55a70a483047 - std::panicking::begin_panic_handler::{{closure}}::h8ab3b4491718b2c7
[INFO] [stdout]                                at /rustc/a178d0322ce20e33eac124758e837cbd80a6f633/library/std/src/panicking.rs:519:13
[INFO] [stdout]   12:     0x55a70a4811ec - std::sys_common::backtrace::__rust_end_short_backtrace::hd489062ffa586a9f
[INFO] [stdout]                                at /rustc/a178d0322ce20e33eac124758e837cbd80a6f633/library/std/src/sys_common/backtrace.rs:141:18
[INFO] [stdout]   13:     0x55a70a482fa9 - rust_begin_unwind
[INFO] [stdout]                                at /rustc/a178d0322ce20e33eac124758e837cbd80a6f633/library/std/src/panicking.rs:515:5
[INFO] [stdout]   14:     0x55a70a314f2b - std::panicking::begin_panic_fmt::h5479575e112541f8
[INFO] [stdout]                                at /rustc/a178d0322ce20e33eac124758e837cbd80a6f633/library/std/src/panicking.rs:457:5
[INFO] [stdout]   15:     0x55a70a36b0f9 - assert_cli::assert::Assert::unwrap::hef0244b8c0495950
[INFO] [stdout]                                at /opt/rustwide/cargo-home/registry/src/github.com-1ecc6299db9ec823/assert_cli-0.5.4/src/assert.rs:368:13
[INFO] [stdout]   16:     0x55a70a317a1f - cli::completions::h7157cf1a880b3f59
[INFO] [stdout]                                at /opt/rustwide/workdir/tests/cli.rs:918:5
[INFO] [stdout]   17:     0x55a70a31792a - cli::completions::{{closure}}::he1c85129ed93a14d
[INFO] [stdout]                                at /opt/rustwide/workdir/tests/cli.rs:917:1
[INFO] [stdout]   18:     0x55a70a3170ce - core::ops::function::FnOnce::call_once::ha1b6c8e0aa89f169
[INFO] [stdout]                                at /rustc/a178d0322ce20e33eac124758e837cbd80a6f633/library/core/src/ops/function.rs:227:5
[INFO] [stdout]   19:     0x55a70a3403f3 - core::ops::function::FnOnce::call_once::h152e7e439ff59e19
[INFO] [stdout]                                at /rustc/a178d0322ce20e33eac124758e837cbd80a6f633/library/core/src/ops/function.rs:227:5
[INFO] [stdout]   20:     0x55a70a3403f3 - test::__rust_begin_short_backtrace::h0908f3b1fdbb72ab
[INFO] [stdout]                                at /rustc/a178d0322ce20e33eac124758e837cbd80a6f633/library/test/src/lib.rs:577:5
[INFO] [stdout]   21:     0x55a70a33eeb0 - <alloc::boxed::Box<F,A> as core::ops::function::FnOnce<Args>>::call_once::hf6d2a51e5587546c
[INFO] [stdout]                                at /rustc/a178d0322ce20e33eac124758e837cbd80a6f633/library/alloc/src/boxed.rs:1575:9
[INFO] [stdout]   22:     0x55a70a33eeb0 - <std::panic::AssertUnwindSafe<F> as core::ops::function::FnOnce<()>>::call_once::h8af660f3a89ef593
[INFO] [stdout]                                at /rustc/a178d0322ce20e33eac124758e837cbd80a6f633/library/std/src/panic.rs:347:9
[INFO] [stdout]   23:     0x55a70a33eeb0 - std::panicking::try::do_call::hd36aef60f84b6d36
[INFO] [stdout]                                at /rustc/a178d0322ce20e33eac124758e837cbd80a6f633/library/std/src/panicking.rs:401:40
[INFO] [stdout]   24:     0x55a70a33eeb0 - std::panicking::try::h9932b4480e69817c
[INFO] [stdout]                                at /rustc/a178d0322ce20e33eac124758e837cbd80a6f633/library/std/src/panicking.rs:365:19
[INFO] [stdout]   25:     0x55a70a33eeb0 - std::panic::catch_unwind::h6aa177099cfff5f8
[INFO] [stdout]                                at /rustc/a178d0322ce20e33eac124758e837cbd80a6f633/library/std/src/panic.rs:434:14
[INFO] [stdout]   26:     0x55a70a33eeb0 - test::run_test_in_process::h5884d6f2d99e20c3
[INFO] [stdout]                                at /rustc/a178d0322ce20e33eac124758e837cbd80a6f633/library/test/src/lib.rs:600:18
[INFO] [stdout]   27:     0x55a70a33eeb0 - test::run_test::run_test_inner::{{closure}}::h6fdc58c6d5f5b6e3
[INFO] [stdout]                                at /rustc/a178d0322ce20e33eac124758e837cbd80a6f633/library/test/src/lib.rs:492:39
[INFO] [stdout]   28:     0x55a70a318562 - test::run_test::run_test_inner::{{closure}}::h408365d67a78ade8
[INFO] [stdout]                                at /rustc/a178d0322ce20e33eac124758e837cbd80a6f633/library/test/src/lib.rs:519:37
[INFO] [stdout]   29:     0x55a70a318562 - std::sys_common::backtrace::__rust_begin_short_backtrace::hb560b77c4f701523
[INFO] [stdout]                                at /rustc/a178d0322ce20e33eac124758e837cbd80a6f633/library/std/src/sys_common/backtrace.rs:125:18
[INFO] [stdout]   30:     0x55a70a31c118 - std::thread::Builder::spawn_unchecked::{{closure}}::{{closure}}::hf2e7831dad93c597
[INFO] [stdout]                                at /rustc/a178d0322ce20e33eac124758e837cbd80a6f633/library/std/src/thread/mod.rs:481:17
[INFO] [stdout]   31:     0x55a70a31c118 - <std::panic::AssertUnwindSafe<F> as core::ops::function::FnOnce<()>>::call_once::hd2e08783d8be4d02
[INFO] [stdout]                                at /rustc/a178d0322ce20e33eac124758e837cbd80a6f633/library/std/src/panic.rs:347:9
[INFO] [stdout]   32:     0x55a70a31c118 - std::panicking::try::do_call::h062597b7acfd6b82
[INFO] [stdout]                                at /rustc/a178d0322ce20e33eac124758e837cbd80a6f633/library/std/src/panicking.rs:401:40
[INFO] [stdout]   33:     0x55a70a31c118 - std::panicking::try::h0d7b79db04c14552
[INFO] [stdout]                                at /rustc/a178d0322ce20e33eac124758e837cbd80a6f633/library/std/src/panicking.rs:365:19
[INFO] [stdout]   34:     0x55a70a31c118 - std::panic::catch_unwind::hb01a0b5e7c8cd43b
[INFO] [stdout]                                at /rustc/a178d0322ce20e33eac124758e837cbd80a6f633/library/std/src/panic.rs:434:14
[INFO] [stdout]   35:     0x55a70a31c118 - std::thread::Builder::spawn_unchecked::{{closure}}::h5bde48cc887e0d1e
[INFO] [stdout]                                at /rustc/a178d0322ce20e33eac124758e837cbd80a6f633/library/std/src/thread/mod.rs:480:30
[INFO] [stdout]   36:     0x55a70a31c118 - core::ops::function::FnOnce::call_once{{vtable.shim}}::h745ea30807a29e55
[INFO] [stdout]                                at /rustc/a178d0322ce20e33eac124758e837cbd80a6f633/library/core/src/ops/function.rs:227:5
[INFO] [stdout]   37:     0x55a70a488427 - <alloc::boxed::Box<F,A> as core::ops::function::FnOnce<Args>>::call_once::h7ece6cfefaff1005
[INFO] [stdout]                                at /rustc/a178d0322ce20e33eac124758e837cbd80a6f633/library/alloc/src/boxed.rs:1575:9
[INFO] [stdout]   38:     0x55a70a488427 - <alloc::boxed::Box<F,A> as core::ops::function::FnOnce<Args>>::call_once::hb8b48e55c21f193e
[INFO] [stdout]                                at /rustc/a178d0322ce20e33eac124758e837cbd80a6f633/library/alloc/src/boxed.rs:1575:9
[INFO] [stdout]   39:     0x55a70a488427 - std::sys::unix::thread::Thread::new::thread_start::h8c7c4450dba62914
[INFO] [stdout]                                at /rustc/a178d0322ce20e33eac124758e837cbd80a6f633/library/std/src/sys/unix/thread.rs:71:17
[INFO] [stdout]   40:     0x7efd66912609 - start_thread
[INFO] [stdout]   41:     0x7efd666e4293 - clone
[INFO] [stdout]   42:                0x0 - <unknown>
[INFO] [stdout] 
[INFO] [stdout] 
[INFO] [stdout] failures:
[INFO] [stdout]     cargo_features
[INFO] [stdout]     completions
[INFO] [stdout]     generic_function
[INFO] [stdout]     inherent_method
[INFO] [stdout]     max_array
[INFO] [stdout]     max_array_rust
[INFO] [stdout]     sum_array
[INFO] [stdout]     sum_array_rust
[INFO] [stdout]     trait_method
[INFO] [stdout] 
[INFO] [stdout] test result: FAILED. 0 passed; 9 failed; 0 ignored; 0 measured; 0 filtered out; finished in 1.17s
[INFO] [stdout] 
[INFO] running `Command { std: "docker" "inspect" "d4bdf979dc7a93f13b01fedf5c4044c6c90bccb5512223f235aee517daea3ad4", kill_on_drop: false }`
[INFO] running `Command { std: "docker" "rm" "-f" "d4bdf979dc7a93f13b01fedf5c4044c6c90bccb5512223f235aee517daea3ad4", kill_on_drop: false }`
[INFO] [stdout] d4bdf979dc7a93f13b01fedf5c4044c6c90bccb5512223f235aee517daea3ad4
