[INFO] fetching crate canrun 0.3.0...
[INFO] testing canrun-0.3.0 against beta-2021-08-01 for beta-1.55-1
[INFO] extracting crate canrun 0.3.0 into /workspace/builds/worker-14/source
[INFO] validating manifest of crates.io crate canrun 0.3.0 on toolchain beta-2021-08-01
[INFO] running `Command { std: "/workspace/cargo-home/bin/cargo" "+beta-2021-08-01" "metadata" "--manifest-path" "Cargo.toml" "--no-deps", kill_on_drop: false }`
[INFO] started tweaking crates.io crate canrun 0.3.0
[INFO] finished tweaking crates.io crate canrun 0.3.0
[INFO] tweaked toml for crates.io crate canrun 0.3.0 written to /workspace/builds/worker-14/source/Cargo.toml
[INFO] running `Command { std: "/workspace/cargo-home/bin/cargo" "+beta-2021-08-01" "generate-lockfile" "--manifest-path" "Cargo.toml" "-Zno-index-update", kill_on_drop: false }`
[INFO] [stderr]     Blocking waiting for file lock on package cache
[INFO] running `Command { std: "/workspace/cargo-home/bin/cargo" "+beta-2021-08-01" "fetch" "--manifest-path" "Cargo.toml", kill_on_drop: false }`
[INFO] [stderr]     Blocking waiting for file lock on package cache
[INFO] [stderr]  Downloading crates ...
[INFO] [stderr]   Downloaded canrun_codegen v0.2.0
[INFO] running `Command { std: "docker" "create" "-v" "/var/lib/crater-agent-workspace/builds/worker-14/target:/opt/rustwide/target:rw,Z" "-v" "/var/lib/crater-agent-workspace/builds/worker-14/source:/opt/rustwide/workdir:ro,Z" "-v" "/var/lib/crater-agent-workspace/cargo-home:/opt/rustwide/cargo-home:ro,Z" "-v" "/var/lib/crater-agent-workspace/rustup-home:/opt/rustwide/rustup-home:ro,Z" "-e" "SOURCE_DIR=/opt/rustwide/workdir" "-e" "CARGO_TARGET_DIR=/opt/rustwide/target" "-e" "CARGO_HOME=/opt/rustwide/cargo-home" "-e" "RUSTUP_HOME=/opt/rustwide/rustup-home" "-w" "/opt/rustwide/workdir" "-m" "1610612736" "--user" "0:0" "--network" "none" "ghcr.io/rust-lang/crates-build-env/linux@sha256:34b6a614d2c27851fe6cbf88fbd1137609cefab8b10d0615aaeb6fd47975d74e" "/opt/rustwide/cargo-home/bin/cargo" "+beta-2021-08-01" "metadata" "--no-deps" "--format-version=1", kill_on_drop: false }`
[INFO] [stdout] 13122ee31440b68f3d9af325da31799c415ee5e99030a065f2dba89bcf2067e3
[INFO] running `Command { std: "docker" "start" "-a" "13122ee31440b68f3d9af325da31799c415ee5e99030a065f2dba89bcf2067e3", kill_on_drop: false }`
[INFO] running `Command { std: "docker" "inspect" "13122ee31440b68f3d9af325da31799c415ee5e99030a065f2dba89bcf2067e3", kill_on_drop: false }`
[INFO] running `Command { std: "docker" "rm" "-f" "13122ee31440b68f3d9af325da31799c415ee5e99030a065f2dba89bcf2067e3", kill_on_drop: false }`
[INFO] [stdout] 13122ee31440b68f3d9af325da31799c415ee5e99030a065f2dba89bcf2067e3
[INFO] running `Command { std: "docker" "create" "-v" "/var/lib/crater-agent-workspace/builds/worker-14/target:/opt/rustwide/target:rw,Z" "-v" "/var/lib/crater-agent-workspace/builds/worker-14/source:/opt/rustwide/workdir:ro,Z" "-v" "/var/lib/crater-agent-workspace/cargo-home:/opt/rustwide/cargo-home:ro,Z" "-v" "/var/lib/crater-agent-workspace/rustup-home:/opt/rustwide/rustup-home:ro,Z" "-e" "SOURCE_DIR=/opt/rustwide/workdir" "-e" "CARGO_TARGET_DIR=/opt/rustwide/target" "-e" "CARGO_INCREMENTAL=0" "-e" "RUST_BACKTRACE=full" "-e" "RUSTFLAGS=--cap-lints=warn" "-e" "CARGO_HOME=/opt/rustwide/cargo-home" "-e" "RUSTUP_HOME=/opt/rustwide/rustup-home" "-w" "/opt/rustwide/workdir" "-m" "1610612736" "--user" "0:0" "--network" "none" "ghcr.io/rust-lang/crates-build-env/linux@sha256:34b6a614d2c27851fe6cbf88fbd1137609cefab8b10d0615aaeb6fd47975d74e" "/opt/rustwide/cargo-home/bin/cargo" "+beta-2021-08-01" "build" "--frozen" "--message-format=json", kill_on_drop: false }`
[INFO] [stdout] f91fc380ab938502b290c314f82c18a889625fa3f77b7ebfb0742f199de58051
[INFO] running `Command { std: "docker" "start" "-a" "f91fc380ab938502b290c314f82c18a889625fa3f77b7ebfb0742f199de58051", kill_on_drop: false }`
[INFO] [stderr]    Compiling typenum v1.13.0
[INFO] [stderr]    Compiling version_check v0.9.3
[INFO] [stderr]    Compiling syn v1.0.74
[INFO] [stderr]    Compiling ppv-lite86 v0.2.10
[INFO] [stderr]    Compiling rand_core v0.5.1
[INFO] [stderr]    Compiling either v1.6.1
[INFO] [stderr]    Compiling getrandom v0.2.3
[INFO] [stderr]    Compiling itertools v0.10.1
[INFO] [stderr]    Compiling rand_xoshiro v0.4.0
[INFO] [stderr]    Compiling rand_core v0.6.3
[INFO] [stderr]    Compiling im-rc v15.0.0
[INFO] [stderr]    Compiling rand_chacha v0.3.1
[INFO] [stderr]    Compiling rand v0.8.4
[INFO] [stderr]    Compiling bitmaps v2.1.0
[INFO] [stderr]    Compiling sized-chunks v0.6.5
[INFO] [stderr]    Compiling canrun_codegen v0.2.0
[INFO] [stderr]    Compiling canrun v0.3.0 (/opt/rustwide/workdir)
[INFO] [stderr]     Finished dev [unoptimized + debuginfo] target(s) in 12.31s
[INFO] running `Command { std: "docker" "inspect" "f91fc380ab938502b290c314f82c18a889625fa3f77b7ebfb0742f199de58051", kill_on_drop: false }`
[INFO] running `Command { std: "docker" "rm" "-f" "f91fc380ab938502b290c314f82c18a889625fa3f77b7ebfb0742f199de58051", kill_on_drop: false }`
[INFO] [stdout] f91fc380ab938502b290c314f82c18a889625fa3f77b7ebfb0742f199de58051
[INFO] running `Command { std: "docker" "create" "-v" "/var/lib/crater-agent-workspace/builds/worker-14/target:/opt/rustwide/target:rw,Z" "-v" "/var/lib/crater-agent-workspace/builds/worker-14/source:/opt/rustwide/workdir:ro,Z" "-v" "/var/lib/crater-agent-workspace/cargo-home:/opt/rustwide/cargo-home:ro,Z" "-v" "/var/lib/crater-agent-workspace/rustup-home:/opt/rustwide/rustup-home:ro,Z" "-e" "SOURCE_DIR=/opt/rustwide/workdir" "-e" "CARGO_TARGET_DIR=/opt/rustwide/target" "-e" "CARGO_INCREMENTAL=0" "-e" "RUST_BACKTRACE=full" "-e" "RUSTFLAGS=--cap-lints=warn" "-e" "CARGO_HOME=/opt/rustwide/cargo-home" "-e" "RUSTUP_HOME=/opt/rustwide/rustup-home" "-w" "/opt/rustwide/workdir" "-m" "1610612736" "--user" "0:0" "--network" "none" "ghcr.io/rust-lang/crates-build-env/linux@sha256:34b6a614d2c27851fe6cbf88fbd1137609cefab8b10d0615aaeb6fd47975d74e" "/opt/rustwide/cargo-home/bin/cargo" "+beta-2021-08-01" "test" "--frozen" "--no-run" "--message-format=json", kill_on_drop: false }`
[INFO] [stdout] 43714907b54a503dafc18a38c84324d5c88a245ef5065ceb26abfba3d9be53cb
[INFO] running `Command { std: "docker" "start" "-a" "43714907b54a503dafc18a38c84324d5c88a245ef5065ceb26abfba3d9be53cb", kill_on_drop: false }`
[INFO] [stderr]     Blocking waiting for file lock on package cache
[INFO] [stderr]     Blocking waiting for file lock on package cache
[INFO] [stderr]    Compiling memchr v2.4.0
[INFO] [stderr]    Compiling crossbeam-utils v0.8.5
[INFO] [stderr]    Compiling semver v1.0.4
[INFO] [stderr]    Compiling serde v1.0.127
[INFO] [stderr]    Compiling crossbeam-epoch v0.9.5
[INFO] [stderr]    Compiling rayon-core v1.9.1
[INFO] [stderr]    Compiling scopeguard v1.1.0
[INFO] [stderr]    Compiling itoa v0.4.7
[INFO] [stderr]    Compiling serde_json v1.0.66
[INFO] [stderr]    Compiling regex-automata v0.1.10
[INFO] [stderr]    Compiling regex-syntax v0.6.25
[INFO] [stderr]    Compiling plotters-backend v0.3.2
[INFO] [stderr]    Compiling log v0.4.14
[INFO] [stderr]    Compiling serde_derive v1.0.127
[INFO] [stderr]    Compiling same-file v1.0.6
[INFO] [stderr]    Compiling half v1.7.1
[INFO] [stderr]    Compiling humantime v2.1.0
[INFO] [stderr]    Compiling termcolor v1.1.2
[INFO] [stderr]    Compiling oorandom v11.1.3
[INFO] [stderr]    Compiling memoffset v0.6.4
[INFO] [stderr]    Compiling num-traits v0.2.14
[INFO] [stderr]    Compiling rayon v1.5.1
[INFO] [stderr]    Compiling num_cpus v1.13.0
[INFO] [stderr]    Compiling atty v0.2.14
[INFO] [stderr]    Compiling clap v2.33.3
[INFO] [stderr]    Compiling walkdir v2.3.2
[INFO] [stderr]    Compiling plotters-svg v0.3.1
[INFO] [stderr]    Compiling crossbeam-channel v0.5.1
[INFO] [stderr]    Compiling rustc_version v0.4.0
[INFO] [stderr]    Compiling aho-corasick v0.7.18
[INFO] [stderr]    Compiling csv-core v0.1.10
[INFO] [stderr]    Compiling cast v0.2.7
[INFO] [stderr]    Compiling crossbeam-deque v0.8.1
[INFO] [stderr]    Compiling regex v1.5.4
[INFO] [stderr]    Compiling criterion-plot v0.4.4
[INFO] [stderr]    Compiling plotters v0.3.1
[INFO] [stderr]    Compiling env_logger v0.9.0
[INFO] [stderr]    Compiling bstr v0.2.16
[INFO] [stderr]    Compiling serde_cbor v0.11.1
[INFO] [stderr]    Compiling csv v1.1.6
[INFO] [stderr]    Compiling tinytemplate v1.2.1
[INFO] [stderr]    Compiling criterion v0.3.5
[INFO] [stderr]    Compiling canrun v0.3.0 (/opt/rustwide/workdir)
[INFO] [stderr]     Finished test [unoptimized + debuginfo] target(s) in 27.77s
[INFO] running `Command { std: "docker" "inspect" "43714907b54a503dafc18a38c84324d5c88a245ef5065ceb26abfba3d9be53cb", kill_on_drop: false }`
[INFO] running `Command { std: "docker" "rm" "-f" "43714907b54a503dafc18a38c84324d5c88a245ef5065ceb26abfba3d9be53cb", kill_on_drop: false }`
[INFO] [stdout] 43714907b54a503dafc18a38c84324d5c88a245ef5065ceb26abfba3d9be53cb
[INFO] running `Command { std: "docker" "create" "-v" "/var/lib/crater-agent-workspace/builds/worker-14/target:/opt/rustwide/target:rw,Z" "-v" "/var/lib/crater-agent-workspace/builds/worker-14/source:/opt/rustwide/workdir:ro,Z" "-v" "/var/lib/crater-agent-workspace/cargo-home:/opt/rustwide/cargo-home:ro,Z" "-v" "/var/lib/crater-agent-workspace/rustup-home:/opt/rustwide/rustup-home:ro,Z" "-e" "SOURCE_DIR=/opt/rustwide/workdir" "-e" "CARGO_TARGET_DIR=/opt/rustwide/target" "-e" "CARGO_INCREMENTAL=0" "-e" "RUST_BACKTRACE=full" "-e" "RUSTFLAGS=--cap-lints=warn" "-e" "CARGO_HOME=/opt/rustwide/cargo-home" "-e" "RUSTUP_HOME=/opt/rustwide/rustup-home" "-w" "/opt/rustwide/workdir" "-m" "1610612736" "--user" "0:0" "--network" "none" "ghcr.io/rust-lang/crates-build-env/linux@sha256:34b6a614d2c27851fe6cbf88fbd1137609cefab8b10d0615aaeb6fd47975d74e" "/opt/rustwide/cargo-home/bin/cargo" "+beta-2021-08-01" "test" "--frozen", kill_on_drop: false }`
[INFO] [stdout] 530e629595a4e8e24fe121fe682df88510b7fc66d01570cf8a55bb5debc1fce2
[INFO] running `Command { std: "docker" "start" "-a" "530e629595a4e8e24fe121fe682df88510b7fc66d01570cf8a55bb5debc1fce2", kill_on_drop: false }`
[INFO] [stderr]     Blocking waiting for file lock on package cache
[INFO] [stderr]     Blocking waiting for file lock on package cache
[INFO] [stderr]     Finished test [unoptimized + debuginfo] target(s) in 0.94s
[INFO] [stdout] 
[INFO] [stderr]      Running unittests (/opt/rustwide/target/debug/deps/canrun-20fdc62f7b5c0e72)
[INFO] [stdout] running 120 tests
[INFO] [stdout] test collections::lmap::compare::tests::get_succeeds ... ok
[INFO] [stdout] test collections::lmap::tests::succeeds_with_variable_value ... ok
[INFO] [stdout] test collections::lvec::get::tests::basic_get ... ok
[INFO] [stdout] test collections::lvec::get::tests::debug_impl ... ok
[INFO] [stdout] test collections::lmap::compare::tests::superset_should_succeed_on ... ok
[INFO] [stdout] test collections::lmap::tests::debug_impl ... ok
[INFO] [stdout] test collections::lmap::tests::succeeds_with_identical ... ok
[INFO] [stdout] test collections::lmap::tests::fails_with_different ... ok
[INFO] [stdout] test collections::lmap::tests::succeeds_with_variable_key ... ok
[INFO] [stdout] test collections::lmap::compare::tests::superset_should_fail_on ... ok
[INFO] [stdout] test collections::lmap::tests::mergeable_keys ... ok
[INFO] [stdout] test collections::lmap::compare::tests::subset_should_succeed_on ... ok
[INFO] [stdout] test collections::lvec::slice::tests::debug_impl ... ok
[INFO] [stdout] test collections::lvec::tests::fails ... ok
[INFO] [stdout] test collections::lvec::slice::tests::slice_with_lh_var ... ok
[INFO] [stdout] test collections::lvec::slice::tests::slice_with_out_of_range ... ok
[INFO] [stdout] test collections::lvec::subset::tests::unify_two_subsets_1 ... ok
[INFO] [stdout] test collections::lvec::member::tests::unify_two_contains_2 ... ok
[INFO] [stdout] test collections::lmap::tests::succeeds_with_variable_key_and_value ... ok
[INFO] [stdout] test collections::lvec::subset::tests::unify_two_subsets_2 ... ok
[INFO] [stdout] test collections::lvec::subset::tests::unify_two_subsets_4 ... ok
[INFO] [stdout] test collections::lmap::tests::unmergeable_keys ... ok
[INFO] [stdout] test collections::lvec::get::tests::get_fails ... ok
[INFO] [stdout] test goals::cmp::gte::tests::fails ... ok
[INFO] [stdout] test collections::lvec::subset::tests::subset_with_conditions ... ok
[INFO] [stdout] test domains::test::debug_impl ... ok
[INFO] [stdout] test goals::any::tests::both_fail ... ok
[INFO] [stdout] test goals::all::tests::fails ... ok
[INFO] [stdout] test goals::any::tests::debug_impl ... ok
[INFO] [stdout] test goals::any::tests::one_succeeds ... ok
[INFO] [stdout] test goals::cmp::lt::tests::succeeds ... ok
[INFO] [stdout] test goals::cmp::lte::tests::fails ... ok
[INFO] [stdout] test collections::lvec::tests::succeeds ... ok
[INFO] [stdout] test goals::cmp::lt::tests::fails ... ok
[INFO] [stdout] test goals::custom::tests::debug_impl ... ok
[INFO] [stdout] test goals::project::map_2::tests::debug_impl ... ok
[INFO] [stdout] test goals::lazy::tests::debug_impl ... ok
[INFO] [stdout] test collections::lvec::tests::reify_vec ... ok
[INFO] [stdout] test collections::lvec::slice::tests::basic_slice ... ok
[INFO] [stdout] test collections::lvec::subset::tests::basic_subset ... ok
[INFO] [stdout] test collections::lvec::subset::tests::debug_impl ... ok
[INFO] [stdout] test collections::lvec::member::tests::unify_two_contains_1 ... ok
[INFO] [stdout] test collections::lvec::member::tests::debug_impl ... ok
[INFO] [stdout] test collections::lvec::get::tests::get_with_rh_var ... ok
[INFO] [stdout] test collections::lmap::tests::succeeds_with_stress_test ... ok
[INFO] [stdout] test collections::lvec::get::tests::get_with_lh_var ... ok
[INFO] [stdout] test collections::lvec::member::tests::member_with_conditions ... ok
[INFO] [stdout] test collections::lvec::member::tests::unify_two_contains_3 ... ok
[INFO] [stdout] test goals::cmp::gt::tests::fails ... ok
[INFO] [stdout] test goals::any::tests::both_succeeds ... ok
[INFO] [stdout] test goals::cmp::gt::tests::succeeds ... ok
[INFO] [stdout] test goals::all::tests::succeeds ... ok
[INFO] [stdout] test tests::test_unify::basic_unifying_literals ... ok
[INFO] [stdout] test goals::ops::div::tests::fails ... ok
[INFO] [stdout] test goals::project::map_1::tests::succeeds ... ok
[INFO] [stdout] test tests::test_unify::basic_unifying_vars ... ok
[INFO] [stdout] test state::constraints::tests::debug_impl ... ok
[INFO] [stdout] test collections::lvec::tests::nested_var ... ok
[INFO] [stdout] test tests::test_unify::unifying_var_fails ... ok
[INFO] [stdout] test goals::project::map_2::tests::succeeds ... ok
[INFO] [stdout] test reify::tests::reify_var ... ok
[INFO] [stdout] test goals::project::project_2::tests::debug_impl ... ok
[INFO] [stdout] test goals::either::tests::debug_impl ... ok
[INFO] [stdout] test impls::tuples::tests::tuple3_succeeds ... ok
[INFO] [stdout] test goals::either::tests::either_both_fail ... ok
[INFO] [stdout] test state::test::debug_impl ... ok
[INFO] [stdout] test reify::tests::reify_resolved ... ok
[INFO] [stdout] test state::test::doctest ... ok
[INFO] [stdout] test tests::test_unify::multipart_unifying_vars ... ok
[INFO] [stdout] test tests::test_constrain::basic_constrain_succeeds ... ok
[INFO] [stdout] test goals::either::tests::either_one_succeeds ... ok
[INFO] [stdout] test goals::cmp::min::tests::succeeds_lte ... ok
[INFO] [stdout] test goals::cmp::max::tests::fails ... ok
[INFO] [stdout] test goals::custom::tests::succeeds ... ok
[INFO] [stdout] test goals::cmp::max::tests::succeeds_gt ... ok
[INFO] [stdout] test goals::cmp::max::tests::succeeds_gte ... ok
[INFO] [stdout] test goals::cmp::min::tests::fails ... ok
[INFO] [stdout] test goals::cmp::min::tests::succeeds_lt ... ok
[INFO] [stdout] test goals::ops::div::tests::succeeds ... ok
[INFO] [stdout] test goals::ops::mul::tests::succeeds ... ok
[INFO] [stdout] test goals::ops::sub::tests::succeeds ... ok
[INFO] [stdout] test goals::project::assert_2::tests::debug_impl ... ok
[INFO] [stdout] test goals::project::map_1::tests::debug_impl ... ok
[INFO] [stdout] test goals::unify::tests::deeply_nested_vars ... ok
[INFO] [stdout] test impls::primitive::tests::partial_eq ... ok
[INFO] [stdout] test impls::tuples::tests::tuple2_fails ... ok
[INFO] [stdout] test impls::tuples::tests::tuple2_nested_var ... ok
[INFO] [stdout] test impls::tuples::tests::tuple2_succeeds ... ok
[INFO] [stdout] test tests::test_constrain::unsatisfied_constrain_fails ... ok
[INFO] [stdout] test goals::ops::mul::tests::fails ... ok
[INFO] [stdout] test tests::test_fork::basic_fork_both_success ... ok
[INFO] [stdout] test tests::test_fork::basic_fork_first_success ... ok
[INFO] [stdout] test collections::lvec::slice::tests::slice_with_rh_var ... ok
[INFO] [stdout] test tests::test_unify::unifying_var_success ... ok
[INFO] [stdout] test goals::cmp::lte::tests::succeeds ... ok
[INFO] [stdout] test collections::lmap::compare::tests::subset_should_fail_on ... ok
[INFO] [stdout] test goals::ops::add::tests::succeeds ... ok
[INFO] [stdout] test goals::lazy::tests::succeeds ... ok
[INFO] [stdout] test collections::lvec::subset::tests::unify_two_subsets_3 ... ok
[INFO] [stdout] test collections::lmap::tests::succeeds_with_crisscrossed_variable_key_and_value ... ok
[INFO] [stdout] test goals::ops::sub::tests::fails ... ok
[INFO] [stdout] test goals::ops::add::tests::fails ... ok
[INFO] [stdout] test util::multikeymultivaluemap::tests::empty ... ok
[INFO] [stdout] test value::tests::is_resolved ... ok
[INFO] [stdout] test util::multikeymultivaluemap::tests::debug_impl ... ok
[INFO] [stdout] test value::tests::is_var ... ok
[INFO] [stdout] test goals::cmp::gte::tests::succeeds ... ok
[INFO] [stdout] test util::multikeymultivaluemap::tests::value_eq ... ok
[INFO] [stdout] test util::multikeymultivaluemap::tests::add_and_extract ... ok
[INFO] [stdout] test value::lvar::tests::lvar_labels ... ok
[INFO] [stdout] test value::tests::partial_eq ... ok
[INFO] [stdout] test value::lvar::tests::lvar_equality ... ok
[INFO] [stdout] test value::tests::debug_impl ... ok
[INFO] [stdout] test collections::lvec::member::tests::unify_two_contains_4 ... ok
[INFO] [stdout] test tests::test_fork::basic_fork_second_success ... ok
[INFO] [stdout] test tests::test_constrain::basic_constrain_fails ... ok
[INFO] [stdout] test goals::either::tests::either_both_succeeds ... ok
[INFO] [stdout] test impls::tuples::tests::tuple3_fails ... ok
[INFO] [stdout] test impls::tuples::tests::tuple3_nested_var ... ok
[INFO] [stdout] test collections::lvec::member::tests::basic_member ... ok
[INFO] [stdout] 
[INFO] [stdout] test result: ok. 120 passed; 0 failed; 0 ignored; 0 measured; 0 filtered out; finished in 0.18s
[INFO] [stdout] 
[INFO] [stderr]    Doc-tests canrun
[INFO] [stdout] 
[INFO] [stdout] running 98 tests
[INFO] [stdout] test src/goals/ops/div.rs - goals::ops::div::div (line 10) ... FAILED
[INFO] [stdout] test src/docs/mod.rs - docs::quickstart (line 46) ... FAILED
[INFO] [stdout] test src/goals/any.rs - any (line 46) ... FAILED
[INFO] [stdout] test src/docs/mod.rs - docs::quickstart (line 60) ... FAILED
[INFO] [stdout] test src/collections/lvec/get.rs - collections::lvec::get::get (line 14) ... FAILED
[INFO] [stdout] test src/goals/both.rs - goals::both::both (line 27) ... FAILED
[INFO] [stdout] test src/goals.rs - goals::Goal::apply (line 195) ... FAILED
[INFO] [stdout] test src/collections/lvec/subset.rs - collections::lvec::subset::subset (line 17) ... FAILED
[INFO] [stdout] test src/goals.rs - goals::Goal::any (line 171) ... FAILED
[INFO] [stdout] test src/domains.rs - domains::Domain (line 19) ... FAILED
[INFO] [stdout] test src/domains.rs - domains::domain (line 177) ... FAILED
[INFO] [stdout] test src/goals/all.rs - all (line 23) ... FAILED
[INFO] [stdout] test src/goals.rs - goals::Goal::query (line 216) ... FAILED
[INFO] [stdout] test src/collections/lvec/member.rs - collections::lvec::member::member (line 18) ... FAILED
[INFO] [stdout] test src/goals/unify.rs - goals::unify::unify (line 37) ... FAILED
[INFO] [stdout] test src/goals/project/project_2.rs - goals::project::project_2::project_2 (line 24) ... FAILED
[INFO] [stdout] test src/goals/custom.rs - goals::custom::custom (line 34) ... FAILED
[INFO] [stdout] test src/collections/lmap/compare.rs - collections::lmap::compare::superset (line 42) ... FAILED
[INFO] [stdout] test src/state.rs - state::State::unify (line 193) ... FAILED
[INFO] [stdout] test src/lib.rs - (line 23) ... FAILED
[INFO] [stdout] test src/goals/cmp/gt.rs - goals::cmp::gt::gt (line 10) ... FAILED
[INFO] [stdout] test src/collections/lvec/slice.rs - collections::lvec::slice::slice (line 16) ... FAILED
[INFO] [stdout] test src/goals/cmp/max.rs - goals::cmp::max::max (line 10) ... FAILED
[INFO] [stdout] test src/goals/cmp/gte.rs - goals::cmp::gte::gte (line 10) ... FAILED
[INFO] [stdout] test src/state.rs - state::State (line 55) ... FAILED
[INFO] [stdout] test src/goals/cmp/min.rs - goals::cmp::min::min (line 10) ... FAILED
[INFO] [stdout] test src/goals.rs - goals::Goal::all (line 147) ... FAILED
[INFO] [stdout] test src/goals/ops/add.rs - goals::ops::add::add (line 10) ... FAILED
[INFO] [stdout] test src/goals/project/project_1.rs - goals::project::project_1::project_1 (line 17) ... FAILED
[INFO] [stdout] test src/query.rs - query::Query::query (line 44) ... FAILED
[INFO] [stdout] test src/goals/project/map_1.rs - goals::project::map_1::map_1 (line 17) ... FAILED
[INFO] [stdout] test src/query.rs - query::Query::query (line 32) ... FAILED
[INFO] [stdout] test src/goals/either.rs - goals::either::either (line 57) ... FAILED
[INFO] [stdout] test src/goals/ops/sub.rs - goals::ops::sub::sub (line 10) ... FAILED
[INFO] [stdout] test src/goals.rs - goals::Goal::fail (line 114) ... FAILED
[INFO] [stdout] test src/state/iter_resolved.rs - state::iter_resolved::IterResolved::iter_resolved (line 32) ... FAILED
[INFO] [stdout] test src/docs/mod.rs - docs::quickstart (line 7) ... ok
[INFO] [stdout] test src/query.rs - query::Query::query (line 59) ... FAILED
[INFO] [stdout] test src/state.rs - state::State::unify (line 181) ... FAILED
[INFO] [stdout] test src/reify.rs - reify::ReifyIn::reify_in (line 21) ... FAILED
[INFO] [stdout] test src/impls/tuples.rs - ltup (line 55) ... FAILED
[INFO] [stdout] test src/goals/ops/mul.rs - goals::ops::mul::mul (line 10) ... FAILED
[INFO] [stdout] test src/reify.rs - reify::ReifyIn::reify_in (line 33) ... FAILED
[INFO] [stdout] test src/goals/either.rs - goals::either::either (line 35) ... FAILED
[INFO] [stdout] test src/state/constraints.rs - state::constraints::Constraint (line 32) ... FAILED
[INFO] [stdout] test src/util.rs - util::assert_permutations_resolve_to (line 53) ... FAILED
[INFO] [stdout] test src/reify.rs - reify::ReifyIn::reify_in (line 45) ... FAILED
[INFO] [stdout] test src/goals/any.rs - any (line 35) ... FAILED
[INFO] [stdout] test src/state.rs - state::State::resolve_val (line 148) ... FAILED
[INFO] [stdout] test src/docs/mod.rs - docs::quickstart (line 76) ... FAILED
[INFO] [stdout] test src/goals/any.rs - any (line 56) ... FAILED
[INFO] [stdout] test src/goals/both.rs - goals::both::both (line 39) ... FAILED
[INFO] [stdout] test src/goals/project/map_2.rs - goals::project::map_2::map_2 (line 17) ... FAILED
[INFO] [stdout] test src/reify.rs - reify::ReifyIn::reify_in (line 58) ... FAILED
[INFO] [stdout] test src/goals/cmp/lte.rs - goals::cmp::lte::lte (line 10) ... FAILED
[INFO] [stdout] test src/state.rs - state::State::apply (line 110) ... FAILED
[INFO] [stdout] test src/goals/either.rs - goals::either::either (line 47) ... FAILED
[INFO] [stdout] test src/goals/cmp/lt.rs - goals::cmp::lt::lt (line 10) ... FAILED
[INFO] [stdout] test src/goals/lazy.rs - goals::lazy::lazy (line 29) ... FAILED
[INFO] [stdout] test src/state.rs - state::Fork (line 280) ... FAILED
[INFO] [stdout] test src/goals/unify.rs - goals::unify::unify (line 26) ... FAILED
[INFO] [stdout] test src/goals/project/assert_2.rs - goals::project::assert_2::assert_2 (line 19) ... FAILED
[INFO] [stdout] test src/goals.rs - goals::Goal::succeed (line 97) ... FAILED
[INFO] [stdout] test src/collections/lmap.rs - collections::lmap::LMap<K, V>::new (line 29) ... ok
[INFO] [stdout] test src/value/into_val.rs - value::into_val::IntoVal (line 14) ... ok
[INFO] [stdout] test src/unify.rs - unify::UnifyIn (line 43) ... ok
[INFO] [stdout] test src/domains.rs - domains::domain (line 158) ... ok
[INFO] [stdout] test src/collections/lmap/compare.rs - collections::lmap::compare::get (line 69) ... ok
[INFO] [stdout] test src/domains.rs - domains::domain (line 137) ... ok
[INFO] [stdout] test src/collections/lmap.rs - lmap (line 179) ... ok
[INFO] [stdout] test src/docs/mod.rs - docs::quickstart (line 12) ... ok
[INFO] [stdout] test src/value.rs - value::Val<T>::resolved (line 52) ... FAILED
[INFO] [stdout] test src/collections/lmap.rs - collections::lmap::LMap<K, V>::insert (line 44) ... ok
[INFO] [stdout] test src/collections/lvec.rs - collections::lvec::LVec<V>::len (line 43) ... ok
[INFO] [stdout] test src/collections/lvec.rs - collections::lvec::LVec<V>::new (line 30) ... ok
[INFO] [stdout] test src/value/into_val.rs - value::into_val::IntoVal::into_val (line 39) ... ok
[INFO] [stdout] test src/goals/all.rs - all (line 35) ... FAILED
[INFO] [stdout] test src/value/lvar.rs - value::lvar::LVar<T>::labeled (line 85) ... ok
[INFO] [stdout] test src/domains.rs - domains::domain (line 149) ... ok
[INFO] [stdout] test src/value/into_val.rs - value::into_val::IntoVal (line 23) ... ok
[INFO] [stdout] test src/unify.rs - unify::UnifyIn (line 70) ... ok
[INFO] [stdout] test src/docs/mod.rs - docs::quickstart (line 33) ... ok
[INFO] [stdout] test src/state.rs - state::State::new (line 87) ... ok
[INFO] [stdout] test src/value.rs - val (line 99) ... ok
[INFO] [stdout] test src/collections/lvec.rs - lvec (line 92) ... ok
[INFO] [stdout] test src/collections/lvec.rs - collections::lvec::LVec<V>::is_empty (line 57) ... ok
[INFO] [stdout] test src/value.rs - value::Val<T>::resolved (line 44) ... ok
[INFO] [stdout] test src/value/lvar.rs - value::lvar::LVar<T>::labeled (line 91) ... ok
[INFO] [stdout] test src/collections/lmap/compare.rs - collections::lmap::compare::subset (line 12) ... ok
[INFO] [stdout] test src/value/lvar.rs - value::lvar::LVar<T>::new (line 62) ... ok
[INFO] [stdout] test src/value.rs - value::Val<T>::is_var (line 67) ... ok
[INFO] [stdout] test src/value/lvar.rs - value::lvar::var (line 39) ... ok
[INFO] [stdout] test src/goals/project/assert_1.rs - goals::project::assert_1::assert_1 (line 18) ... ok
[INFO] [stdout] test src/docs/mod.rs - docs::quickstart (line 23) ... ok
[INFO] [stdout] test src/collections/lvec.rs - collections::lvec::LVec<V>::push (line 71) ... ok
[INFO] [stdout] test src/value.rs - value::Val<T>::is_resolved (line 81) ... ok
[INFO] [stdout] test src/collections/lvec/member.rs - collections::lvec::member::member (line 32) ... ok
[INFO] [stdout] test src/state/resolved.rs - state::resolved::ResolvedState<D>::reify (line 31) ... ok
[INFO] [stdout] 
[INFO] [stdout] failures:
[INFO] [stdout] 
[INFO] [stdout] ---- src/goals/ops/div.rs - goals::ops::div::div (line 10) stdout ----
[INFO] [stdout] Couldn't compile the test.
[INFO] [stdout] ---- src/docs/mod.rs - docs::quickstart (line 46) stdout ----
[INFO] [stdout] Couldn't compile the test.
[INFO] [stdout] ---- src/goals/any.rs - any (line 46) stdout ----
[INFO] [stdout] Couldn't compile the test.
[INFO] [stdout] ---- src/docs/mod.rs - docs::quickstart (line 60) stdout ----
[INFO] [stdout] Couldn't compile the test.
[INFO] [stdout] ---- src/collections/lvec/get.rs - collections::lvec::get::get (line 14) stdout ----
[INFO] [stdout] Couldn't compile the test.
[INFO] [stdout] ---- src/goals/both.rs - goals::both::both (line 27) stdout ----
[INFO] [stdout] Couldn't compile the test.
[INFO] [stdout] ---- src/goals.rs - goals::Goal::apply (line 195) stdout ----
[INFO] [stdout] Couldn't compile the test.
[INFO] [stdout] ---- src/collections/lvec/subset.rs - collections::lvec::subset::subset (line 17) stdout ----
[INFO] [stdout] Couldn't compile the test.
[INFO] [stdout] ---- src/goals.rs - goals::Goal::any (line 171) stdout ----
[INFO] [stdout] Couldn't compile the test.
[INFO] [stdout] ---- src/domains.rs - domains::Domain (line 19) stdout ----
[INFO] [stdout] Couldn't compile the test.
[INFO] [stdout] ---- src/domains.rs - domains::domain (line 177) stdout ----
[INFO] [stdout] Couldn't compile the test.
[INFO] [stdout] ---- src/goals/all.rs - all (line 23) stdout ----
[INFO] [stdout] Couldn't compile the test.
[INFO] [stdout] ---- src/goals.rs - goals::Goal::query (line 216) stdout ----
[INFO] [stdout] Couldn't compile the test.
[INFO] [stdout] ---- src/collections/lvec/member.rs - collections::lvec::member::member (line 18) stdout ----
[INFO] [stdout] Couldn't compile the test.
[INFO] [stdout] ---- src/goals/unify.rs - goals::unify::unify (line 37) stdout ----
[INFO] [stdout] Couldn't compile the test.
[INFO] [stdout] ---- src/goals/project/project_2.rs - goals::project::project_2::project_2 (line 24) stdout ----
[INFO] [stdout] Couldn't compile the test.
[INFO] [stdout] ---- src/goals/custom.rs - goals::custom::custom (line 34) stdout ----
[INFO] [stdout] Couldn't compile the test.
[INFO] [stdout] ---- src/collections/lmap/compare.rs - collections::lmap::compare::superset (line 42) stdout ----
[INFO] [stdout] Couldn't compile the test.
[INFO] [stdout] ---- src/state.rs - state::State::unify (line 193) stdout ----
[INFO] [stdout] Couldn't compile the test.
[INFO] [stdout] ---- src/lib.rs - (line 23) stdout ----
[INFO] [stdout] Couldn't compile the test.
[INFO] [stdout] ---- src/goals/cmp/gt.rs - goals::cmp::gt::gt (line 10) stdout ----
[INFO] [stdout] Couldn't compile the test.
[INFO] [stdout] ---- src/collections/lvec/slice.rs - collections::lvec::slice::slice (line 16) stdout ----
[INFO] [stdout] Couldn't compile the test.
[INFO] [stdout] ---- src/goals/cmp/max.rs - goals::cmp::max::max (line 10) stdout ----
[INFO] [stdout] Couldn't compile the test.
[INFO] [stdout] ---- src/goals/cmp/gte.rs - goals::cmp::gte::gte (line 10) stdout ----
[INFO] [stdout] Couldn't compile the test.
[INFO] [stdout] ---- src/state.rs - state::State (line 55) stdout ----
[INFO] [stdout] Couldn't compile the test.
[INFO] [stdout] ---- src/goals/cmp/min.rs - goals::cmp::min::min (line 10) stdout ----
[INFO] [stdout] Couldn't compile the test.
[INFO] [stdout] ---- src/goals.rs - goals::Goal::all (line 147) stdout ----
[INFO] [stdout] Couldn't compile the test.
[INFO] [stdout] ---- src/goals/ops/add.rs - goals::ops::add::add (line 10) stdout ----
[INFO] [stdout] Couldn't compile the test.
[INFO] [stdout] ---- src/goals/project/project_1.rs - goals::project::project_1::project_1 (line 17) stdout ----
[INFO] [stdout] Couldn't compile the test.
[INFO] [stdout] ---- src/query.rs - query::Query::query (line 44) stdout ----
[INFO] [stdout] Couldn't compile the test.
[INFO] [stdout] ---- src/goals/project/map_1.rs - goals::project::map_1::map_1 (line 17) stdout ----
[INFO] [stdout] Couldn't compile the test.
[INFO] [stdout] ---- src/query.rs - query::Query::query (line 32) stdout ----
[INFO] [stdout] Couldn't compile the test.
[INFO] [stdout] ---- src/goals/either.rs - goals::either::either (line 57) stdout ----
[INFO] [stdout] Couldn't compile the test.
[INFO] [stdout] ---- src/goals/ops/sub.rs - goals::ops::sub::sub (line 10) stdout ----
[INFO] [stdout] Couldn't compile the test.
[INFO] [stdout] ---- src/goals.rs - goals::Goal::fail (line 114) stdout ----
[INFO] [stdout] Couldn't compile the test.
[INFO] [stdout] ---- src/state/iter_resolved.rs - state::iter_resolved::IterResolved::iter_resolved (line 32) stdout ----
[INFO] [stdout] Couldn't compile the test.
[INFO] [stdout] ---- src/query.rs - query::Query::query (line 59) stdout ----
[INFO] [stdout] Couldn't compile the test.
[INFO] [stdout] ---- src/state.rs - state::State::unify (line 181) stdout ----
[INFO] [stdout] Couldn't compile the test.
[INFO] [stdout] ---- src/reify.rs - reify::ReifyIn::reify_in (line 21) stdout ----
[INFO] [stdout] Couldn't compile the test.
[INFO] [stdout] ---- src/impls/tuples.rs - ltup (line 55) stdout ----
[INFO] [stdout] Couldn't compile the test.
[INFO] [stdout] ---- src/goals/ops/mul.rs - goals::ops::mul::mul (line 10) stdout ----
[INFO] [stdout] Couldn't compile the test.
[INFO] [stdout] ---- src/reify.rs - reify::ReifyIn::reify_in (line 33) stdout ----
[INFO] [stdout] Couldn't compile the test.
[INFO] [stdout] ---- src/goals/either.rs - goals::either::either (line 35) stdout ----
[INFO] [stdout] Couldn't compile the test.
[INFO] [stdout] ---- src/state/constraints.rs - state::constraints::Constraint (line 32) stdout ----
[INFO] [stdout] Couldn't compile the test.
[INFO] [stdout] ---- src/util.rs - util::assert_permutations_resolve_to (line 53) stdout ----
[INFO] [stdout] Couldn't compile the test.
[INFO] [stdout] ---- src/reify.rs - reify::ReifyIn::reify_in (line 45) stdout ----
[INFO] [stdout] Couldn't compile the test.
[INFO] [stdout] ---- src/goals/any.rs - any (line 35) stdout ----
[INFO] [stdout] Couldn't compile the test.
[INFO] [stdout] ---- src/state.rs - state::State::resolve_val (line 148) stdout ----
[INFO] [stdout] Couldn't compile the test.
[INFO] [stdout] ---- src/docs/mod.rs - docs::quickstart (line 76) stdout ----
[INFO] [stdout] Couldn't compile the test.
[INFO] [stdout] ---- src/goals/any.rs - any (line 56) stdout ----
[INFO] [stdout] Couldn't compile the test.
[INFO] [stdout] ---- src/goals/both.rs - goals::both::both (line 39) stdout ----
[INFO] [stdout] Couldn't compile the test.
[INFO] [stdout] ---- src/goals/project/map_2.rs - goals::project::map_2::map_2 (line 17) stdout ----
[INFO] [stdout] Couldn't compile the test.
[INFO] [stdout] ---- src/reify.rs - reify::ReifyIn::reify_in (line 58) stdout ----
[INFO] [stdout] Couldn't compile the test.
[INFO] [stdout] ---- src/goals/cmp/lte.rs - goals::cmp::lte::lte (line 10) stdout ----
[INFO] [stdout] Couldn't compile the test.
[INFO] [stdout] ---- src/state.rs - state::State::apply (line 110) stdout ----
[INFO] [stdout] Couldn't compile the test.
[INFO] [stdout] ---- src/goals/either.rs - goals::either::either (line 47) stdout ----
[INFO] [stdout] Couldn't compile the test.
[INFO] [stdout] ---- src/goals/cmp/lt.rs - goals::cmp::lt::lt (line 10) stdout ----
[INFO] [stdout] Couldn't compile the test.
[INFO] [stdout] ---- src/goals/lazy.rs - goals::lazy::lazy (line 29) stdout ----
[INFO] [stdout] Couldn't compile the test.
[INFO] [stdout] ---- src/state.rs - state::Fork (line 280) stdout ----
[INFO] [stdout] Couldn't compile the test.
[INFO] [stdout] ---- src/goals/unify.rs - goals::unify::unify (line 26) stdout ----
[INFO] [stdout] Couldn't compile the test.
[INFO] [stdout] ---- src/goals/project/assert_2.rs - goals::project::assert_2::assert_2 (line 19) stdout ----
[INFO] [stdout] Couldn't compile the test.
[INFO] [stdout] ---- src/goals.rs - goals::Goal::succeed (line 97) stdout ----
[INFO] [stdout] Couldn't compile the test.
[INFO] [stdout] ---- src/value.rs - value::Val<T>::resolved (line 52) stdout ----
[INFO] [stdout] Couldn't compile the test.
[INFO] [stdout] ---- src/goals/all.rs - all (line 35) stdout ----
[INFO] [stdout] Couldn't compile the test.
[INFO] [stdout] 
[INFO] [stdout] failures:
[INFO] [stdout]     src/collections/lmap/compare.rs - collections::lmap::compare::superset (line 42)
[INFO] [stdout]     src/collections/lvec/get.rs - collections::lvec::get::get (line 14)
[INFO] [stdout]     src/collections/lvec/member.rs - collections::lvec::member::member (line 18)
[INFO] [stdout]     src/collections/lvec/slice.rs - collections::lvec::slice::slice (line 16)
[INFO] [stdout]     src/collections/lvec/subset.rs - collections::lvec::subset::subset (line 17)
[INFO] [stdout]     src/docs/mod.rs - docs::quickstart (line 46)
[INFO] [stdout]     src/docs/mod.rs - docs::quickstart (line 60)
[INFO] [stdout]     src/docs/mod.rs - docs::quickstart (line 76)
[INFO] [stdout]     src/domains.rs - domains::Domain (line 19)
[INFO] [stdout]     src/domains.rs - domains::domain (line 177)
[INFO] [stdout]     src/goals.rs - goals::Goal::all (line 147)
[INFO] [stdout]     src/goals.rs - goals::Goal::any (line 171)
[INFO] [stdout]     src/goals.rs - goals::Goal::apply (line 195)
[INFO] [stdout]     src/goals.rs - goals::Goal::fail (line 114)
[INFO] [stdout]     src/goals.rs - goals::Goal::query (line 216)
[INFO] [stdout]     src/goals.rs - goals::Goal::succeed (line 97)
[INFO] [stdout]     src/goals/all.rs - all (line 23)
[INFO] [stdout]     src/goals/all.rs - all (line 35)
[INFO] [stdout]     src/goals/any.rs - any (line 35)
[INFO] [stdout]     src/goals/any.rs - any (line 46)
[INFO] [stdout]     src/goals/any.rs - any (line 56)
[INFO] [stdout]     src/goals/both.rs - goals::both::both (line 27)
[INFO] [stdout]     src/goals/both.rs - goals::both::both (line 39)
[INFO] [stdout]     src/goals/cmp/gt.rs - goals::cmp::gt::gt (line 10)
[INFO] [stdout]     src/goals/cmp/gte.rs - goals::cmp::gte::gte (line 10)
[INFO] [stdout]     src/goals/cmp/lt.rs - goals::cmp::lt::lt (line 10)
[INFO] [stdout]     src/goals/cmp/lte.rs - goals::cmp::lte::lte (line 10)
[INFO] [stdout]     src/goals/cmp/max.rs - goals::cmp::max::max (line 10)
[INFO] [stdout]     src/goals/cmp/min.rs - goals::cmp::min::min (line 10)
[INFO] [stdout]     src/goals/custom.rs - goals::custom::custom (line 34)
[INFO] [stdout]     src/goals/either.rs - goals::either::either (line 35)
[INFO] [stdout]     src/goals/either.rs - goals::either::either (line 47)
[INFO] [stdout]     src/goals/either.rs - goals::either::either (line 57)
[INFO] [stdout]     src/goals/lazy.rs - goals::lazy::lazy (line 29)
[INFO] [stdout]     src/goals/ops/add.rs - goals::ops::add::add (line 10)
[INFO] [stdout]     src/goals/ops/div.rs - goals::ops::div::div (line 10)
[INFO] [stdout]     src/goals/ops/mul.rs - goals::ops::mul::mul (line 10)
[INFO] [stdout]     src/goals/ops/sub.rs - goals::ops::sub::sub (line 10)
[INFO] [stdout]     src/goals/project/assert_2.rs - goals::project::assert_2::assert_2 (line 19)
[INFO] [stdout]     src/goals/project/map_1.rs - goals::project::map_1::map_1 (line 17)
[INFO] [stdout]     src/goals/project/map_2.rs - goals::project::map_2::map_2 (line 17)
[INFO] [stdout]     src/goals/project/project_1.rs - goals::project::project_1::project_1 (line 17)
[INFO] [stdout]     src/goals/project/project_2.rs - goals::project::project_2::project_2 (line 24)
[INFO] [stdout]     src/goals/unify.rs - goals::unify::unify (line 26)
[INFO] [stdout]     src/goals/unify.rs - goals::unify::unify (line 37)
[INFO] [stdout]     src/impls/tuples.rs - ltup (line 55)
[INFO] [stdout]     src/lib.rs - (line 23)
[INFO] [stdout]     src/query.rs - query::Query::query (line 32)
[INFO] [stdout]     src/query.rs - query::Query::query (line 44)
[INFO] [stdout]     src/query.rs - query::Query::query (line 59)
[INFO] [stdout]     src/reify.rs - reify::ReifyIn::reify_in (line 21)
[INFO] [stdout]     src/reify.rs - reify::ReifyIn::reify_in (line 33)
[INFO] [stdout]     src/reify.rs - reify::ReifyIn::reify_in (line 45)
[INFO] [stdout]     src/reify.rs - reify::ReifyIn::reify_in (line 58)
[INFO] [stdout]     src/state.rs - state::Fork (line 280)
[INFO] [stdout]     src/state.rs - state::State (line 55)
[INFO] [stdout]     src/state.rs - state::State::apply (line 110)
[INFO] [stdout]     src/state.rs - state::State::resolve_val (line 148)
[INFO] [stdout]     src/state.rs - state::State::unify (line 181)
[INFO] [stdout]     src/state.rs - state::State::unify (line 193)
[INFO] [stdout]     src/state/constraints.rs - state::constraints::Constraint (line 32)
[INFO] [stdout]     src/state/iter_resolved.rs - state::iter_resolved::IterResolved::iter_resolved (line 32)
[INFO] [stdout]     src/util.rs - util::assert_permutations_resolve_to (line 53)
[INFO] [stdout]     src/value.rs - value::Val<T>::resolved (line 52)
[INFO] [stdout] 
[INFO] [stdout] test result: FAILED. 34 passed; 64 failed; 0 ignored; 0 measured; 0 filtered out; finished in 4.81s
[INFO] [stdout] 
[INFO] [stderr] error: test failed, to rerun pass '--doc'
[INFO] running `Command { std: "docker" "inspect" "530e629595a4e8e24fe121fe682df88510b7fc66d01570cf8a55bb5debc1fce2", kill_on_drop: false }`
[INFO] running `Command { std: "docker" "rm" "-f" "530e629595a4e8e24fe121fe682df88510b7fc66d01570cf8a55bb5debc1fce2", kill_on_drop: false }`
[INFO] [stdout] 530e629595a4e8e24fe121fe682df88510b7fc66d01570cf8a55bb5debc1fce2
