[INFO] fetching crate candid 0.7.4...
[INFO] testing candid-0.7.4 against 1.54.0 for beta-1.55-1
[INFO] extracting crate candid 0.7.4 into /workspace/builds/worker-116/source
[INFO] validating manifest of crates.io crate candid 0.7.4 on toolchain 1.54.0
[INFO] running `Command { std: "/workspace/cargo-home/bin/cargo" "+1.54.0" "metadata" "--manifest-path" "Cargo.toml" "--no-deps", kill_on_drop: false }`
[INFO] started tweaking crates.io crate candid 0.7.4
[INFO] finished tweaking crates.io crate candid 0.7.4
[INFO] tweaked toml for crates.io crate candid 0.7.4 written to /workspace/builds/worker-116/source/Cargo.toml
[INFO] running `Command { std: "/workspace/cargo-home/bin/cargo" "+1.54.0" "generate-lockfile" "--manifest-path" "Cargo.toml" "-Zno-index-update", kill_on_drop: false }`
[INFO] [stderr]     Blocking waiting for file lock on package cache
[INFO] running `Command { std: "/workspace/cargo-home/bin/cargo" "+1.54.0" "fetch" "--manifest-path" "Cargo.toml", kill_on_drop: false }`
[INFO] [stderr]     Blocking waiting for file lock on package cache
[INFO] [stderr]     Blocking waiting for file lock on package cache
[INFO] running `Command { std: "docker" "create" "-v" "/var/lib/crater-agent-workspace/builds/worker-116/target:/opt/rustwide/target:rw,Z" "-v" "/var/lib/crater-agent-workspace/builds/worker-116/source:/opt/rustwide/workdir:ro,Z" "-v" "/var/lib/crater-agent-workspace/cargo-home:/opt/rustwide/cargo-home:ro,Z" "-v" "/var/lib/crater-agent-workspace/rustup-home:/opt/rustwide/rustup-home:ro,Z" "-e" "SOURCE_DIR=/opt/rustwide/workdir" "-e" "CARGO_TARGET_DIR=/opt/rustwide/target" "-e" "CARGO_HOME=/opt/rustwide/cargo-home" "-e" "RUSTUP_HOME=/opt/rustwide/rustup-home" "-w" "/opt/rustwide/workdir" "-m" "1610612736" "--user" "0:0" "--network" "none" "ghcr.io/rust-lang/crates-build-env/linux@sha256:34b6a614d2c27851fe6cbf88fbd1137609cefab8b10d0615aaeb6fd47975d74e" "/opt/rustwide/cargo-home/bin/cargo" "+1.54.0" "metadata" "--no-deps" "--format-version=1", kill_on_drop: false }`
[INFO] [stdout] 99e2bb677a0954e0504daff70ad6bf091e98fa305fd35e1d1983bb95f7fa35b2
[INFO] running `Command { std: "docker" "start" "-a" "99e2bb677a0954e0504daff70ad6bf091e98fa305fd35e1d1983bb95f7fa35b2", kill_on_drop: false }`
[INFO] running `Command { std: "docker" "inspect" "99e2bb677a0954e0504daff70ad6bf091e98fa305fd35e1d1983bb95f7fa35b2", kill_on_drop: false }`
[INFO] running `Command { std: "docker" "rm" "-f" "99e2bb677a0954e0504daff70ad6bf091e98fa305fd35e1d1983bb95f7fa35b2", kill_on_drop: false }`
[INFO] [stdout] 99e2bb677a0954e0504daff70ad6bf091e98fa305fd35e1d1983bb95f7fa35b2
[INFO] running `Command { std: "docker" "create" "-v" "/var/lib/crater-agent-workspace/builds/worker-116/target:/opt/rustwide/target:rw,Z" "-v" "/var/lib/crater-agent-workspace/builds/worker-116/source:/opt/rustwide/workdir:ro,Z" "-v" "/var/lib/crater-agent-workspace/cargo-home:/opt/rustwide/cargo-home:ro,Z" "-v" "/var/lib/crater-agent-workspace/rustup-home:/opt/rustwide/rustup-home:ro,Z" "-e" "SOURCE_DIR=/opt/rustwide/workdir" "-e" "CARGO_TARGET_DIR=/opt/rustwide/target" "-e" "CARGO_INCREMENTAL=0" "-e" "RUST_BACKTRACE=full" "-e" "RUSTFLAGS=--cap-lints=warn" "-e" "CARGO_HOME=/opt/rustwide/cargo-home" "-e" "RUSTUP_HOME=/opt/rustwide/rustup-home" "-w" "/opt/rustwide/workdir" "-m" "1610612736" "--user" "0:0" "--network" "none" "ghcr.io/rust-lang/crates-build-env/linux@sha256:34b6a614d2c27851fe6cbf88fbd1137609cefab8b10d0615aaeb6fd47975d74e" "/opt/rustwide/cargo-home/bin/cargo" "+1.54.0" "build" "--frozen" "--message-format=json", kill_on_drop: false }`
[INFO] [stdout] cba879f9d997f8078b9d591f6a7f05b296ea35b1a64f2fed324bd3c9536dd72a
[INFO] running `Command { std: "docker" "start" "-a" "cba879f9d997f8078b9d591f6a7f05b296ea35b1a64f2fed324bd3c9536dd72a", kill_on_drop: false }`
[INFO] [stderr]    Compiling autocfg v1.0.1
[INFO] [stderr]    Compiling serde_derive v1.0.127
[INFO] [stderr]    Compiling serde v1.0.127
[INFO] [stderr]    Compiling log v0.4.14
[INFO] [stderr]    Compiling lazy_static v1.4.0
[INFO] [stderr]    Compiling crunchy v0.2.2
[INFO] [stderr]    Compiling either v1.6.1
[INFO] [stderr]    Compiling tiny-keccak v2.0.2
[INFO] [stderr]    Compiling hashbrown v0.11.2
[INFO] [stderr]    Compiling siphasher v0.3.6
[INFO] [stderr]    Compiling new_debug_unreachable v1.0.4
[INFO] [stderr]    Compiling precomputed-hash v0.1.1
[INFO] [stderr]    Compiling fixedbitset v0.2.0
[INFO] [stderr]    Compiling bit-vec v0.6.3
[INFO] [stderr]    Compiling pico-args v0.4.2
[INFO] [stderr]    Compiling crc32fast v1.2.1
[INFO] [stderr]    Compiling diff v0.1.12
[INFO] [stderr]    Compiling beef v0.5.1
[INFO] [stderr]    Compiling fnv v1.0.7
[INFO] [stderr]    Compiling utf8-ranges v1.0.4
[INFO] [stderr]    Compiling anyhow v1.0.42
[INFO] [stderr]    Compiling termcolor v1.1.2
[INFO] [stderr]    Compiling typed-arena v2.0.1
[INFO] [stderr]    Compiling unicode-width v0.1.8
[INFO] [stderr]    Compiling base32 v0.4.0
[INFO] [stderr]    Compiling arrayvec v0.5.2
[INFO] [stderr]    Compiling paste v1.0.5
[INFO] [stderr]    Compiling leb128 v0.2.4
[INFO] [stderr]    Compiling byteorder v1.4.3
[INFO] [stderr]    Compiling dirs-sys-next v0.1.2
[INFO] [stderr]    Compiling atty v0.2.14
[INFO] [stderr]    Compiling thiserror-impl v1.0.26
[INFO] [stderr]    Compiling lalrpop-util v0.19.6
[INFO] [stderr]    Compiling derivative v2.2.0
[INFO] [stderr]    Compiling candid_derive v0.4.5
[INFO] [stderr]    Compiling phf_shared v0.8.0
[INFO] [stderr]    Compiling codespan-reporting v0.11.1
[INFO] [stderr]    Compiling itertools v0.10.1
[INFO] [stderr]    Compiling bit-set v0.5.2
[INFO] [stderr]    Compiling dirs-next v2.0.0
[INFO] [stderr]    Compiling logos-derive v0.12.0
[INFO] [stderr]    Compiling binread_derive v2.0.0
[INFO] [stderr]    Compiling pretty v0.10.0
[INFO] [stderr]    Compiling ena v0.14.0
[INFO] [stderr]    Compiling term v0.7.0
[INFO] [stderr]    Compiling string_cache v0.8.1
[INFO] [stderr]    Compiling indexmap v1.7.0
[INFO] [stderr]    Compiling num-traits v0.2.14
[INFO] [stderr]    Compiling num-integer v0.1.44
[INFO] [stderr]    Compiling num-bigint v0.4.0
[INFO] [stderr]    Compiling ascii-canvas v3.0.0
[INFO] [stderr]    Compiling thiserror v1.0.26
[INFO] [stderr]    Compiling petgraph v0.5.1
[INFO] [stderr]    Compiling lalrpop v0.19.6
[INFO] [stderr]    Compiling binread v2.1.1
[INFO] [stderr]    Compiling logos v0.12.0
[INFO] [stderr]    Compiling toml v0.5.8
[INFO] [stderr]    Compiling serde_bytes v0.11.5
[INFO] [stderr]    Compiling ic-types v0.2.1
[INFO] [stderr]    Compiling proc-macro-crate v1.0.0
[INFO] [stderr]    Compiling num_enum_derive v0.5.3
[INFO] [stderr]    Compiling num_enum v0.5.3
[INFO] [stderr]    Compiling candid v0.7.4 (/opt/rustwide/workdir)
[INFO] [stderr]     Finished dev [unoptimized + debuginfo] target(s) in 51.30s
[INFO] running `Command { std: "docker" "inspect" "cba879f9d997f8078b9d591f6a7f05b296ea35b1a64f2fed324bd3c9536dd72a", kill_on_drop: false }`
[INFO] running `Command { std: "docker" "rm" "-f" "cba879f9d997f8078b9d591f6a7f05b296ea35b1a64f2fed324bd3c9536dd72a", kill_on_drop: false }`
[INFO] [stdout] cba879f9d997f8078b9d591f6a7f05b296ea35b1a64f2fed324bd3c9536dd72a
[INFO] running `Command { std: "docker" "create" "-v" "/var/lib/crater-agent-workspace/builds/worker-116/target:/opt/rustwide/target:rw,Z" "-v" "/var/lib/crater-agent-workspace/builds/worker-116/source:/opt/rustwide/workdir:ro,Z" "-v" "/var/lib/crater-agent-workspace/cargo-home:/opt/rustwide/cargo-home:ro,Z" "-v" "/var/lib/crater-agent-workspace/rustup-home:/opt/rustwide/rustup-home:ro,Z" "-e" "SOURCE_DIR=/opt/rustwide/workdir" "-e" "CARGO_TARGET_DIR=/opt/rustwide/target" "-e" "CARGO_INCREMENTAL=0" "-e" "RUST_BACKTRACE=full" "-e" "RUSTFLAGS=--cap-lints=warn" "-e" "CARGO_HOME=/opt/rustwide/cargo-home" "-e" "RUSTUP_HOME=/opt/rustwide/rustup-home" "-w" "/opt/rustwide/workdir" "-m" "1610612736" "--user" "0:0" "--network" "none" "ghcr.io/rust-lang/crates-build-env/linux@sha256:34b6a614d2c27851fe6cbf88fbd1137609cefab8b10d0615aaeb6fd47975d74e" "/opt/rustwide/cargo-home/bin/cargo" "+1.54.0" "test" "--frozen" "--no-run" "--message-format=json", kill_on_drop: false }`
[INFO] [stdout] c05b7e131257830431c206f11c13e2bb5bab6aff50908a54960499486061954f
[INFO] running `Command { std: "docker" "start" "-a" "c05b7e131257830431c206f11c13e2bb5bab6aff50908a54960499486061954f", kill_on_drop: false }`
[INFO] [stderr]    Compiling crossbeam-utils v0.8.5
[INFO] [stderr]    Compiling crossbeam-epoch v0.9.5
[INFO] [stderr]    Compiling rayon-core v1.9.1
[INFO] [stderr]    Compiling proc-macro2 v0.4.30
[INFO] [stderr]    Compiling scopeguard v1.1.0
[INFO] [stderr]    Compiling unicode-xid v0.1.0
[INFO] [stderr]    Compiling plotters-backend v0.3.2
[INFO] [stderr]    Compiling syn v0.15.44
[INFO] [stderr]    Compiling regex-automata v0.1.10
[INFO] [stderr]    Compiling remove_dir_all v0.5.3
[INFO] [stderr]    Compiling half v1.7.1
[INFO] [stderr]    Compiling same-file v1.0.6
[INFO] [stderr]    Compiling oorandom v11.1.3
[INFO] [stderr]    Compiling glob v0.3.0
[INFO] [stderr]    Compiling difference v2.0.0
[INFO] [stderr]    Compiling memoffset v0.6.4
[INFO] [stderr]    Compiling rayon v1.5.1
[INFO] [stderr]    Compiling textwrap v0.11.0
[INFO] [stderr]    Compiling getrandom v0.2.3
[INFO] [stderr]    Compiling num_cpus v1.13.0
[INFO] [stderr]    Compiling csv-core v0.1.10
[INFO] [stderr]    Compiling cast v0.2.7
[INFO] [stderr]    Compiling serde_json v1.0.66
[INFO] [stderr]    Compiling rand_core v0.6.3
[INFO] [stderr]    Compiling plotters-svg v0.3.1
[INFO] [stderr]    Compiling walkdir v2.3.2
[INFO] [stderr]    Compiling bstr v0.2.16
[INFO] [stderr]    Compiling serde_cbor v0.11.1
[INFO] [stderr]    Compiling plotters v0.3.1
[INFO] [stderr]    Compiling clap v2.33.3
[INFO] [stderr]    Compiling rand_chacha v0.3.1
[INFO] [stderr]    Compiling tinytemplate v1.2.1
[INFO] [stderr]    Compiling crossbeam-channel v0.5.1
[INFO] [stderr]    Compiling criterion-plot v0.4.4
[INFO] [stderr]    Compiling quote v0.6.13
[INFO] [stderr]    Compiling rand v0.8.4
[INFO] [stderr]    Compiling crossbeam-deque v0.8.1
[INFO] [stderr]    Compiling csv v1.1.6
[INFO] [stderr]    Compiling tempfile v3.2.0
[INFO] [stderr]    Compiling goldenfile v1.1.0
[INFO] [stderr]    Compiling criterion v0.3.5
[INFO] [stderr]    Compiling test-generator v0.3.0
[INFO] [stderr]    Compiling candid v0.7.4 (/opt/rustwide/workdir)
[INFO] [stderr]     Finished test [unoptimized + debuginfo] target(s) in 25.37s
[INFO] running `Command { std: "docker" "inspect" "c05b7e131257830431c206f11c13e2bb5bab6aff50908a54960499486061954f", kill_on_drop: false }`
[INFO] running `Command { std: "docker" "rm" "-f" "c05b7e131257830431c206f11c13e2bb5bab6aff50908a54960499486061954f", kill_on_drop: false }`
[INFO] [stdout] c05b7e131257830431c206f11c13e2bb5bab6aff50908a54960499486061954f
[INFO] running `Command { std: "docker" "create" "-v" "/var/lib/crater-agent-workspace/builds/worker-116/target:/opt/rustwide/target:rw,Z" "-v" "/var/lib/crater-agent-workspace/builds/worker-116/source:/opt/rustwide/workdir:ro,Z" "-v" "/var/lib/crater-agent-workspace/cargo-home:/opt/rustwide/cargo-home:ro,Z" "-v" "/var/lib/crater-agent-workspace/rustup-home:/opt/rustwide/rustup-home:ro,Z" "-e" "SOURCE_DIR=/opt/rustwide/workdir" "-e" "CARGO_TARGET_DIR=/opt/rustwide/target" "-e" "CARGO_INCREMENTAL=0" "-e" "RUST_BACKTRACE=full" "-e" "RUSTFLAGS=--cap-lints=warn" "-e" "CARGO_HOME=/opt/rustwide/cargo-home" "-e" "RUSTUP_HOME=/opt/rustwide/rustup-home" "-w" "/opt/rustwide/workdir" "-m" "1610612736" "--user" "0:0" "--network" "none" "ghcr.io/rust-lang/crates-build-env/linux@sha256:34b6a614d2c27851fe6cbf88fbd1137609cefab8b10d0615aaeb6fd47975d74e" "/opt/rustwide/cargo-home/bin/cargo" "+1.54.0" "test" "--frozen", kill_on_drop: false }`
[INFO] [stdout] 2dbc2c46942e65139e0001891406541ac7c9ee0812f073d2047042cce10727fb
[INFO] running `Command { std: "docker" "start" "-a" "2dbc2c46942e65139e0001891406541ac7c9ee0812f073d2047042cce10727fb", kill_on_drop: false }`
[INFO] [stderr]     Finished test [unoptimized + debuginfo] target(s) in 0.14s
[INFO] [stderr]      Running unittests (/opt/rustwide/target/debug/deps/candid-713645c2e465b3ce)
[INFO] [stdout] 
[INFO] [stdout] running 0 tests
[INFO] [stdout] 
[INFO] [stdout] test result: ok. 0 passed; 0 failed; 0 ignored; 0 measured; 0 filtered out; finished in 0.00s
[INFO] [stdout] 
[INFO] [stderr]    Doc-tests candid
[INFO] [stdout] 
[INFO] [stdout] running 15 tests
[INFO] [stdout] test src/lib.rs - (line 267) ... ignored
[INFO] [stdout] test src/lib.rs - (line 118) ... FAILED
[INFO] [stdout] test src/lib.rs - (line 55) ... FAILED
[INFO] [stdout] test src/lib.rs - (line 84) ... FAILED
[INFO] [stdout] test src/lib.rs - (line 40) ... FAILED
[INFO] [stdout] test src/utils.rs - utils::write_args (line 89) ... FAILED
[INFO] [stdout] test src/lib.rs - (line 134) ... FAILED
[INFO] [stdout] test src/utils.rs - utils::encode_args (line 112) ... FAILED
[INFO] [stdout] test src/lib.rs - (line 220) ... FAILED
[INFO] [stdout] test src/utils.rs - utils::encode_one (line 131) ... ok
[INFO] [stdout] test src/lib.rs - (line 18) ... ok
[INFO] [stdout] test src/lib.rs - (line 158) ... ok
[INFO] [stdout] test src/utils.rs - utils::decode_args (line 45) ... ok
[INFO] [stdout] test src/utils.rs - utils::decode_one (line 70) ... ok
[INFO] [stdout] test src/lib.rs - (line 188) ... ok
[INFO] [stdout] 
[INFO] [stdout] failures:
[INFO] [stdout] 
[INFO] [stdout] ---- src/lib.rs - (line 118) stdout ----
[INFO] [stdout] Couldn't compile the test.
[INFO] [stdout] ---- src/lib.rs - (line 55) stdout ----
[INFO] [stdout] Couldn't compile the test.
[INFO] [stdout] ---- src/lib.rs - (line 84) stdout ----
[INFO] [stdout] Couldn't compile the test.
[INFO] [stdout] ---- src/lib.rs - (line 40) stdout ----
[INFO] [stdout] Couldn't compile the test.
[INFO] [stdout] ---- src/utils.rs - utils::write_args (line 89) stdout ----
[INFO] [stdout] Couldn't compile the test.
[INFO] [stdout] ---- src/lib.rs - (line 134) stdout ----
[INFO] [stdout] Couldn't compile the test.
[INFO] [stdout] ---- src/utils.rs - utils::encode_args (line 112) stdout ----
[INFO] [stdout] Couldn't compile the test.
[INFO] [stdout] ---- src/lib.rs - (line 220) stdout ----
[INFO] [stdout] error: linking with `cc` failed: exit status: 1
[INFO] [stdout]   |
[INFO] [stdout]   = note: "cc" "-m64" "/tmp/rustdoctestuRR16J/rust_out.rust_out.7rcbfp3g-cgu.0.rcgu.o" "/tmp/rustdoctestuRR16J/rust_out.33dyzt1ekirinwy8.rcgu.o" "-Wl,--as-needed" "-L" "/opt/rustwide/target/debug/deps" "-L" "/opt/rustwide/target/debug/deps" "-L" "/opt/rustwide/rustup-home/toolchains/1.54.0-x86_64-unknown-linux-gnu/lib/rustlib/x86_64-unknown-linux-gnu/lib" "-Wl,-Bstatic" "/opt/rustwide/target/debug/deps/libcandid-45adc031054c3dd9.rlib" "/opt/rustwide/target/debug/deps/libleb128-66fe0ce52a40826c.rlib" "/opt/rustwide/target/debug/deps/libbyteorder-0c03c404070d92e6.rlib" "/opt/rustwide/target/debug/deps/liblogos-c6aade875916eed9.rlib" "/opt/rustwide/target/debug/deps/libnum_bigint-0b93cc59b971e3c5.rlib" "/opt/rustwide/target/debug/deps/libnum_integer-1b05607c52488d5f.rlib" "/opt/rustwide/target/debug/deps/libnum_traits-a2639720a0ec4c76.rlib" "/opt/rustwide/target/debug/deps/libanyhow-d1e64256fbcc8ff8.rlib" "/opt/rustwide/target/debug/deps/libnum_enum-43efc0b532ca6831.rlib" "/opt/rustwide/target/debug/deps/libic_types-e809e7972a61bee0.rlib" "/opt/rustwide/target/debug/deps/libcrc32fast-e6a82e63ff40e00b.rlib" "/opt/rustwide/target/debug/deps/libbase32-f7f5f73fd8d56a72.rlib" "/opt/rustwide/target/debug/deps/libserde_bytes-f08be2cbdbd35dbf.rlib" "/opt/rustwide/target/debug/deps/libhex-26332ec05e0770db.rlib" "/opt/rustwide/target/debug/deps/libsha2-9786bf3f10c5b6ee.rlib" "/opt/rustwide/target/debug/deps/libcpufeatures-bd8ae1a522dceefd.rlib" "/opt/rustwide/target/debug/deps/libcfg_if-38c8a3e888ecb06a.rlib" "/opt/rustwide/target/debug/deps/libopaque_debug-45a15423c8ac1fee.rlib" "/opt/rustwide/target/debug/deps/libdigest-cee9498d46fe27c0.rlib" "/opt/rustwide/target/debug/deps/libblock_buffer-ca98df5ecfb40ab8.rlib" "/opt/rustwide/target/debug/deps/libgeneric_array-7ec1671be0b15994.rlib" "/opt/rustwide/target/debug/deps/libtypenum-9959a671b08afc70.rlib" "/opt/rustwide/target/debug/deps/libbinread-75b2b5708a8f81e9.rlib" "/opt/rustwide/target/debug/deps/liblazy_static-5c53d641eb010a81.rlib" "/opt/rustwide/target/debug/deps/liblalrpop_util-af307d807b16dc8e.rlib" "/opt/rustwide/target/debug/deps/libregex-61169e0bd48871d5.rlib" "/opt/rustwide/target/debug/deps/libaho_corasick-daea6be397b1cb2b.rlib" "/opt/rustwide/target/debug/deps/libmemchr-1f0d97dc9aa3dd56.rlib" "/opt/rustwide/target/debug/deps/libregex_syntax-b672c9191f2c7225.rlib" "/opt/rustwide/target/debug/deps/libthiserror-e8c8f299b78864ca.rlib" "/opt/rustwide/target/debug/deps/libcodespan_reporting-06163775e5e1b3cd.rlib" "/opt/rustwide/target/debug/deps/libunicode_width-5cf7ed896e8bb5a9.rlib" "/opt/rustwide/target/debug/deps/libtermcolor-01d11b91b4e31953.rlib" "/opt/rustwide/target/debug/deps/libpretty-380438aa966f4ae6.rlib" "/opt/rustwide/target/debug/deps/libarrayvec-43d2f6fbcfcfd69b.rlib" "/opt/rustwide/target/debug/deps/libtyped_arena-5fb0176a08fee327.rlib" "/opt/rustwide/target/debug/deps/libserde-751e4ec962046436.rlib" "-Wl,--start-group" "/opt/rustwide/rustup-home/toolchains/1.54.0-x86_64-unknown-linux-gnu/lib/rustlib/x86_64-unknown-linux-gnu/lib/libstd-2420485b9e5ef5e1.rlib" "/opt/rustwide/rustup-home/toolchains/1.54.0-x86_64-unknown-linux-gnu/lib/rustlib/x86_64-unknown-linux-gnu/lib/libpanic_unwind-785e3cb61c4b1960.rlib" "/opt/rustwide/rustup-home/toolchains/1.54.0-x86_64-unknown-linux-gnu/lib/rustlib/x86_64-unknown-linux-gnu/lib/libminiz_oxide-087191a88bdaa22d.rlib" "/opt/rustwide/rustup-home/toolchains/1.54.0-x86_64-unknown-linux-gnu/lib/rustlib/x86_64-unknown-linux-gnu/lib/libadler-9981842c02975178.rlib" "/opt/rustwide/rustup-home/toolchains/1.54.0-x86_64-unknown-linux-gnu/lib/rustlib/x86_64-unknown-linux-gnu/lib/libobject-6fb405869b015fde.rlib" "/opt/rustwide/rustup-home/toolchains/1.54.0-x86_64-unknown-linux-gnu/lib/rustlib/x86_64-unknown-linux-gnu/lib/libaddr2line-d05c5c3c56004b7b.rlib" "/opt/rustwide/rustup-home/toolchains/1.54.0-x86_64-unknown-linux-gnu/lib/rustlib/x86_64-unknown-linux-gnu/lib/libgimli-42d74d2097528b38.rlib" "/opt/rustwide/rustup-home/toolchains/1.54.0-x86_64-unknown-linux-gnu/lib/rustlib/x86_64-unknown-linux-gnu/lib/libstd_detect-fb36534c113d2209.rlib" "/opt/rustwide/rustup-home/toolchains/1.54.0-x86_64-unknown-linux-gnu/lib/rustlib/x86_64-unknown-linux-gnu/lib/librustc_demangle-b56b9042c12b6535.rlib" "/opt/rustwide/rustup-home/toolchains/1.54.0-x86_64-unknown-linux-gnu/lib/rustlib/x86_64-unknown-linux-gnu/lib/libhashbrown-491902d6cb3e76df.rlib" "/opt/rustwide/rustup-home/toolchains/1.54.0-x86_64-unknown-linux-gnu/lib/rustlib/x86_64-unknown-linux-gnu/lib/librustc_std_workspace_alloc-61834e0981b8c367.rlib" "/opt/rustwide/rustup-home/toolchains/1.54.0-x86_64-unknown-linux-gnu/lib/rustlib/x86_64-unknown-linux-gnu/lib/libunwind-f78aa99d613a55bc.rlib" "/opt/rustwide/rustup-home/toolchains/1.54.0-x86_64-unknown-linux-gnu/lib/rustlib/x86_64-unknown-linux-gnu/lib/libcfg_if-53ee54cd7fed2c57.rlib" "/opt/rustwide/rustup-home/toolchains/1.54.0-x86_64-unknown-linux-gnu/lib/rustlib/x86_64-unknown-linux-gnu/lib/liblibc-544ecdbd6cda3c58.rlib" "/opt/rustwide/rustup-home/toolchains/1.54.0-x86_64-unknown-linux-gnu/lib/rustlib/x86_64-unknown-linux-gnu/lib/liballoc-379cc252b6943a79.rlib" "/opt/rustwide/rustup-home/toolchains/1.54.0-x86_64-unknown-linux-gnu/lib/rustlib/x86_64-unknown-linux-gnu/lib/librustc_std_workspace_core-8063eea38dcc5e62.rlib" "/opt/rustwide/rustup-home/toolchains/1.54.0-x86_64-unknown-linux-gnu/lib/rustlib/x86_64-unknown-linux-gnu/lib/libcore-5b228734afae15ee.rlib" "-Wl,--end-group" "/opt/rustwide/rustup-home/toolchains/1.54.0-x86_64-unknown-linux-gnu/lib/rustlib/x86_64-unknown-linux-gnu/lib/libcompiler_builtins-d6c7a399d95d173f.rlib" "-Wl,-Bdynamic" "-lgcc_s" "-lutil" "-lrt" "-lpthread" "-lm" "-ldl" "-lc" "-Wl,--eh-frame-hdr" "-Wl,-znoexecstack" "-L" "/opt/rustwide/rustup-home/toolchains/1.54.0-x86_64-unknown-linux-gnu/lib/rustlib/x86_64-unknown-linux-gnu/lib" "-o" "/tmp/rustdoctestuRR16J/rust_out" "-Wl,--gc-sections" "-pie" "-Wl,-zrelro" "-Wl,-znow" "-nodefaultlibs"
[INFO] [stdout]   = note: collect2: fatal error: ld terminated with signal 9 [Killed]
[INFO] [stdout]           compilation terminated.
[INFO] [stdout]           
[INFO] [stdout] 
[INFO] [stdout] error: aborting due to previous error
[INFO] [stdout] 
[INFO] [stdout] Couldn't compile the test.
[INFO] [stdout] 
[INFO] [stdout] failures:
[INFO] [stdout]     src/lib.rs - (line 118)
[INFO] [stdout]     src/lib.rs - (line 134)
[INFO] [stdout]     src/lib.rs - (line 220)
[INFO] [stdout]     src/lib.rs - (line 40)
[INFO] [stdout]     src/lib.rs - (line 55)
[INFO] [stdout]     src/lib.rs - (line 84)
[INFO] [stdout]     src/utils.rs - utils::encode_args (line 112)
[INFO] [stdout]     src/utils.rs - utils::write_args (line 89)
[INFO] [stdout] 
[INFO] [stdout] test result: FAILED. 6 passed; 8 failed; 1 ignored; 0 measured; 0 filtered out; finished in 7.27s
[INFO] [stdout] 
[INFO] [stderr] error: test failed, to rerun pass '--doc'
[INFO] running `Command { std: "docker" "inspect" "2dbc2c46942e65139e0001891406541ac7c9ee0812f073d2047042cce10727fb", kill_on_drop: false }`
[INFO] running `Command { std: "docker" "rm" "-f" "2dbc2c46942e65139e0001891406541ac7c9ee0812f073d2047042cce10727fb", kill_on_drop: false }`
[INFO] [stdout] 2dbc2c46942e65139e0001891406541ac7c9ee0812f073d2047042cce10727fb
