[INFO] fetching crate camino 1.0.5...
[INFO] testing camino-1.0.5 against beta-2021-08-01 for beta-1.55-1
[INFO] extracting crate camino 1.0.5 into /workspace/builds/worker-118/source
[INFO] validating manifest of crates.io crate camino 1.0.5 on toolchain beta-2021-08-01
[INFO] running `Command { std: "/workspace/cargo-home/bin/cargo" "+beta-2021-08-01" "metadata" "--manifest-path" "Cargo.toml" "--no-deps", kill_on_drop: false }`
[INFO] started tweaking crates.io crate camino 1.0.5
[INFO] removed 0 missing examples
[INFO] finished tweaking crates.io crate camino 1.0.5
[INFO] tweaked toml for crates.io crate camino 1.0.5 written to /workspace/builds/worker-118/source/Cargo.toml
[INFO] crate crates.io crate camino 1.0.5 already has a lockfile, it will not be regenerated
[INFO] running `Command { std: "/workspace/cargo-home/bin/cargo" "+beta-2021-08-01" "fetch" "--manifest-path" "Cargo.toml", kill_on_drop: false }`
[INFO] [stderr]     Blocking waiting for file lock on package cache
[INFO] running `Command { std: "docker" "create" "-v" "/var/lib/crater-agent-workspace/builds/worker-118/target:/opt/rustwide/target:rw,Z" "-v" "/var/lib/crater-agent-workspace/builds/worker-118/source:/opt/rustwide/workdir:ro,Z" "-v" "/var/lib/crater-agent-workspace/cargo-home:/opt/rustwide/cargo-home:ro,Z" "-v" "/var/lib/crater-agent-workspace/rustup-home:/opt/rustwide/rustup-home:ro,Z" "-e" "SOURCE_DIR=/opt/rustwide/workdir" "-e" "CARGO_TARGET_DIR=/opt/rustwide/target" "-e" "CARGO_HOME=/opt/rustwide/cargo-home" "-e" "RUSTUP_HOME=/opt/rustwide/rustup-home" "-w" "/opt/rustwide/workdir" "-m" "1610612736" "--user" "0:0" "--network" "none" "ghcr.io/rust-lang/crates-build-env/linux@sha256:34b6a614d2c27851fe6cbf88fbd1137609cefab8b10d0615aaeb6fd47975d74e" "/opt/rustwide/cargo-home/bin/cargo" "+beta-2021-08-01" "metadata" "--no-deps" "--format-version=1", kill_on_drop: false }`
[INFO] [stdout] 3d8eab537d3150f0de77abecf04d99b507f74e13d6881f379c2077509d470e44
[INFO] running `Command { std: "docker" "start" "-a" "3d8eab537d3150f0de77abecf04d99b507f74e13d6881f379c2077509d470e44", kill_on_drop: false }`
[INFO] running `Command { std: "docker" "inspect" "3d8eab537d3150f0de77abecf04d99b507f74e13d6881f379c2077509d470e44", kill_on_drop: false }`
[INFO] running `Command { std: "docker" "rm" "-f" "3d8eab537d3150f0de77abecf04d99b507f74e13d6881f379c2077509d470e44", kill_on_drop: false }`
[INFO] [stdout] 3d8eab537d3150f0de77abecf04d99b507f74e13d6881f379c2077509d470e44
[INFO] running `Command { std: "docker" "create" "-v" "/var/lib/crater-agent-workspace/builds/worker-118/target:/opt/rustwide/target:rw,Z" "-v" "/var/lib/crater-agent-workspace/builds/worker-118/source:/opt/rustwide/workdir:ro,Z" "-v" "/var/lib/crater-agent-workspace/cargo-home:/opt/rustwide/cargo-home:ro,Z" "-v" "/var/lib/crater-agent-workspace/rustup-home:/opt/rustwide/rustup-home:ro,Z" "-e" "SOURCE_DIR=/opt/rustwide/workdir" "-e" "CARGO_TARGET_DIR=/opt/rustwide/target" "-e" "CARGO_INCREMENTAL=0" "-e" "RUST_BACKTRACE=full" "-e" "RUSTFLAGS=--cap-lints=warn" "-e" "CARGO_HOME=/opt/rustwide/cargo-home" "-e" "RUSTUP_HOME=/opt/rustwide/rustup-home" "-w" "/opt/rustwide/workdir" "-m" "1610612736" "--user" "0:0" "--network" "none" "ghcr.io/rust-lang/crates-build-env/linux@sha256:34b6a614d2c27851fe6cbf88fbd1137609cefab8b10d0615aaeb6fd47975d74e" "/opt/rustwide/cargo-home/bin/cargo" "+beta-2021-08-01" "build" "--frozen" "--message-format=json", kill_on_drop: false }`
[INFO] [stdout] 0e849e1f6665c5f23f7a7c150c87ea3b2b099f10fe0b6f175692448c9c018c1b
[INFO] running `Command { std: "docker" "start" "-a" "0e849e1f6665c5f23f7a7c150c87ea3b2b099f10fe0b6f175692448c9c018c1b", kill_on_drop: false }`
[INFO] [stderr]    Compiling camino v1.0.5 (/opt/rustwide/workdir)
[INFO] [stderr]     Finished dev [unoptimized + debuginfo] target(s) in 3.96s
[INFO] running `Command { std: "docker" "inspect" "0e849e1f6665c5f23f7a7c150c87ea3b2b099f10fe0b6f175692448c9c018c1b", kill_on_drop: false }`
[INFO] running `Command { std: "docker" "rm" "-f" "0e849e1f6665c5f23f7a7c150c87ea3b2b099f10fe0b6f175692448c9c018c1b", kill_on_drop: false }`
[INFO] [stdout] 0e849e1f6665c5f23f7a7c150c87ea3b2b099f10fe0b6f175692448c9c018c1b
[INFO] running `Command { std: "docker" "create" "-v" "/var/lib/crater-agent-workspace/builds/worker-118/target:/opt/rustwide/target:rw,Z" "-v" "/var/lib/crater-agent-workspace/builds/worker-118/source:/opt/rustwide/workdir:ro,Z" "-v" "/var/lib/crater-agent-workspace/cargo-home:/opt/rustwide/cargo-home:ro,Z" "-v" "/var/lib/crater-agent-workspace/rustup-home:/opt/rustwide/rustup-home:ro,Z" "-e" "SOURCE_DIR=/opt/rustwide/workdir" "-e" "CARGO_TARGET_DIR=/opt/rustwide/target" "-e" "CARGO_INCREMENTAL=0" "-e" "RUST_BACKTRACE=full" "-e" "RUSTFLAGS=--cap-lints=warn" "-e" "CARGO_HOME=/opt/rustwide/cargo-home" "-e" "RUSTUP_HOME=/opt/rustwide/rustup-home" "-w" "/opt/rustwide/workdir" "-m" "1610612736" "--user" "0:0" "--network" "none" "ghcr.io/rust-lang/crates-build-env/linux@sha256:34b6a614d2c27851fe6cbf88fbd1137609cefab8b10d0615aaeb6fd47975d74e" "/opt/rustwide/cargo-home/bin/cargo" "+beta-2021-08-01" "test" "--frozen" "--no-run" "--message-format=json", kill_on_drop: false }`
[INFO] [stdout] cfb606ce15b175c4fcc1516dde92c6cfb3295eb876e93d2305b0cdd5f4eb8554
[INFO] running `Command { std: "docker" "start" "-a" "cfb606ce15b175c4fcc1516dde92c6cfb3295eb876e93d2305b0cdd5f4eb8554", kill_on_drop: false }`
[INFO] [stderr]    Compiling proc-macro2 v1.0.24
[INFO] [stderr]    Compiling version_check v0.9.3
[INFO] [stderr]    Compiling unicode-xid v0.2.1
[INFO] [stderr]    Compiling syn v1.0.64
[INFO] [stderr]    Compiling libc v0.2.90
[INFO] [stderr]    Compiling bitflags v1.2.1
[INFO] [stderr]    Compiling unicode-segmentation v1.7.1
[INFO] [stderr]    Compiling ryu v1.0.5
[INFO] [stderr]    Compiling serde v1.0.124
[INFO] [stderr]    Compiling unicode-width v0.1.8
[INFO] [stderr]    Compiling serde_json v1.0.64
[INFO] [stderr]    Compiling ansi_term v0.11.0
[INFO] [stderr]    Compiling vec_map v0.8.2
[INFO] [stderr]    Compiling strsim v0.8.0
[INFO] [stderr]    Compiling anyhow v1.0.38
[INFO] [stderr]    Compiling itoa v0.4.7
[INFO] [stderr]    Compiling textwrap v0.11.0
[INFO] [stderr]    Compiling heck v0.3.2
[INFO] [stderr]    Compiling proc-macro-error-attr v1.0.4
[INFO] [stderr]    Compiling proc-macro-error v1.0.4
[INFO] [stderr]    Compiling quote v1.0.9
[INFO] [stderr]    Compiling atty v0.2.14
[INFO] [stderr]    Compiling clap v2.33.3
[INFO] [stderr]    Compiling structopt-derive v0.4.14
[INFO] [stderr]    Compiling structopt v0.3.21
[INFO] [stderr]    Compiling camino v1.0.5 (/opt/rustwide/workdir)
[INFO] [stderr]     Finished test [unoptimized + debuginfo] target(s) in 10.22s
[INFO] running `Command { std: "docker" "inspect" "cfb606ce15b175c4fcc1516dde92c6cfb3295eb876e93d2305b0cdd5f4eb8554", kill_on_drop: false }`
[INFO] running `Command { std: "docker" "rm" "-f" "cfb606ce15b175c4fcc1516dde92c6cfb3295eb876e93d2305b0cdd5f4eb8554", kill_on_drop: false }`
[INFO] [stdout] cfb606ce15b175c4fcc1516dde92c6cfb3295eb876e93d2305b0cdd5f4eb8554
[INFO] running `Command { std: "docker" "create" "-v" "/var/lib/crater-agent-workspace/builds/worker-118/target:/opt/rustwide/target:rw,Z" "-v" "/var/lib/crater-agent-workspace/builds/worker-118/source:/opt/rustwide/workdir:ro,Z" "-v" "/var/lib/crater-agent-workspace/cargo-home:/opt/rustwide/cargo-home:ro,Z" "-v" "/var/lib/crater-agent-workspace/rustup-home:/opt/rustwide/rustup-home:ro,Z" "-e" "SOURCE_DIR=/opt/rustwide/workdir" "-e" "CARGO_TARGET_DIR=/opt/rustwide/target" "-e" "CARGO_INCREMENTAL=0" "-e" "RUST_BACKTRACE=full" "-e" "RUSTFLAGS=--cap-lints=warn" "-e" "CARGO_HOME=/opt/rustwide/cargo-home" "-e" "RUSTUP_HOME=/opt/rustwide/rustup-home" "-w" "/opt/rustwide/workdir" "-m" "1610612736" "--user" "0:0" "--network" "none" "ghcr.io/rust-lang/crates-build-env/linux@sha256:34b6a614d2c27851fe6cbf88fbd1137609cefab8b10d0615aaeb6fd47975d74e" "/opt/rustwide/cargo-home/bin/cargo" "+beta-2021-08-01" "test" "--frozen", kill_on_drop: false }`
[INFO] [stdout] bbbf3d9efc23b23c93548cefac18a62f31921fc6edee43341c314d3fab969498
[INFO] running `Command { std: "docker" "start" "-a" "bbbf3d9efc23b23c93548cefac18a62f31921fc6edee43341c314d3fab969498", kill_on_drop: false }`
[INFO] [stderr]     Finished test [unoptimized + debuginfo] target(s) in 0.05s
[INFO] [stderr]      Running unittests (/opt/rustwide/target/debug/deps/camino-a5adeeb41784fd20)
[INFO] [stdout] 
[INFO] [stdout] running 2 tests
[INFO] [stdout] test tests::test_borrowed_into ... ok
[INFO] [stdout] test tests::test_owned_into ... ok
[INFO] [stdout] 
[INFO] [stdout] test result: ok. 2 passed; 0 failed; 0 ignored; 0 measured; 0 filtered out; finished in 0.00s
[INFO] [stdout] 
[INFO] [stderr]      Running tests/integration_tests.rs (/opt/rustwide/target/debug/deps/integration_tests-0bebcf60a8b29de6)
[INFO] [stdout] 
[INFO] [stderr]    Doc-tests camino
[INFO] [stdout] running 2 tests
[INFO] [stdout] test test_borrow_hash ... ok
[INFO] [stdout] test test_borrow_eq_ord ... ok
[INFO] [stdout] 
[INFO] [stdout] test result: ok. 2 passed; 0 failed; 0 ignored; 0 measured; 0 filtered out; finished in 0.00s
[INFO] [stdout] 
[INFO] [stdout] 
[INFO] [stdout] running 60 tests
[INFO] [stdout] test src/lib.rs - Utf8Path::canonicalize (line 1074) - compile ... ok
[INFO] [stdout] test src/lib.rs - Utf8Path::exists (line 1137) - compile ... ok
[INFO] [stdout] test src/lib.rs - Utf8Path::metadata (line 1036) - compile ... ok
[INFO] [stdout] test src/lib.rs - Utf8Path::is_file (line 1160) - compile ... ok
[INFO] [stdout] test src/lib.rs - Utf8Path::is_dir (line 1191) - compile ... ok
[INFO] [stdout] test src/lib.rs - Utf8Path::read_link (line 1094) - compile ... ok
[INFO] [stdout] test src/lib.rs - Utf8Path::symlink_metadata (line 1053) - compile ... ok
[INFO] [stdout] test src/lib.rs - Utf8Path::read_dir (line 1113) - compile ... ok
[INFO] [stdout] test src/lib.rs - Utf8PathBuf::set_file_name (line 292) ... FAILED
[INFO] [stdout] test src/lib.rs - Utf8PathBuf::into_string (line 339) ... FAILED
[INFO] [stdout] test src/lib.rs - Utf8PathBuf::into_std_path_buf (line 164) ... FAILED
[INFO] [stdout] test src/lib.rs - Utf8PathBuf::set_extension (line 320) ... FAILED
[INFO] [stderr] error: test failed, to rerun pass '--doc'
[INFO] [stderr] 
[INFO] [stderr] Caused by:
[INFO] [stderr]   process didn't exit successfully: `rustdoc --edition=2018 --crate-type lib --crate-name camino --test /opt/rustwide/workdir/src/lib.rs -L dependency=/opt/rustwide/target/debug/deps -L dependency=/opt/rustwide/target/debug/deps --extern anyhow=/opt/rustwide/target/debug/deps/libanyhow-e0d8a037312a3a11.rlib --extern camino=/opt/rustwide/target/debug/deps/libcamino-b940ce2ad2edf956.rlib --extern serde_json=/opt/rustwide/target/debug/deps/libserde_json-059f4e0a13a17a39.rlib --extern structopt=/opt/rustwide/target/debug/deps/libstructopt-b5bdb61effa6e9e6.rlib -C embed-bitcode=no --cfg path_buf_capacity --error-format human` (signal: 9, SIGKILL: kill)
[INFO] running `Command { std: "docker" "inspect" "bbbf3d9efc23b23c93548cefac18a62f31921fc6edee43341c314d3fab969498", kill_on_drop: false }`
[INFO] running `Command { std: "docker" "rm" "-f" "bbbf3d9efc23b23c93548cefac18a62f31921fc6edee43341c314d3fab969498", kill_on_drop: false }`
[INFO] [stdout] bbbf3d9efc23b23c93548cefac18a62f31921fc6edee43341c314d3fab969498
