[INFO] fetching crate cameleon 0.1.3...
[INFO] testing cameleon-0.1.3 against beta-2021-08-01 for beta-1.55-1
[INFO] extracting crate cameleon 0.1.3 into /workspace/builds/worker-13/source
[INFO] validating manifest of crates.io crate cameleon 0.1.3 on toolchain beta-2021-08-01
[INFO] running `Command { std: "/workspace/cargo-home/bin/cargo" "+beta-2021-08-01" "metadata" "--manifest-path" "Cargo.toml" "--no-deps", kill_on_drop: false }`
[INFO] started tweaking crates.io crate cameleon 0.1.3
[INFO] removed 0 missing examples
[INFO] finished tweaking crates.io crate cameleon 0.1.3
[INFO] tweaked toml for crates.io crate cameleon 0.1.3 written to /workspace/builds/worker-13/source/Cargo.toml
[INFO] crate crates.io crate cameleon 0.1.3 already has a lockfile, it will not be regenerated
[INFO] running `Command { std: "/workspace/cargo-home/bin/cargo" "+beta-2021-08-01" "fetch" "--manifest-path" "Cargo.toml", kill_on_drop: false }`
[INFO] [stderr]     Blocking waiting for file lock on package cache
[INFO] [stderr]  Downloading crates ...
[INFO] [stderr]   Downloaded cameleon-device v0.1.1
[INFO] [stderr]   Downloaded cameleon-genapi v0.1.1
[INFO] running `Command { std: "docker" "create" "-v" "/var/lib/crater-agent-workspace/builds/worker-13/target:/opt/rustwide/target:rw,Z" "-v" "/var/lib/crater-agent-workspace/builds/worker-13/source:/opt/rustwide/workdir:ro,Z" "-v" "/var/lib/crater-agent-workspace/cargo-home:/opt/rustwide/cargo-home:ro,Z" "-v" "/var/lib/crater-agent-workspace/rustup-home:/opt/rustwide/rustup-home:ro,Z" "-e" "SOURCE_DIR=/opt/rustwide/workdir" "-e" "CARGO_TARGET_DIR=/opt/rustwide/target" "-e" "CARGO_HOME=/opt/rustwide/cargo-home" "-e" "RUSTUP_HOME=/opt/rustwide/rustup-home" "-w" "/opt/rustwide/workdir" "-m" "1610612736" "--user" "0:0" "--network" "none" "ghcr.io/rust-lang/crates-build-env/linux@sha256:34b6a614d2c27851fe6cbf88fbd1137609cefab8b10d0615aaeb6fd47975d74e" "/opt/rustwide/cargo-home/bin/cargo" "+beta-2021-08-01" "metadata" "--no-deps" "--format-version=1", kill_on_drop: false }`
[INFO] [stdout] 3c48f75237037ce875d2b453e4cc697d07cf25a4ca89ab468b452910448621b5
[INFO] running `Command { std: "docker" "start" "-a" "3c48f75237037ce875d2b453e4cc697d07cf25a4ca89ab468b452910448621b5", kill_on_drop: false }`
[INFO] running `Command { std: "docker" "inspect" "3c48f75237037ce875d2b453e4cc697d07cf25a4ca89ab468b452910448621b5", kill_on_drop: false }`
[INFO] running `Command { std: "docker" "rm" "-f" "3c48f75237037ce875d2b453e4cc697d07cf25a4ca89ab468b452910448621b5", kill_on_drop: false }`
[INFO] [stdout] 3c48f75237037ce875d2b453e4cc697d07cf25a4ca89ab468b452910448621b5
[INFO] running `Command { std: "docker" "create" "-v" "/var/lib/crater-agent-workspace/builds/worker-13/target:/opt/rustwide/target:rw,Z" "-v" "/var/lib/crater-agent-workspace/builds/worker-13/source:/opt/rustwide/workdir:ro,Z" "-v" "/var/lib/crater-agent-workspace/cargo-home:/opt/rustwide/cargo-home:ro,Z" "-v" "/var/lib/crater-agent-workspace/rustup-home:/opt/rustwide/rustup-home:ro,Z" "-e" "SOURCE_DIR=/opt/rustwide/workdir" "-e" "CARGO_TARGET_DIR=/opt/rustwide/target" "-e" "CARGO_INCREMENTAL=0" "-e" "RUST_BACKTRACE=full" "-e" "RUSTFLAGS=--cap-lints=warn" "-e" "CARGO_HOME=/opt/rustwide/cargo-home" "-e" "RUSTUP_HOME=/opt/rustwide/rustup-home" "-w" "/opt/rustwide/workdir" "-m" "1610612736" "--user" "0:0" "--network" "none" "ghcr.io/rust-lang/crates-build-env/linux@sha256:34b6a614d2c27851fe6cbf88fbd1137609cefab8b10d0615aaeb6fd47975d74e" "/opt/rustwide/cargo-home/bin/cargo" "+beta-2021-08-01" "build" "--frozen" "--message-format=json", kill_on_drop: false }`
[INFO] [stdout] bfde0f9e518574bab9da50d79891c5a794214148bc2e309fc9b1e0cd4cb27ced
[INFO] running `Command { std: "docker" "start" "-a" "bfde0f9e518574bab9da50d79891c5a794214148bc2e309fc9b1e0cd4cb27ced", kill_on_drop: false }`
[INFO] [stderr]    Compiling proc-macro2 v1.0.27
[INFO] [stderr]    Compiling unicode-xid v0.2.2
[INFO] [stderr]    Compiling syn v1.0.73
[INFO] [stderr]    Compiling version_check v0.9.3
[INFO] [stderr]    Compiling libc v0.2.97
[INFO] [stderr]    Compiling cfg-if v1.0.0
[INFO] [stderr]    Compiling futures-core v0.3.15
[INFO] [stderr]    Compiling autocfg v1.0.1
[INFO] [stderr]    Compiling pin-project-lite v0.2.6
[INFO] [stderr]    Compiling memchr v2.4.0
[INFO] [stderr]    Compiling futures-io v0.3.15
[INFO] [stderr]    Compiling cache-padded v1.1.1
[INFO] [stderr]    Compiling log v0.4.14
[INFO] [stderr]    Compiling slab v0.4.3
[INFO] [stderr]    Compiling event-listener v2.5.1
[INFO] [stderr]    Compiling fastrand v1.4.1
[INFO] [stderr]    Compiling parking v2.0.0
[INFO] [stderr]    Compiling waker-fn v1.1.0
[INFO] [stderr]    Compiling once_cell v1.7.2
[INFO] [stderr]    Compiling proc-macro-hack v0.5.19
[INFO] [stderr]    Compiling proc-macro-nested v0.1.7
[INFO] [stderr]    Compiling futures-task v0.3.15
[INFO] [stderr]    Compiling typenum v1.13.0
[INFO] [stderr]    Compiling futures-channel v0.3.15
[INFO] [stderr]    Compiling lazy_static v1.4.0
[INFO] [stderr]    Compiling futures-sink v0.3.15
[INFO] [stderr]    Compiling serde_derive v1.0.126
[INFO] [stderr]    Compiling cc v1.0.68
[INFO] [stderr]    Compiling async-task v4.0.3
[INFO] [stderr]    Compiling signal-hook v0.3.9
[INFO] [stderr]    Compiling pin-utils v0.1.0
[INFO] [stderr]    Compiling pkg-config v0.3.19
[INFO] [stderr]    Compiling atomic-waker v1.0.0
[INFO] [stderr]    Compiling serde v1.0.126
[INFO] [stderr]    Compiling crossbeam-utils v0.8.5
[INFO] [stderr]    Compiling crc32fast v1.2.1
[INFO] [stderr]    Compiling semver v1.0.3
[INFO] [stderr]    Compiling adler v1.0.2
[INFO] [stderr]    Compiling ppv-lite86 v0.2.10
[INFO] [stderr]    Compiling ahash v0.4.7
[INFO] [stderr]    Compiling anyhow v1.0.41
[INFO] [stderr]    Compiling xmlparser v0.13.3
[INFO] [stderr]    Compiling opaque-debug v0.3.0
[INFO] [stderr]    Compiling cpufeatures v0.1.4
[INFO] [stderr]    Compiling concurrent-queue v1.2.2
[INFO] [stderr]    Compiling async-mutex v1.4.0
[INFO] [stderr]    Compiling async-lock v2.4.0
[INFO] [stderr]    Compiling tracing-core v0.1.18
[INFO] [stderr]    Compiling roxmltree v0.14.1
[INFO] [stderr]    Compiling futures-macro v0.3.15
[INFO] [stderr]    Compiling futures-util v0.3.15
[INFO] [stderr]    Compiling miniz_oxide v0.4.4
[INFO] [stderr]    Compiling hashbrown v0.9.1
[INFO] [stderr]    Compiling async-channel v1.6.1
[INFO] [stderr]    Compiling value-bag v1.0.0-alpha.7
[INFO] [stderr]    Compiling proc-macro-error-attr v1.0.4
[INFO] [stderr]    Compiling generic-array v0.14.4
[INFO] [stderr]    Compiling proc-macro-error v1.0.4
[INFO] [stderr]    Compiling bzip2-sys v0.1.11+1.0.8
[INFO] [stderr]    Compiling quote v1.0.9
[INFO] [stderr]    Compiling futures-lite v1.12.0
[INFO] [stderr]    Compiling socket2 v0.4.0
[INFO] [stderr]    Compiling signal-hook-registry v1.4.0
[INFO] [stderr]    Compiling getrandom v0.2.3
[INFO] [stderr]    Compiling num_cpus v1.13.0
[INFO] [stderr]    Compiling time v0.1.43
[INFO] [stderr]    Compiling const_format_proc_macros v0.2.14
[INFO] [stderr]    Compiling rand_core v0.6.2
[INFO] [stderr]    Compiling flate2 v1.0.20
[INFO] [stderr]    Compiling digest v0.9.0
[INFO] [stderr]    Compiling block-buffer v0.9.0
[INFO] [stderr]    Compiling rand_chacha v0.3.1
[INFO] [stderr]    Compiling sha-1 v0.9.6
[INFO] [stderr]    Compiling rand v0.8.3
[INFO] [stderr]    Compiling bzip2 v0.4.3
[INFO] [stderr]    Compiling blocking v1.0.2
[INFO] [stderr]    Compiling async-executor v1.4.1
[INFO] [stderr]    Compiling const_format v0.2.14
[INFO] [stderr]    Compiling ctor v0.1.20
[INFO] [stderr]    Compiling thiserror-impl v1.0.25
[INFO] [stderr]    Compiling cameleon-impl-macros v0.1.0
[INFO] [stderr]    Compiling tracing-attributes v0.1.15
[INFO] [stderr]    Compiling auto_impl v0.4.1
[INFO] [stderr]    Compiling ambassador v0.2.1
[INFO] [stderr]    Compiling thiserror v1.0.25
[INFO] [stderr]    Compiling tracing v0.1.26
[INFO] [stderr]    Compiling cameleon-impl v0.1.0
[INFO] [stderr]    Compiling zip v0.5.13
[INFO] [stderr]    Compiling polling v2.0.3
[INFO] [stderr]    Compiling kv-log-macro v1.0.7
[INFO] [stderr]    Compiling async-io v1.4.1
[INFO] [stderr]    Compiling async-process v1.1.0
[INFO] [stderr]    Compiling async-global-executor v2.0.2
[INFO] [stderr]    Compiling async-std v1.9.0
[INFO] [stderr]    Compiling futures-executor v0.3.15
[INFO] [stderr]    Compiling futures v0.3.15
[INFO] [stderr]    Compiling string-interner v0.12.2
[INFO] [stderr]    Compiling cameleon-genapi v0.1.1
[INFO] [stderr]    Compiling cameleon-device v0.1.1
[INFO] [stderr]    Compiling cameleon v0.1.3 (/opt/rustwide/workdir)
[INFO] [stderr]     Finished dev [unoptimized + debuginfo] target(s) in 25.41s
[INFO] running `Command { std: "docker" "inspect" "bfde0f9e518574bab9da50d79891c5a794214148bc2e309fc9b1e0cd4cb27ced", kill_on_drop: false }`
[INFO] running `Command { std: "docker" "rm" "-f" "bfde0f9e518574bab9da50d79891c5a794214148bc2e309fc9b1e0cd4cb27ced", kill_on_drop: false }`
[INFO] [stdout] bfde0f9e518574bab9da50d79891c5a794214148bc2e309fc9b1e0cd4cb27ced
[INFO] running `Command { std: "docker" "create" "-v" "/var/lib/crater-agent-workspace/builds/worker-13/target:/opt/rustwide/target:rw,Z" "-v" "/var/lib/crater-agent-workspace/builds/worker-13/source:/opt/rustwide/workdir:ro,Z" "-v" "/var/lib/crater-agent-workspace/cargo-home:/opt/rustwide/cargo-home:ro,Z" "-v" "/var/lib/crater-agent-workspace/rustup-home:/opt/rustwide/rustup-home:ro,Z" "-e" "SOURCE_DIR=/opt/rustwide/workdir" "-e" "CARGO_TARGET_DIR=/opt/rustwide/target" "-e" "CARGO_INCREMENTAL=0" "-e" "RUST_BACKTRACE=full" "-e" "RUSTFLAGS=--cap-lints=warn" "-e" "CARGO_HOME=/opt/rustwide/cargo-home" "-e" "RUSTUP_HOME=/opt/rustwide/rustup-home" "-w" "/opt/rustwide/workdir" "-m" "1610612736" "--user" "0:0" "--network" "none" "ghcr.io/rust-lang/crates-build-env/linux@sha256:34b6a614d2c27851fe6cbf88fbd1137609cefab8b10d0615aaeb6fd47975d74e" "/opt/rustwide/cargo-home/bin/cargo" "+beta-2021-08-01" "test" "--frozen" "--no-run" "--message-format=json", kill_on_drop: false }`
[INFO] [stdout] e90329ae29001158b18ae7ad4d2200f9b7621b8c3b4d9a403627595d2a5993f3
[INFO] running `Command { std: "docker" "start" "-a" "e90329ae29001158b18ae7ad4d2200f9b7621b8c3b4d9a403627595d2a5993f3", kill_on_drop: false }`
[INFO] [stderr]     Blocking waiting for file lock on package cache
[INFO] [stderr]    Compiling ryu v1.0.5
[INFO] [stderr]    Compiling serde_json v1.0.64
[INFO] [stderr]    Compiling trybuild v1.0.42
[INFO] [stderr]    Compiling itoa v0.4.7
[INFO] [stderr]    Compiling termcolor v1.1.2
[INFO] [stderr]    Compiling glob v0.3.0
[INFO] [stderr]    Compiling toml v0.5.8
[INFO] [stderr]    Compiling cameleon v0.1.3 (/opt/rustwide/workdir)
[INFO] [stderr]     Finished test [unoptimized + debuginfo] target(s) in 8.35s
[INFO] running `Command { std: "docker" "inspect" "e90329ae29001158b18ae7ad4d2200f9b7621b8c3b4d9a403627595d2a5993f3", kill_on_drop: false }`
[INFO] running `Command { std: "docker" "rm" "-f" "e90329ae29001158b18ae7ad4d2200f9b7621b8c3b4d9a403627595d2a5993f3", kill_on_drop: false }`
[INFO] [stdout] e90329ae29001158b18ae7ad4d2200f9b7621b8c3b4d9a403627595d2a5993f3
[INFO] running `Command { std: "docker" "create" "-v" "/var/lib/crater-agent-workspace/builds/worker-13/target:/opt/rustwide/target:rw,Z" "-v" "/var/lib/crater-agent-workspace/builds/worker-13/source:/opt/rustwide/workdir:ro,Z" "-v" "/var/lib/crater-agent-workspace/cargo-home:/opt/rustwide/cargo-home:ro,Z" "-v" "/var/lib/crater-agent-workspace/rustup-home:/opt/rustwide/rustup-home:ro,Z" "-e" "SOURCE_DIR=/opt/rustwide/workdir" "-e" "CARGO_TARGET_DIR=/opt/rustwide/target" "-e" "CARGO_INCREMENTAL=0" "-e" "RUST_BACKTRACE=full" "-e" "RUSTFLAGS=--cap-lints=warn" "-e" "CARGO_HOME=/opt/rustwide/cargo-home" "-e" "RUSTUP_HOME=/opt/rustwide/rustup-home" "-w" "/opt/rustwide/workdir" "-m" "1610612736" "--user" "0:0" "--network" "none" "ghcr.io/rust-lang/crates-build-env/linux@sha256:34b6a614d2c27851fe6cbf88fbd1137609cefab8b10d0615aaeb6fd47975d74e" "/opt/rustwide/cargo-home/bin/cargo" "+beta-2021-08-01" "test" "--frozen", kill_on_drop: false }`
[INFO] [stdout] 2f2d3354ff3399a70dd68a9ac3af0d5659002dfed164c9557d659379b4c47936
[INFO] running `Command { std: "docker" "start" "-a" "2f2d3354ff3399a70dd68a9ac3af0d5659002dfed164c9557d659379b4c47936", kill_on_drop: false }`
[INFO] [stderr]     Blocking waiting for file lock on package cache
[INFO] [stderr]     Blocking waiting for file lock on package cache
[INFO] [stderr]     Finished test [unoptimized + debuginfo] target(s) in 2.35s
[INFO] [stderr]      Running unittests (/opt/rustwide/target/debug/deps/cameleon-069fdef8f49d8739)
[INFO] [stdout] 
[INFO] [stderr]      Running tests/test_examples.rs (/opt/rustwide/target/debug/deps/test_examples-60286e93db35cfdb)
[INFO] [stdout] running 0 tests
[INFO] [stdout] 
[INFO] [stdout] test result: ok. 0 passed; 0 failed; 0 ignored; 0 measured; 0 filtered out; finished in 0.00s
[INFO] [stdout] 
[INFO] [stdout] 
[INFO] [stdout] running 0 tests
[INFO] [stdout] 
[INFO] [stdout] test result: ok. 0 passed; 0 failed; 0 ignored; 0 measured; 0 filtered out; finished in 0.00s
[INFO] [stdout] 
[INFO] [stderr]    Doc-tests cameleon
[INFO] [stdout] 
[INFO] [stdout] running 13 tests
[INFO] [stdout] test src/genapi/mod.rs - genapi::ParamsCtxt (line 66) ... FAILED
[INFO] [stdout] test src/camera.rs - camera::Camera<Ctrl, Strm, Ctxt>::close (line 184) ... FAILED
[INFO] [stdout] test src/camera.rs - camera::Camera<Ctrl, Strm, Ctxt>::open (line 150) ... FAILED
[INFO] [stdout] test src/camera.rs - camera::Camera (line 72) ... FAILED
[INFO] [stdout] test src/camera.rs - camera::Camera<Ctrl, Strm, Ctxt>::stop_streaming (line 329) ... FAILED
[INFO] [stdout] test src/camera.rs - camera::Camera<Ctrl, Strm, Ctxt>::load_context (line 224) ... FAILED
[INFO] [stdout] test src/camera.rs - camera::Camera<Ctrl, Strm, Ctxt>::info (line 430) ... FAILED
[INFO] [stdout] test src/genapi/mod.rs - genapi (line 8) ... FAILED
[INFO] [stdout] test src/camera.rs - camera::Camera<Ctrl, Strm, Ctxt>::convert_into (line 475) ... FAILED
[INFO] [stdout] test src/camera.rs - camera::Camera<Ctrl, Strm, Ctxt>::params_ctxt (line 378) ... FAILED
[INFO] [stdout] test src/camera.rs - camera::Camera<Ctrl, Strm, Ctxt>::start_streaming (line 263) ... FAILED
[INFO] [stdout] test src/lib.rs - (line 31) ... FAILED
[INFO] [stdout] test src/camera.rs - camera (line 8) ... FAILED
[INFO] [stdout] 
[INFO] [stdout] failures:
[INFO] [stdout] 
[INFO] [stdout] ---- src/genapi/mod.rs - genapi::ParamsCtxt (line 66) stdout ----
[INFO] [stdout] error[E0432]: unresolved import `cameleon::u3v`
[INFO] [stdout]  --> src/genapi/mod.rs:67:5
[INFO] [stdout]   |
[INFO] [stdout] 4 | use cameleon::u3v;
[INFO] [stdout]   |     ^^^^^^^^^^^^^ no `u3v` in the root
[INFO] [stdout] 
[INFO] [stdout] error: aborting due to previous error
[INFO] [stdout] 
[INFO] [stdout] For more information about this error, try `rustc --explain E0432`.
[INFO] [stdout] Couldn't compile the test.
[INFO] [stdout] ---- src/camera.rs - camera::Camera<Ctrl, Strm, Ctxt>::close (line 184) stdout ----
[INFO] [stdout] error[E0432]: unresolved import `cameleon::u3v`
[INFO] [stdout]  --> src/camera.rs:185:5
[INFO] [stdout]   |
[INFO] [stdout] 4 | use cameleon::u3v;
[INFO] [stdout]   |     ^^^^^^^^^^^^^ no `u3v` in the root
[INFO] [stdout] 
[INFO] [stdout] error: aborting due to previous error
[INFO] [stdout] 
[INFO] [stdout] For more information about this error, try `rustc --explain E0432`.
[INFO] [stdout] Couldn't compile the test.
[INFO] [stdout] ---- src/camera.rs - camera::Camera<Ctrl, Strm, Ctxt>::open (line 150) stdout ----
[INFO] [stdout] error[E0432]: unresolved import `cameleon::u3v`
[INFO] [stdout]  --> src/camera.rs:151:5
[INFO] [stdout]   |
[INFO] [stdout] 4 | use cameleon::u3v;
[INFO] [stdout]   |     ^^^^^^^^^^^^^ no `u3v` in the root
[INFO] [stdout] 
[INFO] [stdout] error: aborting due to previous error
[INFO] [stdout] 
[INFO] [stdout] For more information about this error, try `rustc --explain E0432`.
[INFO] [stdout] Couldn't compile the test.
[INFO] [stdout] ---- src/camera.rs - camera::Camera (line 72) stdout ----
[INFO] [stdout] error[E0432]: unresolved import `cameleon::u3v`
[INFO] [stdout]  --> src/camera.rs:73:5
[INFO] [stdout]   |
[INFO] [stdout] 4 | use cameleon::u3v;
[INFO] [stdout]   |     ^^^^^^^^^^^^^ no `u3v` in the root
[INFO] [stdout] 
[INFO] [stdout] error: aborting due to previous error
[INFO] [stdout] 
[INFO] [stdout] For more information about this error, try `rustc --explain E0432`.
[INFO] [stdout] Couldn't compile the test.
[INFO] [stdout] ---- src/camera.rs - camera::Camera<Ctrl, Strm, Ctxt>::stop_streaming (line 329) stdout ----
[INFO] [stdout] error[E0432]: unresolved import `cameleon::u3v`
[INFO] [stdout]  --> src/camera.rs:330:5
[INFO] [stdout]   |
[INFO] [stdout] 4 | use cameleon::u3v;
[INFO] [stdout]   |     ^^^^^^^^^^^^^ no `u3v` in the root
[INFO] [stdout] 
[INFO] [stdout] error: aborting due to previous error
[INFO] [stdout] 
[INFO] [stdout] For more information about this error, try `rustc --explain E0432`.
[INFO] [stdout] Couldn't compile the test.
[INFO] [stdout] ---- src/camera.rs - camera::Camera<Ctrl, Strm, Ctxt>::load_context (line 224) stdout ----
[INFO] [stdout] error[E0432]: unresolved import `cameleon::u3v`
[INFO] [stdout]  --> src/camera.rs:226:5
[INFO] [stdout]   |
[INFO] [stdout] 5 | use cameleon::u3v;
[INFO] [stdout]   |     ^^^^^^^^^^^^^ no `u3v` in the root
[INFO] [stdout] 
[INFO] [stdout] error: aborting due to previous error
[INFO] [stdout] 
[INFO] [stdout] For more information about this error, try `rustc --explain E0432`.
[INFO] [stdout] Couldn't compile the test.
[INFO] [stdout] ---- src/camera.rs - camera::Camera<Ctrl, Strm, Ctxt>::info (line 430) stdout ----
[INFO] [stdout] error[E0432]: unresolved import `cameleon::u3v`
[INFO] [stdout]  --> src/camera.rs:431:5
[INFO] [stdout]   |
[INFO] [stdout] 4 | use cameleon::u3v;
[INFO] [stdout]   |     ^^^^^^^^^^^^^ no `u3v` in the root
[INFO] [stdout] 
[INFO] [stdout] error: aborting due to previous error
[INFO] [stdout] 
[INFO] [stdout] For more information about this error, try `rustc --explain E0432`.
[INFO] [stdout] Couldn't compile the test.
[INFO] [stdout] ---- src/genapi/mod.rs - genapi (line 8) stdout ----
[INFO] [stdout] error[E0432]: unresolved import `cameleon::u3v`
[INFO] [stdout]  --> src/genapi/mod.rs:9:5
[INFO] [stdout]   |
[INFO] [stdout] 4 | use cameleon::u3v;
[INFO] [stdout]   |     ^^^^^^^^^^^^^ no `u3v` in the root
[INFO] [stdout] 
[INFO] [stdout] error: aborting due to previous error
[INFO] [stdout] 
[INFO] [stdout] For more information about this error, try `rustc --explain E0432`.
[INFO] [stdout] Couldn't compile the test.
[INFO] [stdout] ---- src/camera.rs - camera::Camera<Ctrl, Strm, Ctxt>::convert_into (line 475) stdout ----
[INFO] [stdout] error[E0432]: unresolved import `cameleon::u3v`
[INFO] [stdout]  --> src/camera.rs:476:5
[INFO] [stdout]   |
[INFO] [stdout] 4 | use cameleon::u3v;
[INFO] [stdout]   |     ^^^^^^^^^^^^^ no `u3v` in the root
[INFO] [stdout] 
[INFO] [stdout] error: aborting due to previous error
[INFO] [stdout] 
[INFO] [stdout] For more information about this error, try `rustc --explain E0432`.
[INFO] [stdout] Couldn't compile the test.
[INFO] [stdout] ---- src/camera.rs - camera::Camera<Ctrl, Strm, Ctxt>::params_ctxt (line 378) stdout ----
[INFO] [stdout] error[E0432]: unresolved import `cameleon::u3v`
[INFO] [stdout]  --> src/camera.rs:379:5
[INFO] [stdout]   |
[INFO] [stdout] 4 | use cameleon::u3v;
[INFO] [stdout]   |     ^^^^^^^^^^^^^ no `u3v` in the root
[INFO] [stdout] 
[INFO] [stdout] error: aborting due to previous error
[INFO] [stdout] 
[INFO] [stdout] For more information about this error, try `rustc --explain E0432`.
[INFO] [stdout] Couldn't compile the test.
[INFO] [stdout] ---- src/camera.rs - camera::Camera<Ctrl, Strm, Ctxt>::start_streaming (line 263) stdout ----
[INFO] [stdout] error[E0432]: unresolved import `cameleon::u3v`
[INFO] [stdout]  --> src/camera.rs:264:5
[INFO] [stdout]   |
[INFO] [stdout] 4 | use cameleon::u3v;
[INFO] [stdout]   |     ^^^^^^^^^^^^^ no `u3v` in the root
[INFO] [stdout] 
[INFO] [stdout] error: aborting due to previous error
[INFO] [stdout] 
[INFO] [stdout] For more information about this error, try `rustc --explain E0432`.
[INFO] [stdout] Couldn't compile the test.
[INFO] [stdout] ---- src/lib.rs - (line 31) stdout ----
[INFO] [stdout] error[E0432]: unresolved import `cameleon::u3v`
[INFO] [stdout]  --> src/lib.rs:32:5
[INFO] [stdout]   |
[INFO] [stdout] 4 | use cameleon::u3v;
[INFO] [stdout]   |     ^^^^^^^^^^^^^ no `u3v` in the root
[INFO] [stdout] 
[INFO] [stdout] error: aborting due to previous error
[INFO] [stdout] 
[INFO] [stdout] For more information about this error, try `rustc --explain E0432`.
[INFO] [stdout] Couldn't compile the test.
[INFO] [stdout] ---- src/camera.rs - camera (line 8) stdout ----
[INFO] [stdout] error[E0432]: unresolved import `cameleon::u3v`
[INFO] [stdout]  --> src/camera.rs:9:5
[INFO] [stdout]   |
[INFO] [stdout] 4 | use cameleon::u3v;
[INFO] [stdout]   |     ^^^^^^^^^^^^^ no `u3v` in the root
[INFO] [stdout] 
[INFO] [stdout] error: aborting due to previous error
[INFO] [stdout] 
[INFO] [stdout] For more information about this error, try `rustc --explain E0432`.
[INFO] [stdout] Couldn't compile the test.
[INFO] [stdout] 
[INFO] [stdout] failures:
[INFO] [stdout]     src/camera.rs - camera (line 8)
[INFO] [stdout]     src/camera.rs - camera::Camera (line 72)
[INFO] [stdout]     src/camera.rs - camera::Camera<Ctrl, Strm, Ctxt>::close (line 184)
[INFO] [stdout]     src/camera.rs - camera::Camera<Ctrl, Strm, Ctxt>::convert_into (line 475)
[INFO] [stdout]     src/camera.rs - camera::Camera<Ctrl, Strm, Ctxt>::info (line 430)
[INFO] [stdout]     src/camera.rs - camera::Camera<Ctrl, Strm, Ctxt>::load_context (line 224)
[INFO] [stdout]     src/camera.rs - camera::Camera<Ctrl, Strm, Ctxt>::open (line 150)
[INFO] [stdout]     src/camera.rs - camera::Camera<Ctrl, Strm, Ctxt>::params_ctxt (line 378)
[INFO] [stdout]     src/camera.rs - camera::Camera<Ctrl, Strm, Ctxt>::start_streaming (line 263)
[INFO] [stdout]     src/camera.rs - camera::Camera<Ctrl, Strm, Ctxt>::stop_streaming (line 329)
[INFO] [stdout]     src/genapi/mod.rs - genapi (line 8)
[INFO] [stdout]     src/genapi/mod.rs - genapi::ParamsCtxt (line 66)
[INFO] [stdout]     src/lib.rs - (line 31)
[INFO] [stdout] 
[INFO] [stdout] test result: FAILED. 0 passed; 13 failed; 0 ignored; 0 measured; 0 filtered out; finished in 0.36s
[INFO] [stdout] 
[INFO] [stderr] error: test failed, to rerun pass '--doc'
[INFO] running `Command { std: "docker" "inspect" "2f2d3354ff3399a70dd68a9ac3af0d5659002dfed164c9557d659379b4c47936", kill_on_drop: false }`
[INFO] running `Command { std: "docker" "rm" "-f" "2f2d3354ff3399a70dd68a9ac3af0d5659002dfed164c9557d659379b4c47936", kill_on_drop: false }`
[INFO] [stdout] 2f2d3354ff3399a70dd68a9ac3af0d5659002dfed164c9557d659379b4c47936
