[INFO] fetching crate caldyn 0.4.3...
[INFO] testing caldyn-0.4.3 against beta-2021-08-01 for beta-1.55-1
[INFO] extracting crate caldyn 0.4.3 into /workspace/builds/worker-81/source
[INFO] validating manifest of crates.io crate caldyn 0.4.3 on toolchain beta-2021-08-01
[INFO] running `Command { std: "/workspace/cargo-home/bin/cargo" "+beta-2021-08-01" "metadata" "--manifest-path" "Cargo.toml" "--no-deps", kill_on_drop: false }`
[INFO] started tweaking crates.io crate caldyn 0.4.3
[INFO] finished tweaking crates.io crate caldyn 0.4.3
[INFO] tweaked toml for crates.io crate caldyn 0.4.3 written to /workspace/builds/worker-81/source/Cargo.toml
[INFO] running `Command { std: "/workspace/cargo-home/bin/cargo" "+beta-2021-08-01" "generate-lockfile" "--manifest-path" "Cargo.toml" "-Zno-index-update", kill_on_drop: false }`
[INFO] running `Command { std: "/workspace/cargo-home/bin/cargo" "+beta-2021-08-01" "fetch" "--manifest-path" "Cargo.toml", kill_on_drop: false }`
[INFO] [stderr]  Downloading crates ...
[INFO] [stderr]   Downloaded shellexpand v1.1.1
[INFO] running `Command { std: "docker" "create" "-v" "/var/lib/crater-agent-workspace/builds/worker-81/target:/opt/rustwide/target:rw,Z" "-v" "/var/lib/crater-agent-workspace/builds/worker-81/source:/opt/rustwide/workdir:ro,Z" "-v" "/var/lib/crater-agent-workspace/cargo-home:/opt/rustwide/cargo-home:ro,Z" "-v" "/var/lib/crater-agent-workspace/rustup-home:/opt/rustwide/rustup-home:ro,Z" "-e" "SOURCE_DIR=/opt/rustwide/workdir" "-e" "CARGO_TARGET_DIR=/opt/rustwide/target" "-e" "CARGO_HOME=/opt/rustwide/cargo-home" "-e" "RUSTUP_HOME=/opt/rustwide/rustup-home" "-w" "/opt/rustwide/workdir" "-m" "1610612736" "--user" "0:0" "--network" "none" "ghcr.io/rust-lang/crates-build-env/linux@sha256:34b6a614d2c27851fe6cbf88fbd1137609cefab8b10d0615aaeb6fd47975d74e" "/opt/rustwide/cargo-home/bin/cargo" "+beta-2021-08-01" "metadata" "--no-deps" "--format-version=1", kill_on_drop: false }`
[INFO] [stdout] 0f705e97056086ab7762f99448d0c08f35918f660625bb4f426dbaef24b86ccd
[INFO] running `Command { std: "docker" "start" "-a" "0f705e97056086ab7762f99448d0c08f35918f660625bb4f426dbaef24b86ccd", kill_on_drop: false }`
[INFO] running `Command { std: "docker" "inspect" "0f705e97056086ab7762f99448d0c08f35918f660625bb4f426dbaef24b86ccd", kill_on_drop: false }`
[INFO] running `Command { std: "docker" "rm" "-f" "0f705e97056086ab7762f99448d0c08f35918f660625bb4f426dbaef24b86ccd", kill_on_drop: false }`
[INFO] [stdout] 0f705e97056086ab7762f99448d0c08f35918f660625bb4f426dbaef24b86ccd
[INFO] running `Command { std: "docker" "create" "-v" "/var/lib/crater-agent-workspace/builds/worker-81/target:/opt/rustwide/target:rw,Z" "-v" "/var/lib/crater-agent-workspace/builds/worker-81/source:/opt/rustwide/workdir:ro,Z" "-v" "/var/lib/crater-agent-workspace/cargo-home:/opt/rustwide/cargo-home:ro,Z" "-v" "/var/lib/crater-agent-workspace/rustup-home:/opt/rustwide/rustup-home:ro,Z" "-e" "SOURCE_DIR=/opt/rustwide/workdir" "-e" "CARGO_TARGET_DIR=/opt/rustwide/target" "-e" "CARGO_INCREMENTAL=0" "-e" "RUST_BACKTRACE=full" "-e" "RUSTFLAGS=--cap-lints=warn" "-e" "CARGO_HOME=/opt/rustwide/cargo-home" "-e" "RUSTUP_HOME=/opt/rustwide/rustup-home" "-w" "/opt/rustwide/workdir" "-m" "1610612736" "--user" "0:0" "--network" "none" "ghcr.io/rust-lang/crates-build-env/linux@sha256:34b6a614d2c27851fe6cbf88fbd1137609cefab8b10d0615aaeb6fd47975d74e" "/opt/rustwide/cargo-home/bin/cargo" "+beta-2021-08-01" "build" "--frozen" "--message-format=json", kill_on_drop: false }`
[INFO] [stdout] 8c403ea566aa3eca39e1648c4b62b1a21387952ef20aaf30800f18348c486070
[INFO] running `Command { std: "docker" "start" "-a" "8c403ea566aa3eca39e1648c4b62b1a21387952ef20aaf30800f18348c486070", kill_on_drop: false }`
[INFO] [stderr]    Compiling caldyn v0.4.3 (/opt/rustwide/workdir)
[INFO] [stdout] warning: unknown lint: `match_same_arms`
[INFO] [stdout]   --> src/error.rs:22:9
[INFO] [stdout]    |
[INFO] [stdout] 22 | #[allow(match_same_arms)]
[INFO] [stdout]    |         ^^^^^^^^^^^^^^^
[INFO] [stdout]    |
[INFO] [stdout]    = note: `#[warn(unknown_lints)]` on by default
[INFO] [stdout] 
[INFO] [stdout] 
[INFO] [stdout] warning: trait objects without an explicit `dyn` are deprecated
[INFO] [stdout]   --> src/error.rs:31:32
[INFO] [stdout]    |
[INFO] [stdout] 31 |     fn cause(&self) -> Option<&error::Error> {
[INFO] [stdout]    |                                ^^^^^^^^^^^^ help: use `dyn`: `dyn error::Error`
[INFO] [stdout]    |
[INFO] [stdout]    = note: `#[warn(bare_trait_objects)]` on by default
[INFO] [stdout]    = warning: this is accepted in the current edition (Rust 2015) but is a hard error in Rust 2021!
[INFO] [stdout]    = note: for more information, see issue #80165 <https://github.com/rust-lang/rust/issues/80165>
[INFO] [stdout] 
[INFO] [stdout] 
[INFO] [stdout] warning: use of deprecated macro `try`: use the `?` operator instead
[INFO] [stdout]   --> src/expr.rs:66:45
[INFO] [stdout]    |
[INFO] [stdout] 66 |                         let args = Box::new(try!(Ast::from_tokens(tokens, " in function call")));
[INFO] [stdout]    |                                             ^^^
[INFO] [stdout]    |
[INFO] [stdout]    = note: `#[warn(deprecated)]` on by default
[INFO] [stdout] 
[INFO] [stdout] 
[INFO] [stdout] warning: use of deprecated macro `try`: use the `?` operator instead
[INFO] [stdout]   --> src/expr.rs:77:42
[INFO] [stdout]    |
[INFO] [stdout] 77 |                     let right = Box::new(try!(Ast::from_tokens(tokens, " after operator")));
[INFO] [stdout]    |                                          ^^^
[INFO] [stdout] 
[INFO] [stdout] 
[INFO] [stdout] warning: use of deprecated macro `try`: use the `?` operator instead
[INFO] [stdout]   --> src/expr.rs:78:41
[INFO] [stdout]    |
[INFO] [stdout] 78 |                     let left = Box::new(try!(Ast::from_tokens(tokens, " befor operator")));
[INFO] [stdout]    |                                         ^^^
[INFO] [stdout] 
[INFO] [stdout] 
[INFO] [stdout] warning: use of deprecated macro `try`: use the `?` operator instead
[INFO] [stdout]    --> src/expr.rs:103:49
[INFO] [stdout]     |
[INFO] [stdout] 103 |             Ast::Add(ref left, ref right) => Ok(try!(left.eval(context)) + try!(right.eval(context))),
[INFO] [stdout]     |                                                 ^^^
[INFO] [stdout] 
[INFO] [stdout] 
[INFO] [stdout] warning: use of deprecated macro `try`: use the `?` operator instead
[INFO] [stdout]    --> src/expr.rs:103:76
[INFO] [stdout]     |
[INFO] [stdout] 103 |             Ast::Add(ref left, ref right) => Ok(try!(left.eval(context)) + try!(right.eval(context))),
[INFO] [stdout]     |                                                                            ^^^
[INFO] [stdout] 
[INFO] [stdout] 
[INFO] [stdout] warning: use of deprecated macro `try`: use the `?` operator instead
[INFO] [stdout]    --> src/expr.rs:104:49
[INFO] [stdout]     |
[INFO] [stdout] 104 |             Ast::Sub(ref left, ref right) => Ok(try!(left.eval(context)) - try!(right.eval(context))),
[INFO] [stdout]     |                                                 ^^^
[INFO] [stdout] 
[INFO] [stdout] 
[INFO] [stdout] warning: use of deprecated macro `try`: use the `?` operator instead
[INFO] [stdout]    --> src/expr.rs:104:76
[INFO] [stdout]     |
[INFO] [stdout] 104 |             Ast::Sub(ref left, ref right) => Ok(try!(left.eval(context)) - try!(right.eval(context))),
[INFO] [stdout]     |                                                                            ^^^
[INFO] [stdout] 
[INFO] [stdout] 
[INFO] [stdout] warning: use of deprecated macro `try`: use the `?` operator instead
[INFO] [stdout]    --> src/expr.rs:105:49
[INFO] [stdout]     |
[INFO] [stdout] 105 |             Ast::Mul(ref left, ref right) => Ok(try!(left.eval(context)) * try!(right.eval(context))),
[INFO] [stdout]     |                                                 ^^^
[INFO] [stdout] 
[INFO] [stdout] 
[INFO] [stdout] warning: use of deprecated macro `try`: use the `?` operator instead
[INFO] [stdout]    --> src/expr.rs:105:76
[INFO] [stdout]     |
[INFO] [stdout] 105 |             Ast::Mul(ref left, ref right) => Ok(try!(left.eval(context)) * try!(right.eval(context))),
[INFO] [stdout]     |                                                                            ^^^
[INFO] [stdout] 
[INFO] [stdout] 
[INFO] [stdout] warning: use of deprecated macro `try`: use the `?` operator instead
[INFO] [stdout]    --> src/expr.rs:106:49
[INFO] [stdout]     |
[INFO] [stdout] 106 |             Ast::Div(ref left, ref right) => Ok(try!(left.eval(context)) / try!(right.eval(context))),
[INFO] [stdout]     |                                                 ^^^
[INFO] [stdout] 
[INFO] [stdout] 
[INFO] [stdout] warning: use of deprecated macro `try`: use the `?` operator instead
[INFO] [stdout]    --> src/expr.rs:106:76
[INFO] [stdout]     |
[INFO] [stdout] 106 |             Ast::Div(ref left, ref right) => Ok(try!(left.eval(context)) / try!(right.eval(context))),
[INFO] [stdout]     |                                                                            ^^^
[INFO] [stdout] 
[INFO] [stdout] 
[INFO] [stdout] warning: use of deprecated macro `try`: use the `?` operator instead
[INFO] [stdout]    --> src/expr.rs:107:49
[INFO] [stdout]     |
[INFO] [stdout] 107 |             Ast::Exp(ref left, ref right) => Ok(try!(left.eval(context)).powf(try!(right.eval(context)))),
[INFO] [stdout]     |                                                 ^^^
[INFO] [stdout] 
[INFO] [stdout] 
[INFO] [stdout] warning: use of deprecated macro `try`: use the `?` operator instead
[INFO] [stdout]    --> src/expr.rs:107:79
[INFO] [stdout]     |
[INFO] [stdout] 107 |             Ast::Exp(ref left, ref right) => Ok(try!(left.eval(context)).powf(try!(right.eval(context)))),
[INFO] [stdout]     |                                                                               ^^^
[INFO] [stdout] 
[INFO] [stdout] 
[INFO] [stdout] warning: use of deprecated macro `try`: use the `?` operator instead
[INFO] [stdout]    --> src/expr.rs:108:57
[INFO] [stdout]     |
[INFO] [stdout] 108 |             Ast::Function(ref func, ref arg) => Ok(func(try!(arg.eval(context)))),
[INFO] [stdout]     |                                                         ^^^
[INFO] [stdout] 
[INFO] [stdout] 
[INFO] [stdout] warning: use of deprecated macro `try`: use the `?` operator instead
[INFO] [stdout]    --> src/expr.rs:221:42
[INFO] [stdout]     |
[INFO] [stdout] 221 |         'tokens: while let Some(token) = try!(lexer.next_token()) {
[INFO] [stdout]     |                                          ^^^
[INFO] [stdout] 
[INFO] [stdout] 
[INFO] [stdout] warning: use of deprecated macro `try`: use the `?` operator instead
[INFO] [stdout]    --> src/expr.rs:278:19
[INFO] [stdout]     |
[INFO] [stdout] 278 |         let ast = try!(Ast::from_tokens(&mut output, ""));
[INFO] [stdout]     |                   ^^^
[INFO] [stdout] 
[INFO] [stdout] 
[INFO] [stdout] warning: trait objects without an explicit `dyn` are deprecated
[INFO] [stdout]   --> src/context.rs:20:23
[INFO] [stdout]    |
[INFO] [stdout] 20 |     query: Option<Box<Fn(&str) -> Option<f64> + 'a>>,
[INFO] [stdout]    |                       ^^^^^^^^^^^^^^^^^^^^^^^^^^^^ help: use `dyn`: `dyn Fn(&str) -> Option<f64> + 'a`
[INFO] [stdout]    |
[INFO] [stdout]    = warning: this is accepted in the current edition (Rust 2015) but is a hard error in Rust 2021!
[INFO] [stdout]    = note: for more information, see issue #80165 <https://github.com/rust-lang/rust/issues/80165>
[INFO] [stdout] 
[INFO] [stdout] 
[INFO] [stdout] warning: 19 warnings emitted
[INFO] [stdout] 
[INFO] [stdout] 
[INFO] [stderr]     Finished dev [unoptimized + debuginfo] target(s) in 1.37s
[INFO] running `Command { std: "docker" "inspect" "8c403ea566aa3eca39e1648c4b62b1a21387952ef20aaf30800f18348c486070", kill_on_drop: false }`
[INFO] running `Command { std: "docker" "rm" "-f" "8c403ea566aa3eca39e1648c4b62b1a21387952ef20aaf30800f18348c486070", kill_on_drop: false }`
[INFO] [stdout] 8c403ea566aa3eca39e1648c4b62b1a21387952ef20aaf30800f18348c486070
[INFO] running `Command { std: "docker" "create" "-v" "/var/lib/crater-agent-workspace/builds/worker-81/target:/opt/rustwide/target:rw,Z" "-v" "/var/lib/crater-agent-workspace/builds/worker-81/source:/opt/rustwide/workdir:ro,Z" "-v" "/var/lib/crater-agent-workspace/cargo-home:/opt/rustwide/cargo-home:ro,Z" "-v" "/var/lib/crater-agent-workspace/rustup-home:/opt/rustwide/rustup-home:ro,Z" "-e" "SOURCE_DIR=/opt/rustwide/workdir" "-e" "CARGO_TARGET_DIR=/opt/rustwide/target" "-e" "CARGO_INCREMENTAL=0" "-e" "RUST_BACKTRACE=full" "-e" "RUSTFLAGS=--cap-lints=warn" "-e" "CARGO_HOME=/opt/rustwide/cargo-home" "-e" "RUSTUP_HOME=/opt/rustwide/rustup-home" "-w" "/opt/rustwide/workdir" "-m" "1610612736" "--user" "0:0" "--network" "none" "ghcr.io/rust-lang/crates-build-env/linux@sha256:34b6a614d2c27851fe6cbf88fbd1137609cefab8b10d0615aaeb6fd47975d74e" "/opt/rustwide/cargo-home/bin/cargo" "+beta-2021-08-01" "test" "--frozen" "--no-run" "--message-format=json", kill_on_drop: false }`
[INFO] [stdout] e32147495032555827a5944e2f735555c0f866df9865cee17cdc8bdcd1639c5b
[INFO] running `Command { std: "docker" "start" "-a" "e32147495032555827a5944e2f735555c0f866df9865cee17cdc8bdcd1639c5b", kill_on_drop: false }`
[INFO] [stderr]    Compiling libc v0.2.98
[INFO] [stderr]    Compiling bitflags v0.4.0
[INFO] [stderr]    Compiling encode_unicode v0.1.3
[INFO] [stdout] warning: unknown lint: `match_same_arms`
[INFO] [stdout]   --> src/error.rs:22:9
[INFO] [stdout]    |
[INFO] [stdout] 22 | #[allow(match_same_arms)]
[INFO] [stdout]    |         ^^^^^^^^^^^^^^^
[INFO] [stdout]    |
[INFO] [stdout]    = note: `#[warn(unknown_lints)]` on by default
[INFO] [stdout] 
[INFO] [stdout] 
[INFO] [stdout] warning: trait objects without an explicit `dyn` are deprecated
[INFO] [stdout]   --> src/error.rs:31:32
[INFO] [stdout]    |
[INFO] [stdout] 31 |     fn cause(&self) -> Option<&error::Error> {
[INFO] [stdout]    |                                ^^^^^^^^^^^^ help: use `dyn`: `dyn error::Error`
[INFO] [stdout]    |
[INFO] [stdout]    = note: `#[warn(bare_trait_objects)]` on by default
[INFO] [stdout]    = warning: this is accepted in the current edition (Rust 2015) but is a hard error in Rust 2021!
[INFO] [stdout]    = note: for more information, see issue #80165 <https://github.com/rust-lang/rust/issues/80165>
[INFO] [stdout] 
[INFO] [stdout] 
[INFO] [stdout] warning: use of deprecated macro `try`: use the `?` operator instead
[INFO] [stdout]   --> src/expr.rs:66:45
[INFO] [stdout]    |
[INFO] [stdout] 66 |                         let args = Box::new(try!(Ast::from_tokens(tokens, " in function call")));
[INFO] [stdout]    |                                             ^^^
[INFO] [stdout]    |
[INFO] [stdout]    = note: `#[warn(deprecated)]` on by default
[INFO] [stdout] 
[INFO] [stdout] 
[INFO] [stdout] warning: use of deprecated macro `try`: use the `?` operator instead
[INFO] [stdout]   --> src/expr.rs:77:42
[INFO] [stdout]    |
[INFO] [stdout] 77 |                     let right = Box::new(try!(Ast::from_tokens(tokens, " after operator")));
[INFO] [stdout]    |                                          ^^^
[INFO] [stdout] 
[INFO] [stdout] 
[INFO] [stdout] warning: use of deprecated macro `try`: use the `?` operator instead
[INFO] [stdout]   --> src/expr.rs:78:41
[INFO] [stdout]    |
[INFO] [stdout] 78 |                     let left = Box::new(try!(Ast::from_tokens(tokens, " befor operator")));
[INFO] [stdout]    |                                         ^^^
[INFO] [stdout] 
[INFO] [stdout] 
[INFO] [stdout] warning: use of deprecated macro `try`: use the `?` operator instead
[INFO] [stdout]    --> src/expr.rs:103:49
[INFO] [stdout]     |
[INFO] [stdout] 103 |             Ast::Add(ref left, ref right) => Ok(try!(left.eval(context)) + try!(right.eval(context))),
[INFO] [stdout]     |                                                 ^^^
[INFO] [stdout] 
[INFO] [stdout] 
[INFO] [stdout] warning: use of deprecated macro `try`: use the `?` operator instead
[INFO] [stdout]    --> src/expr.rs:103:76
[INFO] [stdout]     |
[INFO] [stdout] 103 |             Ast::Add(ref left, ref right) => Ok(try!(left.eval(context)) + try!(right.eval(context))),
[INFO] [stdout]     |                                                                            ^^^
[INFO] [stdout] 
[INFO] [stdout] 
[INFO] [stdout] warning: use of deprecated macro `try`: use the `?` operator instead
[INFO] [stdout]    --> src/expr.rs:104:49
[INFO] [stdout]     |
[INFO] [stdout] 104 |             Ast::Sub(ref left, ref right) => Ok(try!(left.eval(context)) - try!(right.eval(context))),
[INFO] [stdout]     |                                                 ^^^
[INFO] [stdout] 
[INFO] [stdout] 
[INFO] [stdout] warning: use of deprecated macro `try`: use the `?` operator instead
[INFO] [stdout]    --> src/expr.rs:104:76
[INFO] [stdout]     |
[INFO] [stdout] 104 |             Ast::Sub(ref left, ref right) => Ok(try!(left.eval(context)) - try!(right.eval(context))),
[INFO] [stdout]     |                                                                            ^^^
[INFO] [stdout] 
[INFO] [stdout] 
[INFO] [stdout] warning: use of deprecated macro `try`: use the `?` operator instead
[INFO] [stdout]    --> src/expr.rs:105:49
[INFO] [stdout]     |
[INFO] [stdout] 105 |             Ast::Mul(ref left, ref right) => Ok(try!(left.eval(context)) * try!(right.eval(context))),
[INFO] [stdout]     |                                                 ^^^
[INFO] [stdout] 
[INFO] [stdout] 
[INFO] [stdout] warning: use of deprecated macro `try`: use the `?` operator instead
[INFO] [stdout]    --> src/expr.rs:105:76
[INFO] [stdout]     |
[INFO] [stdout] 105 |             Ast::Mul(ref left, ref right) => Ok(try!(left.eval(context)) * try!(right.eval(context))),
[INFO] [stdout]     |                                                                            ^^^
[INFO] [stdout] 
[INFO] [stdout] 
[INFO] [stdout] warning: use of deprecated macro `try`: use the `?` operator instead
[INFO] [stdout]    --> src/expr.rs:106:49
[INFO] [stdout]     |
[INFO] [stdout] 106 |             Ast::Div(ref left, ref right) => Ok(try!(left.eval(context)) / try!(right.eval(context))),
[INFO] [stdout]     |                                                 ^^^
[INFO] [stdout] 
[INFO] [stdout] 
[INFO] [stdout] warning: use of deprecated macro `try`: use the `?` operator instead
[INFO] [stdout]    --> src/expr.rs:106:76
[INFO] [stdout]     |
[INFO] [stdout] 106 |             Ast::Div(ref left, ref right) => Ok(try!(left.eval(context)) / try!(right.eval(context))),
[INFO] [stdout]     |                                                                            ^^^
[INFO] [stdout] 
[INFO] [stdout] 
[INFO] [stdout] warning: use of deprecated macro `try`: use the `?` operator instead
[INFO] [stdout]    --> src/expr.rs:107:49
[INFO] [stdout]     |
[INFO] [stdout] 107 |             Ast::Exp(ref left, ref right) => Ok(try!(left.eval(context)).powf(try!(right.eval(context)))),
[INFO] [stdout]     |                                                 ^^^
[INFO] [stdout] 
[INFO] [stdout] 
[INFO] [stdout] warning: use of deprecated macro `try`: use the `?` operator instead
[INFO] [stdout]    --> src/expr.rs:107:79
[INFO] [stdout]     |
[INFO] [stdout] 107 |             Ast::Exp(ref left, ref right) => Ok(try!(left.eval(context)).powf(try!(right.eval(context)))),
[INFO] [stdout]     |                                                                               ^^^
[INFO] [stdout] 
[INFO] [stdout] 
[INFO] [stdout] warning: use of deprecated macro `try`: use the `?` operator instead
[INFO] [stdout]    --> src/expr.rs:108:57
[INFO] [stdout]     |
[INFO] [stdout] 108 |             Ast::Function(ref func, ref arg) => Ok(func(try!(arg.eval(context)))),
[INFO] [stdout]     |                                                         ^^^
[INFO] [stdout] 
[INFO] [stdout] 
[INFO] [stdout] warning: use of deprecated macro `try`: use the `?` operator instead
[INFO] [stdout]    --> src/expr.rs:221:42
[INFO] [stdout]     |
[INFO] [stdout] 221 |         'tokens: while let Some(token) = try!(lexer.next_token()) {
[INFO] [stdout]     |                                          ^^^
[INFO] [stdout] 
[INFO] [stdout] 
[INFO] [stdout] warning: use of deprecated macro `try`: use the `?` operator instead
[INFO] [stdout]    --> src/expr.rs:278:19
[INFO] [stdout]     |
[INFO] [stdout] 278 |         let ast = try!(Ast::from_tokens(&mut output, ""));
[INFO] [stdout]     |                   ^^^
[INFO] [stdout] 
[INFO] [stdout] 
[INFO] [stdout] warning: trait objects without an explicit `dyn` are deprecated
[INFO] [stdout]   --> src/context.rs:20:23
[INFO] [stdout]    |
[INFO] [stdout] 20 |     query: Option<Box<Fn(&str) -> Option<f64> + 'a>>,
[INFO] [stdout]    |                       ^^^^^^^^^^^^^^^^^^^^^^^^^^^^ help: use `dyn`: `dyn Fn(&str) -> Option<f64> + 'a`
[INFO] [stdout]    |
[INFO] [stdout]    = warning: this is accepted in the current edition (Rust 2015) but is a hard error in Rust 2021!
[INFO] [stdout]    = note: for more information, see issue #80165 <https://github.com/rust-lang/rust/issues/80165>
[INFO] [stdout] 
[INFO] [stdout] 
[INFO] [stdout] warning: 19 warnings emitted
[INFO] [stdout] 
[INFO] [stdout] 
[INFO] [stderr]    Compiling dirs-sys v0.3.6
[INFO] [stderr]    Compiling nix v0.5.1
[INFO] [stderr]    Compiling dirs v2.0.2
[INFO] [stderr]    Compiling shellexpand v1.1.1
[INFO] [stderr]    Compiling rustyline v1.0.0
[INFO] [stderr]    Compiling caldyn v0.4.3 (/opt/rustwide/workdir)
[INFO] [stdout] warning: unknown lint: `match_same_arms`
[INFO] [stdout]   --> src/error.rs:22:9
[INFO] [stdout]    |
[INFO] [stdout] 22 | #[allow(match_same_arms)]
[INFO] [stdout]    |         ^^^^^^^^^^^^^^^
[INFO] [stdout]    |
[INFO] [stdout]    = note: `#[warn(unknown_lints)]` on by default
[INFO] [stdout] 
[INFO] [stdout] 
[INFO] [stdout] warning: trait objects without an explicit `dyn` are deprecated
[INFO] [stdout]   --> src/error.rs:31:32
[INFO] [stdout]    |
[INFO] [stdout] 31 |     fn cause(&self) -> Option<&error::Error> {
[INFO] [stdout]    |                                ^^^^^^^^^^^^ help: use `dyn`: `dyn error::Error`
[INFO] [stdout]    |
[INFO] [stdout]    = note: `#[warn(bare_trait_objects)]` on by default
[INFO] [stdout]    = warning: this is accepted in the current edition (Rust 2015) but is a hard error in Rust 2021!
[INFO] [stdout]    = note: for more information, see issue #80165 <https://github.com/rust-lang/rust/issues/80165>
[INFO] [stdout] 
[INFO] [stdout] 
[INFO] [stdout] warning: use of deprecated macro `try`: use the `?` operator instead
[INFO] [stdout]   --> src/expr.rs:66:45
[INFO] [stdout]    |
[INFO] [stdout] 66 |                         let args = Box::new(try!(Ast::from_tokens(tokens, " in function call")));
[INFO] [stdout]    |                                             ^^^
[INFO] [stdout]    |
[INFO] [stdout]    = note: `#[warn(deprecated)]` on by default
[INFO] [stdout] 
[INFO] [stdout] 
[INFO] [stdout] warning: use of deprecated macro `try`: use the `?` operator instead
[INFO] [stdout]   --> src/expr.rs:77:42
[INFO] [stdout]    |
[INFO] [stdout] 77 |                     let right = Box::new(try!(Ast::from_tokens(tokens, " after operator")));
[INFO] [stdout]    |                                          ^^^
[INFO] [stdout] 
[INFO] [stdout] 
[INFO] [stdout] warning: use of deprecated macro `try`: use the `?` operator instead
[INFO] [stdout]   --> src/expr.rs:78:41
[INFO] [stdout]    |
[INFO] [stdout] 78 |                     let left = Box::new(try!(Ast::from_tokens(tokens, " befor operator")));
[INFO] [stdout]    |                                         ^^^
[INFO] [stdout] 
[INFO] [stdout] 
[INFO] [stdout] warning: use of deprecated macro `try`: use the `?` operator instead
[INFO] [stdout]    --> src/expr.rs:103:49
[INFO] [stdout]     |
[INFO] [stdout] 103 |             Ast::Add(ref left, ref right) => Ok(try!(left.eval(context)) + try!(right.eval(context))),
[INFO] [stdout]     |                                                 ^^^
[INFO] [stdout] 
[INFO] [stdout] 
[INFO] [stdout] warning: use of deprecated macro `try`: use the `?` operator instead
[INFO] [stdout]    --> src/expr.rs:103:76
[INFO] [stdout]     |
[INFO] [stdout] 103 |             Ast::Add(ref left, ref right) => Ok(try!(left.eval(context)) + try!(right.eval(context))),
[INFO] [stdout]     |                                                                            ^^^
[INFO] [stdout] 
[INFO] [stdout] 
[INFO] [stdout] warning: use of deprecated macro `try`: use the `?` operator instead
[INFO] [stdout]    --> src/expr.rs:104:49
[INFO] [stdout]     |
[INFO] [stdout] 104 |             Ast::Sub(ref left, ref right) => Ok(try!(left.eval(context)) - try!(right.eval(context))),
[INFO] [stdout]     |                                                 ^^^
[INFO] [stdout] 
[INFO] [stdout] 
[INFO] [stdout] warning: use of deprecated macro `try`: use the `?` operator instead
[INFO] [stdout]    --> src/expr.rs:104:76
[INFO] [stdout]     |
[INFO] [stdout] 104 |             Ast::Sub(ref left, ref right) => Ok(try!(left.eval(context)) - try!(right.eval(context))),
[INFO] [stdout]     |                                                                            ^^^
[INFO] [stdout] 
[INFO] [stdout] 
[INFO] [stdout] warning: use of deprecated macro `try`: use the `?` operator instead
[INFO] [stdout]    --> src/expr.rs:105:49
[INFO] [stdout]     |
[INFO] [stdout] 105 |             Ast::Mul(ref left, ref right) => Ok(try!(left.eval(context)) * try!(right.eval(context))),
[INFO] [stdout]     |                                                 ^^^
[INFO] [stdout] 
[INFO] [stdout] 
[INFO] [stdout] warning: use of deprecated macro `try`: use the `?` operator instead
[INFO] [stdout]    --> src/expr.rs:105:76
[INFO] [stdout]     |
[INFO] [stdout] 105 |             Ast::Mul(ref left, ref right) => Ok(try!(left.eval(context)) * try!(right.eval(context))),
[INFO] [stdout]     |                                                                            ^^^
[INFO] [stdout] 
[INFO] [stdout] 
[INFO] [stdout] warning: use of deprecated macro `try`: use the `?` operator instead
[INFO] [stdout]    --> src/expr.rs:106:49
[INFO] [stdout]     |
[INFO] [stdout] 106 |             Ast::Div(ref left, ref right) => Ok(try!(left.eval(context)) / try!(right.eval(context))),
[INFO] [stdout]     |                                                 ^^^
[INFO] [stdout] 
[INFO] [stdout] 
[INFO] [stdout] warning: use of deprecated macro `try`: use the `?` operator instead
[INFO] [stdout]    --> src/expr.rs:106:76
[INFO] [stdout]     |
[INFO] [stdout] 106 |             Ast::Div(ref left, ref right) => Ok(try!(left.eval(context)) / try!(right.eval(context))),
[INFO] [stdout]     |                                                                            ^^^
[INFO] [stdout] 
[INFO] [stdout] 
[INFO] [stdout] warning: use of deprecated macro `try`: use the `?` operator instead
[INFO] [stdout]    --> src/expr.rs:107:49
[INFO] [stdout]     |
[INFO] [stdout] 107 |             Ast::Exp(ref left, ref right) => Ok(try!(left.eval(context)).powf(try!(right.eval(context)))),
[INFO] [stdout]     |                                                 ^^^
[INFO] [stdout] 
[INFO] [stdout] 
[INFO] [stdout] warning: use of deprecated macro `try`: use the `?` operator instead
[INFO] [stdout]    --> src/expr.rs:107:79
[INFO] [stdout]     |
[INFO] [stdout] 107 |             Ast::Exp(ref left, ref right) => Ok(try!(left.eval(context)).powf(try!(right.eval(context)))),
[INFO] [stdout]     |                                                                               ^^^
[INFO] [stdout] 
[INFO] [stdout] 
[INFO] [stdout] warning: use of deprecated macro `try`: use the `?` operator instead
[INFO] [stdout]    --> src/expr.rs:108:57
[INFO] [stdout]     |
[INFO] [stdout] 108 |             Ast::Function(ref func, ref arg) => Ok(func(try!(arg.eval(context)))),
[INFO] [stdout]     |                                                         ^^^
[INFO] [stdout] 
[INFO] [stdout] 
[INFO] [stdout] warning: use of deprecated macro `try`: use the `?` operator instead
[INFO] [stdout]    --> src/expr.rs:221:42
[INFO] [stdout]     |
[INFO] [stdout] 221 |         'tokens: while let Some(token) = try!(lexer.next_token()) {
[INFO] [stdout]     |                                          ^^^
[INFO] [stdout] 
[INFO] [stdout] 
[INFO] [stdout] warning: use of deprecated macro `try`: use the `?` operator instead
[INFO] [stdout]    --> src/expr.rs:278:19
[INFO] [stdout]     |
[INFO] [stdout] 278 |         let ast = try!(Ast::from_tokens(&mut output, ""));
[INFO] [stdout]     |                   ^^^
[INFO] [stdout] 
[INFO] [stdout] 
[INFO] [stdout] warning: trait objects without an explicit `dyn` are deprecated
[INFO] [stdout]   --> src/context.rs:20:23
[INFO] [stdout]    |
[INFO] [stdout] 20 |     query: Option<Box<Fn(&str) -> Option<f64> + 'a>>,
[INFO] [stdout]    |                       ^^^^^^^^^^^^^^^^^^^^^^^^^^^^ help: use `dyn`: `dyn Fn(&str) -> Option<f64> + 'a`
[INFO] [stdout]    |
[INFO] [stdout]    = warning: this is accepted in the current edition (Rust 2015) but is a hard error in Rust 2021!
[INFO] [stdout]    = note: for more information, see issue #80165 <https://github.com/rust-lang/rust/issues/80165>
[INFO] [stdout] 
[INFO] [stdout] 
[INFO] [stdout] warning: use of deprecated associated function `std::error::Error::description`: use the Display impl or to_string()
[INFO] [stdout]    --> src/expr.rs:585:42
[INFO] [stdout]     |
[INFO] [stdout] 585 |         assert_eq!(result.err().unwrap().description(), "name 'z' is not defined");
[INFO] [stdout]     |                                          ^^^^^^^^^^^
[INFO] [stdout] 
[INFO] [stdout] 
[INFO] [stdout] warning: use of deprecated associated function `std::error::Error::description`: use the Display impl or to_string()
[INFO] [stdout]    --> src/expr.rs:587:42
[INFO] [stdout]     |
[INFO] [stdout] 587 |         assert_eq!(result.err().unwrap().description(), "name 'a' is not defined");
[INFO] [stdout]     |                                          ^^^^^^^^^^^
[INFO] [stdout] 
[INFO] [stdout] 
[INFO] [stdout] warning: 21 warnings emitted
[INFO] [stdout] 
[INFO] [stdout] 
[INFO] [stderr]     Finished test [unoptimized + debuginfo] target(s) in 5.49s
[INFO] running `Command { std: "docker" "inspect" "e32147495032555827a5944e2f735555c0f866df9865cee17cdc8bdcd1639c5b", kill_on_drop: false }`
[INFO] running `Command { std: "docker" "rm" "-f" "e32147495032555827a5944e2f735555c0f866df9865cee17cdc8bdcd1639c5b", kill_on_drop: false }`
[INFO] [stdout] e32147495032555827a5944e2f735555c0f866df9865cee17cdc8bdcd1639c5b
[INFO] running `Command { std: "docker" "create" "-v" "/var/lib/crater-agent-workspace/builds/worker-81/target:/opt/rustwide/target:rw,Z" "-v" "/var/lib/crater-agent-workspace/builds/worker-81/source:/opt/rustwide/workdir:ro,Z" "-v" "/var/lib/crater-agent-workspace/cargo-home:/opt/rustwide/cargo-home:ro,Z" "-v" "/var/lib/crater-agent-workspace/rustup-home:/opt/rustwide/rustup-home:ro,Z" "-e" "SOURCE_DIR=/opt/rustwide/workdir" "-e" "CARGO_TARGET_DIR=/opt/rustwide/target" "-e" "CARGO_INCREMENTAL=0" "-e" "RUST_BACKTRACE=full" "-e" "RUSTFLAGS=--cap-lints=warn" "-e" "CARGO_HOME=/opt/rustwide/cargo-home" "-e" "RUSTUP_HOME=/opt/rustwide/rustup-home" "-w" "/opt/rustwide/workdir" "-m" "1610612736" "--user" "0:0" "--network" "none" "ghcr.io/rust-lang/crates-build-env/linux@sha256:34b6a614d2c27851fe6cbf88fbd1137609cefab8b10d0615aaeb6fd47975d74e" "/opt/rustwide/cargo-home/bin/cargo" "+beta-2021-08-01" "test" "--frozen", kill_on_drop: false }`
[INFO] [stdout] 7989f0c4ffc2bc2eae2048a9a87e77de660f0d3969f91d3326e7bac8319e1d07
[INFO] running `Command { std: "docker" "start" "-a" "7989f0c4ffc2bc2eae2048a9a87e77de660f0d3969f91d3326e7bac8319e1d07", kill_on_drop: false }`
[INFO] [stderr]     Blocking waiting for file lock on package cache
[INFO] [stderr] warning: unknown lint: `match_same_arms`
[INFO] [stderr]   --> src/error.rs:22:9
[INFO] [stderr]    |
[INFO] [stderr] 22 | #[allow(match_same_arms)]
[INFO] [stderr]    |         ^^^^^^^^^^^^^^^
[INFO] [stderr]    |
[INFO] [stderr]    = note: `#[warn(unknown_lints)]` on by default
[INFO] [stderr] 
[INFO] [stderr] warning: trait objects without an explicit `dyn` are deprecated
[INFO] [stderr]   --> src/error.rs:31:32
[INFO] [stderr]    |
[INFO] [stderr] 31 |     fn cause(&self) -> Option<&error::Error> {
[INFO] [stderr]    |                                ^^^^^^^^^^^^ help: use `dyn`: `dyn error::Error`
[INFO] [stderr]    |
[INFO] [stderr]    = note: `#[warn(bare_trait_objects)]` on by default
[INFO] [stderr]    = warning: this is accepted in the current edition (Rust 2015) but is a hard error in Rust 2021!
[INFO] [stderr]    = note: for more information, see issue #80165 <https://github.com/rust-lang/rust/issues/80165>
[INFO] [stderr] 
[INFO] [stderr] warning: use of deprecated macro `try`: use the `?` operator instead
[INFO] [stderr]   --> src/expr.rs:66:45
[INFO] [stderr]    |
[INFO] [stderr] 66 |                         let args = Box::new(try!(Ast::from_tokens(tokens, " in function call")));
[INFO] [stderr]    |                                             ^^^
[INFO] [stderr]    |
[INFO] [stderr]    = note: `#[warn(deprecated)]` on by default
[INFO] [stderr] 
[INFO] [stderr] warning: use of deprecated macro `try`: use the `?` operator instead
[INFO] [stderr]   --> src/expr.rs:77:42
[INFO] [stderr]    |
[INFO] [stderr] 77 |                     let right = Box::new(try!(Ast::from_tokens(tokens, " after operator")));
[INFO] [stderr]    |                                          ^^^
[INFO] [stderr] 
[INFO] [stderr] warning: use of deprecated macro `try`: use the `?` operator instead
[INFO] [stderr]   --> src/expr.rs:78:41
[INFO] [stderr]    |
[INFO] [stderr] 78 |                     let left = Box::new(try!(Ast::from_tokens(tokens, " befor operator")));
[INFO] [stderr]    |                                         ^^^
[INFO] [stderr] 
[INFO] [stderr] warning: use of deprecated macro `try`: use the `?` operator instead
[INFO] [stderr]    --> src/expr.rs:103:49
[INFO] [stderr]     |
[INFO] [stderr] 103 |             Ast::Add(ref left, ref right) => Ok(try!(left.eval(context)) + try!(right.eval(context))),
[INFO] [stderr]     |                                                 ^^^
[INFO] [stderr] 
[INFO] [stderr] warning: use of deprecated macro `try`: use the `?` operator instead
[INFO] [stderr]    --> src/expr.rs:103:76
[INFO] [stderr]     |
[INFO] [stderr] 103 |             Ast::Add(ref left, ref right) => Ok(try!(left.eval(context)) + try!(right.eval(context))),
[INFO] [stderr]     |                                                                            ^^^
[INFO] [stderr] 
[INFO] [stderr] warning: use of deprecated macro `try`: use the `?` operator instead
[INFO] [stderr]    --> src/expr.rs:104:49
[INFO] [stderr]     |
[INFO] [stderr] 104 |             Ast::Sub(ref left, ref right) => Ok(try!(left.eval(context)) - try!(right.eval(context))),
[INFO] [stderr]     |                                                 ^^^
[INFO] [stderr] 
[INFO] [stderr] warning: use of deprecated macro `try`: use the `?` operator instead
[INFO] [stderr]    --> src/expr.rs:104:76
[INFO] [stderr]     |
[INFO] [stderr] 104 |             Ast::Sub(ref left, ref right) => Ok(try!(left.eval(context)) - try!(right.eval(context))),
[INFO] [stderr]     |                                                                            ^^^
[INFO] [stderr] 
[INFO] [stderr] warning: use of deprecated macro `try`: use the `?` operator instead
[INFO] [stderr]    --> src/expr.rs:105:49
[INFO] [stderr]     |
[INFO] [stderr] 105 |             Ast::Mul(ref left, ref right) => Ok(try!(left.eval(context)) * try!(right.eval(context))),
[INFO] [stderr]     |                                                 ^^^
[INFO] [stderr] 
[INFO] [stderr] warning: use of deprecated macro `try`: use the `?` operator instead
[INFO] [stderr]    --> src/expr.rs:105:76
[INFO] [stderr]     |
[INFO] [stderr] 105 |             Ast::Mul(ref left, ref right) => Ok(try!(left.eval(context)) * try!(right.eval(context))),
[INFO] [stderr]     |                                                                            ^^^
[INFO] [stderr] 
[INFO] [stderr] warning: use of deprecated macro `try`: use the `?` operator instead
[INFO] [stderr]    --> src/expr.rs:106:49
[INFO] [stderr]     |
[INFO] [stderr] 106 |             Ast::Div(ref left, ref right) => Ok(try!(left.eval(context)) / try!(right.eval(context))),
[INFO] [stderr]     |                                                 ^^^
[INFO] [stderr] 
[INFO] [stderr] warning: use of deprecated macro `try`: use the `?` operator instead
[INFO] [stderr]    --> src/expr.rs:106:76
[INFO] [stderr]     |
[INFO] [stderr] 106 |             Ast::Div(ref left, ref right) => Ok(try!(left.eval(context)) / try!(right.eval(context))),
[INFO] [stderr]     |                                                                            ^^^
[INFO] [stderr] 
[INFO] [stderr] warning: use of deprecated macro `try`: use the `?` operator instead
[INFO] [stderr]    --> src/expr.rs:107:49
[INFO] [stderr]     |
[INFO] [stderr] 107 |             Ast::Exp(ref left, ref right) => Ok(try!(left.eval(context)).powf(try!(right.eval(context)))),
[INFO] [stderr]     |                                                 ^^^
[INFO] [stderr] 
[INFO] [stderr] warning: use of deprecated macro `try`: use the `?` operator instead
[INFO] [stderr]    --> src/expr.rs:107:79
[INFO] [stderr]     |
[INFO] [stderr] 107 |             Ast::Exp(ref left, ref right) => Ok(try!(left.eval(context)).powf(try!(right.eval(context)))),
[INFO] [stderr]     |                                                                               ^^^
[INFO] [stderr] 
[INFO] [stderr] warning: use of deprecated macro `try`: use the `?` operator instead
[INFO] [stderr]    --> src/expr.rs:108:57
[INFO] [stderr]     |
[INFO] [stderr] 108 |             Ast::Function(ref func, ref arg) => Ok(func(try!(arg.eval(context)))),
[INFO] [stderr]     |                                                         ^^^
[INFO] [stderr] 
[INFO] [stderr] warning: use of deprecated macro `try`: use the `?` operator instead
[INFO] [stderr]    --> src/expr.rs:221:42
[INFO] [stderr]     |
[INFO] [stderr] 221 |         'tokens: while let Some(token) = try!(lexer.next_token()) {
[INFO] [stderr]     |                                          ^^^
[INFO] [stderr] 
[INFO] [stderr] warning: use of deprecated macro `try`: use the `?` operator instead
[INFO] [stderr]    --> src/expr.rs:278:19
[INFO] [stderr]     |
[INFO] [stderr] 278 |         let ast = try!(Ast::from_tokens(&mut output, ""));
[INFO] [stderr]     |                   ^^^
[INFO] [stderr] 
[INFO] [stderr] warning: trait objects without an explicit `dyn` are deprecated
[INFO] [stderr]   --> src/context.rs:20:23
[INFO] [stderr]    |
[INFO] [stderr] 20 |     query: Option<Box<Fn(&str) -> Option<f64> + 'a>>,
[INFO] [stderr]    |                       ^^^^^^^^^^^^^^^^^^^^^^^^^^^^ help: use `dyn`: `dyn Fn(&str) -> Option<f64> + 'a`
[INFO] [stderr]    |
[INFO] [stderr]    = warning: this is accepted in the current edition (Rust 2015) but is a hard error in Rust 2021!
[INFO] [stderr]    = note: for more information, see issue #80165 <https://github.com/rust-lang/rust/issues/80165>
[INFO] [stderr] 
[INFO] [stderr] warning: `caldyn` (lib) generated 19 warnings
[INFO] [stderr] warning: use of deprecated associated function `std::error::Error::description`: use the Display impl or to_string()
[INFO] [stderr]    --> src/expr.rs:585:42
[INFO] [stderr]     |
[INFO] [stderr] 585 |         assert_eq!(result.err().unwrap().description(), "name 'z' is not defined");
[INFO] [stderr]     |                                          ^^^^^^^^^^^
[INFO] [stderr] 
[INFO] [stderr] warning: use of deprecated associated function `std::error::Error::description`: use the Display impl or to_string()
[INFO] [stderr]    --> src/expr.rs:587:42
[INFO] [stderr]     |
[INFO] [stderr] 587 |         assert_eq!(result.err().unwrap().description(), "name 'a' is not defined");
[INFO] [stderr]     |                                          ^^^^^^^^^^^
[INFO] [stderr] 
[INFO] [stderr] warning: `caldyn` (lib test) generated 21 warnings (19 duplicates)
[INFO] [stderr]     Finished test [unoptimized + debuginfo] target(s) in 0.16s
[INFO] [stderr]      Running unittests (/opt/rustwide/target/debug/deps/caldyn-a504d3baa104f1a5)
[INFO] [stdout] 
[INFO] [stdout] running 7 tests
[INFO] [stdout] test expr::tests::eval ... ok
[INFO] [stdout] test context::tests::variables ... ok
[INFO] [stdout] test expr::tests::idents ... ok
[INFO] [stdout] test expr::tests::optimize ... ok
[INFO] [stdout] test expr::tests::parse ... ok
[INFO] [stdout] test expr::tests::values ... ok
[INFO] [stderr] error: test failed, to rerun pass '--lib'
[INFO] [stdout] test context::tests::debug ... FAILED
[INFO] [stdout] 
[INFO] [stdout] failures:
[INFO] [stdout] 
[INFO] [stdout] ---- context::tests::debug stdout ----
[INFO] [stdout] thread 'context::tests::debug' panicked at 'assertion failed: `(left == right)`
[INFO] [stdout]   left: `"Context {\n    value: {\n        \"a\": 2.4,\n    },\n    query: \"None\",\n}"`,
[INFO] [stdout]  right: `"Context {\n    value: {\n        \"a\": 2.4\n    },\n    query: \"None\"\n}"`', src/context.rs:150:9
[INFO] [stdout] stack backtrace:
[INFO] [stdout]    0:     0x55fbd69eaf20 - std::backtrace_rs::backtrace::libunwind::trace::hff4d1766e93f64f1
[INFO] [stdout]                                at /rustc/53fd98ca776cb875bc9e5514f56b52eb74f9e7a9/library/std/src/../../backtrace/src/backtrace/libunwind.rs:90:5
[INFO] [stdout]    1:     0x55fbd69eaf20 - std::backtrace_rs::backtrace::trace_unsynchronized::h56bbc8eb78770bcb
[INFO] [stdout]                                at /rustc/53fd98ca776cb875bc9e5514f56b52eb74f9e7a9/library/std/src/../../backtrace/src/backtrace/mod.rs:66:5
[INFO] [stdout]    2:     0x55fbd69eaf20 - std::sys_common::backtrace::_print_fmt::h5c8e75464faca780
[INFO] [stdout]                                at /rustc/53fd98ca776cb875bc9e5514f56b52eb74f9e7a9/library/std/src/sys_common/backtrace.rs:67:5
[INFO] [stdout]    3:     0x55fbd69eaf20 - <std::sys_common::backtrace::_print::DisplayBacktrace as core::fmt::Display>::fmt::h48b88277def8b362
[INFO] [stdout]                                at /rustc/53fd98ca776cb875bc9e5514f56b52eb74f9e7a9/library/std/src/sys_common/backtrace.rs:46:22
[INFO] [stdout]    4:     0x55fbd6a0e7ac - core::fmt::write::h3381b3176fe2b3d3
[INFO] [stdout]                                at /rustc/53fd98ca776cb875bc9e5514f56b52eb74f9e7a9/library/core/src/fmt/mod.rs:1115:17
[INFO] [stdout]    5:     0x55fbd69e7e85 - std::io::Write::write_fmt::h5f34a676f60246b5
[INFO] [stdout]                                at /rustc/53fd98ca776cb875bc9e5514f56b52eb74f9e7a9/library/std/src/io/mod.rs:1665:15
[INFO] [stdout]    6:     0x55fbd69ed09b - std::sys_common::backtrace::_print::ha537687d6c17dd0d
[INFO] [stdout]                                at /rustc/53fd98ca776cb875bc9e5514f56b52eb74f9e7a9/library/std/src/sys_common/backtrace.rs:49:5
[INFO] [stdout]    7:     0x55fbd69ed09b - std::sys_common::backtrace::print::h61376ae57d131d72
[INFO] [stdout]                                at /rustc/53fd98ca776cb875bc9e5514f56b52eb74f9e7a9/library/std/src/sys_common/backtrace.rs:36:9
[INFO] [stdout]    8:     0x55fbd69ed09b - std::panicking::default_hook::{{closure}}::h0f7208c0b9644a54
[INFO] [stdout]                                at /rustc/53fd98ca776cb875bc9e5514f56b52eb74f9e7a9/library/std/src/panicking.rs:208:50
[INFO] [stdout]    9:     0x55fbd69ecbac - std::panicking::default_hook::hdac7fc06578c14ce
[INFO] [stdout]                                at /rustc/53fd98ca776cb875bc9e5514f56b52eb74f9e7a9/library/std/src/panicking.rs:222:9
[INFO] [stdout]   10:     0x55fbd69ed764 - std::panicking::rust_panic_with_hook::h72b21c283da3d1ef
[INFO] [stdout]                                at /rustc/53fd98ca776cb875bc9e5514f56b52eb74f9e7a9/library/std/src/panicking.rs:622:17
[INFO] [stdout]   11:     0x55fbd69ed247 - std::panicking::begin_panic_handler::{{closure}}::he5778f1729cff84a
[INFO] [stdout]                                at /rustc/53fd98ca776cb875bc9e5514f56b52eb74f9e7a9/library/std/src/panicking.rs:519:13
[INFO] [stdout]   12:     0x55fbd69eb3fc - std::sys_common::backtrace::__rust_end_short_backtrace::h2d11ca8b453b4b1d
[INFO] [stdout]                                at /rustc/53fd98ca776cb875bc9e5514f56b52eb74f9e7a9/library/std/src/sys_common/backtrace.rs:141:18
[INFO] [stdout]   13:     0x55fbd69ed1a9 - rust_begin_unwind
[INFO] [stdout]                                at /rustc/53fd98ca776cb875bc9e5514f56b52eb74f9e7a9/library/std/src/panicking.rs:515:5
[INFO] [stdout]   14:     0x55fbd696d3b1 - core::panicking::panic_fmt::hf9de31d4acbce4db
[INFO] [stdout]                                at /rustc/53fd98ca776cb875bc9e5514f56b52eb74f9e7a9/library/core/src/panicking.rs:92:14
[INFO] [stdout]   15:     0x55fbd6a0ce18 - core::panicking::assert_failed_inner::h62e8cb2847a6e7ec
[INFO] [stdout]   16:     0x55fbd699476e - core::panicking::assert_failed::hf50ae57757fb01f4
[INFO] [stdout]                                at /rustc/53fd98ca776cb875bc9e5514f56b52eb74f9e7a9/library/core/src/panicking.rs:117:5
[INFO] [stdout]   17:     0x55fbd6984705 - caldyn::context::tests::debug::he246ad46999019e1
[INFO] [stdout]                                at /opt/rustwide/workdir/src/context.rs:150:9
[INFO] [stdout]   18:     0x55fbd69843aa - caldyn::context::tests::debug::{{closure}}::h6a69a27346f8978d
[INFO] [stdout]                                at /opt/rustwide/workdir/src/context.rs:140:5
[INFO] [stdout]   19:     0x55fbd698589e - core::ops::function::FnOnce::call_once::hf0755bbca19b85f9
[INFO] [stdout]                                at /rustc/53fd98ca776cb875bc9e5514f56b52eb74f9e7a9/library/core/src/ops/function.rs:227:5
[INFO] [stdout]   20:     0x55fbd69cf7e3 - core::ops::function::FnOnce::call_once::hbb52c4519d3137b0
[INFO] [stdout]                                at /rustc/53fd98ca776cb875bc9e5514f56b52eb74f9e7a9/library/core/src/ops/function.rs:227:5
[INFO] [stdout]   21:     0x55fbd69cf7e3 - test::__rust_begin_short_backtrace::h86fe3a2a5a5121af
[INFO] [stdout]                                at /rustc/53fd98ca776cb875bc9e5514f56b52eb74f9e7a9/library/test/src/lib.rs:578:5
[INFO] [stdout]   22:     0x55fbd69ce298 - <alloc::boxed::Box<F,A> as core::ops::function::FnOnce<Args>>::call_once::hfd956bc3d57399be
[INFO] [stdout]                                at /rustc/53fd98ca776cb875bc9e5514f56b52eb74f9e7a9/library/alloc/src/boxed.rs:1572:9
[INFO] [stdout]   23:     0x55fbd69ce298 - <std::panic::AssertUnwindSafe<F> as core::ops::function::FnOnce<()>>::call_once::h40dc93e0ddb5938a
[INFO] [stdout]                                at /rustc/53fd98ca776cb875bc9e5514f56b52eb74f9e7a9/library/std/src/panic.rs:347:9
[INFO] [stdout]   24:     0x55fbd69ce298 - std::panicking::try::do_call::h90d07750cb47c562
[INFO] [stdout]                                at /rustc/53fd98ca776cb875bc9e5514f56b52eb74f9e7a9/library/std/src/panicking.rs:401:40
[INFO] [stdout]   25:     0x55fbd69ce298 - std::panicking::try::h063c84733ad2a629
[INFO] [stdout]                                at /rustc/53fd98ca776cb875bc9e5514f56b52eb74f9e7a9/library/std/src/panicking.rs:365:19
[INFO] [stdout]   26:     0x55fbd69ce298 - std::panic::catch_unwind::h0c464836a84e7c08
[INFO] [stdout]                                at /rustc/53fd98ca776cb875bc9e5514f56b52eb74f9e7a9/library/std/src/panic.rs:434:14
[INFO] [stdout]   27:     0x55fbd69ce298 - test::run_test_in_process::h5cb06ef620b157fc
[INFO] [stdout]                                at /rustc/53fd98ca776cb875bc9e5514f56b52eb74f9e7a9/library/test/src/lib.rs:601:18
[INFO] [stdout]   28:     0x55fbd69ce298 - test::run_test::run_test_inner::{{closure}}::h76f677f4b93f9828
[INFO] [stdout]                                at /rustc/53fd98ca776cb875bc9e5514f56b52eb74f9e7a9/library/test/src/lib.rs:493:39
[INFO] [stdout]   29:     0x55fbd699ca2d - test::run_test::run_test_inner::{{closure}}::h366d01fe04f4d67a
[INFO] [stdout]                                at /rustc/53fd98ca776cb875bc9e5514f56b52eb74f9e7a9/library/test/src/lib.rs:520:37
[INFO] [stdout]   30:     0x55fbd699ca2d - std::sys_common::backtrace::__rust_begin_short_backtrace::h7dfa0de4eb395af2
[INFO] [stdout]                                at /rustc/53fd98ca776cb875bc9e5514f56b52eb74f9e7a9/library/std/src/sys_common/backtrace.rs:125:18
[INFO] [stdout]   31:     0x55fbd69a11f8 - std::thread::Builder::spawn_unchecked::{{closure}}::{{closure}}::hf0a74bb58798037f
[INFO] [stdout]                                at /rustc/53fd98ca776cb875bc9e5514f56b52eb74f9e7a9/library/std/src/thread/mod.rs:476:17
[INFO] [stdout]   32:     0x55fbd69a11f8 - <std::panic::AssertUnwindSafe<F> as core::ops::function::FnOnce<()>>::call_once::hb024e854818586ac
[INFO] [stdout]                                at /rustc/53fd98ca776cb875bc9e5514f56b52eb74f9e7a9/library/std/src/panic.rs:347:9
[INFO] [stdout]   33:     0x55fbd69a11f8 - std::panicking::try::do_call::hb2dd9f1d0d48e41d
[INFO] [stdout]                                at /rustc/53fd98ca776cb875bc9e5514f56b52eb74f9e7a9/library/std/src/panicking.rs:401:40
[INFO] [stdout]   34:     0x55fbd69a11f8 - std::panicking::try::h4717ae7bac8b2bf3
[INFO] [stdout]                                at /rustc/53fd98ca776cb875bc9e5514f56b52eb74f9e7a9/library/std/src/panicking.rs:365:19
[INFO] [stdout]   35:     0x55fbd69a11f8 - std::panic::catch_unwind::h0dc8a061326ce8d8
[INFO] [stdout]                                at /rustc/53fd98ca776cb875bc9e5514f56b52eb74f9e7a9/library/std/src/panic.rs:434:14
[INFO] [stdout]   36:     0x55fbd69a11f8 - std::thread::Builder::spawn_unchecked::{{closure}}::haa369e2d6fd00aa1
[INFO] [stdout]                                at /rustc/53fd98ca776cb875bc9e5514f56b52eb74f9e7a9/library/std/src/thread/mod.rs:475:30
[INFO] [stdout]   37:     0x55fbd69a11f8 - core::ops::function::FnOnce::call_once{{vtable.shim}}::h36dcf3de8b056f17
[INFO] [stdout]                                at /rustc/53fd98ca776cb875bc9e5514f56b52eb74f9e7a9/library/core/src/ops/function.rs:227:5
[INFO] [stdout]   38:     0x55fbd69f22d7 - <alloc::boxed::Box<F,A> as core::ops::function::FnOnce<Args>>::call_once::h65c29e4642be2358
[INFO] [stdout]                                at /rustc/53fd98ca776cb875bc9e5514f56b52eb74f9e7a9/library/alloc/src/boxed.rs:1572:9
[INFO] [stdout]   39:     0x55fbd69f22d7 - <alloc::boxed::Box<F,A> as core::ops::function::FnOnce<Args>>::call_once::hd0f8f7fbbd9fffbf
[INFO] [stdout]                                at /rustc/53fd98ca776cb875bc9e5514f56b52eb74f9e7a9/library/alloc/src/boxed.rs:1572:9
[INFO] [stdout]   40:     0x55fbd69f22d7 - std::sys::unix::thread::Thread::new::thread_start::h2fd22fee3ca77b65
[INFO] [stdout]                                at /rustc/53fd98ca776cb875bc9e5514f56b52eb74f9e7a9/library/std/src/sys/unix/thread.rs:74:17
[INFO] [stdout]   41:     0x7fe64bfb1609 - start_thread
[INFO] [stdout]   42:     0x7fe64bd83293 - clone
[INFO] [stdout]   43:                0x0 - <unknown>
[INFO] [stdout] 
[INFO] [stdout] 
[INFO] [stdout] failures:
[INFO] [stdout]     context::tests::debug
[INFO] [stdout] 
[INFO] [stdout] test result: FAILED. 6 passed; 1 failed; 0 ignored; 0 measured; 0 filtered out; finished in 0.02s
[INFO] [stdout] 
[INFO] running `Command { std: "docker" "inspect" "7989f0c4ffc2bc2eae2048a9a87e77de660f0d3969f91d3326e7bac8319e1d07", kill_on_drop: false }`
[INFO] running `Command { std: "docker" "rm" "-f" "7989f0c4ffc2bc2eae2048a9a87e77de660f0d3969f91d3326e7bac8319e1d07", kill_on_drop: false }`
[INFO] [stdout] 7989f0c4ffc2bc2eae2048a9a87e77de660f0d3969f91d3326e7bac8319e1d07
