[INFO] fetching crate caelum-vcdm 0.2.0...
[INFO] testing caelum-vcdm-0.2.0 against 1.54.0 for beta-1.55-1
[INFO] extracting crate caelum-vcdm 0.2.0 into /workspace/builds/worker-95/source
[INFO] validating manifest of crates.io crate caelum-vcdm 0.2.0 on toolchain 1.54.0
[INFO] running `Command { std: "/workspace/cargo-home/bin/cargo" "+1.54.0" "metadata" "--manifest-path" "Cargo.toml" "--no-deps", kill_on_drop: false }`
[INFO] started tweaking crates.io crate caelum-vcdm 0.2.0
[INFO] finished tweaking crates.io crate caelum-vcdm 0.2.0
[INFO] tweaked toml for crates.io crate caelum-vcdm 0.2.0 written to /workspace/builds/worker-95/source/Cargo.toml
[INFO] crate crates.io crate caelum-vcdm 0.2.0 already has a lockfile, it will not be regenerated
[INFO] running `Command { std: "/workspace/cargo-home/bin/cargo" "+1.54.0" "fetch" "--manifest-path" "Cargo.toml", kill_on_drop: false }`
[INFO] [stderr]     Blocking waiting for file lock on package cache
[INFO] [stderr]  Downloading crates ...
[INFO] [stderr]   Downloaded wasm-bindgen-webidl v0.2.55
[INFO] [stderr]   Downloaded ed25519-dalek v1.0.0-pre.2
[INFO] [stderr]   Downloaded subtle v2.2.1
[INFO] [stderr]   Downloaded clear_on_drop v0.2.3
[INFO] [stderr]   Downloaded curve25519-dalek v1.2.3
[INFO] [stderr]   Downloaded web-sys v0.3.32
[INFO] [stderr]   Downloaded anyhow v1.0.23
[INFO] [stderr]   Downloaded serde_test v1.0.103
[INFO] running `Command { std: "docker" "create" "-v" "/var/lib/crater-agent-workspace/builds/worker-95/target:/opt/rustwide/target:rw,Z" "-v" "/var/lib/crater-agent-workspace/builds/worker-95/source:/opt/rustwide/workdir:ro,Z" "-v" "/var/lib/crater-agent-workspace/cargo-home:/opt/rustwide/cargo-home:ro,Z" "-v" "/var/lib/crater-agent-workspace/rustup-home:/opt/rustwide/rustup-home:ro,Z" "-e" "SOURCE_DIR=/opt/rustwide/workdir" "-e" "CARGO_TARGET_DIR=/opt/rustwide/target" "-e" "CARGO_HOME=/opt/rustwide/cargo-home" "-e" "RUSTUP_HOME=/opt/rustwide/rustup-home" "-w" "/opt/rustwide/workdir" "-m" "1610612736" "--user" "0:0" "--network" "none" "ghcr.io/rust-lang/crates-build-env/linux@sha256:34b6a614d2c27851fe6cbf88fbd1137609cefab8b10d0615aaeb6fd47975d74e" "/opt/rustwide/cargo-home/bin/cargo" "+1.54.0" "metadata" "--no-deps" "--format-version=1", kill_on_drop: false }`
[INFO] [stdout] 5ed87abf9d6caa1857aa171abbecceec665e927c2cee8c9bf1c265ee2312c7d5
[INFO] running `Command { std: "docker" "start" "-a" "5ed87abf9d6caa1857aa171abbecceec665e927c2cee8c9bf1c265ee2312c7d5", kill_on_drop: false }`
[INFO] running `Command { std: "docker" "inspect" "5ed87abf9d6caa1857aa171abbecceec665e927c2cee8c9bf1c265ee2312c7d5", kill_on_drop: false }`
[INFO] running `Command { std: "docker" "rm" "-f" "5ed87abf9d6caa1857aa171abbecceec665e927c2cee8c9bf1c265ee2312c7d5", kill_on_drop: false }`
[INFO] [stdout] 5ed87abf9d6caa1857aa171abbecceec665e927c2cee8c9bf1c265ee2312c7d5
[INFO] running `Command { std: "docker" "create" "-v" "/var/lib/crater-agent-workspace/builds/worker-95/target:/opt/rustwide/target:rw,Z" "-v" "/var/lib/crater-agent-workspace/builds/worker-95/source:/opt/rustwide/workdir:ro,Z" "-v" "/var/lib/crater-agent-workspace/cargo-home:/opt/rustwide/cargo-home:ro,Z" "-v" "/var/lib/crater-agent-workspace/rustup-home:/opt/rustwide/rustup-home:ro,Z" "-e" "SOURCE_DIR=/opt/rustwide/workdir" "-e" "CARGO_TARGET_DIR=/opt/rustwide/target" "-e" "CARGO_INCREMENTAL=0" "-e" "RUST_BACKTRACE=full" "-e" "RUSTFLAGS=--cap-lints=warn" "-e" "CARGO_HOME=/opt/rustwide/cargo-home" "-e" "RUSTUP_HOME=/opt/rustwide/rustup-home" "-w" "/opt/rustwide/workdir" "-m" "1610612736" "--user" "0:0" "--network" "none" "ghcr.io/rust-lang/crates-build-env/linux@sha256:34b6a614d2c27851fe6cbf88fbd1137609cefab8b10d0615aaeb6fd47975d74e" "/opt/rustwide/cargo-home/bin/cargo" "+1.54.0" "build" "--frozen" "--message-format=json", kill_on_drop: false }`
[INFO] [stdout] c30ecf514844fc287d6efceb7c5d1cf830b721b8394ea23d21802ba352394044
[INFO] running `Command { std: "docker" "start" "-a" "c30ecf514844fc287d6efceb7c5d1cf830b721b8394ea23d21802ba352394044", kill_on_drop: false }`
[INFO] [stderr]    Compiling proc-macro2 v1.0.6
[INFO] [stderr]    Compiling unicode-xid v0.2.0
[INFO] [stderr]    Compiling syn v1.0.8
[INFO] [stderr]    Compiling autocfg v0.1.7
[INFO] [stderr]    Compiling typenum v1.11.2
[INFO] [stderr]    Compiling byteorder v1.3.2
[INFO] [stderr]    Compiling serde v1.0.103
[INFO] [stderr]    Compiling libc v0.2.65
[INFO] [stderr]    Compiling cc v1.0.47
[INFO] [stderr]    Compiling rand_core v0.4.2
[INFO] [stderr]    Compiling log v0.4.8
[INFO] [stderr]    Compiling wasm-bindgen-shared v0.2.55
[INFO] [stderr]    Compiling ryu v1.0.2
[INFO] [stderr]    Compiling semver-parser v0.7.0
[INFO] [stderr]    Compiling subtle v2.2.1
[INFO] [stderr]    Compiling itoa v0.4.4
[INFO] [stderr]    Compiling byte-tools v0.3.1
[INFO] [stderr]    Compiling bumpalo v2.6.0
[INFO] [stderr]    Compiling stdweb-internal-runtime v0.1.5
[INFO] [stderr]    Compiling wasm-bindgen v0.2.55
[INFO] [stderr]    Compiling opaque-debug v0.2.3
[INFO] [stderr]    Compiling base-x v0.2.6
[INFO] [stderr]    Compiling fake-simd v0.1.2
[INFO] [stderr]    Compiling sha1 v0.6.0
[INFO] [stderr]    Compiling failure v0.1.6
[INFO] [stderr]    Compiling discard v1.0.4
[INFO] [stderr]    Compiling hex v0.4.0
[INFO] [stderr]    Compiling rand_core v0.5.1
[INFO] [stderr]    Compiling block-padding v0.1.5
[INFO] [stderr]    Compiling semver v0.9.0
[INFO] [stderr]    Compiling rand_core v0.3.1
[INFO] [stderr]    Compiling rustc_version v0.2.3
[INFO] [stderr]    Compiling indexmap v1.3.0
[INFO] [stderr]    Compiling num-traits v0.2.10
[INFO] [stderr]    Compiling num-integer v0.1.41
[INFO] [stderr]    Compiling iovec v0.1.4
[INFO] [stderr]    Compiling rand_os v0.1.3
[INFO] [stderr]    Compiling time v0.1.42
[INFO] [stderr]    Compiling clear_on_drop v0.2.3
[INFO] [stderr]    Compiling quote v1.0.2
[INFO] [stderr]    Compiling stdweb v0.4.20
[INFO] [stderr]    Compiling bytes v0.4.12
[INFO] [stderr]    Compiling base64 v0.10.1
[INFO] [stderr]    Compiling generic-array v0.12.3
[INFO] [stderr]    Compiling digest v0.8.1
[INFO] [stderr]    Compiling block-buffer v0.7.3
[INFO] [stderr]    Compiling sha2 v0.8.0
[INFO] [stderr]    Compiling curve25519-dalek v1.2.3
[INFO] [stderr]    Compiling chrono v0.4.10
[INFO] [stderr]    Compiling ed25519-dalek v1.0.0-pre.2
[INFO] [stderr]    Compiling wasm-bindgen-backend v0.2.55
[INFO] [stderr]    Compiling serde_derive v1.0.103
[INFO] [stderr]    Compiling wasm-bindgen-macro-support v0.2.55
[INFO] [stderr]    Compiling wasm-bindgen-macro v0.2.55
[INFO] [stderr]    Compiling serde_json v1.0.42
[INFO] [stderr]    Compiling serde_test v1.0.103
[INFO] [stderr]    Compiling stdweb-derive v0.5.3
[INFO] [stderr]    Compiling linked-hash-map v0.5.2
[INFO] [stderr]    Compiling stdweb-internal-macros v0.2.9
[INFO] [stderr]    Compiling caelum-vcdm v0.2.0 (/opt/rustwide/workdir)
[INFO] [stderr]     Finished dev [unoptimized + debuginfo] target(s) in 46.11s
[INFO] running `Command { std: "docker" "inspect" "c30ecf514844fc287d6efceb7c5d1cf830b721b8394ea23d21802ba352394044", kill_on_drop: false }`
[INFO] running `Command { std: "docker" "rm" "-f" "c30ecf514844fc287d6efceb7c5d1cf830b721b8394ea23d21802ba352394044", kill_on_drop: false }`
[INFO] [stdout] c30ecf514844fc287d6efceb7c5d1cf830b721b8394ea23d21802ba352394044
[INFO] running `Command { std: "docker" "create" "-v" "/var/lib/crater-agent-workspace/builds/worker-95/target:/opt/rustwide/target:rw,Z" "-v" "/var/lib/crater-agent-workspace/builds/worker-95/source:/opt/rustwide/workdir:ro,Z" "-v" "/var/lib/crater-agent-workspace/cargo-home:/opt/rustwide/cargo-home:ro,Z" "-v" "/var/lib/crater-agent-workspace/rustup-home:/opt/rustwide/rustup-home:ro,Z" "-e" "SOURCE_DIR=/opt/rustwide/workdir" "-e" "CARGO_TARGET_DIR=/opt/rustwide/target" "-e" "CARGO_INCREMENTAL=0" "-e" "RUST_BACKTRACE=full" "-e" "RUSTFLAGS=--cap-lints=warn" "-e" "CARGO_HOME=/opt/rustwide/cargo-home" "-e" "RUSTUP_HOME=/opt/rustwide/rustup-home" "-w" "/opt/rustwide/workdir" "-m" "1610612736" "--user" "0:0" "--network" "none" "ghcr.io/rust-lang/crates-build-env/linux@sha256:34b6a614d2c27851fe6cbf88fbd1137609cefab8b10d0615aaeb6fd47975d74e" "/opt/rustwide/cargo-home/bin/cargo" "+1.54.0" "test" "--frozen" "--no-run" "--message-format=json", kill_on_drop: false }`
[INFO] [stdout] 91c501845da3c7550a01d9d517c4d747124a892e64cbf41de55e627e8fc78819
[INFO] running `Command { std: "docker" "start" "-a" "91c501845da3c7550a01d9d517c4d747124a892e64cbf41de55e627e8fc78819", kill_on_drop: false }`
[INFO] [stderr]    Compiling futures v0.1.29
[INFO] [stderr]    Compiling wasm-bindgen-test-macro v0.2.50
[INFO] [stderr]    Compiling js-sys v0.3.32
[INFO] [stderr]    Compiling console_error_panic_hook v0.1.6
[INFO] [stderr]    Compiling wasm-bindgen-futures v0.3.27
[INFO] [stderr]    Compiling wasm-bindgen-test v0.2.50
[INFO] [stderr]    Compiling caelum-vcdm v0.2.0 (/opt/rustwide/workdir)
[INFO] [stderr]     Finished test [unoptimized + debuginfo] target(s) in 6.38s
[INFO] running `Command { std: "docker" "inspect" "91c501845da3c7550a01d9d517c4d747124a892e64cbf41de55e627e8fc78819", kill_on_drop: false }`
[INFO] running `Command { std: "docker" "rm" "-f" "91c501845da3c7550a01d9d517c4d747124a892e64cbf41de55e627e8fc78819", kill_on_drop: false }`
[INFO] [stdout] 91c501845da3c7550a01d9d517c4d747124a892e64cbf41de55e627e8fc78819
[INFO] running `Command { std: "docker" "create" "-v" "/var/lib/crater-agent-workspace/builds/worker-95/target:/opt/rustwide/target:rw,Z" "-v" "/var/lib/crater-agent-workspace/builds/worker-95/source:/opt/rustwide/workdir:ro,Z" "-v" "/var/lib/crater-agent-workspace/cargo-home:/opt/rustwide/cargo-home:ro,Z" "-v" "/var/lib/crater-agent-workspace/rustup-home:/opt/rustwide/rustup-home:ro,Z" "-e" "SOURCE_DIR=/opt/rustwide/workdir" "-e" "CARGO_TARGET_DIR=/opt/rustwide/target" "-e" "CARGO_INCREMENTAL=0" "-e" "RUST_BACKTRACE=full" "-e" "RUSTFLAGS=--cap-lints=warn" "-e" "CARGO_HOME=/opt/rustwide/cargo-home" "-e" "RUSTUP_HOME=/opt/rustwide/rustup-home" "-w" "/opt/rustwide/workdir" "-m" "1610612736" "--user" "0:0" "--network" "none" "ghcr.io/rust-lang/crates-build-env/linux@sha256:34b6a614d2c27851fe6cbf88fbd1137609cefab8b10d0615aaeb6fd47975d74e" "/opt/rustwide/cargo-home/bin/cargo" "+1.54.0" "test" "--frozen", kill_on_drop: false }`
[INFO] [stdout] c724923d9f2370a1b201523ce29f327abf43a21a85d1fc84e9e89f315e420d49
[INFO] running `Command { std: "docker" "start" "-a" "c724923d9f2370a1b201523ce29f327abf43a21a85d1fc84e9e89f315e420d49", kill_on_drop: false }`
[INFO] [stderr]     Finished test [unoptimized + debuginfo] target(s) in 0.05s
[INFO] [stderr]      Running unittests (/opt/rustwide/target/debug/deps/caelum_vcdm-4f955aab8597ab92)
[INFO] [stdout] 
[INFO] [stdout] running 16 tests
[INFO] [stdout] test claims::tests::test_claim_basic ... ok
[INFO] [stdout] test proofs::non_revocation_proof::tests::test_zenroom_proof ... ok
[INFO] [stdout] test proofs::non_revocation_proof::tests::test_non_revocation_proof ... ok
[INFO] [stdout] test proofs::non_revocation_proof::tests::test_zenroom_signature ... ok
[INFO] [stdout] test utils::tests::test_architecture_guard_headers ... ok
[INFO] [stdout] test utils::tests::test_create_hash ... ok
[INFO] [stdout] test utils::tests::test_create_u8a_hash ... ok
[INFO] [stdout] test utils::tests::test_get_utc_time ... ok
[INFO] [stdout] test utils::tests::test_hex_to_u8a ... ok
[INFO] [stdout] test utils::tests::test_u8a_to_hex ... ok
[INFO] [stdout] test verifiable_credential::tests::test_default_behavior ... ok
[INFO] [stdout] test verifiable_credential::tests::test_basic_behavior ... ok
[INFO] [stdout] test claims::credential_subject::tests::test_ordered_hashmap ... FAILED
[INFO] [stdout] test claims::tests::test_claim_sign ... FAILED
[INFO] [stdout] test claims::tests::test_verify_claim ... FAILED
[INFO] [stdout] test proofs::proof::tests::test_proof_from_claim_and_keys ... FAILED
[INFO] [stdout] 
[INFO] [stdout] failures:
[INFO] [stdout] 
[INFO] [stdout] ---- claims::credential_subject::tests::test_ordered_hashmap stdout ----
[INFO] [stdout] thread 'claims::credential_subject::tests::test_ordered_hashmap' panicked at 'attempted to leave type `linked_hash_map::Node<std::string::String, std::string::String>` uninitialized, which is invalid', /rustc/a178d0322ce20e33eac124758e837cbd80a6f633/library/core/src/mem/mod.rs:660:9
[INFO] [stdout] stack backtrace:
[INFO] [stdout]    0:     0x55db5663f690 - std::backtrace_rs::backtrace::libunwind::trace::h34055254b57d8e79
[INFO] [stdout]                                at /rustc/a178d0322ce20e33eac124758e837cbd80a6f633/library/std/src/../../backtrace/src/backtrace/libunwind.rs:90:5
[INFO] [stdout]    1:     0x55db5663f690 - std::backtrace_rs::backtrace::trace_unsynchronized::h8f1e3fbd9afff6ec
[INFO] [stdout]                                at /rustc/a178d0322ce20e33eac124758e837cbd80a6f633/library/std/src/../../backtrace/src/backtrace/mod.rs:66:5
[INFO] [stdout]    2:     0x55db5663f690 - std::sys_common::backtrace::_print_fmt::h3a99a796b770c360
[INFO] [stdout]                                at /rustc/a178d0322ce20e33eac124758e837cbd80a6f633/library/std/src/sys_common/backtrace.rs:67:5
[INFO] [stdout]    3:     0x55db5663f690 - <std::sys_common::backtrace::_print::DisplayBacktrace as core::fmt::Display>::fmt::h32d1f94a80615d18
[INFO] [stdout]                                at /rustc/a178d0322ce20e33eac124758e837cbd80a6f633/library/std/src/sys_common/backtrace.rs:46:22
[INFO] [stdout]    4:     0x55db566621ac - core::fmt::write::h306731c068f7162c
[INFO] [stdout]                                at /rustc/a178d0322ce20e33eac124758e837cbd80a6f633/library/core/src/fmt/mod.rs:1110:17
[INFO] [stdout]    5:     0x55db5663c5b5 - std::io::Write::write_fmt::h87f19b0a2cd190bc
[INFO] [stdout]                                at /rustc/a178d0322ce20e33eac124758e837cbd80a6f633/library/std/src/io/mod.rs:1588:15
[INFO] [stdout]    6:     0x55db566417fb - std::sys_common::backtrace::_print::h5abaa2601a852287
[INFO] [stdout]                                at /rustc/a178d0322ce20e33eac124758e837cbd80a6f633/library/std/src/sys_common/backtrace.rs:49:5
[INFO] [stdout]    7:     0x55db566417fb - std::sys_common::backtrace::print::h8d81445442bb638f
[INFO] [stdout]                                at /rustc/a178d0322ce20e33eac124758e837cbd80a6f633/library/std/src/sys_common/backtrace.rs:36:9
[INFO] [stdout]    8:     0x55db566417fb - std::panicking::default_hook::{{closure}}::hcfe804496a9fa747
[INFO] [stdout]                                at /rustc/a178d0322ce20e33eac124758e837cbd80a6f633/library/std/src/panicking.rs:208:50
[INFO] [stdout]    9:     0x55db5664130c - std::panicking::default_hook::hbea8e3ccf2ba8901
[INFO] [stdout]                                at /rustc/a178d0322ce20e33eac124758e837cbd80a6f633/library/std/src/panicking.rs:222:9
[INFO] [stdout]   10:     0x55db56641ec4 - std::panicking::rust_panic_with_hook::h7ee9e1a2d0f8975a
[INFO] [stdout]                                at /rustc/a178d0322ce20e33eac124758e837cbd80a6f633/library/std/src/panicking.rs:622:17
[INFO] [stdout]   11:     0x55db56641977 - std::panicking::begin_panic_handler::{{closure}}::h8ab3b4491718b2c7
[INFO] [stdout]                                at /rustc/a178d0322ce20e33eac124758e837cbd80a6f633/library/std/src/panicking.rs:517:13
[INFO] [stdout]   12:     0x55db5663fb8c - std::sys_common::backtrace::__rust_end_short_backtrace::hd489062ffa586a9f
[INFO] [stdout]                                at /rustc/a178d0322ce20e33eac124758e837cbd80a6f633/library/std/src/sys_common/backtrace.rs:141:18
[INFO] [stdout]   13:     0x55db56641909 - rust_begin_unwind
[INFO] [stdout]                                at /rustc/a178d0322ce20e33eac124758e837cbd80a6f633/library/std/src/panicking.rs:515:5
[INFO] [stdout]   14:     0x55db56537651 - core::panicking::panic_fmt::hca6330e3e14086b4
[INFO] [stdout]                                at /rustc/a178d0322ce20e33eac124758e837cbd80a6f633/library/core/src/panicking.rs:92:14
[INFO] [stdout]   15:     0x55db5653759d - core::panicking::panic::h1a48d878ff3dcd40
[INFO] [stdout]                                at /rustc/a178d0322ce20e33eac124758e837cbd80a6f633/library/core/src/panicking.rs:50:5
[INFO] [stdout]   16:     0x55db56564c86 - core::mem::uninitialized::hbf1aeaf2393ff380
[INFO] [stdout]                                at /rustc/a178d0322ce20e33eac124758e837cbd80a6f633/library/core/src/mem/mod.rs:660:9
[INFO] [stdout]   17:     0x55db56564c86 - linked_hash_map::LinkedHashMap<K,V,S>::ensure_guard_node::h11a2ee964e3a9baf
[INFO] [stdout]                                at /opt/rustwide/cargo-home/registry/src/github.com-1ecc6299db9ec823/linked-hash-map-0.5.2/src/lib.rs:174:52
[INFO] [stdout]   18:     0x55db56564ea8 - linked_hash_map::LinkedHashMap<K,V,S>::insert::hbb7dae5920d609c5
[INFO] [stdout]                                at /opt/rustwide/cargo-home/registry/src/github.com-1ecc6299db9ec823/linked-hash-map-0.5.2/src/lib.rs:304:9
[INFO] [stdout]   19:     0x55db56561094 - <linked_hash_map::serde::LinkedHashMapVisitor<K,V> as serde::de::Visitor>::visit_map::h75a9c1b32502f8ee
[INFO] [stdout]                                at /opt/rustwide/cargo-home/registry/src/github.com-1ecc6299db9ec823/linked-hash-map-0.5.2/src/serde.rs:78:13
[INFO] [stdout]   20:     0x55db565938d3 - <serde::private::de::FlatMapDeserializer<E> as serde::de::Deserializer>::deserialize_map::h91ffefed1bcd1505
[INFO] [stdout]                                at /opt/rustwide/cargo-home/registry/src/github.com-1ecc6299db9ec823/serde-1.0.103/src/private/de.rs:2730:9
[INFO] [stdout]   21:     0x55db565653fb - linked_hash_map::serde::<impl serde::de::Deserialize for linked_hash_map::LinkedHashMap<K,V>>::deserialize::h47ca1883b0c63254
[INFO] [stdout]                                at /opt/rustwide/cargo-home/registry/src/github.com-1ecc6299db9ec823/linked-hash-map-0.5.2/src/serde.rs:92:9
[INFO] [stdout]   22:     0x55db56561a55 - <caelum_vcdm::claims::credential_subject::_IMPL_DESERIALIZE_FOR_CredSubject::<impl serde::de::Deserialize for caelum_vcdm::claims::credential_subject::CredSubject>::deserialize::__Visitor as serde::de::Visitor>::visit_map::h076234ff4338e233
[INFO] [stdout]                                at /opt/rustwide/workdir/src/claims/credential_subject.rs:6:21
[INFO] [stdout]   23:     0x55db565453ea - <&mut serde_json::de::Deserializer<R> as serde::de::Deserializer>::deserialize_map::ha6259752d63a922c
[INFO] [stdout]                                at /opt/rustwide/cargo-home/registry/src/github.com-1ecc6299db9ec823/serde_json-1.0.42/src/de.rs:1576:31
[INFO] [stdout]   24:     0x55db56561685 - caelum_vcdm::claims::credential_subject::_IMPL_DESERIALIZE_FOR_CredSubject::<impl serde::de::Deserialize for caelum_vcdm::claims::credential_subject::CredSubject>::deserialize::h795676b0564046c1
[INFO] [stdout]                                at /opt/rustwide/workdir/src/claims/credential_subject.rs:6:21
[INFO] [stdout]   25:     0x55db5653834d - serde_json::de::from_trait::h7b8c60609e23abf4
[INFO] [stdout]                                at /opt/rustwide/cargo-home/registry/src/github.com-1ecc6299db9ec823/serde_json-1.0.42/src/de.rs:2180:22
[INFO] [stdout]   26:     0x55db5653a4a0 - serde_json::de::from_str::h94a52d0d0f1098b0
[INFO] [stdout]                                at /opt/rustwide/cargo-home/registry/src/github.com-1ecc6299db9ec823/serde_json-1.0.42/src/de.rs:2379:5
[INFO] [stdout]   27:     0x55db565890dd - caelum_vcdm::claims::credential_subject::tests::test_ordered_hashmap::h647fb12f3f4ba44b
[INFO] [stdout]                                at /opt/rustwide/workdir/src/claims/credential_subject.rs:40:30
[INFO] [stdout]   28:     0x55db565890aa - caelum_vcdm::claims::credential_subject::tests::test_ordered_hashmap::{{closure}}::hd498ca9137fb50e5
[INFO] [stdout]                                at /opt/rustwide/workdir/src/claims/credential_subject.rs:39:5
[INFO] [stdout]   29:     0x55db5656627e - core::ops::function::FnOnce::call_once::ha1400e4290f187ee
[INFO] [stdout]                                at /rustc/a178d0322ce20e33eac124758e837cbd80a6f633/library/core/src/ops/function.rs:227:5
[INFO] [stdout]   30:     0x55db565bbc93 - core::ops::function::FnOnce::call_once::h152e7e439ff59e19
[INFO] [stdout]                                at /rustc/a178d0322ce20e33eac124758e837cbd80a6f633/library/core/src/ops/function.rs:227:5
[INFO] [stdout]   31:     0x55db565bbc93 - test::__rust_begin_short_backtrace::h0908f3b1fdbb72ab
[INFO] [stdout]                                at /rustc/a178d0322ce20e33eac124758e837cbd80a6f633/library/test/src/lib.rs:577:5
[INFO] [stdout]   32:     0x55db565ba750 - <alloc::boxed::Box<F,A> as core::ops::function::FnOnce<Args>>::call_once::hf6d2a51e5587546c
[INFO] [stdout]                                at /rustc/a178d0322ce20e33eac124758e837cbd80a6f633/library/alloc/src/boxed.rs:1575:9
[INFO] [stdout]   33:     0x55db565ba750 - <std::panic::AssertUnwindSafe<F> as core::ops::function::FnOnce<()>>::call_once::h8af660f3a89ef593
[INFO] [stdout]                                at /rustc/a178d0322ce20e33eac124758e837cbd80a6f633/library/std/src/panic.rs:347:9
[INFO] [stdout]   34:     0x55db565ba750 - std::panicking::try::do_call::hd36aef60f84b6d36
[INFO] [stdout]                                at /rustc/a178d0322ce20e33eac124758e837cbd80a6f633/library/std/src/panicking.rs:401:40
[INFO] [stdout]   35:     0x55db565ba750 - std::panicking::try::h9932b4480e69817c
[INFO] [stdout]                                at /rustc/a178d0322ce20e33eac124758e837cbd80a6f633/library/std/src/panicking.rs:365:19
[INFO] [stdout]   36:     0x55db565ba750 - std::panic::catch_unwind::h6aa177099cfff5f8
[INFO] [stdout]                                at /rustc/a178d0322ce20e33eac124758e837cbd80a6f633/library/std/src/panic.rs:434:14
[INFO] [stdout]   37:     0x55db565ba750 - test::run_test_in_process::h5884d6f2d99e20c3
[INFO] [stdout]                                at /rustc/a178d0322ce20e33eac124758e837cbd80a6f633/library/test/src/lib.rs:600:18
[INFO] [stdout]   38:     0x55db565ba750 - test::run_test::run_test_inner::{{closure}}::h6fdc58c6d5f5b6e3
[INFO] [stdout]                                at /rustc/a178d0322ce20e33eac124758e837cbd80a6f633/library/test/src/lib.rs:492:39
[INFO] [stdout]   39:     0x55db56593e02 - test::run_test::run_test_inner::{{closure}}::h408365d67a78ade8
[INFO] [stdout]                                at /rustc/a178d0322ce20e33eac124758e837cbd80a6f633/library/test/src/lib.rs:519:37
[INFO] [stdout]   40:     0x55db56593e02 - std::sys_common::backtrace::__rust_begin_short_backtrace::hb560b77c4f701523
[INFO] [stdout]                                at /rustc/a178d0322ce20e33eac124758e837cbd80a6f633/library/std/src/sys_common/backtrace.rs:125:18
[INFO] [stderr] error: test failed, to rerun pass '--lib'
[INFO] [stdout]   41:     0x55db565979b8 - std::thread::Builder::spawn_unchecked::{{closure}}::{{closure}}::hf2e7831dad93c597
[INFO] [stdout]                                at /rustc/a178d0322ce20e33eac124758e837cbd80a6f633/library/std/src/thread/mod.rs:481:17
[INFO] [stdout]   42:     0x55db565979b8 - <std::panic::AssertUnwindSafe<F> as core::ops::function::FnOnce<()>>::call_once::hd2e08783d8be4d02
[INFO] [stdout]                                at /rustc/a178d0322ce20e33eac124758e837cbd80a6f633/library/std/src/panic.rs:347:9
[INFO] [stdout]   43:     0x55db565979b8 - std::panicking::try::do_call::h062597b7acfd6b82
[INFO] [stdout]                                at /rustc/a178d0322ce20e33eac124758e837cbd80a6f633/library/std/src/panicking.rs:401:40
[INFO] [stdout]   44:     0x55db565979b8 - std::panicking::try::h0d7b79db04c14552
[INFO] [stdout]                                at /rustc/a178d0322ce20e33eac124758e837cbd80a6f633/library/std/src/panicking.rs:365:19
[INFO] [stdout]   45:     0x55db565979b8 - std::panic::catch_unwind::hb01a0b5e7c8cd43b
[INFO] [stdout]                                at /rustc/a178d0322ce20e33eac124758e837cbd80a6f633/library/std/src/panic.rs:434:14
[INFO] [stdout]   46:     0x55db565979b8 - std::thread::Builder::spawn_unchecked::{{closure}}::h5bde48cc887e0d1e
[INFO] [stdout]                                at /rustc/a178d0322ce20e33eac124758e837cbd80a6f633/library/std/src/thread/mod.rs:480:30
[INFO] [stdout]   47:     0x55db565979b8 - core::ops::function::FnOnce::call_once{{vtable.shim}}::h745ea30807a29e55
[INFO] [stdout]                                at /rustc/a178d0322ce20e33eac124758e837cbd80a6f633/library/core/src/ops/function.rs:227:5
[INFO] [stdout]   48:     0x55db56646987 - <alloc::boxed::Box<F,A> as core::ops::function::FnOnce<Args>>::call_once::h7ece6cfefaff1005
[INFO] [stdout]                                at /rustc/a178d0322ce20e33eac124758e837cbd80a6f633/library/alloc/src/boxed.rs:1575:9
[INFO] [stdout]   49:     0x55db56646987 - <alloc::boxed::Box<F,A> as core::ops::function::FnOnce<Args>>::call_once::hb8b48e55c21f193e
[INFO] [stdout]                                at /rustc/a178d0322ce20e33eac124758e837cbd80a6f633/library/alloc/src/boxed.rs:1575:9
[INFO] [stdout]   50:     0x55db56646987 - std::sys::unix::thread::Thread::new::thread_start::h8c7c4450dba62914
[INFO] [stdout]                                at /rustc/a178d0322ce20e33eac124758e837cbd80a6f633/library/std/src/sys/unix/thread.rs:71:17
[INFO] [stdout]   51:     0x7f4e527bd609 - start_thread
[INFO] [stdout]   52:     0x7f4e5258f293 - clone
[INFO] [stdout]   53:                0x0 - <unknown>
[INFO] [stdout] 
[INFO] [stdout] ---- claims::tests::test_claim_sign stdout ----
[INFO] [stdout] thread 'claims::tests::test_claim_sign' panicked at 'attempted to leave type `linked_hash_map::Node<std::string::String, std::string::String>` uninitialized, which is invalid', /rustc/a178d0322ce20e33eac124758e837cbd80a6f633/library/core/src/mem/mod.rs:660:9
[INFO] [stdout] stack backtrace:
[INFO] [stdout]    0:     0x55db5663f690 - std::backtrace_rs::backtrace::libunwind::trace::h34055254b57d8e79
[INFO] [stdout]                                at /rustc/a178d0322ce20e33eac124758e837cbd80a6f633/library/std/src/../../backtrace/src/backtrace/libunwind.rs:90:5
[INFO] [stdout]    1:     0x55db5663f690 - std::backtrace_rs::backtrace::trace_unsynchronized::h8f1e3fbd9afff6ec
[INFO] [stdout]                                at /rustc/a178d0322ce20e33eac124758e837cbd80a6f633/library/std/src/../../backtrace/src/backtrace/mod.rs:66:5
[INFO] [stdout]    2:     0x55db5663f690 - std::sys_common::backtrace::_print_fmt::h3a99a796b770c360
[INFO] [stdout]                                at /rustc/a178d0322ce20e33eac124758e837cbd80a6f633/library/std/src/sys_common/backtrace.rs:67:5
[INFO] [stdout]    3:     0x55db5663f690 - <std::sys_common::backtrace::_print::DisplayBacktrace as core::fmt::Display>::fmt::h32d1f94a80615d18
[INFO] [stdout]                                at /rustc/a178d0322ce20e33eac124758e837cbd80a6f633/library/std/src/sys_common/backtrace.rs:46:22
[INFO] [stdout]    4:     0x55db566621ac - core::fmt::write::h306731c068f7162c
[INFO] [stdout]                                at /rustc/a178d0322ce20e33eac124758e837cbd80a6f633/library/core/src/fmt/mod.rs:1110:17
[INFO] [stdout]    5:     0x55db5663c5b5 - std::io::Write::write_fmt::h87f19b0a2cd190bc
[INFO] [stdout]                                at /rustc/a178d0322ce20e33eac124758e837cbd80a6f633/library/std/src/io/mod.rs:1588:15
[INFO] [stdout]    6:     0x55db566417fb - std::sys_common::backtrace::_print::h5abaa2601a852287
[INFO] [stdout]                                at /rustc/a178d0322ce20e33eac124758e837cbd80a6f633/library/std/src/sys_common/backtrace.rs:49:5
[INFO] [stdout]    7:     0x55db566417fb - std::sys_common::backtrace::print::h8d81445442bb638f
[INFO] [stdout]                                at /rustc/a178d0322ce20e33eac124758e837cbd80a6f633/library/std/src/sys_common/backtrace.rs:36:9
[INFO] [stdout]    8:     0x55db566417fb - std::panicking::default_hook::{{closure}}::hcfe804496a9fa747
[INFO] [stdout]                                at /rustc/a178d0322ce20e33eac124758e837cbd80a6f633/library/std/src/panicking.rs:208:50
[INFO] [stdout]    9:     0x55db5664130c - std::panicking::default_hook::hbea8e3ccf2ba8901
[INFO] [stdout]                                at /rustc/a178d0322ce20e33eac124758e837cbd80a6f633/library/std/src/panicking.rs:222:9
[INFO] [stdout]   10:     0x55db56641ec4 - std::panicking::rust_panic_with_hook::h7ee9e1a2d0f8975a
[INFO] [stdout]                                at /rustc/a178d0322ce20e33eac124758e837cbd80a6f633/library/std/src/panicking.rs:622:17
[INFO] [stdout]   11:     0x55db56641977 - std::panicking::begin_panic_handler::{{closure}}::h8ab3b4491718b2c7
[INFO] [stdout]                                at /rustc/a178d0322ce20e33eac124758e837cbd80a6f633/library/std/src/panicking.rs:517:13
[INFO] [stdout]   12:     0x55db5663fb8c - std::sys_common::backtrace::__rust_end_short_backtrace::hd489062ffa586a9f
[INFO] [stdout]                                at /rustc/a178d0322ce20e33eac124758e837cbd80a6f633/library/std/src/sys_common/backtrace.rs:141:18
[INFO] [stdout]   13:     0x55db56641909 - rust_begin_unwind
[INFO] [stdout]                                at /rustc/a178d0322ce20e33eac124758e837cbd80a6f633/library/std/src/panicking.rs:515:5
[INFO] [stdout]   14:     0x55db56537651 - core::panicking::panic_fmt::hca6330e3e14086b4
[INFO] [stdout]                                at /rustc/a178d0322ce20e33eac124758e837cbd80a6f633/library/core/src/panicking.rs:92:14
[INFO] [stdout]   15:     0x55db5653759d - core::panicking::panic::h1a48d878ff3dcd40
[INFO] [stdout]                                at /rustc/a178d0322ce20e33eac124758e837cbd80a6f633/library/core/src/panicking.rs:50:5
[INFO] [stdout]   16:     0x55db56564c86 - core::mem::uninitialized::hbf1aeaf2393ff380
[INFO] [stdout]                                at /rustc/a178d0322ce20e33eac124758e837cbd80a6f633/library/core/src/mem/mod.rs:660:9
[INFO] [stdout]   17:     0x55db56564c86 - linked_hash_map::LinkedHashMap<K,V,S>::ensure_guard_node::h11a2ee964e3a9baf
[INFO] [stdout]                                at /opt/rustwide/cargo-home/registry/src/github.com-1ecc6299db9ec823/linked-hash-map-0.5.2/src/lib.rs:174:52
[INFO] [stdout]   18:     0x55db56564ea8 - linked_hash_map::LinkedHashMap<K,V,S>::insert::hbb7dae5920d609c5
[INFO] [stdout]                                at /opt/rustwide/cargo-home/registry/src/github.com-1ecc6299db9ec823/linked-hash-map-0.5.2/src/lib.rs:304:9
[INFO] [stdout]   19:     0x55db56561094 - <linked_hash_map::serde::LinkedHashMapVisitor<K,V> as serde::de::Visitor>::visit_map::h75a9c1b32502f8ee
[INFO] [stdout]                                at /opt/rustwide/cargo-home/registry/src/github.com-1ecc6299db9ec823/linked-hash-map-0.5.2/src/serde.rs:78:13
[INFO] [stdout]   20:     0x55db565938d3 - <serde::private::de::FlatMapDeserializer<E> as serde::de::Deserializer>::deserialize_map::h91ffefed1bcd1505
[INFO] [stdout]                                at /opt/rustwide/cargo-home/registry/src/github.com-1ecc6299db9ec823/serde-1.0.103/src/private/de.rs:2730:9
[INFO] [stdout]   21:     0x55db565653fb - linked_hash_map::serde::<impl serde::de::Deserialize for linked_hash_map::LinkedHashMap<K,V>>::deserialize::h47ca1883b0c63254
[INFO] [stdout]                                at /opt/rustwide/cargo-home/registry/src/github.com-1ecc6299db9ec823/linked-hash-map-0.5.2/src/serde.rs:92:9
[INFO] [stdout]   22:     0x55db56561a55 - <caelum_vcdm::claims::credential_subject::_IMPL_DESERIALIZE_FOR_CredSubject::<impl serde::de::Deserialize for caelum_vcdm::claims::credential_subject::CredSubject>::deserialize::__Visitor as serde::de::Visitor>::visit_map::h076234ff4338e233
[INFO] [stdout]                                at /opt/rustwide/workdir/src/claims/credential_subject.rs:6:21
[INFO] [stdout]   23:     0x55db565453ea - <&mut serde_json::de::Deserializer<R> as serde::de::Deserializer>::deserialize_map::ha6259752d63a922c
[INFO] [stdout]                                at /opt/rustwide/cargo-home/registry/src/github.com-1ecc6299db9ec823/serde_json-1.0.42/src/de.rs:1576:31
[INFO] [stdout]   24:     0x55db56561685 - caelum_vcdm::claims::credential_subject::_IMPL_DESERIALIZE_FOR_CredSubject::<impl serde::de::Deserialize for caelum_vcdm::claims::credential_subject::CredSubject>::deserialize::h795676b0564046c1
[INFO] [stdout]                                at /opt/rustwide/workdir/src/claims/credential_subject.rs:6:21
[INFO] [stdout]   25:     0x55db5657dab5 - <core::marker::PhantomData<T> as serde::de::DeserializeSeed>::deserialize::h83836a605776adec
[INFO] [stdout]                                at /opt/rustwide/cargo-home/registry/src/github.com-1ecc6299db9ec823/serde-1.0.103/src/de/mod.rs:786:9
[INFO] [stdout]   26:     0x55db5654286f - <serde_json::de::SeqAccess<R> as serde::de::SeqAccess>::next_element_seed::h9514f9f58b2b64d5
[INFO] [stdout]                                at /opt/rustwide/cargo-home/registry/src/github.com-1ecc6299db9ec823/serde_json-1.0.42/src/de.rs:1735:37
[INFO] [stdout]   27:     0x55db5653aea6 - serde::de::SeqAccess::next_element::hed2f6087a9c3c139
[INFO] [stdout]                                at /opt/rustwide/cargo-home/registry/src/github.com-1ecc6299db9ec823/serde-1.0.103/src/de/mod.rs:1708:9
[INFO] [stdout]   28:     0x55db5655e7f3 - <serde::de::impls::<impl serde::de::Deserialize for alloc::vec::Vec<T>>::deserialize::VecVisitor<T> as serde::de::Visitor>::visit_seq::hbe353cbaec73d585
[INFO] [stdout]                                at /opt/rustwide/cargo-home/registry/src/github.com-1ecc6299db9ec823/serde-1.0.103/src/de/impls.rs:866:46
[INFO] [stdout]   29:     0x55db5654633a - <&mut serde_json::de::Deserializer<R> as serde::de::Deserializer>::deserialize_seq::h03bf4a4cff285fe9
[INFO] [stdout]                                at /opt/rustwide/cargo-home/registry/src/github.com-1ecc6299db9ec823/serde_json-1.0.42/src/de.rs:1525:31
[INFO] [stdout]   30:     0x55db56570565 - serde::de::impls::<impl serde::de::Deserialize for alloc::vec::Vec<T>>::deserialize::hdd342ba05bfd1766
[INFO] [stdout]                                at /opt/rustwide/cargo-home/registry/src/github.com-1ecc6299db9ec823/serde-1.0.103/src/de/impls.rs:877:9
[INFO] [stdout]   31:     0x55db5657d955 - <core::marker::PhantomData<T> as serde::de::DeserializeSeed>::deserialize::h439f3d102a00c7fc
[INFO] [stdout]                                at /opt/rustwide/cargo-home/registry/src/github.com-1ecc6299db9ec823/serde-1.0.103/src/de/mod.rs:786:9
[INFO] [stdout]   32:     0x55db5653e228 - <serde_json::de::MapAccess<R> as serde::de::MapAccess>::next_value_seed::haa41056b78dbe09b
[INFO] [stdout]                                at /opt/rustwide/cargo-home/registry/src/github.com-1ecc6299db9ec823/serde_json-1.0.42/src/de.rs:1797:9
[INFO] [stdout]   33:     0x55db5653a606 - serde::de::MapAccess::next_value::h95deee6726f7d260
[INFO] [stdout]                                at /opt/rustwide/cargo-home/registry/src/github.com-1ecc6299db9ec823/serde-1.0.103/src/de/mod.rs:1847:9
[INFO] [stdout]   34:     0x55db56556fd5 - <caelum_vcdm::claims::_IMPL_DESERIALIZE_FOR_Claim::<impl serde::de::Deserialize for caelum_vcdm::claims::Claim>::deserialize::__Visitor as serde::de::Visitor>::visit_map::hc9a4afe56666d3bb
[INFO] [stdout]                                at /opt/rustwide/workdir/src/claims/mod.rs:17:21
[INFO] [stdout]   35:     0x55db5654d424 - <&mut serde_json::de::Deserializer<R> as serde::de::Deserializer>::deserialize_struct::hc6911630bd8f7ddd
[INFO] [stdout]                                at /opt/rustwide/cargo-home/registry/src/github.com-1ecc6299db9ec823/serde_json-1.0.42/src/de.rs:1624:31
[INFO] [stdout]   36:     0x55db56554e7f - caelum_vcdm::claims::_IMPL_DESERIALIZE_FOR_Claim::<impl serde::de::Deserialize for caelum_vcdm::claims::Claim>::deserialize::h2aba807bf1c87ecd
[INFO] [stdout]                                at /opt/rustwide/workdir/src/claims/mod.rs:17:21
[INFO] [stdout]   37:     0x55db565387ed - serde_json::de::from_trait::hb294686baf52392b
[INFO] [stdout]                                at /opt/rustwide/cargo-home/registry/src/github.com-1ecc6299db9ec823/serde_json-1.0.42/src/de.rs:2180:22
[INFO] [stdout]   38:     0x55db5653a3e0 - serde_json::de::from_str::h62efa01b725c9330
[INFO] [stdout]                                at /opt/rustwide/cargo-home/registry/src/github.com-1ecc6299db9ec823/serde_json-1.0.42/src/de.rs:2379:5
[INFO] [stdout]   39:     0x55db565895f5 - caelum_vcdm::claims::tests::test_claim_sign::h1214ec25b7e53815
[INFO] [stdout]                                at /opt/rustwide/workdir/src/claims/mod.rs:138:28
[INFO] [stdout]   40:     0x55db5658949a - caelum_vcdm::claims::tests::test_claim_sign::{{closure}}::h3f06830eca501508
[INFO] [stdout]                                at /opt/rustwide/workdir/src/claims/mod.rs:128:5
[INFO] [stdout]   41:     0x55db5656605e - core::ops::function::FnOnce::call_once::h3737c839306660d2
[INFO] [stdout]                                at /rustc/a178d0322ce20e33eac124758e837cbd80a6f633/library/core/src/ops/function.rs:227:5
[INFO] [stdout]   42:     0x55db565bbc93 - core::ops::function::FnOnce::call_once::h152e7e439ff59e19
[INFO] [stdout]                                at /rustc/a178d0322ce20e33eac124758e837cbd80a6f633/library/core/src/ops/function.rs:227:5
[INFO] [stdout]   43:     0x55db565bbc93 - test::__rust_begin_short_backtrace::h0908f3b1fdbb72ab
[INFO] [stdout]                                at /rustc/a178d0322ce20e33eac124758e837cbd80a6f633/library/test/src/lib.rs:577:5
[INFO] [stdout]   44:     0x55db565ba750 - <alloc::boxed::Box<F,A> as core::ops::function::FnOnce<Args>>::call_once::hf6d2a51e5587546c
[INFO] [stdout]                                at /rustc/a178d0322ce20e33eac124758e837cbd80a6f633/library/alloc/src/boxed.rs:1575:9
[INFO] [stdout]   45:     0x55db565ba750 - <std::panic::AssertUnwindSafe<F> as core::ops::function::FnOnce<()>>::call_once::h8af660f3a89ef593
[INFO] [stdout]                                at /rustc/a178d0322ce20e33eac124758e837cbd80a6f633/library/std/src/panic.rs:347:9
[INFO] [stdout]   46:     0x55db565ba750 - std::panicking::try::do_call::hd36aef60f84b6d36
[INFO] [stdout]                                at /rustc/a178d0322ce20e33eac124758e837cbd80a6f633/library/std/src/panicking.rs:401:40
[INFO] [stdout]   47:     0x55db565ba750 - std::panicking::try::h9932b4480e69817c
[INFO] [stdout]                                at /rustc/a178d0322ce20e33eac124758e837cbd80a6f633/library/std/src/panicking.rs:365:19
[INFO] [stdout]   48:     0x55db565ba750 - std::panic::catch_unwind::h6aa177099cfff5f8
[INFO] [stdout]                                at /rustc/a178d0322ce20e33eac124758e837cbd80a6f633/library/std/src/panic.rs:434:14
[INFO] [stdout]   49:     0x55db565ba750 - test::run_test_in_process::h5884d6f2d99e20c3
[INFO] [stdout]                                at /rustc/a178d0322ce20e33eac124758e837cbd80a6f633/library/test/src/lib.rs:600:18
[INFO] [stdout]   50:     0x55db565ba750 - test::run_test::run_test_inner::{{closure}}::h6fdc58c6d5f5b6e3
[INFO] [stdout]                                at /rustc/a178d0322ce20e33eac124758e837cbd80a6f633/library/test/src/lib.rs:492:39
[INFO] [stdout]   51:     0x55db56593e02 - test::run_test::run_test_inner::{{closure}}::h408365d67a78ade8
[INFO] [stdout]                                at /rustc/a178d0322ce20e33eac124758e837cbd80a6f633/library/test/src/lib.rs:519:37
[INFO] [stdout]   52:     0x55db56593e02 - std::sys_common::backtrace::__rust_begin_short_backtrace::hb560b77c4f701523
[INFO] [stdout]                                at /rustc/a178d0322ce20e33eac124758e837cbd80a6f633/library/std/src/sys_common/backtrace.rs:125:18
[INFO] [stdout]   53:     0x55db565979b8 - std::thread::Builder::spawn_unchecked::{{closure}}::{{closure}}::hf2e7831dad93c597
[INFO] [stdout]                                at /rustc/a178d0322ce20e33eac124758e837cbd80a6f633/library/std/src/thread/mod.rs:481:17
[INFO] [stdout]   54:     0x55db565979b8 - <std::panic::AssertUnwindSafe<F> as core::ops::function::FnOnce<()>>::call_once::hd2e08783d8be4d02
[INFO] [stdout]                                at /rustc/a178d0322ce20e33eac124758e837cbd80a6f633/library/std/src/panic.rs:347:9
[INFO] [stdout]   55:     0x55db565979b8 - std::panicking::try::do_call::h062597b7acfd6b82
[INFO] [stdout]                                at /rustc/a178d0322ce20e33eac124758e837cbd80a6f633/library/std/src/panicking.rs:401:40
[INFO] [stdout]   56:     0x55db565979b8 - std::panicking::try::h0d7b79db04c14552
[INFO] [stdout]                                at /rustc/a178d0322ce20e33eac124758e837cbd80a6f633/library/std/src/panicking.rs:365:19
[INFO] [stdout]   57:     0x55db565979b8 - std::panic::catch_unwind::hb01a0b5e7c8cd43b
[INFO] [stdout]                                at /rustc/a178d0322ce20e33eac124758e837cbd80a6f633/library/std/src/panic.rs:434:14
[INFO] [stdout]   58:     0x55db565979b8 - std::thread::Builder::spawn_unchecked::{{closure}}::h5bde48cc887e0d1e
[INFO] [stdout]                                at /rustc/a178d0322ce20e33eac124758e837cbd80a6f633/library/std/src/thread/mod.rs:480:30
[INFO] [stdout]   59:     0x55db565979b8 - core::ops::function::FnOnce::call_once{{vtable.shim}}::h745ea30807a29e55
[INFO] [stdout]                                at /rustc/a178d0322ce20e33eac124758e837cbd80a6f633/library/core/src/ops/function.rs:227:5
[INFO] [stdout]   60:     0x55db56646987 - <alloc::boxed::Box<F,A> as core::ops::function::FnOnce<Args>>::call_once::h7ece6cfefaff1005
[INFO] [stdout]                                at /rustc/a178d0322ce20e33eac124758e837cbd80a6f633/library/alloc/src/boxed.rs:1575:9
[INFO] [stdout]   61:     0x55db56646987 - <alloc::boxed::Box<F,A> as core::ops::function::FnOnce<Args>>::call_once::hb8b48e55c21f193e
[INFO] [stdout]                                at /rustc/a178d0322ce20e33eac124758e837cbd80a6f633/library/alloc/src/boxed.rs:1575:9
[INFO] [stdout]   62:     0x55db56646987 - std::sys::unix::thread::Thread::new::thread_start::h8c7c4450dba62914
[INFO] [stdout]                                at /rustc/a178d0322ce20e33eac124758e837cbd80a6f633/library/std/src/sys/unix/thread.rs:71:17
[INFO] [stdout]   63:     0x7f4e527bd609 - start_thread
[INFO] [stdout]   64:     0x7f4e5258f293 - clone
[INFO] [stdout]   65:                0x0 - <unknown>
[INFO] [stdout] 
[INFO] [stdout] ---- claims::tests::test_verify_claim stdout ----
[INFO] [stdout] thread 'claims::tests::test_verify_claim' panicked at 'attempted to leave type `linked_hash_map::Node<std::string::String, std::string::String>` uninitialized, which is invalid', /rustc/a178d0322ce20e33eac124758e837cbd80a6f633/library/core/src/mem/mod.rs:660:9
[INFO] [stdout] stack backtrace:
[INFO] [stdout]    0:     0x55db5663f690 - std::backtrace_rs::backtrace::libunwind::trace::h34055254b57d8e79
[INFO] [stdout]                                at /rustc/a178d0322ce20e33eac124758e837cbd80a6f633/library/std/src/../../backtrace/src/backtrace/libunwind.rs:90:5
[INFO] [stdout]    1:     0x55db5663f690 - std::backtrace_rs::backtrace::trace_unsynchronized::h8f1e3fbd9afff6ec
[INFO] [stdout]                                at /rustc/a178d0322ce20e33eac124758e837cbd80a6f633/library/std/src/../../backtrace/src/backtrace/mod.rs:66:5
[INFO] [stdout]    2:     0x55db5663f690 - std::sys_common::backtrace::_print_fmt::h3a99a796b770c360
[INFO] [stdout]                                at /rustc/a178d0322ce20e33eac124758e837cbd80a6f633/library/std/src/sys_common/backtrace.rs:67:5
[INFO] [stdout]    3:     0x55db5663f690 - <std::sys_common::backtrace::_print::DisplayBacktrace as core::fmt::Display>::fmt::h32d1f94a80615d18
[INFO] [stdout]                                at /rustc/a178d0322ce20e33eac124758e837cbd80a6f633/library/std/src/sys_common/backtrace.rs:46:22
[INFO] [stdout]    4:     0x55db566621ac - core::fmt::write::h306731c068f7162c
[INFO] [stdout]                                at /rustc/a178d0322ce20e33eac124758e837cbd80a6f633/library/core/src/fmt/mod.rs:1110:17
[INFO] [stdout]    5:     0x55db5663c5b5 - std::io::Write::write_fmt::h87f19b0a2cd190bc
[INFO] [stdout]                                at /rustc/a178d0322ce20e33eac124758e837cbd80a6f633/library/std/src/io/mod.rs:1588:15
[INFO] [stdout]    6:     0x55db566417fb - std::sys_common::backtrace::_print::h5abaa2601a852287
[INFO] [stdout]                                at /rustc/a178d0322ce20e33eac124758e837cbd80a6f633/library/std/src/sys_common/backtrace.rs:49:5
[INFO] [stdout]    7:     0x55db566417fb - std::sys_common::backtrace::print::h8d81445442bb638f
[INFO] [stdout]                                at /rustc/a178d0322ce20e33eac124758e837cbd80a6f633/library/std/src/sys_common/backtrace.rs:36:9
[INFO] [stdout]    8:     0x55db566417fb - std::panicking::default_hook::{{closure}}::hcfe804496a9fa747
[INFO] [stdout]                                at /rustc/a178d0322ce20e33eac124758e837cbd80a6f633/library/std/src/panicking.rs:208:50
[INFO] [stdout]    9:     0x55db5664130c - std::panicking::default_hook::hbea8e3ccf2ba8901
[INFO] [stdout]                                at /rustc/a178d0322ce20e33eac124758e837cbd80a6f633/library/std/src/panicking.rs:222:9
[INFO] [stdout]   10:     0x55db56641ec4 - std::panicking::rust_panic_with_hook::h7ee9e1a2d0f8975a
[INFO] [stdout]                                at /rustc/a178d0322ce20e33eac124758e837cbd80a6f633/library/std/src/panicking.rs:622:17
[INFO] [stdout]   11:     0x55db56641977 - std::panicking::begin_panic_handler::{{closure}}::h8ab3b4491718b2c7
[INFO] [stdout]                                at /rustc/a178d0322ce20e33eac124758e837cbd80a6f633/library/std/src/panicking.rs:517:13
[INFO] [stdout]   12:     0x55db5663fb8c - std::sys_common::backtrace::__rust_end_short_backtrace::hd489062ffa586a9f
[INFO] [stdout]                                at /rustc/a178d0322ce20e33eac124758e837cbd80a6f633/library/std/src/sys_common/backtrace.rs:141:18
[INFO] [stdout]   13:     0x55db56641909 - rust_begin_unwind
[INFO] [stdout]                                at /rustc/a178d0322ce20e33eac124758e837cbd80a6f633/library/std/src/panicking.rs:515:5
[INFO] [stdout]   14:     0x55db56537651 - core::panicking::panic_fmt::hca6330e3e14086b4
[INFO] [stdout]                                at /rustc/a178d0322ce20e33eac124758e837cbd80a6f633/library/core/src/panicking.rs:92:14
[INFO] [stdout]   15:     0x55db5653759d - core::panicking::panic::h1a48d878ff3dcd40
[INFO] [stdout]                                at /rustc/a178d0322ce20e33eac124758e837cbd80a6f633/library/core/src/panicking.rs:50:5
[INFO] [stdout]   16:     0x55db56564c86 - core::mem::uninitialized::hbf1aeaf2393ff380
[INFO] [stdout]                                at /rustc/a178d0322ce20e33eac124758e837cbd80a6f633/library/core/src/mem/mod.rs:660:9
[INFO] [stdout]   17:     0x55db56564c86 - linked_hash_map::LinkedHashMap<K,V,S>::ensure_guard_node::h11a2ee964e3a9baf
[INFO] [stdout]                                at /opt/rustwide/cargo-home/registry/src/github.com-1ecc6299db9ec823/linked-hash-map-0.5.2/src/lib.rs:174:52
[INFO] [stdout]   18:     0x55db56564ea8 - linked_hash_map::LinkedHashMap<K,V,S>::insert::hbb7dae5920d609c5
[INFO] [stdout]                                at /opt/rustwide/cargo-home/registry/src/github.com-1ecc6299db9ec823/linked-hash-map-0.5.2/src/lib.rs:304:9
[INFO] [stdout]   19:     0x55db56561094 - <linked_hash_map::serde::LinkedHashMapVisitor<K,V> as serde::de::Visitor>::visit_map::h75a9c1b32502f8ee
[INFO] [stdout]                                at /opt/rustwide/cargo-home/registry/src/github.com-1ecc6299db9ec823/linked-hash-map-0.5.2/src/serde.rs:78:13
[INFO] [stdout]   20:     0x55db565938d3 - <serde::private::de::FlatMapDeserializer<E> as serde::de::Deserializer>::deserialize_map::h91ffefed1bcd1505
[INFO] [stdout]                                at /opt/rustwide/cargo-home/registry/src/github.com-1ecc6299db9ec823/serde-1.0.103/src/private/de.rs:2730:9
[INFO] [stdout]   21:     0x55db565653fb - linked_hash_map::serde::<impl serde::de::Deserialize for linked_hash_map::LinkedHashMap<K,V>>::deserialize::h47ca1883b0c63254
[INFO] [stdout]                                at /opt/rustwide/cargo-home/registry/src/github.com-1ecc6299db9ec823/linked-hash-map-0.5.2/src/serde.rs:92:9
[INFO] [stdout]   22:     0x55db56561a55 - <caelum_vcdm::claims::credential_subject::_IMPL_DESERIALIZE_FOR_CredSubject::<impl serde::de::Deserialize for caelum_vcdm::claims::credential_subject::CredSubject>::deserialize::__Visitor as serde::de::Visitor>::visit_map::h076234ff4338e233
[INFO] [stdout]                                at /opt/rustwide/workdir/src/claims/credential_subject.rs:6:21
[INFO] [stdout]   23:     0x55db565453ea - <&mut serde_json::de::Deserializer<R> as serde::de::Deserializer>::deserialize_map::ha6259752d63a922c
[INFO] [stdout]                                at /opt/rustwide/cargo-home/registry/src/github.com-1ecc6299db9ec823/serde_json-1.0.42/src/de.rs:1576:31
[INFO] [stdout]   24:     0x55db56561685 - caelum_vcdm::claims::credential_subject::_IMPL_DESERIALIZE_FOR_CredSubject::<impl serde::de::Deserialize for caelum_vcdm::claims::credential_subject::CredSubject>::deserialize::h795676b0564046c1
[INFO] [stdout]                                at /opt/rustwide/workdir/src/claims/credential_subject.rs:6:21
[INFO] [stdout]   25:     0x55db5657dab5 - <core::marker::PhantomData<T> as serde::de::DeserializeSeed>::deserialize::h83836a605776adec
[INFO] [stdout]                                at /opt/rustwide/cargo-home/registry/src/github.com-1ecc6299db9ec823/serde-1.0.103/src/de/mod.rs:786:9
[INFO] [stdout]   26:     0x55db5654286f - <serde_json::de::SeqAccess<R> as serde::de::SeqAccess>::next_element_seed::h9514f9f58b2b64d5
[INFO] [stdout]                                at /opt/rustwide/cargo-home/registry/src/github.com-1ecc6299db9ec823/serde_json-1.0.42/src/de.rs:1735:37
[INFO] [stdout]   27:     0x55db5653aea6 - serde::de::SeqAccess::next_element::hed2f6087a9c3c139
[INFO] [stdout]                                at /opt/rustwide/cargo-home/registry/src/github.com-1ecc6299db9ec823/serde-1.0.103/src/de/mod.rs:1708:9
[INFO] [stdout]   28:     0x55db5655e7f3 - <serde::de::impls::<impl serde::de::Deserialize for alloc::vec::Vec<T>>::deserialize::VecVisitor<T> as serde::de::Visitor>::visit_seq::hbe353cbaec73d585
[INFO] [stdout]                                at /opt/rustwide/cargo-home/registry/src/github.com-1ecc6299db9ec823/serde-1.0.103/src/de/impls.rs:866:46
[INFO] [stdout]   29:     0x55db5654633a - <&mut serde_json::de::Deserializer<R> as serde::de::Deserializer>::deserialize_seq::h03bf4a4cff285fe9
[INFO] [stdout]                                at /opt/rustwide/cargo-home/registry/src/github.com-1ecc6299db9ec823/serde_json-1.0.42/src/de.rs:1525:31
[INFO] [stdout]   30:     0x55db56570565 - serde::de::impls::<impl serde::de::Deserialize for alloc::vec::Vec<T>>::deserialize::hdd342ba05bfd1766
[INFO] [stdout]                                at /opt/rustwide/cargo-home/registry/src/github.com-1ecc6299db9ec823/serde-1.0.103/src/de/impls.rs:877:9
[INFO] [stdout]   31:     0x55db5657d955 - <core::marker::PhantomData<T> as serde::de::DeserializeSeed>::deserialize::h439f3d102a00c7fc
[INFO] [stdout]                                at /opt/rustwide/cargo-home/registry/src/github.com-1ecc6299db9ec823/serde-1.0.103/src/de/mod.rs:786:9
[INFO] [stdout]   32:     0x55db5653e228 - <serde_json::de::MapAccess<R> as serde::de::MapAccess>::next_value_seed::haa41056b78dbe09b
[INFO] [stdout]                                at /opt/rustwide/cargo-home/registry/src/github.com-1ecc6299db9ec823/serde_json-1.0.42/src/de.rs:1797:9
[INFO] [stdout]   33:     0x55db5653a606 - serde::de::MapAccess::next_value::h95deee6726f7d260
[INFO] [stdout]                                at /opt/rustwide/cargo-home/registry/src/github.com-1ecc6299db9ec823/serde-1.0.103/src/de/mod.rs:1847:9
[INFO] [stdout]   34:     0x55db56556fd5 - <caelum_vcdm::claims::_IMPL_DESERIALIZE_FOR_Claim::<impl serde::de::Deserialize for caelum_vcdm::claims::Claim>::deserialize::__Visitor as serde::de::Visitor>::visit_map::hc9a4afe56666d3bb
[INFO] [stdout]                                at /opt/rustwide/workdir/src/claims/mod.rs:17:21
[INFO] [stdout]   35:     0x55db5654d424 - <&mut serde_json::de::Deserializer<R> as serde::de::Deserializer>::deserialize_struct::hc6911630bd8f7ddd
[INFO] [stdout]                                at /opt/rustwide/cargo-home/registry/src/github.com-1ecc6299db9ec823/serde_json-1.0.42/src/de.rs:1624:31
[INFO] [stdout]   36:     0x55db56554e7f - caelum_vcdm::claims::_IMPL_DESERIALIZE_FOR_Claim::<impl serde::de::Deserialize for caelum_vcdm::claims::Claim>::deserialize::h2aba807bf1c87ecd
[INFO] [stdout]                                at /opt/rustwide/workdir/src/claims/mod.rs:17:21
[INFO] [stdout]   37:     0x55db565387ed - serde_json::de::from_trait::hb294686baf52392b
[INFO] [stdout]                                at /opt/rustwide/cargo-home/registry/src/github.com-1ecc6299db9ec823/serde_json-1.0.42/src/de.rs:2180:22
[INFO] [stdout]   38:     0x55db5653a3e0 - serde_json::de::from_str::h62efa01b725c9330
[INFO] [stdout]                                at /opt/rustwide/cargo-home/registry/src/github.com-1ecc6299db9ec823/serde_json-1.0.42/src/de.rs:2379:5
[INFO] [stdout]   39:     0x55db56589840 - caelum_vcdm::claims::tests::test_verify_claim::h53beb6bd9885c481
[INFO] [stdout]                                at /opt/rustwide/workdir/src/claims/mod.rs:155:24
[INFO] [stdout]   40:     0x55db5658980a - caelum_vcdm::claims::tests::test_verify_claim::{{closure}}::h6d19351b64780699
[INFO] [stdout]                                at /opt/rustwide/workdir/src/claims/mod.rs:154:5
[INFO] [stdout]   41:     0x55db5656617e - core::ops::function::FnOnce::call_once::h7e5167cdd906833c
[INFO] [stdout]                                at /rustc/a178d0322ce20e33eac124758e837cbd80a6f633/library/core/src/ops/function.rs:227:5
[INFO] [stdout]   42:     0x55db565bbc93 - core::ops::function::FnOnce::call_once::h152e7e439ff59e19
[INFO] [stdout]                                at /rustc/a178d0322ce20e33eac124758e837cbd80a6f633/library/core/src/ops/function.rs:227:5
[INFO] [stdout]   43:     0x55db565bbc93 - test::__rust_begin_short_backtrace::h0908f3b1fdbb72ab
[INFO] [stdout]                                at /rustc/a178d0322ce20e33eac124758e837cbd80a6f633/library/test/src/lib.rs:577:5
[INFO] [stdout]   44:     0x55db565ba750 - <alloc::boxed::Box<F,A> as core::ops::function::FnOnce<Args>>::call_once::hf6d2a51e5587546c
[INFO] [stdout]                                at /rustc/a178d0322ce20e33eac124758e837cbd80a6f633/library/alloc/src/boxed.rs:1575:9
[INFO] [stdout]   45:     0x55db565ba750 - <std::panic::AssertUnwindSafe<F> as core::ops::function::FnOnce<()>>::call_once::h8af660f3a89ef593
[INFO] [stdout]                                at /rustc/a178d0322ce20e33eac124758e837cbd80a6f633/library/std/src/panic.rs:347:9
[INFO] [stdout]   46:     0x55db565ba750 - std::panicking::try::do_call::hd36aef60f84b6d36
[INFO] [stdout]                                at /rustc/a178d0322ce20e33eac124758e837cbd80a6f633/library/std/src/panicking.rs:401:40
[INFO] [stdout]   47:     0x55db565ba750 - std::panicking::try::h9932b4480e69817c
[INFO] [stdout]                                at /rustc/a178d0322ce20e33eac124758e837cbd80a6f633/library/std/src/panicking.rs:365:19
[INFO] [stdout]   48:     0x55db565ba750 - std::panic::catch_unwind::h6aa177099cfff5f8
[INFO] [stdout]                                at /rustc/a178d0322ce20e33eac124758e837cbd80a6f633/library/std/src/panic.rs:434:14
[INFO] [stdout]   49:     0x55db565ba750 - test::run_test_in_process::h5884d6f2d99e20c3
[INFO] [stdout]                                at /rustc/a178d0322ce20e33eac124758e837cbd80a6f633/library/test/src/lib.rs:600:18
[INFO] [stdout]   50:     0x55db565ba750 - test::run_test::run_test_inner::{{closure}}::h6fdc58c6d5f5b6e3
[INFO] [stdout]                                at /rustc/a178d0322ce20e33eac124758e837cbd80a6f633/library/test/src/lib.rs:492:39
[INFO] [stdout]   51:     0x55db56593e02 - test::run_test::run_test_inner::{{closure}}::h408365d67a78ade8
[INFO] [stdout]                                at /rustc/a178d0322ce20e33eac124758e837cbd80a6f633/library/test/src/lib.rs:519:37
[INFO] [stdout]   52:     0x55db56593e02 - std::sys_common::backtrace::__rust_begin_short_backtrace::hb560b77c4f701523
[INFO] [stdout]                                at /rustc/a178d0322ce20e33eac124758e837cbd80a6f633/library/std/src/sys_common/backtrace.rs:125:18
[INFO] [stdout]   53:     0x55db565979b8 - std::thread::Builder::spawn_unchecked::{{closure}}::{{closure}}::hf2e7831dad93c597
[INFO] [stdout]                                at /rustc/a178d0322ce20e33eac124758e837cbd80a6f633/library/std/src/thread/mod.rs:481:17
[INFO] [stdout]   54:     0x55db565979b8 - <std::panic::AssertUnwindSafe<F> as core::ops::function::FnOnce<()>>::call_once::hd2e08783d8be4d02
[INFO] [stdout]                                at /rustc/a178d0322ce20e33eac124758e837cbd80a6f633/library/std/src/panic.rs:347:9
[INFO] [stdout]   55:     0x55db565979b8 - std::panicking::try::do_call::h062597b7acfd6b82
[INFO] [stdout]                                at /rustc/a178d0322ce20e33eac124758e837cbd80a6f633/library/std/src/panicking.rs:401:40
[INFO] [stdout]   56:     0x55db565979b8 - std::panicking::try::h0d7b79db04c14552
[INFO] [stdout]                                at /rustc/a178d0322ce20e33eac124758e837cbd80a6f633/library/std/src/panicking.rs:365:19
[INFO] [stdout]   57:     0x55db565979b8 - std::panic::catch_unwind::hb01a0b5e7c8cd43b
[INFO] [stdout]                                at /rustc/a178d0322ce20e33eac124758e837cbd80a6f633/library/std/src/panic.rs:434:14
[INFO] [stdout]   58:     0x55db565979b8 - std::thread::Builder::spawn_unchecked::{{closure}}::h5bde48cc887e0d1e
[INFO] [stdout]                                at /rustc/a178d0322ce20e33eac124758e837cbd80a6f633/library/std/src/thread/mod.rs:480:30
[INFO] [stdout]   59:     0x55db565979b8 - core::ops::function::FnOnce::call_once{{vtable.shim}}::h745ea30807a29e55
[INFO] [stdout]                                at /rustc/a178d0322ce20e33eac124758e837cbd80a6f633/library/core/src/ops/function.rs:227:5
[INFO] [stdout]   60:     0x55db56646987 - <alloc::boxed::Box<F,A> as core::ops::function::FnOnce<Args>>::call_once::h7ece6cfefaff1005
[INFO] [stdout]                                at /rustc/a178d0322ce20e33eac124758e837cbd80a6f633/library/alloc/src/boxed.rs:1575:9
[INFO] [stdout]   61:     0x55db56646987 - <alloc::boxed::Box<F,A> as core::ops::function::FnOnce<Args>>::call_once::hb8b48e55c21f193e
[INFO] [stdout]                                at /rustc/a178d0322ce20e33eac124758e837cbd80a6f633/library/alloc/src/boxed.rs:1575:9
[INFO] [stdout]   62:     0x55db56646987 - std::sys::unix::thread::Thread::new::thread_start::h8c7c4450dba62914
[INFO] [stdout]                                at /rustc/a178d0322ce20e33eac124758e837cbd80a6f633/library/std/src/sys/unix/thread.rs:71:17
[INFO] [stdout]   63:     0x7f4e527bd609 - start_thread
[INFO] [stdout]   64:     0x7f4e5258f293 - clone
[INFO] [stdout]   65:                0x0 - <unknown>
[INFO] [stdout] 
[INFO] [stdout] ---- proofs::proof::tests::test_proof_from_claim_and_keys stdout ----
[INFO] [stdout] thread 'proofs::proof::tests::test_proof_from_claim_and_keys' panicked at 'attempted to leave type `linked_hash_map::Node<std::string::String, std::string::String>` uninitialized, which is invalid', /rustc/a178d0322ce20e33eac124758e837cbd80a6f633/library/core/src/mem/mod.rs:660:9
[INFO] [stdout] stack backtrace:
[INFO] [stdout]    0:     0x55db5663f690 - std::backtrace_rs::backtrace::libunwind::trace::h34055254b57d8e79
[INFO] [stdout]                                at /rustc/a178d0322ce20e33eac124758e837cbd80a6f633/library/std/src/../../backtrace/src/backtrace/libunwind.rs:90:5
[INFO] [stdout]    1:     0x55db5663f690 - std::backtrace_rs::backtrace::trace_unsynchronized::h8f1e3fbd9afff6ec
[INFO] [stdout]                                at /rustc/a178d0322ce20e33eac124758e837cbd80a6f633/library/std/src/../../backtrace/src/backtrace/mod.rs:66:5
[INFO] [stdout]    2:     0x55db5663f690 - std::sys_common::backtrace::_print_fmt::h3a99a796b770c360
[INFO] [stdout]                                at /rustc/a178d0322ce20e33eac124758e837cbd80a6f633/library/std/src/sys_common/backtrace.rs:67:5
[INFO] [stdout]    3:     0x55db5663f690 - <std::sys_common::backtrace::_print::DisplayBacktrace as core::fmt::Display>::fmt::h32d1f94a80615d18
[INFO] [stdout]                                at /rustc/a178d0322ce20e33eac124758e837cbd80a6f633/library/std/src/sys_common/backtrace.rs:46:22
[INFO] [stdout]    4:     0x55db566621ac - core::fmt::write::h306731c068f7162c
[INFO] [stdout]                                at /rustc/a178d0322ce20e33eac124758e837cbd80a6f633/library/core/src/fmt/mod.rs:1110:17
[INFO] [stdout]    5:     0x55db5663c5b5 - std::io::Write::write_fmt::h87f19b0a2cd190bc
[INFO] [stdout]                                at /rustc/a178d0322ce20e33eac124758e837cbd80a6f633/library/std/src/io/mod.rs:1588:15
[INFO] [stdout]    6:     0x55db566417fb - std::sys_common::backtrace::_print::h5abaa2601a852287
[INFO] [stdout]                                at /rustc/a178d0322ce20e33eac124758e837cbd80a6f633/library/std/src/sys_common/backtrace.rs:49:5
[INFO] [stdout]    7:     0x55db566417fb - std::sys_common::backtrace::print::h8d81445442bb638f
[INFO] [stdout]                                at /rustc/a178d0322ce20e33eac124758e837cbd80a6f633/library/std/src/sys_common/backtrace.rs:36:9
[INFO] [stdout]    8:     0x55db566417fb - std::panicking::default_hook::{{closure}}::hcfe804496a9fa747
[INFO] [stdout]                                at /rustc/a178d0322ce20e33eac124758e837cbd80a6f633/library/std/src/panicking.rs:208:50
[INFO] [stdout]    9:     0x55db5664130c - std::panicking::default_hook::hbea8e3ccf2ba8901
[INFO] [stdout]                                at /rustc/a178d0322ce20e33eac124758e837cbd80a6f633/library/std/src/panicking.rs:222:9
[INFO] [stdout]   10:     0x55db56641ec4 - std::panicking::rust_panic_with_hook::h7ee9e1a2d0f8975a
[INFO] [stdout]                                at /rustc/a178d0322ce20e33eac124758e837cbd80a6f633/library/std/src/panicking.rs:622:17
[INFO] [stdout]   11:     0x55db56641977 - std::panicking::begin_panic_handler::{{closure}}::h8ab3b4491718b2c7
[INFO] [stdout]                                at /rustc/a178d0322ce20e33eac124758e837cbd80a6f633/library/std/src/panicking.rs:517:13
[INFO] [stdout]   12:     0x55db5663fb8c - std::sys_common::backtrace::__rust_end_short_backtrace::hd489062ffa586a9f
[INFO] [stdout]                                at /rustc/a178d0322ce20e33eac124758e837cbd80a6f633/library/std/src/sys_common/backtrace.rs:141:18
[INFO] [stdout]   13:     0x55db56641909 - rust_begin_unwind
[INFO] [stdout]                                at /rustc/a178d0322ce20e33eac124758e837cbd80a6f633/library/std/src/panicking.rs:515:5
[INFO] [stdout]   14:     0x55db56537651 - core::panicking::panic_fmt::hca6330e3e14086b4
[INFO] [stdout]                                at /rustc/a178d0322ce20e33eac124758e837cbd80a6f633/library/core/src/panicking.rs:92:14
[INFO] [stdout]   15:     0x55db5653759d - core::panicking::panic::h1a48d878ff3dcd40
[INFO] [stdout]                                at /rustc/a178d0322ce20e33eac124758e837cbd80a6f633/library/core/src/panicking.rs:50:5
[INFO] [stdout]   16:     0x55db56564c86 - core::mem::uninitialized::hbf1aeaf2393ff380
[INFO] [stdout]                                at /rustc/a178d0322ce20e33eac124758e837cbd80a6f633/library/core/src/mem/mod.rs:660:9
[INFO] [stdout]   17:     0x55db56564c86 - linked_hash_map::LinkedHashMap<K,V,S>::ensure_guard_node::h11a2ee964e3a9baf
[INFO] [stdout]                                at /opt/rustwide/cargo-home/registry/src/github.com-1ecc6299db9ec823/linked-hash-map-0.5.2/src/lib.rs:174:52
[INFO] [stdout]   18:     0x55db56564ea8 - linked_hash_map::LinkedHashMap<K,V,S>::insert::hbb7dae5920d609c5
[INFO] [stdout]                                at /opt/rustwide/cargo-home/registry/src/github.com-1ecc6299db9ec823/linked-hash-map-0.5.2/src/lib.rs:304:9
[INFO] [stdout]   19:     0x55db56561094 - <linked_hash_map::serde::LinkedHashMapVisitor<K,V> as serde::de::Visitor>::visit_map::h75a9c1b32502f8ee
[INFO] [stdout]                                at /opt/rustwide/cargo-home/registry/src/github.com-1ecc6299db9ec823/linked-hash-map-0.5.2/src/serde.rs:78:13
[INFO] [stdout]   20:     0x55db565938d3 - <serde::private::de::FlatMapDeserializer<E> as serde::de::Deserializer>::deserialize_map::h91ffefed1bcd1505
[INFO] [stdout]                                at /opt/rustwide/cargo-home/registry/src/github.com-1ecc6299db9ec823/serde-1.0.103/src/private/de.rs:2730:9
[INFO] [stdout]   21:     0x55db565653fb - linked_hash_map::serde::<impl serde::de::Deserialize for linked_hash_map::LinkedHashMap<K,V>>::deserialize::h47ca1883b0c63254
[INFO] [stdout]                                at /opt/rustwide/cargo-home/registry/src/github.com-1ecc6299db9ec823/linked-hash-map-0.5.2/src/serde.rs:92:9
[INFO] [stdout]   22:     0x55db56561a55 - <caelum_vcdm::claims::credential_subject::_IMPL_DESERIALIZE_FOR_CredSubject::<impl serde::de::Deserialize for caelum_vcdm::claims::credential_subject::CredSubject>::deserialize::__Visitor as serde::de::Visitor>::visit_map::h076234ff4338e233
[INFO] [stdout]                                at /opt/rustwide/workdir/src/claims/credential_subject.rs:6:21
[INFO] [stdout]   23:     0x55db565453ea - <&mut serde_json::de::Deserializer<R> as serde::de::Deserializer>::deserialize_map::ha6259752d63a922c
[INFO] [stdout]                                at /opt/rustwide/cargo-home/registry/src/github.com-1ecc6299db9ec823/serde_json-1.0.42/src/de.rs:1576:31
[INFO] [stdout]   24:     0x55db56561685 - caelum_vcdm::claims::credential_subject::_IMPL_DESERIALIZE_FOR_CredSubject::<impl serde::de::Deserialize for caelum_vcdm::claims::credential_subject::CredSubject>::deserialize::h795676b0564046c1
[INFO] [stdout]                                at /opt/rustwide/workdir/src/claims/credential_subject.rs:6:21
[INFO] [stdout]   25:     0x55db5657dab5 - <core::marker::PhantomData<T> as serde::de::DeserializeSeed>::deserialize::h83836a605776adec
[INFO] [stdout]                                at /opt/rustwide/cargo-home/registry/src/github.com-1ecc6299db9ec823/serde-1.0.103/src/de/mod.rs:786:9
[INFO] [stdout]   26:     0x55db5654286f - <serde_json::de::SeqAccess<R> as serde::de::SeqAccess>::next_element_seed::h9514f9f58b2b64d5
[INFO] [stdout]                                at /opt/rustwide/cargo-home/registry/src/github.com-1ecc6299db9ec823/serde_json-1.0.42/src/de.rs:1735:37
[INFO] [stdout]   27:     0x55db5653aea6 - serde::de::SeqAccess::next_element::hed2f6087a9c3c139
[INFO] [stdout]                                at /opt/rustwide/cargo-home/registry/src/github.com-1ecc6299db9ec823/serde-1.0.103/src/de/mod.rs:1708:9
[INFO] [stdout]   28:     0x55db5655e7f3 - <serde::de::impls::<impl serde::de::Deserialize for alloc::vec::Vec<T>>::deserialize::VecVisitor<T> as serde::de::Visitor>::visit_seq::hbe353cbaec73d585
[INFO] [stdout]                                at /opt/rustwide/cargo-home/registry/src/github.com-1ecc6299db9ec823/serde-1.0.103/src/de/impls.rs:866:46
[INFO] [stdout]   29:     0x55db5654633a - <&mut serde_json::de::Deserializer<R> as serde::de::Deserializer>::deserialize_seq::h03bf4a4cff285fe9
[INFO] [stdout]                                at /opt/rustwide/cargo-home/registry/src/github.com-1ecc6299db9ec823/serde_json-1.0.42/src/de.rs:1525:31
[INFO] [stdout]   30:     0x55db56570565 - serde::de::impls::<impl serde::de::Deserialize for alloc::vec::Vec<T>>::deserialize::hdd342ba05bfd1766
[INFO] [stdout]                                at /opt/rustwide/cargo-home/registry/src/github.com-1ecc6299db9ec823/serde-1.0.103/src/de/impls.rs:877:9
[INFO] [stdout]   31:     0x55db5657d955 - <core::marker::PhantomData<T> as serde::de::DeserializeSeed>::deserialize::h439f3d102a00c7fc
[INFO] [stdout]                                at /opt/rustwide/cargo-home/registry/src/github.com-1ecc6299db9ec823/serde-1.0.103/src/de/mod.rs:786:9
[INFO] [stdout]   32:     0x55db5653e228 - <serde_json::de::MapAccess<R> as serde::de::MapAccess>::next_value_seed::haa41056b78dbe09b
[INFO] [stdout]                                at /opt/rustwide/cargo-home/registry/src/github.com-1ecc6299db9ec823/serde_json-1.0.42/src/de.rs:1797:9
[INFO] [stdout]   33:     0x55db5653a606 - serde::de::MapAccess::next_value::h95deee6726f7d260
[INFO] [stdout]                                at /opt/rustwide/cargo-home/registry/src/github.com-1ecc6299db9ec823/serde-1.0.103/src/de/mod.rs:1847:9
[INFO] [stdout]   34:     0x55db56556fd5 - <caelum_vcdm::claims::_IMPL_DESERIALIZE_FOR_Claim::<impl serde::de::Deserialize for caelum_vcdm::claims::Claim>::deserialize::__Visitor as serde::de::Visitor>::visit_map::hc9a4afe56666d3bb
[INFO] [stdout]                                at /opt/rustwide/workdir/src/claims/mod.rs:17:21
[INFO] [stdout]   35:     0x55db5654d424 - <&mut serde_json::de::Deserializer<R> as serde::de::Deserializer>::deserialize_struct::hc6911630bd8f7ddd
[INFO] [stdout]                                at /opt/rustwide/cargo-home/registry/src/github.com-1ecc6299db9ec823/serde_json-1.0.42/src/de.rs:1624:31
[INFO] [stdout]   36:     0x55db56554e7f - caelum_vcdm::claims::_IMPL_DESERIALIZE_FOR_Claim::<impl serde::de::Deserialize for caelum_vcdm::claims::Claim>::deserialize::h2aba807bf1c87ecd
[INFO] [stdout]                                at /opt/rustwide/workdir/src/claims/mod.rs:17:21
[INFO] [stdout]   37:     0x55db565387ed - serde_json::de::from_trait::hb294686baf52392b
[INFO] [stdout]                                at /opt/rustwide/cargo-home/registry/src/github.com-1ecc6299db9ec823/serde_json-1.0.42/src/de.rs:2180:22
[INFO] [stdout]   38:     0x55db5653a3e0 - serde_json::de::from_str::h62efa01b725c9330
[INFO] [stdout]                                at /opt/rustwide/cargo-home/registry/src/github.com-1ecc6299db9ec823/serde_json-1.0.42/src/de.rs:2379:5
[INFO] [stdout]   39:     0x55db56586795 - caelum_vcdm::proofs::proof::tests::test_proof_from_claim_and_keys::h0c5894579f7e1d50
[INFO] [stdout]                                at /opt/rustwide/workdir/src/proofs/proof.rs:85:28
[INFO] [stdout]   40:     0x55db5658663a - caelum_vcdm::proofs::proof::tests::test_proof_from_claim_and_keys::{{closure}}::hbe9326daea5ed454
[INFO] [stdout]                                at /opt/rustwide/workdir/src/proofs/proof.rs:78:5
[INFO] [stdout]   41:     0x55db56565e4e - core::ops::function::FnOnce::call_once::h0a1f860da81ccc33
[INFO] [stdout]                                at /rustc/a178d0322ce20e33eac124758e837cbd80a6f633/library/core/src/ops/function.rs:227:5
[INFO] [stdout]   42:     0x55db565bbc93 - core::ops::function::FnOnce::call_once::h152e7e439ff59e19
[INFO] [stdout]                                at /rustc/a178d0322ce20e33eac124758e837cbd80a6f633/library/core/src/ops/function.rs:227:5
[INFO] [stdout]   43:     0x55db565bbc93 - test::__rust_begin_short_backtrace::h0908f3b1fdbb72ab
[INFO] [stdout]                                at /rustc/a178d0322ce20e33eac124758e837cbd80a6f633/library/test/src/lib.rs:577:5
[INFO] [stdout]   44:     0x55db565ba750 - <alloc::boxed::Box<F,A> as core::ops::function::FnOnce<Args>>::call_once::hf6d2a51e5587546c
[INFO] [stdout]                                at /rustc/a178d0322ce20e33eac124758e837cbd80a6f633/library/alloc/src/boxed.rs:1575:9
[INFO] [stdout]   45:     0x55db565ba750 - <std::panic::AssertUnwindSafe<F> as core::ops::function::FnOnce<()>>::call_once::h8af660f3a89ef593
[INFO] [stdout]                                at /rustc/a178d0322ce20e33eac124758e837cbd80a6f633/library/std/src/panic.rs:347:9
[INFO] [stdout]   46:     0x55db565ba750 - std::panicking::try::do_call::hd36aef60f84b6d36
[INFO] [stdout]                                at /rustc/a178d0322ce20e33eac124758e837cbd80a6f633/library/std/src/panicking.rs:401:40
[INFO] [stdout]   47:     0x55db565ba750 - std::panicking::try::h9932b4480e69817c
[INFO] [stdout]                                at /rustc/a178d0322ce20e33eac124758e837cbd80a6f633/library/std/src/panicking.rs:365:19
[INFO] [stdout]   48:     0x55db565ba750 - std::panic::catch_unwind::h6aa177099cfff5f8
[INFO] [stdout]                                at /rustc/a178d0322ce20e33eac124758e837cbd80a6f633/library/std/src/panic.rs:434:14
[INFO] [stdout]   49:     0x55db565ba750 - test::run_test_in_process::h5884d6f2d99e20c3
[INFO] [stdout]                                at /rustc/a178d0322ce20e33eac124758e837cbd80a6f633/library/test/src/lib.rs:600:18
[INFO] [stdout]   50:     0x55db565ba750 - test::run_test::run_test_inner::{{closure}}::h6fdc58c6d5f5b6e3
[INFO] [stdout]                                at /rustc/a178d0322ce20e33eac124758e837cbd80a6f633/library/test/src/lib.rs:492:39
[INFO] [stdout]   51:     0x55db56593e02 - test::run_test::run_test_inner::{{closure}}::h408365d67a78ade8
[INFO] [stdout]                                at /rustc/a178d0322ce20e33eac124758e837cbd80a6f633/library/test/src/lib.rs:519:37
[INFO] [stdout]   52:     0x55db56593e02 - std::sys_common::backtrace::__rust_begin_short_backtrace::hb560b77c4f701523
[INFO] [stdout]                                at /rustc/a178d0322ce20e33eac124758e837cbd80a6f633/library/std/src/sys_common/backtrace.rs:125:18
[INFO] [stdout]   53:     0x55db565979b8 - std::thread::Builder::spawn_unchecked::{{closure}}::{{closure}}::hf2e7831dad93c597
[INFO] [stdout]                                at /rustc/a178d0322ce20e33eac124758e837cbd80a6f633/library/std/src/thread/mod.rs:481:17
[INFO] [stdout]   54:     0x55db565979b8 - <std::panic::AssertUnwindSafe<F> as core::ops::function::FnOnce<()>>::call_once::hd2e08783d8be4d02
[INFO] [stdout]                                at /rustc/a178d0322ce20e33eac124758e837cbd80a6f633/library/std/src/panic.rs:347:9
[INFO] [stdout]   55:     0x55db565979b8 - std::panicking::try::do_call::h062597b7acfd6b82
[INFO] [stdout]                                at /rustc/a178d0322ce20e33eac124758e837cbd80a6f633/library/std/src/panicking.rs:401:40
[INFO] [stdout]   56:     0x55db565979b8 - std::panicking::try::h0d7b79db04c14552
[INFO] [stdout]                                at /rustc/a178d0322ce20e33eac124758e837cbd80a6f633/library/std/src/panicking.rs:365:19
[INFO] [stdout]   57:     0x55db565979b8 - std::panic::catch_unwind::hb01a0b5e7c8cd43b
[INFO] [stdout]                                at /rustc/a178d0322ce20e33eac124758e837cbd80a6f633/library/std/src/panic.rs:434:14
[INFO] [stdout]   58:     0x55db565979b8 - std::thread::Builder::spawn_unchecked::{{closure}}::h5bde48cc887e0d1e
[INFO] [stdout]                                at /rustc/a178d0322ce20e33eac124758e837cbd80a6f633/library/std/src/thread/mod.rs:480:30
[INFO] [stdout]   59:     0x55db565979b8 - core::ops::function::FnOnce::call_once{{vtable.shim}}::h745ea30807a29e55
[INFO] [stdout]                                at /rustc/a178d0322ce20e33eac124758e837cbd80a6f633/library/core/src/ops/function.rs:227:5
[INFO] [stdout]   60:     0x55db56646987 - <alloc::boxed::Box<F,A> as core::ops::function::FnOnce<Args>>::call_once::h7ece6cfefaff1005
[INFO] [stdout]                                at /rustc/a178d0322ce20e33eac124758e837cbd80a6f633/library/alloc/src/boxed.rs:1575:9
[INFO] [stdout]   61:     0x55db56646987 - <alloc::boxed::Box<F,A> as core::ops::function::FnOnce<Args>>::call_once::hb8b48e55c21f193e
[INFO] [stdout]                                at /rustc/a178d0322ce20e33eac124758e837cbd80a6f633/library/alloc/src/boxed.rs:1575:9
[INFO] [stdout]   62:     0x55db56646987 - std::sys::unix::thread::Thread::new::thread_start::h8c7c4450dba62914
[INFO] [stdout]                                at /rustc/a178d0322ce20e33eac124758e837cbd80a6f633/library/std/src/sys/unix/thread.rs:71:17
[INFO] [stdout]   63:     0x7f4e527bd609 - start_thread
[INFO] [stdout]   64:     0x7f4e5258f293 - clone
[INFO] [stdout]   65:                0x0 - <unknown>
[INFO] [stdout] 
[INFO] [stdout] 
[INFO] [stdout] failures:
[INFO] [stdout]     claims::credential_subject::tests::test_ordered_hashmap
[INFO] [stdout]     claims::tests::test_claim_sign
[INFO] [stdout]     claims::tests::test_verify_claim
[INFO] [stdout]     proofs::proof::tests::test_proof_from_claim_and_keys
[INFO] [stdout] 
[INFO] [stdout] test result: FAILED. 12 passed; 4 failed; 0 ignored; 0 measured; 0 filtered out; finished in 0.02s
[INFO] [stdout] 
[INFO] running `Command { std: "docker" "inspect" "c724923d9f2370a1b201523ce29f327abf43a21a85d1fc84e9e89f315e420d49", kill_on_drop: false }`
[INFO] running `Command { std: "docker" "rm" "-f" "c724923d9f2370a1b201523ce29f327abf43a21a85d1fc84e9e89f315e420d49", kill_on_drop: false }`
[INFO] [stdout] c724923d9f2370a1b201523ce29f327abf43a21a85d1fc84e9e89f315e420d49
