[INFO] fetching crate c3p0_diesel_macro 0.5.1...
[INFO] testing c3p0_diesel_macro-0.5.1 against beta-2021-08-01 for beta-1.55-1
[INFO] extracting crate c3p0_diesel_macro 0.5.1 into /workspace/builds/worker-108/source
[INFO] validating manifest of crates.io crate c3p0_diesel_macro 0.5.1 on toolchain beta-2021-08-01
[INFO] running `Command { std: "/workspace/cargo-home/bin/cargo" "+beta-2021-08-01" "metadata" "--manifest-path" "Cargo.toml" "--no-deps", kill_on_drop: false }`
[INFO] started tweaking crates.io crate c3p0_diesel_macro 0.5.1
[INFO] finished tweaking crates.io crate c3p0_diesel_macro 0.5.1
[INFO] tweaked toml for crates.io crate c3p0_diesel_macro 0.5.1 written to /workspace/builds/worker-108/source/Cargo.toml
[INFO] running `Command { std: "/workspace/cargo-home/bin/cargo" "+beta-2021-08-01" "generate-lockfile" "--manifest-path" "Cargo.toml" "-Zno-index-update", kill_on_drop: false }`
[INFO] [stderr]     Blocking waiting for file lock on package cache
[INFO] running `Command { std: "/workspace/cargo-home/bin/cargo" "+beta-2021-08-01" "fetch" "--manifest-path" "Cargo.toml", kill_on_drop: false }`
[INFO] [stderr]     Blocking waiting for file lock on package cache
[INFO] [stderr]     Blocking waiting for file lock on package cache
[INFO] running `Command { std: "docker" "create" "-v" "/var/lib/crater-agent-workspace/builds/worker-108/target:/opt/rustwide/target:rw,Z" "-v" "/var/lib/crater-agent-workspace/builds/worker-108/source:/opt/rustwide/workdir:ro,Z" "-v" "/var/lib/crater-agent-workspace/cargo-home:/opt/rustwide/cargo-home:ro,Z" "-v" "/var/lib/crater-agent-workspace/rustup-home:/opt/rustwide/rustup-home:ro,Z" "-e" "SOURCE_DIR=/opt/rustwide/workdir" "-e" "CARGO_TARGET_DIR=/opt/rustwide/target" "-e" "CARGO_HOME=/opt/rustwide/cargo-home" "-e" "RUSTUP_HOME=/opt/rustwide/rustup-home" "-w" "/opt/rustwide/workdir" "-m" "1610612736" "--user" "0:0" "--network" "none" "ghcr.io/rust-lang/crates-build-env/linux@sha256:34b6a614d2c27851fe6cbf88fbd1137609cefab8b10d0615aaeb6fd47975d74e" "/opt/rustwide/cargo-home/bin/cargo" "+beta-2021-08-01" "metadata" "--no-deps" "--format-version=1", kill_on_drop: false }`
[INFO] [stdout] 7506f03c98452207271fe952ee9bd2acf4156fd726c62dc3aae8d399a05623c8
[INFO] running `Command { std: "docker" "start" "-a" "7506f03c98452207271fe952ee9bd2acf4156fd726c62dc3aae8d399a05623c8", kill_on_drop: false }`
[INFO] running `Command { std: "docker" "inspect" "7506f03c98452207271fe952ee9bd2acf4156fd726c62dc3aae8d399a05623c8", kill_on_drop: false }`
[INFO] running `Command { std: "docker" "rm" "-f" "7506f03c98452207271fe952ee9bd2acf4156fd726c62dc3aae8d399a05623c8", kill_on_drop: false }`
[INFO] [stdout] 7506f03c98452207271fe952ee9bd2acf4156fd726c62dc3aae8d399a05623c8
[INFO] running `Command { std: "docker" "create" "-v" "/var/lib/crater-agent-workspace/builds/worker-108/target:/opt/rustwide/target:rw,Z" "-v" "/var/lib/crater-agent-workspace/builds/worker-108/source:/opt/rustwide/workdir:ro,Z" "-v" "/var/lib/crater-agent-workspace/cargo-home:/opt/rustwide/cargo-home:ro,Z" "-v" "/var/lib/crater-agent-workspace/rustup-home:/opt/rustwide/rustup-home:ro,Z" "-e" "SOURCE_DIR=/opt/rustwide/workdir" "-e" "CARGO_TARGET_DIR=/opt/rustwide/target" "-e" "CARGO_INCREMENTAL=0" "-e" "RUST_BACKTRACE=full" "-e" "RUSTFLAGS=--cap-lints=warn" "-e" "CARGO_HOME=/opt/rustwide/cargo-home" "-e" "RUSTUP_HOME=/opt/rustwide/rustup-home" "-w" "/opt/rustwide/workdir" "-m" "1610612736" "--user" "0:0" "--network" "none" "ghcr.io/rust-lang/crates-build-env/linux@sha256:34b6a614d2c27851fe6cbf88fbd1137609cefab8b10d0615aaeb6fd47975d74e" "/opt/rustwide/cargo-home/bin/cargo" "+beta-2021-08-01" "build" "--frozen" "--message-format=json", kill_on_drop: false }`
[INFO] [stdout] b0da9afa88f8360c2e9c139595eb269a2e4fb01433271832d4e7698038dc2613
[INFO] running `Command { std: "docker" "start" "-a" "b0da9afa88f8360c2e9c139595eb269a2e4fb01433271832d4e7698038dc2613", kill_on_drop: false }`
[INFO] [stderr]     Blocking waiting for file lock on package cache
[INFO] [stderr]    Compiling proc-macro2 v1.0.28
[INFO] [stderr]    Compiling unicode-xid v0.2.2
[INFO] [stderr]    Compiling syn v1.0.74
[INFO] [stderr]    Compiling proc-macro2 v0.4.30
[INFO] [stderr]    Compiling serde v1.0.127
[INFO] [stderr]    Compiling serde_json v1.0.66
[INFO] [stderr]    Compiling unicode-xid v0.1.0
[INFO] [stderr]    Compiling pq-sys v0.4.6
[INFO] [stderr]    Compiling serde_derive v1.0.127
[INFO] [stderr]    Compiling quote v1.0.9
[INFO] [stderr]    Compiling quote v0.6.13
[INFO] [stderr]    Compiling syn v0.14.9
[INFO] [stderr]    Compiling diesel_derives v1.4.1
[INFO] [stderr]    Compiling diesel v1.4.7
[INFO] [stderr]    Compiling c3p0_diesel_macro v0.5.1 (/opt/rustwide/workdir)
[INFO] [stderr]     Finished dev [unoptimized + debuginfo] target(s) in 1m 11s
[INFO] running `Command { std: "docker" "inspect" "b0da9afa88f8360c2e9c139595eb269a2e4fb01433271832d4e7698038dc2613", kill_on_drop: false }`
[INFO] running `Command { std: "docker" "rm" "-f" "b0da9afa88f8360c2e9c139595eb269a2e4fb01433271832d4e7698038dc2613", kill_on_drop: false }`
[INFO] [stdout] b0da9afa88f8360c2e9c139595eb269a2e4fb01433271832d4e7698038dc2613
[INFO] running `Command { std: "docker" "create" "-v" "/var/lib/crater-agent-workspace/builds/worker-108/target:/opt/rustwide/target:rw,Z" "-v" "/var/lib/crater-agent-workspace/builds/worker-108/source:/opt/rustwide/workdir:ro,Z" "-v" "/var/lib/crater-agent-workspace/cargo-home:/opt/rustwide/cargo-home:ro,Z" "-v" "/var/lib/crater-agent-workspace/rustup-home:/opt/rustwide/rustup-home:ro,Z" "-e" "SOURCE_DIR=/opt/rustwide/workdir" "-e" "CARGO_TARGET_DIR=/opt/rustwide/target" "-e" "CARGO_INCREMENTAL=0" "-e" "RUST_BACKTRACE=full" "-e" "RUSTFLAGS=--cap-lints=warn" "-e" "CARGO_HOME=/opt/rustwide/cargo-home" "-e" "RUSTUP_HOME=/opt/rustwide/rustup-home" "-w" "/opt/rustwide/workdir" "-m" "1610612736" "--user" "0:0" "--network" "none" "ghcr.io/rust-lang/crates-build-env/linux@sha256:34b6a614d2c27851fe6cbf88fbd1137609cefab8b10d0615aaeb6fd47975d74e" "/opt/rustwide/cargo-home/bin/cargo" "+beta-2021-08-01" "test" "--frozen" "--no-run" "--message-format=json", kill_on_drop: false }`
[INFO] [stdout] fb5cb5fff6c5c6fad47eba229255254352f2bed170b9f4be041d0e1eff55554f
[INFO] running `Command { std: "docker" "start" "-a" "fb5cb5fff6c5c6fad47eba229255254352f2bed170b9f4be041d0e1eff55554f", kill_on_drop: false }`
[INFO] [stderr]     Blocking waiting for file lock on package cache
[INFO] [stderr]    Compiling unicode-xid v0.0.4
[INFO] [stderr]    Compiling log v0.4.14
[INFO] [stderr]    Compiling quote v0.3.15
[INFO] [stderr]    Compiling typenum v1.13.0
[INFO] [stderr]    Compiling libc v0.2.98
[INFO] [stderr]    Compiling getrandom v0.1.16
[INFO] [stderr]    Compiling byte-tools v0.3.1
[INFO] [stderr]    Compiling subtle v1.0.0
[INFO] [stderr]    Compiling fake-simd v0.1.2
[INFO] [stderr]    Compiling opaque-debug v0.2.3
[INFO] [stderr]    Compiling hex v0.3.2
[INFO] [stderr]    Compiling migrations_internals v1.4.1
[INFO] [stderr]    Compiling block-padding v0.1.5
[INFO] [stderr]    Compiling synom v0.11.3
[INFO] [stderr]    Compiling syn v0.11.11
[INFO] [stderr]    Compiling migrations_macros v1.4.2
[INFO] [stderr]    Compiling rand_core v0.5.1
[INFO] [stderr]    Compiling generic-array v0.12.4
[INFO] [stderr]    Compiling rand_chacha v0.2.2
[INFO] [stderr]    Compiling digest v0.8.1
[INFO] [stderr]    Compiling crypto-mac v0.7.0
[INFO] [stderr]    Compiling block-buffer v0.7.3
[INFO] [stderr]    Compiling diesel_migrations v1.4.0
[INFO] [stderr]    Compiling rand v0.7.3
[INFO] [stderr]    Compiling hmac v0.7.1
[INFO] [stderr]    Compiling sha2 v0.8.2
[INFO] [stderr]    Compiling debug_stub_derive v0.3.0
[INFO] [stderr]    Compiling tc_core v0.3.1
[INFO] [stderr]    Compiling tc_postgres v0.2.0
[INFO] [stderr]    Compiling tc_parity_parity v0.4.0
[INFO] [stderr]    Compiling tc_generic v0.2.1
[INFO] [stderr]    Compiling tc_cli_client v0.2.1
[INFO] [stderr]    Compiling tc_trufflesuite_ganachecli v0.4.1
[INFO] [stderr]    Compiling tc_coblox_bitcoincore v0.5.1
[INFO] [stderr]    Compiling tc_dynamodb_local v0.2.1
[INFO] [stderr]    Compiling tc_redis v0.2.1
[INFO] [stderr]    Compiling tc_elasticmq v0.2.1
[INFO] [stderr]    Compiling testcontainers v0.6.0
[INFO] [stderr]    Compiling c3p0_diesel_macro v0.5.1 (/opt/rustwide/workdir)
[INFO] [stdout] warning: use of deprecated struct `testcontainers::clients::Cli`: Testcontainers is no longer using microcrates, please upgrade to testcontainers version 0.8
[INFO] [stdout]    --> tests/diesel_json_test.rs:109:23
[INFO] [stdout]     |
[INFO] [stdout] 109 |     docker: &clients::Cli,
[INFO] [stdout]     |                       ^^^
[INFO] [stdout]     |
[INFO] [stdout]     = note: `#[warn(deprecated)]` on by default
[INFO] [stdout] 
[INFO] [stdout] 
[INFO] [stdout] warning: use of deprecated struct `testcontainers::Container`: Testcontainers is no longer using microcrates, please upgrade to testcontainers version 0.8
[INFO] [stdout]    --> tests/diesel_json_test.rs:110:21
[INFO] [stdout]     |
[INFO] [stdout] 110 | ) -> (PgConnection, Container<clients::Cli, Postgres>) {
[INFO] [stdout]     |                     ^^^^^^^^^
[INFO] [stdout] 
[INFO] [stdout] 
[INFO] [stdout] warning: use of deprecated struct `testcontainers::clients::Cli`: Testcontainers is no longer using microcrates, please upgrade to testcontainers version 0.8
[INFO] [stdout]    --> tests/diesel_json_test.rs:110:40
[INFO] [stdout]     |
[INFO] [stdout] 110 | ) -> (PgConnection, Container<clients::Cli, Postgres>) {
[INFO] [stdout]     |                                        ^^^
[INFO] [stdout] 
[INFO] [stdout] 
[INFO] [stdout] warning: use of deprecated struct `testcontainers::clients::Cli`: Testcontainers is no longer using microcrates, please upgrade to testcontainers version 0.8
[INFO] [stdout]   --> tests/diesel_json_test.rs:18:27
[INFO] [stdout]    |
[INFO] [stdout] 18 |     let docker = clients::Cli::default();
[INFO] [stdout]    |                           ^^^
[INFO] [stdout] 
[INFO] [stdout] 
[INFO] [stdout] warning: use of deprecated associated function `testcontainers::Docker::run`: Testcontainers is no longer using microcrates, please upgrade to testcontainers version 0.8
[INFO] [stdout]    --> tests/diesel_json_test.rs:111:23
[INFO] [stdout]     |
[INFO] [stdout] 111 |     let node = docker.run(images::postgres::Postgres::default());
[INFO] [stdout]     |                       ^^^
[INFO] [stdout] 
[INFO] [stdout] 
[INFO] [stdout] warning: use of deprecated associated function `testcontainers::Container::<'d, D, I>::get_host_port`: Testcontainers is no longer using microcrates, please upgrade to testcontainers version 0.8
[INFO] [stdout]    --> tests/diesel_json_test.rs:115:14
[INFO] [stdout]     |
[INFO] [stdout] 115 |         node.get_host_port(5432).unwrap()
[INFO] [stdout]     |              ^^^^^^^^^^^^^
[INFO] [stdout] 
[INFO] [stdout] 
[INFO] [stdout] warning: 6 warnings emitted
[INFO] [stdout] 
[INFO] [stdout] 
[INFO] [stderr]     Finished test [unoptimized + debuginfo] target(s) in 7.04s
[INFO] running `Command { std: "docker" "inspect" "fb5cb5fff6c5c6fad47eba229255254352f2bed170b9f4be041d0e1eff55554f", kill_on_drop: false }`
[INFO] running `Command { std: "docker" "rm" "-f" "fb5cb5fff6c5c6fad47eba229255254352f2bed170b9f4be041d0e1eff55554f", kill_on_drop: false }`
[INFO] [stdout] fb5cb5fff6c5c6fad47eba229255254352f2bed170b9f4be041d0e1eff55554f
[INFO] running `Command { std: "docker" "create" "-v" "/var/lib/crater-agent-workspace/builds/worker-108/target:/opt/rustwide/target:rw,Z" "-v" "/var/lib/crater-agent-workspace/builds/worker-108/source:/opt/rustwide/workdir:ro,Z" "-v" "/var/lib/crater-agent-workspace/cargo-home:/opt/rustwide/cargo-home:ro,Z" "-v" "/var/lib/crater-agent-workspace/rustup-home:/opt/rustwide/rustup-home:ro,Z" "-e" "SOURCE_DIR=/opt/rustwide/workdir" "-e" "CARGO_TARGET_DIR=/opt/rustwide/target" "-e" "CARGO_INCREMENTAL=0" "-e" "RUST_BACKTRACE=full" "-e" "RUSTFLAGS=--cap-lints=warn" "-e" "CARGO_HOME=/opt/rustwide/cargo-home" "-e" "RUSTUP_HOME=/opt/rustwide/rustup-home" "-w" "/opt/rustwide/workdir" "-m" "1610612736" "--user" "0:0" "--network" "none" "ghcr.io/rust-lang/crates-build-env/linux@sha256:34b6a614d2c27851fe6cbf88fbd1137609cefab8b10d0615aaeb6fd47975d74e" "/opt/rustwide/cargo-home/bin/cargo" "+beta-2021-08-01" "test" "--frozen", kill_on_drop: false }`
[INFO] [stdout] 43caaba6dd477c30ab0866a93f38bf5bef83ff7b59bb794c72de744788d9bee0
[INFO] running `Command { std: "docker" "start" "-a" "43caaba6dd477c30ab0866a93f38bf5bef83ff7b59bb794c72de744788d9bee0", kill_on_drop: false }`
[INFO] [stderr]     Blocking waiting for file lock on package cache
[INFO] [stderr] warning: use of deprecated struct `testcontainers::clients::Cli`: Testcontainers is no longer using microcrates, please upgrade to testcontainers version 0.8
[INFO] [stderr]    --> tests/diesel_json_test.rs:109:23
[INFO] [stderr]     |
[INFO] [stderr] 109 |     docker: &clients::Cli,
[INFO] [stderr]     |                       ^^^
[INFO] [stderr]     |
[INFO] [stderr]     = note: `#[warn(deprecated)]` on by default
[INFO] [stderr] 
[INFO] [stderr] warning: use of deprecated struct `testcontainers::Container`: Testcontainers is no longer using microcrates, please upgrade to testcontainers version 0.8
[INFO] [stderr]    --> tests/diesel_json_test.rs:110:21
[INFO] [stderr]     |
[INFO] [stderr] 110 | ) -> (PgConnection, Container<clients::Cli, Postgres>) {
[INFO] [stderr]     |                     ^^^^^^^^^
[INFO] [stderr] 
[INFO] [stderr] warning: use of deprecated struct `testcontainers::clients::Cli`: Testcontainers is no longer using microcrates, please upgrade to testcontainers version 0.8
[INFO] [stderr]    --> tests/diesel_json_test.rs:110:40
[INFO] [stderr]     |
[INFO] [stderr] 110 | ) -> (PgConnection, Container<clients::Cli, Postgres>) {
[INFO] [stderr]     |                                        ^^^
[INFO] [stderr] 
[INFO] [stderr] warning: use of deprecated struct `testcontainers::clients::Cli`: Testcontainers is no longer using microcrates, please upgrade to testcontainers version 0.8
[INFO] [stderr]   --> tests/diesel_json_test.rs:18:27
[INFO] [stderr]    |
[INFO] [stderr] 18 |     let docker = clients::Cli::default();
[INFO] [stderr]    |                           ^^^
[INFO] [stderr] 
[INFO] [stderr] warning: use of deprecated associated function `testcontainers::Docker::run`: Testcontainers is no longer using microcrates, please upgrade to testcontainers version 0.8
[INFO] [stderr]    --> tests/diesel_json_test.rs:111:23
[INFO] [stderr]     |
[INFO] [stderr] 111 |     let node = docker.run(images::postgres::Postgres::default());
[INFO] [stderr]     |                       ^^^
[INFO] [stderr] 
[INFO] [stderr] warning: use of deprecated associated function `testcontainers::Container::<'d, D, I>::get_host_port`: Testcontainers is no longer using microcrates, please upgrade to testcontainers version 0.8
[INFO] [stderr]    --> tests/diesel_json_test.rs:115:14
[INFO] [stderr]     |
[INFO] [stderr] 115 |         node.get_host_port(5432).unwrap()
[INFO] [stderr]     |              ^^^^^^^^^^^^^
[INFO] [stderr] 
[INFO] [stderr] warning: `c3p0_diesel_macro` (test "diesel_json_test") generated 6 warnings
[INFO] [stderr]     Finished test [unoptimized + debuginfo] target(s) in 0.51s
[INFO] [stderr]      Running unittests (/opt/rustwide/target/debug/deps/c3p0_diesel_macro-d1c74033aaf669a4)
[INFO] [stdout] 
[INFO] [stderr]      Running tests/diesel_json_test.rs (/opt/rustwide/target/debug/deps/diesel_json_test-f91958d4f41eb0cc)
[INFO] [stdout] running 0 tests
[INFO] [stdout] 
[INFO] [stdout] test result: ok. 0 passed; 0 failed; 0 ignored; 0 measured; 0 filtered out; finished in 0.00s
[INFO] [stdout] 
[INFO] [stdout] 
[INFO] [stdout] running 1 test
[INFO] [stderr] docker: Cannot connect to the Docker daemon at unix:///var/run/docker.sock. Is the docker daemon running?.
[INFO] [stderr] See 'docker run --help'.
[INFO] [stdout] test should_perform_a_query_with_diesel_json ... FAILED
[INFO] [stderr] error: test failed, to rerun pass '--test diesel_json_test'
[INFO] [stdout] 
[INFO] [stdout] failures:
[INFO] [stdout] 
[INFO] [stdout] ---- should_perform_a_query_with_diesel_json stdout ----
[INFO] [stdout] thread 'should_perform_a_query_with_diesel_json' panicked at 'called `Option::unwrap()` on a `None` value', /opt/rustwide/cargo-home/registry/src/github.com-1ecc6299db9ec823/tc_cli_client-0.2.1/src/cli.rs:104:50
[INFO] [stdout] stack backtrace:
[INFO] [stdout]    0:     0x55dc81a03a10 - std::backtrace_rs::backtrace::libunwind::trace::hff4d1766e93f64f1
[INFO] [stdout]                                at /rustc/53fd98ca776cb875bc9e5514f56b52eb74f9e7a9/library/std/src/../../backtrace/src/backtrace/libunwind.rs:90:5
[INFO] [stdout]    1:     0x55dc81a03a10 - std::backtrace_rs::backtrace::trace_unsynchronized::h56bbc8eb78770bcb
[INFO] [stdout]                                at /rustc/53fd98ca776cb875bc9e5514f56b52eb74f9e7a9/library/std/src/../../backtrace/src/backtrace/mod.rs:66:5
[INFO] [stdout]    2:     0x55dc81a03a10 - std::sys_common::backtrace::_print_fmt::h5c8e75464faca780
[INFO] [stdout]                                at /rustc/53fd98ca776cb875bc9e5514f56b52eb74f9e7a9/library/std/src/sys_common/backtrace.rs:67:5
[INFO] [stdout]    3:     0x55dc81a03a10 - <std::sys_common::backtrace::_print::DisplayBacktrace as core::fmt::Display>::fmt::h48b88277def8b362
[INFO] [stdout]                                at /rustc/53fd98ca776cb875bc9e5514f56b52eb74f9e7a9/library/std/src/sys_common/backtrace.rs:46:22
[INFO] [stdout]    4:     0x55dc81a2693c - core::fmt::write::h3381b3176fe2b3d3
[INFO] [stdout]                                at /rustc/53fd98ca776cb875bc9e5514f56b52eb74f9e7a9/library/core/src/fmt/mod.rs:1115:17
[INFO] [stdout]    5:     0x55dc81a006a5 - std::io::Write::write_fmt::h5f34a676f60246b5
[INFO] [stdout]                                at /rustc/53fd98ca776cb875bc9e5514f56b52eb74f9e7a9/library/std/src/io/mod.rs:1665:15
[INFO] [stdout]    6:     0x55dc81a05bdb - std::sys_common::backtrace::_print::ha537687d6c17dd0d
[INFO] [stdout]                                at /rustc/53fd98ca776cb875bc9e5514f56b52eb74f9e7a9/library/std/src/sys_common/backtrace.rs:49:5
[INFO] [stdout]    7:     0x55dc81a05bdb - std::sys_common::backtrace::print::h61376ae57d131d72
[INFO] [stdout]                                at /rustc/53fd98ca776cb875bc9e5514f56b52eb74f9e7a9/library/std/src/sys_common/backtrace.rs:36:9
[INFO] [stdout]    8:     0x55dc81a05bdb - std::panicking::default_hook::{{closure}}::h0f7208c0b9644a54
[INFO] [stdout]                                at /rustc/53fd98ca776cb875bc9e5514f56b52eb74f9e7a9/library/std/src/panicking.rs:208:50
[INFO] [stdout]    9:     0x55dc81a056ec - std::panicking::default_hook::hdac7fc06578c14ce
[INFO] [stdout]                                at /rustc/53fd98ca776cb875bc9e5514f56b52eb74f9e7a9/library/std/src/panicking.rs:222:9
[INFO] [stdout]   10:     0x55dc81a062a4 - std::panicking::rust_panic_with_hook::h72b21c283da3d1ef
[INFO] [stdout]                                at /rustc/53fd98ca776cb875bc9e5514f56b52eb74f9e7a9/library/std/src/panicking.rs:622:17
[INFO] [stdout]   11:     0x55dc81a05d57 - std::panicking::begin_panic_handler::{{closure}}::he5778f1729cff84a
[INFO] [stdout]                                at /rustc/53fd98ca776cb875bc9e5514f56b52eb74f9e7a9/library/std/src/panicking.rs:517:13
[INFO] [stdout]   12:     0x55dc81a03eec - std::sys_common::backtrace::__rust_end_short_backtrace::h2d11ca8b453b4b1d
[INFO] [stdout]                                at /rustc/53fd98ca776cb875bc9e5514f56b52eb74f9e7a9/library/std/src/sys_common/backtrace.rs:141:18
[INFO] [stdout]   13:     0x55dc81a05ce9 - rust_begin_unwind
[INFO] [stdout]                                at /rustc/53fd98ca776cb875bc9e5514f56b52eb74f9e7a9/library/std/src/panicking.rs:515:5
[INFO] [stdout]   14:     0x55dc818fe431 - core::panicking::panic_fmt::hf9de31d4acbce4db
[INFO] [stdout]                                at /rustc/53fd98ca776cb875bc9e5514f56b52eb74f9e7a9/library/core/src/panicking.rs:92:14
[INFO] [stdout]   15:     0x55dc818fe37d - core::panicking::panic::h8a6bc58a21c6c095
[INFO] [stdout]                                at /rustc/53fd98ca776cb875bc9e5514f56b52eb74f9e7a9/library/core/src/panicking.rs:50:5
[INFO] [stdout]   16:     0x55dc81931587 - core::option::Option<T>::unwrap::h7baeaca81830e25f
[INFO] [stdout]                                at /rustc/53fd98ca776cb875bc9e5514f56b52eb74f9e7a9/library/core/src/option.rs:722:21
[INFO] [stdout]   17:     0x55dc8190b753 - <tc_cli_client::cli::Cli as tc_core::docker::Docker>::run::h7ce45b6c2f43a67a
[INFO] [stdout]                                at /opt/rustwide/cargo-home/registry/src/github.com-1ecc6299db9ec823/tc_cli_client-0.2.1/src/cli.rs:104:28
[INFO] [stdout]   18:     0x55dc8190fc06 - diesel_json_test::establish_connection::h608533765b67e8cf
[INFO] [stdout]                                at /opt/rustwide/workdir/tests/diesel_json_test.rs:111:16
[INFO] [stdout]   19:     0x55dc81910251 - diesel_json_test::should_perform_a_query_with_diesel_json::h1fdd79a54827066c
[INFO] [stdout]                                at /opt/rustwide/workdir/tests/diesel_json_test.rs:19:25
[INFO] [stdout]   20:     0x55dc8191020a - diesel_json_test::should_perform_a_query_with_diesel_json::{{closure}}::hc0e897b3878a8665
[INFO] [stdout]                                at /opt/rustwide/workdir/tests/diesel_json_test.rs:15:1
[INFO] [stdout]   21:     0x55dc819002fe - core::ops::function::FnOnce::call_once::heb2e28b20e4afc5d
[INFO] [stdout]                                at /rustc/53fd98ca776cb875bc9e5514f56b52eb74f9e7a9/library/core/src/ops/function.rs:227:5
[INFO] [stdout]   22:     0x55dc8196c893 - core::ops::function::FnOnce::call_once::hbb52c4519d3137b0
[INFO] [stdout]                                at /rustc/53fd98ca776cb875bc9e5514f56b52eb74f9e7a9/library/core/src/ops/function.rs:227:5
[INFO] [stdout]   23:     0x55dc8196c893 - test::__rust_begin_short_backtrace::h86fe3a2a5a5121af
[INFO] [stdout]                                at /rustc/53fd98ca776cb875bc9e5514f56b52eb74f9e7a9/library/test/src/lib.rs:578:5
[INFO] [stdout]   24:     0x55dc8196b348 - <alloc::boxed::Box<F,A> as core::ops::function::FnOnce<Args>>::call_once::hfd956bc3d57399be
[INFO] [stdout]                                at /rustc/53fd98ca776cb875bc9e5514f56b52eb74f9e7a9/library/alloc/src/boxed.rs:1572:9
[INFO] [stdout]   25:     0x55dc8196b348 - <std::panic::AssertUnwindSafe<F> as core::ops::function::FnOnce<()>>::call_once::h40dc93e0ddb5938a
[INFO] [stdout]                                at /rustc/53fd98ca776cb875bc9e5514f56b52eb74f9e7a9/library/std/src/panic.rs:347:9
[INFO] [stdout]   26:     0x55dc8196b348 - std::panicking::try::do_call::h90d07750cb47c562
[INFO] [stdout]                                at /rustc/53fd98ca776cb875bc9e5514f56b52eb74f9e7a9/library/std/src/panicking.rs:401:40
[INFO] [stdout]   27:     0x55dc8196b348 - std::panicking::try::h063c84733ad2a629
[INFO] [stdout]                                at /rustc/53fd98ca776cb875bc9e5514f56b52eb74f9e7a9/library/std/src/panicking.rs:365:19
[INFO] [stdout]   28:     0x55dc8196b348 - std::panic::catch_unwind::h0c464836a84e7c08
[INFO] [stdout]                                at /rustc/53fd98ca776cb875bc9e5514f56b52eb74f9e7a9/library/std/src/panic.rs:434:14
[INFO] [stdout]   29:     0x55dc8196b348 - test::run_test_in_process::h5cb06ef620b157fc
[INFO] [stdout]                                at /rustc/53fd98ca776cb875bc9e5514f56b52eb74f9e7a9/library/test/src/lib.rs:601:18
[INFO] [stdout]   30:     0x55dc8196b348 - test::run_test::run_test_inner::{{closure}}::h76f677f4b93f9828
[INFO] [stdout]                                at /rustc/53fd98ca776cb875bc9e5514f56b52eb74f9e7a9/library/test/src/lib.rs:493:39
[INFO] [stdout]   31:     0x55dc81939add - test::run_test::run_test_inner::{{closure}}::h366d01fe04f4d67a
[INFO] [stdout]                                at /rustc/53fd98ca776cb875bc9e5514f56b52eb74f9e7a9/library/test/src/lib.rs:520:37
[INFO] [stdout]   32:     0x55dc81939add - std::sys_common::backtrace::__rust_begin_short_backtrace::h7dfa0de4eb395af2
[INFO] [stdout]                                at /rustc/53fd98ca776cb875bc9e5514f56b52eb74f9e7a9/library/std/src/sys_common/backtrace.rs:125:18
[INFO] [stdout]   33:     0x55dc8193e2a8 - std::thread::Builder::spawn_unchecked::{{closure}}::{{closure}}::hf0a74bb58798037f
[INFO] [stdout]                                at /rustc/53fd98ca776cb875bc9e5514f56b52eb74f9e7a9/library/std/src/thread/mod.rs:476:17
[INFO] [stdout]   34:     0x55dc8193e2a8 - <std::panic::AssertUnwindSafe<F> as core::ops::function::FnOnce<()>>::call_once::hb024e854818586ac
[INFO] [stdout]                                at /rustc/53fd98ca776cb875bc9e5514f56b52eb74f9e7a9/library/std/src/panic.rs:347:9
[INFO] [stdout]   35:     0x55dc8193e2a8 - std::panicking::try::do_call::hb2dd9f1d0d48e41d
[INFO] [stdout]                                at /rustc/53fd98ca776cb875bc9e5514f56b52eb74f9e7a9/library/std/src/panicking.rs:401:40
[INFO] [stdout]   36:     0x55dc8193e2a8 - std::panicking::try::h4717ae7bac8b2bf3
[INFO] [stdout]                                at /rustc/53fd98ca776cb875bc9e5514f56b52eb74f9e7a9/library/std/src/panicking.rs:365:19
[INFO] [stdout]   37:     0x55dc8193e2a8 - std::panic::catch_unwind::h0dc8a061326ce8d8
[INFO] [stdout]                                at /rustc/53fd98ca776cb875bc9e5514f56b52eb74f9e7a9/library/std/src/panic.rs:434:14
[INFO] [stdout]   38:     0x55dc8193e2a8 - std::thread::Builder::spawn_unchecked::{{closure}}::haa369e2d6fd00aa1
[INFO] [stdout]                                at /rustc/53fd98ca776cb875bc9e5514f56b52eb74f9e7a9/library/std/src/thread/mod.rs:475:30
[INFO] [stdout]   39:     0x55dc8193e2a8 - core::ops::function::FnOnce::call_once{{vtable.shim}}::h36dcf3de8b056f17
[INFO] [stdout]                                at /rustc/53fd98ca776cb875bc9e5514f56b52eb74f9e7a9/library/core/src/ops/function.rs:227:5
[INFO] [stdout]   40:     0x55dc81a0b127 - <alloc::boxed::Box<F,A> as core::ops::function::FnOnce<Args>>::call_once::h65c29e4642be2358
[INFO] [stdout]                                at /rustc/53fd98ca776cb875bc9e5514f56b52eb74f9e7a9/library/alloc/src/boxed.rs:1572:9
[INFO] [stdout]   41:     0x55dc81a0b127 - <alloc::boxed::Box<F,A> as core::ops::function::FnOnce<Args>>::call_once::hd0f8f7fbbd9fffbf
[INFO] [stdout]                                at /rustc/53fd98ca776cb875bc9e5514f56b52eb74f9e7a9/library/alloc/src/boxed.rs:1572:9
[INFO] [stdout]   42:     0x55dc81a0b127 - std::sys::unix::thread::Thread::new::thread_start::h2fd22fee3ca77b65
[INFO] [stdout]                                at /rustc/53fd98ca776cb875bc9e5514f56b52eb74f9e7a9/library/std/src/sys/unix/thread.rs:74:17
[INFO] [stdout]   43:     0x7fe8dbacd609 - start_thread
[INFO] [stdout]   44:     0x7fe8dbd58293 - clone
[INFO] [stdout]   45:                0x0 - <unknown>
[INFO] [stdout] 
[INFO] [stdout] 
[INFO] [stdout] failures:
[INFO] [stdout]     should_perform_a_query_with_diesel_json
[INFO] [stdout] 
[INFO] [stdout] test result: FAILED. 0 passed; 1 failed; 0 ignored; 0 measured; 0 filtered out; finished in 0.10s
[INFO] [stdout] 
[INFO] running `Command { std: "docker" "inspect" "43caaba6dd477c30ab0866a93f38bf5bef83ff7b59bb794c72de744788d9bee0", kill_on_drop: false }`
[INFO] running `Command { std: "docker" "rm" "-f" "43caaba6dd477c30ab0866a93f38bf5bef83ff7b59bb794c72de744788d9bee0", kill_on_drop: false }`
[INFO] [stdout] 43caaba6dd477c30ab0866a93f38bf5bef83ff7b59bb794c72de744788d9bee0
