[INFO] fetching crate c3p0_diesel 0.5.1...
[INFO] testing c3p0_diesel-0.5.1 against 1.54.0 for beta-1.55-1
[INFO] extracting crate c3p0_diesel 0.5.1 into /workspace/builds/worker-62/source
[INFO] validating manifest of crates.io crate c3p0_diesel 0.5.1 on toolchain 1.54.0
[INFO] running `Command { std: "/workspace/cargo-home/bin/cargo" "+1.54.0" "metadata" "--manifest-path" "Cargo.toml" "--no-deps", kill_on_drop: false }`
[INFO] started tweaking crates.io crate c3p0_diesel 0.5.1
[INFO] finished tweaking crates.io crate c3p0_diesel 0.5.1
[INFO] tweaked toml for crates.io crate c3p0_diesel 0.5.1 written to /workspace/builds/worker-62/source/Cargo.toml
[INFO] running `Command { std: "/workspace/cargo-home/bin/cargo" "+1.54.0" "generate-lockfile" "--manifest-path" "Cargo.toml" "-Zno-index-update", kill_on_drop: false }`
[INFO] [stderr]     Blocking waiting for file lock on package cache
[INFO] running `Command { std: "/workspace/cargo-home/bin/cargo" "+1.54.0" "fetch" "--manifest-path" "Cargo.toml", kill_on_drop: false }`
[INFO] [stderr]     Blocking waiting for file lock on package cache
[INFO] [stderr]     Blocking waiting for file lock on package cache
[INFO] running `Command { std: "docker" "create" "-v" "/var/lib/crater-agent-workspace/builds/worker-62/target:/opt/rustwide/target:rw,Z" "-v" "/var/lib/crater-agent-workspace/builds/worker-62/source:/opt/rustwide/workdir:ro,Z" "-v" "/var/lib/crater-agent-workspace/cargo-home:/opt/rustwide/cargo-home:ro,Z" "-v" "/var/lib/crater-agent-workspace/rustup-home:/opt/rustwide/rustup-home:ro,Z" "-e" "SOURCE_DIR=/opt/rustwide/workdir" "-e" "CARGO_TARGET_DIR=/opt/rustwide/target" "-e" "CARGO_HOME=/opt/rustwide/cargo-home" "-e" "RUSTUP_HOME=/opt/rustwide/rustup-home" "-w" "/opt/rustwide/workdir" "-m" "1610612736" "--user" "0:0" "--network" "none" "ghcr.io/rust-lang/crates-build-env/linux@sha256:34b6a614d2c27851fe6cbf88fbd1137609cefab8b10d0615aaeb6fd47975d74e" "/opt/rustwide/cargo-home/bin/cargo" "+1.54.0" "metadata" "--no-deps" "--format-version=1", kill_on_drop: false }`
[INFO] [stdout] b0f874406a3b3dd361f6c7e837510a96d67792d98af2dfb74596f32631bdff24
[INFO] running `Command { std: "docker" "start" "-a" "b0f874406a3b3dd361f6c7e837510a96d67792d98af2dfb74596f32631bdff24", kill_on_drop: false }`
[INFO] running `Command { std: "docker" "inspect" "b0f874406a3b3dd361f6c7e837510a96d67792d98af2dfb74596f32631bdff24", kill_on_drop: false }`
[INFO] running `Command { std: "docker" "rm" "-f" "b0f874406a3b3dd361f6c7e837510a96d67792d98af2dfb74596f32631bdff24", kill_on_drop: false }`
[INFO] [stdout] b0f874406a3b3dd361f6c7e837510a96d67792d98af2dfb74596f32631bdff24
[INFO] running `Command { std: "docker" "create" "-v" "/var/lib/crater-agent-workspace/builds/worker-62/target:/opt/rustwide/target:rw,Z" "-v" "/var/lib/crater-agent-workspace/builds/worker-62/source:/opt/rustwide/workdir:ro,Z" "-v" "/var/lib/crater-agent-workspace/cargo-home:/opt/rustwide/cargo-home:ro,Z" "-v" "/var/lib/crater-agent-workspace/rustup-home:/opt/rustwide/rustup-home:ro,Z" "-e" "SOURCE_DIR=/opt/rustwide/workdir" "-e" "CARGO_TARGET_DIR=/opt/rustwide/target" "-e" "CARGO_INCREMENTAL=0" "-e" "RUST_BACKTRACE=full" "-e" "RUSTFLAGS=--cap-lints=warn" "-e" "CARGO_HOME=/opt/rustwide/cargo-home" "-e" "RUSTUP_HOME=/opt/rustwide/rustup-home" "-w" "/opt/rustwide/workdir" "-m" "1610612736" "--user" "0:0" "--network" "none" "ghcr.io/rust-lang/crates-build-env/linux@sha256:34b6a614d2c27851fe6cbf88fbd1137609cefab8b10d0615aaeb6fd47975d74e" "/opt/rustwide/cargo-home/bin/cargo" "+1.54.0" "build" "--frozen" "--message-format=json", kill_on_drop: false }`
[INFO] [stdout] 3a4a2d4bfba2c333d4c94feefa9f52939c93416fec41497c6f2d8f22d666833e
[INFO] running `Command { std: "docker" "start" "-a" "3a4a2d4bfba2c333d4c94feefa9f52939c93416fec41497c6f2d8f22d666833e", kill_on_drop: false }`
[INFO] [stderr]     Blocking waiting for file lock on package cache
[INFO] [stderr]    Compiling proc-macro2 v1.0.28
[INFO] [stderr]    Compiling unicode-xid v0.2.2
[INFO] [stderr]    Compiling syn v1.0.74
[INFO] [stderr]    Compiling serde v1.0.127
[INFO] [stderr]    Compiling proc-macro2 v0.4.30
[INFO] [stderr]    Compiling ryu v1.0.5
[INFO] [stderr]    Compiling bitflags v1.2.1
[INFO] [stderr]    Compiling serde_json v1.0.66
[INFO] [stderr]    Compiling pq-sys v0.4.6
[INFO] [stderr]    Compiling unicode-xid v0.1.0
[INFO] [stderr]    Compiling serde_derive v1.0.127
[INFO] [stderr]    Compiling itoa v0.4.7
[INFO] [stderr]    Compiling byteorder v1.4.3
[INFO] [stderr]    Compiling log v0.4.14
[INFO] [stderr]    Compiling cfg-if v1.0.0
[INFO] [stderr]    Compiling quote v0.6.13
[INFO] [stderr]    Compiling quote v1.0.9
[INFO] [stderr]    Compiling syn v0.14.9
[INFO] [stderr]    Compiling diesel_derives v1.4.1
[INFO] [stderr]    Compiling diesel v1.4.7
[INFO] [stderr]    Compiling c3p0_diesel_macro v0.5.1
[INFO] [stderr]    Compiling c3p0_diesel v0.5.1 (/opt/rustwide/workdir)
[INFO] [stderr]     Finished dev [unoptimized + debuginfo] target(s) in 1m 09s
[INFO] running `Command { std: "docker" "inspect" "3a4a2d4bfba2c333d4c94feefa9f52939c93416fec41497c6f2d8f22d666833e", kill_on_drop: false }`
[INFO] running `Command { std: "docker" "rm" "-f" "3a4a2d4bfba2c333d4c94feefa9f52939c93416fec41497c6f2d8f22d666833e", kill_on_drop: false }`
[INFO] [stdout] 3a4a2d4bfba2c333d4c94feefa9f52939c93416fec41497c6f2d8f22d666833e
[INFO] running `Command { std: "docker" "create" "-v" "/var/lib/crater-agent-workspace/builds/worker-62/target:/opt/rustwide/target:rw,Z" "-v" "/var/lib/crater-agent-workspace/builds/worker-62/source:/opt/rustwide/workdir:ro,Z" "-v" "/var/lib/crater-agent-workspace/cargo-home:/opt/rustwide/cargo-home:ro,Z" "-v" "/var/lib/crater-agent-workspace/rustup-home:/opt/rustwide/rustup-home:ro,Z" "-e" "SOURCE_DIR=/opt/rustwide/workdir" "-e" "CARGO_TARGET_DIR=/opt/rustwide/target" "-e" "CARGO_INCREMENTAL=0" "-e" "RUST_BACKTRACE=full" "-e" "RUSTFLAGS=--cap-lints=warn" "-e" "CARGO_HOME=/opt/rustwide/cargo-home" "-e" "RUSTUP_HOME=/opt/rustwide/rustup-home" "-w" "/opt/rustwide/workdir" "-m" "1610612736" "--user" "0:0" "--network" "none" "ghcr.io/rust-lang/crates-build-env/linux@sha256:34b6a614d2c27851fe6cbf88fbd1137609cefab8b10d0615aaeb6fd47975d74e" "/opt/rustwide/cargo-home/bin/cargo" "+1.54.0" "test" "--frozen" "--no-run" "--message-format=json", kill_on_drop: false }`
[INFO] [stdout] e2a9b35e59ece88669e911ab51109f2bef70a2a75598fa7feb2efc7b97edd887
[INFO] running `Command { std: "docker" "start" "-a" "e2a9b35e59ece88669e911ab51109f2bef70a2a75598fa7feb2efc7b97edd887", kill_on_drop: false }`
[INFO] [stderr]    Compiling unicode-xid v0.0.4
[INFO] [stderr]    Compiling quote v0.3.15
[INFO] [stderr]    Compiling typenum v1.13.0
[INFO] [stderr]    Compiling libc v0.2.98
[INFO] [stderr]    Compiling getrandom v0.1.16
[INFO] [stderr]    Compiling byte-tools v0.3.1
[INFO] [stderr]    Compiling ppv-lite86 v0.2.10
[INFO] [stderr]    Compiling subtle v1.0.0
[INFO] [stderr]    Compiling opaque-debug v0.2.3
[INFO] [stderr]    Compiling fake-simd v0.1.2
[INFO] [stderr]    Compiling hex v0.3.2
[INFO] [stderr]    Compiling migrations_internals v1.4.1
[INFO] [stderr]    Compiling block-padding v0.1.5
[INFO] [stderr]    Compiling synom v0.11.3
[INFO] [stderr]    Compiling syn v0.11.11
[INFO] [stderr]    Compiling migrations_macros v1.4.2
[INFO] [stderr]    Compiling rand_core v0.5.1
[INFO] [stderr]    Compiling generic-array v0.12.4
[INFO] [stderr]    Compiling rand_chacha v0.2.2
[INFO] [stderr]    Compiling digest v0.8.1
[INFO] [stderr]    Compiling crypto-mac v0.7.0
[INFO] [stderr]    Compiling block-buffer v0.7.3
[INFO] [stderr]    Compiling hmac v0.7.1
[INFO] [stderr]    Compiling sha2 v0.8.2
[INFO] [stderr]    Compiling rand v0.7.3
[INFO] [stderr]    Compiling diesel_migrations v1.4.0
[INFO] [stderr]    Compiling debug_stub_derive v0.3.0
[INFO] [stderr]    Compiling tc_core v0.3.1
[INFO] [stderr]    Compiling tc_postgres v0.2.0
[INFO] [stderr]    Compiling tc_coblox_bitcoincore v0.5.1
[INFO] [stderr]    Compiling tc_elasticmq v0.2.1
[INFO] [stderr]    Compiling tc_redis v0.2.1
[INFO] [stderr]    Compiling tc_generic v0.2.1
[INFO] [stderr]    Compiling tc_dynamodb_local v0.2.1
[INFO] [stderr]    Compiling tc_parity_parity v0.4.0
[INFO] [stderr]    Compiling tc_trufflesuite_ganachecli v0.4.1
[INFO] [stderr]    Compiling tc_cli_client v0.2.1
[INFO] [stderr]    Compiling testcontainers v0.6.0
[INFO] [stderr]    Compiling c3p0_diesel v0.5.1 (/opt/rustwide/workdir)
[INFO] [stdout] warning: use of deprecated struct `testcontainers::clients::Cli`: Testcontainers is no longer using microcrates, please upgrade to testcontainers version 0.8
[INFO] [stdout]   --> tests/diesel_c3p0_test.rs:94:14
[INFO] [stdout]    |
[INFO] [stdout] 94 |     docker: &clients::Cli,
[INFO] [stdout]    |              ^^^^^^^^^^^^
[INFO] [stdout]    |
[INFO] [stdout]    = note: `#[warn(deprecated)]` on by default
[INFO] [stdout] 
[INFO] [stdout] 
[INFO] [stdout] warning: use of deprecated struct `testcontainers::Container`: Testcontainers is no longer using microcrates, please upgrade to testcontainers version 0.8
[INFO] [stdout]   --> tests/diesel_c3p0_test.rs:95:21
[INFO] [stdout]    |
[INFO] [stdout] 95 | ) -> (PgConnection, Container<clients::Cli, Postgres>) {
[INFO] [stdout]    |                     ^^^^^^^^^^^^^^^^^^^^^^^^^^^^^^^^^
[INFO] [stdout] 
[INFO] [stdout] 
[INFO] [stdout] warning: use of deprecated struct `testcontainers::clients::Cli`: Testcontainers is no longer using microcrates, please upgrade to testcontainers version 0.8
[INFO] [stdout]   --> tests/diesel_c3p0_test.rs:95:31
[INFO] [stdout]    |
[INFO] [stdout] 95 | ) -> (PgConnection, Container<clients::Cli, Postgres>) {
[INFO] [stdout]    |                               ^^^^^^^^^^^^
[INFO] [stdout] 
[INFO] [stdout] 
[INFO] [stdout] warning: use of deprecated struct `testcontainers::clients::Cli`: Testcontainers is no longer using microcrates, please upgrade to testcontainers version 0.8
[INFO] [stdout]   --> tests/diesel_c3p0_test.rs:18:18
[INFO] [stdout]    |
[INFO] [stdout] 18 |     let docker = clients::Cli::default();
[INFO] [stdout]    |                  ^^^^^^^^^^^^
[INFO] [stdout] 
[INFO] [stdout] 
[INFO] [stdout] warning: use of deprecated associated function `testcontainers::Docker::run`: Testcontainers is no longer using microcrates, please upgrade to testcontainers version 0.8
[INFO] [stdout]   --> tests/diesel_c3p0_test.rs:96:23
[INFO] [stdout]    |
[INFO] [stdout] 96 |     let node = docker.run(images::postgres::Postgres::default());
[INFO] [stdout]    |                       ^^^
[INFO] [stdout] 
[INFO] [stdout] 
[INFO] [stdout] warning: use of deprecated associated function `testcontainers::Container::<'d, D, I>::get_host_port`: Testcontainers is no longer using microcrates, please upgrade to testcontainers version 0.8
[INFO] [stdout]    --> tests/diesel_c3p0_test.rs:100:14
[INFO] [stdout]     |
[INFO] [stdout] 100 |         node.get_host_port(5432).unwrap()
[INFO] [stdout]     |              ^^^^^^^^^^^^^
[INFO] [stdout] 
[INFO] [stdout] 
[INFO] [stdout] warning: 6 warnings emitted
[INFO] [stdout] 
[INFO] [stdout] 
[INFO] [stderr]     Finished test [unoptimized + debuginfo] target(s) in 7.07s
[INFO] running `Command { std: "docker" "inspect" "e2a9b35e59ece88669e911ab51109f2bef70a2a75598fa7feb2efc7b97edd887", kill_on_drop: false }`
[INFO] running `Command { std: "docker" "rm" "-f" "e2a9b35e59ece88669e911ab51109f2bef70a2a75598fa7feb2efc7b97edd887", kill_on_drop: false }`
[INFO] [stdout] e2a9b35e59ece88669e911ab51109f2bef70a2a75598fa7feb2efc7b97edd887
[INFO] running `Command { std: "docker" "create" "-v" "/var/lib/crater-agent-workspace/builds/worker-62/target:/opt/rustwide/target:rw,Z" "-v" "/var/lib/crater-agent-workspace/builds/worker-62/source:/opt/rustwide/workdir:ro,Z" "-v" "/var/lib/crater-agent-workspace/cargo-home:/opt/rustwide/cargo-home:ro,Z" "-v" "/var/lib/crater-agent-workspace/rustup-home:/opt/rustwide/rustup-home:ro,Z" "-e" "SOURCE_DIR=/opt/rustwide/workdir" "-e" "CARGO_TARGET_DIR=/opt/rustwide/target" "-e" "CARGO_INCREMENTAL=0" "-e" "RUST_BACKTRACE=full" "-e" "RUSTFLAGS=--cap-lints=warn" "-e" "CARGO_HOME=/opt/rustwide/cargo-home" "-e" "RUSTUP_HOME=/opt/rustwide/rustup-home" "-w" "/opt/rustwide/workdir" "-m" "1610612736" "--user" "0:0" "--network" "none" "ghcr.io/rust-lang/crates-build-env/linux@sha256:34b6a614d2c27851fe6cbf88fbd1137609cefab8b10d0615aaeb6fd47975d74e" "/opt/rustwide/cargo-home/bin/cargo" "+1.54.0" "test" "--frozen", kill_on_drop: false }`
[INFO] [stdout] 7b39a151c23ff9a8402997e3620e94467e65e4fa20e35f39f7f0bd9a433e6d43
[INFO] running `Command { std: "docker" "start" "-a" "7b39a151c23ff9a8402997e3620e94467e65e4fa20e35f39f7f0bd9a433e6d43", kill_on_drop: false }`
[INFO] [stderr]     Blocking waiting for file lock on package cache
[INFO] [stderr] warning: use of deprecated struct `testcontainers::clients::Cli`: Testcontainers is no longer using microcrates, please upgrade to testcontainers version 0.8
[INFO] [stderr]   --> tests/diesel_c3p0_test.rs:94:14
[INFO] [stderr]    |
[INFO] [stderr] 94 |     docker: &clients::Cli,
[INFO] [stderr]    |              ^^^^^^^^^^^^
[INFO] [stderr]    |
[INFO] [stderr]    = note: `#[warn(deprecated)]` on by default
[INFO] [stderr] 
[INFO] [stderr] warning: use of deprecated struct `testcontainers::Container`: Testcontainers is no longer using microcrates, please upgrade to testcontainers version 0.8
[INFO] [stderr]   --> tests/diesel_c3p0_test.rs:95:21
[INFO] [stderr]    |
[INFO] [stderr] 95 | ) -> (PgConnection, Container<clients::Cli, Postgres>) {
[INFO] [stderr]    |                     ^^^^^^^^^^^^^^^^^^^^^^^^^^^^^^^^^
[INFO] [stderr] 
[INFO] [stderr] warning: use of deprecated struct `testcontainers::clients::Cli`: Testcontainers is no longer using microcrates, please upgrade to testcontainers version 0.8
[INFO] [stderr]   --> tests/diesel_c3p0_test.rs:95:31
[INFO] [stderr]    |
[INFO] [stderr] 95 | ) -> (PgConnection, Container<clients::Cli, Postgres>) {
[INFO] [stderr]    |                               ^^^^^^^^^^^^
[INFO] [stderr] 
[INFO] [stderr] warning: use of deprecated struct `testcontainers::clients::Cli`: Testcontainers is no longer using microcrates, please upgrade to testcontainers version 0.8
[INFO] [stderr]   --> tests/diesel_c3p0_test.rs:18:18
[INFO] [stderr]    |
[INFO] [stderr] 18 |     let docker = clients::Cli::default();
[INFO] [stderr]    |                  ^^^^^^^^^^^^
[INFO] [stderr] 
[INFO] [stderr] warning: use of deprecated associated function `testcontainers::Docker::run`: Testcontainers is no longer using microcrates, please upgrade to testcontainers version 0.8
[INFO] [stderr]   --> tests/diesel_c3p0_test.rs:96:23
[INFO] [stderr]    |
[INFO] [stderr] 96 |     let node = docker.run(images::postgres::Postgres::default());
[INFO] [stderr]    |                       ^^^
[INFO] [stderr] 
[INFO] [stderr] warning: use of deprecated associated function `testcontainers::Container::<'d, D, I>::get_host_port`: Testcontainers is no longer using microcrates, please upgrade to testcontainers version 0.8
[INFO] [stderr]    --> tests/diesel_c3p0_test.rs:100:14
[INFO] [stderr]     |
[INFO] [stderr] 100 |         node.get_host_port(5432).unwrap()
[INFO] [stderr]     |              ^^^^^^^^^^^^^
[INFO] [stderr] 
[INFO] [stderr] warning: 6 warnings emitted
[INFO] [stderr] 
[INFO] [stderr]     Finished test [unoptimized + debuginfo] target(s) in 0.07s
[INFO] [stderr]      Running unittests (/opt/rustwide/target/debug/deps/c3p0_diesel-06b4b7137317754f)
[INFO] [stdout] 
[INFO] [stdout] running 0 tests
[INFO] [stdout] 
[INFO] [stdout] test result: ok. 0 passed; 0 failed; 0 ignored; 0 measured; 0 filtered out; finished in 0.00s
[INFO] [stdout] 
[INFO] [stderr]      Running tests/diesel_c3p0_test.rs (/opt/rustwide/target/debug/deps/diesel_c3p0_test-d64ec42e6e8af5f9)
[INFO] [stdout] 
[INFO] [stdout] running 1 test
[INFO] [stderr] docker: Cannot connect to the Docker daemon at unix:///var/run/docker.sock. Is the docker daemon running?.
[INFO] [stderr] See 'docker run --help'.
[INFO] [stdout] test should_perform_a_query_with_diesel_json ... FAILED
[INFO] [stdout] 
[INFO] [stdout] failures:
[INFO] [stdout] 
[INFO] [stdout] ---- should_perform_a_query_with_diesel_json stdout ----
[INFO] [stdout] thread 'should_perform_a_query_with_diesel_json' panicked at 'called `Option::unwrap()` on a `None` value', /opt/rustwide/cargo-home/registry/src/github.com-1ecc6299db9ec823/tc_cli_client-0.2.1/src/cli.rs:104:50
[INFO] [stdout] stack backtrace:
[INFO] [stdout]    0:     0x562737f60a50 - std::backtrace_rs::backtrace::libunwind::trace::h34055254b57d8e79
[INFO] [stdout]                                at /rustc/a178d0322ce20e33eac124758e837cbd80a6f633/library/std/src/../../backtrace/src/backtrace/libunwind.rs:90:5
[INFO] [stdout]    1:     0x562737f60a50 - std::backtrace_rs::backtrace::trace_unsynchronized::h8f1e3fbd9afff6ec
[INFO] [stdout]                                at /rustc/a178d0322ce20e33eac124758e837cbd80a6f633/library/std/src/../../backtrace/src/backtrace/mod.rs:66:5
[INFO] [stdout]    2:     0x562737f60a50 - std::sys_common::backtrace::_print_fmt::h3a99a796b770c360
[INFO] [stdout]                                at /rustc/a178d0322ce20e33eac124758e837cbd80a6f633/library/std/src/sys_common/backtrace.rs:67:5
[INFO] [stdout]    3:     0x562737f60a50 - <std::sys_common::backtrace::_print::DisplayBacktrace as core::fmt::Display>::fmt::h32d1f94a80615d18
[INFO] [stdout]                                at /rustc/a178d0322ce20e33eac124758e837cbd80a6f633/library/std/src/sys_common/backtrace.rs:46:22
[INFO] [stdout]    4:     0x562737f839bc - core::fmt::write::h306731c068f7162c
[INFO] [stdout]                                at /rustc/a178d0322ce20e33eac124758e837cbd80a6f633/library/core/src/fmt/mod.rs:1110:17
[INFO] [stdout]    5:     0x562737f5d6a5 - std::io::Write::write_fmt::h87f19b0a2cd190bc
[INFO] [stdout]                                at /rustc/a178d0322ce20e33eac124758e837cbd80a6f633/library/std/src/io/mod.rs:1588:15
[INFO] [stdout]    6:     0x562737f62c0b - std::sys_common::backtrace::_print::h5abaa2601a852287
[INFO] [stdout]                                at /rustc/a178d0322ce20e33eac124758e837cbd80a6f633/library/std/src/sys_common/backtrace.rs:49:5
[INFO] [stdout]    7:     0x562737f62c0b - std::sys_common::backtrace::print::h8d81445442bb638f
[INFO] [stdout]                                at /rustc/a178d0322ce20e33eac124758e837cbd80a6f633/library/std/src/sys_common/backtrace.rs:36:9
[INFO] [stdout]    8:     0x562737f62c0b - std::panicking::default_hook::{{closure}}::hcfe804496a9fa747
[INFO] [stdout]                                at /rustc/a178d0322ce20e33eac124758e837cbd80a6f633/library/std/src/panicking.rs:208:50
[INFO] [stdout]    9:     0x562737f6271c - std::panicking::default_hook::hbea8e3ccf2ba8901
[INFO] [stdout]                                at /rustc/a178d0322ce20e33eac124758e837cbd80a6f633/library/std/src/panicking.rs:222:9
[INFO] [stdout]   10:     0x562737f632d4 - std::panicking::rust_panic_with_hook::h7ee9e1a2d0f8975a
[INFO] [stdout]                                at /rustc/a178d0322ce20e33eac124758e837cbd80a6f633/library/std/src/panicking.rs:622:17
[INFO] [stdout]   11:     0x562737f62d87 - std::panicking::begin_panic_handler::{{closure}}::h8ab3b4491718b2c7
[INFO] [stdout]                                at /rustc/a178d0322ce20e33eac124758e837cbd80a6f633/library/std/src/panicking.rs:517:13
[INFO] [stdout]   12:     0x562737f60f4c - std::sys_common::backtrace::__rust_end_short_backtrace::hd489062ffa586a9f
[INFO] [stdout]                                at /rustc/a178d0322ce20e33eac124758e837cbd80a6f633/library/std/src/sys_common/backtrace.rs:141:18
[INFO] [stdout]   13:     0x562737f62d19 - rust_begin_unwind
[INFO] [stdout]                                at /rustc/a178d0322ce20e33eac124758e837cbd80a6f633/library/std/src/panicking.rs:515:5
[INFO] [stdout]   14:     0x562737e5a6d1 - core::panicking::panic_fmt::hca6330e3e14086b4
[INFO] [stdout]                                at /rustc/a178d0322ce20e33eac124758e837cbd80a6f633/library/core/src/panicking.rs:92:14
[INFO] [stdout]   15:     0x562737e5a61d - core::panicking::panic::h1a48d878ff3dcd40
[INFO] [stdout]                                at /rustc/a178d0322ce20e33eac124758e837cbd80a6f633/library/core/src/panicking.rs:50:5
[INFO] [stdout]   16:     0x562737e657b7 - core::option::Option<T>::unwrap::hb3159ab8ca5ebc40
[INFO] [stdout]                                at /rustc/a178d0322ce20e33eac124758e837cbd80a6f633/library/core/src/option.rs:388:21
[INFO] [stdout]   17:     0x562737e790e3 - <tc_cli_client::cli::Cli as tc_core::docker::Docker>::run::h8dc9ffd1061c4813
[INFO] [stdout]                                at /opt/rustwide/cargo-home/registry/src/github.com-1ecc6299db9ec823/tc_cli_client-0.2.1/src/cli.rs:104:28
[INFO] [stdout]   18:     0x562737e72b66 - diesel_c3p0_test::establish_connection::h58cb592ab3232a4d
[INFO] [stdout]                                at /opt/rustwide/workdir/tests/diesel_c3p0_test.rs:96:16
[INFO] [stdout]   19:     0x562737e731b1 - diesel_c3p0_test::should_perform_a_query_with_diesel_json::h70d103de5db4f8e4
[INFO] [stdout]                                at /opt/rustwide/workdir/tests/diesel_c3p0_test.rs:19:25
[INFO] [stdout]   20:     0x562737e7316a - diesel_c3p0_test::should_perform_a_query_with_diesel_json::{{closure}}::h108d0109644a2cd9
[INFO] [stdout]                                at /opt/rustwide/workdir/tests/diesel_c3p0_test.rs:15:1
[INFO] [stdout]   21:     0x562737e640de - core::ops::function::FnOnce::call_once::h93d1b7be747cf879
[INFO] [stdout]                                at /rustc/a178d0322ce20e33eac124758e837cbd80a6f633/library/core/src/ops/function.rs:227:5
[INFO] [stdout]   22:     0x562737ebdde3 - core::ops::function::FnOnce::call_once::h152e7e439ff59e19
[INFO] [stdout]                                at /rustc/a178d0322ce20e33eac124758e837cbd80a6f633/library/core/src/ops/function.rs:227:5
[INFO] [stdout]   23:     0x562737ebdde3 - test::__rust_begin_short_backtrace::h0908f3b1fdbb72ab
[INFO] [stdout]                                at /rustc/a178d0322ce20e33eac124758e837cbd80a6f633/library/test/src/lib.rs:577:5
[INFO] [stdout]   24:     0x562737ebc8a0 - <alloc::boxed::Box<F,A> as core::ops::function::FnOnce<Args>>::call_once::hf6d2a51e5587546c
[INFO] [stdout]                                at /rustc/a178d0322ce20e33eac124758e837cbd80a6f633/library/alloc/src/boxed.rs:1575:9
[INFO] [stdout]   25:     0x562737ebc8a0 - <std::panic::AssertUnwindSafe<F> as core::ops::function::FnOnce<()>>::call_once::h8af660f3a89ef593
[INFO] [stdout]                                at /rustc/a178d0322ce20e33eac124758e837cbd80a6f633/library/std/src/panic.rs:347:9
[INFO] [stdout]   26:     0x562737ebc8a0 - std::panicking::try::do_call::hd36aef60f84b6d36
[INFO] [stdout]                                at /rustc/a178d0322ce20e33eac124758e837cbd80a6f633/library/std/src/panicking.rs:401:40
[INFO] [stdout]   27:     0x562737ebc8a0 - std::panicking::try::h9932b4480e69817c
[INFO] [stdout]                                at /rustc/a178d0322ce20e33eac124758e837cbd80a6f633/library/std/src/panicking.rs:365:19
[INFO] [stdout]   28:     0x562737ebc8a0 - std::panic::catch_unwind::h6aa177099cfff5f8
[INFO] [stdout]                                at /rustc/a178d0322ce20e33eac124758e837cbd80a6f633/library/std/src/panic.rs:434:14
[INFO] [stdout]   29:     0x562737ebc8a0 - test::run_test_in_process::h5884d6f2d99e20c3
[INFO] [stdout]                                at /rustc/a178d0322ce20e33eac124758e837cbd80a6f633/library/test/src/lib.rs:600:18
[INFO] [stdout]   30:     0x562737ebc8a0 - test::run_test::run_test_inner::{{closure}}::h6fdc58c6d5f5b6e3
[INFO] [stdout]                                at /rustc/a178d0322ce20e33eac124758e837cbd80a6f633/library/test/src/lib.rs:492:39
[INFO] [stdout]   31:     0x562737e95f52 - test::run_test::run_test_inner::{{closure}}::h408365d67a78ade8
[INFO] [stdout]                                at /rustc/a178d0322ce20e33eac124758e837cbd80a6f633/library/test/src/lib.rs:519:37
[INFO] [stdout]   32:     0x562737e95f52 - std::sys_common::backtrace::__rust_begin_short_backtrace::hb560b77c4f701523
[INFO] [stdout]                                at /rustc/a178d0322ce20e33eac124758e837cbd80a6f633/library/std/src/sys_common/backtrace.rs:125:18
[INFO] [stdout]   33:     0x562737e99b08 - std::thread::Builder::spawn_unchecked::{{closure}}::{{closure}}::hf2e7831dad93c597
[INFO] [stdout]                                at /rustc/a178d0322ce20e33eac124758e837cbd80a6f633/library/std/src/thread/mod.rs:481:17
[INFO] [stdout]   34:     0x562737e99b08 - <std::panic::AssertUnwindSafe<F> as core::ops::function::FnOnce<()>>::call_once::hd2e08783d8be4d02
[INFO] [stdout]                                at /rustc/a178d0322ce20e33eac124758e837cbd80a6f633/library/std/src/panic.rs:347:9
[INFO] [stdout]   35:     0x562737e99b08 - std::panicking::try::do_call::h062597b7acfd6b82
[INFO] [stdout]                                at /rustc/a178d0322ce20e33eac124758e837cbd80a6f633/library/std/src/panicking.rs:401:40
[INFO] [stdout]   36:     0x562737e99b08 - std::panicking::try::h0d7b79db04c14552
[INFO] [stdout]                                at /rustc/a178d0322ce20e33eac124758e837cbd80a6f633/library/std/src/panicking.rs:365:19
[INFO] [stdout]   37:     0x562737e99b08 - std::panic::catch_unwind::hb01a0b5e7c8cd43b
[INFO] [stdout]                                at /rustc/a178d0322ce20e33eac124758e837cbd80a6f633/library/std/src/panic.rs:434:14
[INFO] [stdout]   38:     0x562737e99b08 - std::thread::Builder::spawn_unchecked::{{closure}}::h5bde48cc887e0d1e
[INFO] [stdout]                                at /rustc/a178d0322ce20e33eac124758e837cbd80a6f633/library/std/src/thread/mod.rs:480:30
[INFO] [stdout]   39:     0x562737e99b08 - core::ops::function::FnOnce::call_once{{vtable.shim}}::h745ea30807a29e55
[INFO] [stdout]                                at /rustc/a178d0322ce20e33eac124758e837cbd80a6f633/library/core/src/ops/function.rs:227:5
[INFO] [stdout]   40:     0x562737f680a7 - <alloc::boxed::Box<F,A> as core::ops::function::FnOnce<Args>>::call_once::h7ece6cfefaff1005
[INFO] [stdout]                                at /rustc/a178d0322ce20e33eac124758e837cbd80a6f633/library/alloc/src/boxed.rs:1575:9
[INFO] [stdout]   41:     0x562737f680a7 - <alloc::boxed::Box<F,A> as core::ops::function::FnOnce<Args>>::call_once::hb8b48e55c21f193e
[INFO] [stdout]                                at /rustc/a178d0322ce20e33eac124758e837cbd80a6f633/library/alloc/src/boxed.rs:1575:9
[INFO] [stdout]   42:     0x562737f680a7 - std::sys::unix::thread::Thread::new::thread_start::h8c7c4450dba62914
[INFO] [stdout]                                at /rustc/a178d0322ce20e33eac124758e837cbd80a6f633/library/std/src/sys/unix/thread.rs:71:17
[INFO] [stdout]   43:     0x7fdf108ea609 - start_thread
[INFO] [stdout]   44:     0x7fdf10b75293 - clone
[INFO] [stdout]   45:                0x0 - <unknown>
[INFO] [stdout] 
[INFO] [stdout] 
[INFO] [stdout] failures:
[INFO] [stdout]     should_perform_a_query_with_diesel_json
[INFO] [stdout] 
[INFO] [stdout] test result: FAILED. 0 passed; 1 failed; 0 ignored; 0 measured; 0 filtered out; finished in 0.30s
[INFO] [stdout] 
[INFO] [stderr] error: test failed, to rerun pass '--test diesel_c3p0_test'
[INFO] running `Command { std: "docker" "inspect" "7b39a151c23ff9a8402997e3620e94467e65e4fa20e35f39f7f0bd9a433e6d43", kill_on_drop: false }`
[INFO] running `Command { std: "docker" "rm" "-f" "7b39a151c23ff9a8402997e3620e94467e65e4fa20e35f39f7f0bd9a433e6d43", kill_on_drop: false }`
[INFO] [stdout] 7b39a151c23ff9a8402997e3620e94467e65e4fa20e35f39f7f0bd9a433e6d43
