[INFO] fetching crate byteorder 1.4.3...
[INFO] testing byteorder-1.4.3 against beta-2021-08-01 for beta-1.55-1
[INFO] extracting crate byteorder 1.4.3 into /workspace/builds/worker-118/source
[INFO] validating manifest of crates.io crate byteorder 1.4.3 on toolchain beta-2021-08-01
[INFO] running `Command { std: "/workspace/cargo-home/bin/cargo" "+beta-2021-08-01" "metadata" "--manifest-path" "Cargo.toml" "--no-deps", kill_on_drop: false }`
[INFO] started tweaking crates.io crate byteorder 1.4.3
[INFO] finished tweaking crates.io crate byteorder 1.4.3
[INFO] tweaked toml for crates.io crate byteorder 1.4.3 written to /workspace/builds/worker-118/source/Cargo.toml
[INFO] running `Command { std: "/workspace/cargo-home/bin/cargo" "+beta-2021-08-01" "generate-lockfile" "--manifest-path" "Cargo.toml" "-Zno-index-update", kill_on_drop: false }`
[INFO] [stderr]     Blocking waiting for file lock on package cache
[INFO] running `Command { std: "/workspace/cargo-home/bin/cargo" "+beta-2021-08-01" "fetch" "--manifest-path" "Cargo.toml", kill_on_drop: false }`
[INFO] [stderr]     Blocking waiting for file lock on package cache
[INFO] [stderr]     Blocking waiting for file lock on package cache
[INFO] running `Command { std: "docker" "create" "-v" "/var/lib/crater-agent-workspace/builds/worker-118/target:/opt/rustwide/target:rw,Z" "-v" "/var/lib/crater-agent-workspace/builds/worker-118/source:/opt/rustwide/workdir:ro,Z" "-v" "/var/lib/crater-agent-workspace/cargo-home:/opt/rustwide/cargo-home:ro,Z" "-v" "/var/lib/crater-agent-workspace/rustup-home:/opt/rustwide/rustup-home:ro,Z" "-e" "SOURCE_DIR=/opt/rustwide/workdir" "-e" "CARGO_TARGET_DIR=/opt/rustwide/target" "-e" "CARGO_HOME=/opt/rustwide/cargo-home" "-e" "RUSTUP_HOME=/opt/rustwide/rustup-home" "-w" "/opt/rustwide/workdir" "-m" "1610612736" "--user" "0:0" "--network" "none" "ghcr.io/rust-lang/crates-build-env/linux@sha256:34b6a614d2c27851fe6cbf88fbd1137609cefab8b10d0615aaeb6fd47975d74e" "/opt/rustwide/cargo-home/bin/cargo" "+beta-2021-08-01" "metadata" "--no-deps" "--format-version=1", kill_on_drop: false }`
[INFO] [stdout] 1be19e5d945653b23a3933010d06f798a96723ca792241f0c0092ae2c5e740df
[INFO] running `Command { std: "docker" "start" "-a" "1be19e5d945653b23a3933010d06f798a96723ca792241f0c0092ae2c5e740df", kill_on_drop: false }`
[INFO] running `Command { std: "docker" "inspect" "1be19e5d945653b23a3933010d06f798a96723ca792241f0c0092ae2c5e740df", kill_on_drop: false }`
[INFO] running `Command { std: "docker" "rm" "-f" "1be19e5d945653b23a3933010d06f798a96723ca792241f0c0092ae2c5e740df", kill_on_drop: false }`
[INFO] [stdout] 1be19e5d945653b23a3933010d06f798a96723ca792241f0c0092ae2c5e740df
[INFO] running `Command { std: "docker" "create" "-v" "/var/lib/crater-agent-workspace/builds/worker-118/target:/opt/rustwide/target:rw,Z" "-v" "/var/lib/crater-agent-workspace/builds/worker-118/source:/opt/rustwide/workdir:ro,Z" "-v" "/var/lib/crater-agent-workspace/cargo-home:/opt/rustwide/cargo-home:ro,Z" "-v" "/var/lib/crater-agent-workspace/rustup-home:/opt/rustwide/rustup-home:ro,Z" "-e" "SOURCE_DIR=/opt/rustwide/workdir" "-e" "CARGO_TARGET_DIR=/opt/rustwide/target" "-e" "CARGO_INCREMENTAL=0" "-e" "RUST_BACKTRACE=full" "-e" "RUSTFLAGS=--cap-lints=warn" "-e" "CARGO_HOME=/opt/rustwide/cargo-home" "-e" "RUSTUP_HOME=/opt/rustwide/rustup-home" "-w" "/opt/rustwide/workdir" "-m" "1610612736" "--user" "0:0" "--network" "none" "ghcr.io/rust-lang/crates-build-env/linux@sha256:34b6a614d2c27851fe6cbf88fbd1137609cefab8b10d0615aaeb6fd47975d74e" "/opt/rustwide/cargo-home/bin/cargo" "+beta-2021-08-01" "build" "--frozen" "--message-format=json", kill_on_drop: false }`
[INFO] [stdout] 80259f555e97bab46532e6c0b97212b9950d4aaed90772128a5de78ca017990a
[INFO] running `Command { std: "docker" "start" "-a" "80259f555e97bab46532e6c0b97212b9950d4aaed90772128a5de78ca017990a", kill_on_drop: false }`
[INFO] [stderr]     Blocking waiting for file lock on package cache
[INFO] [stderr]    Compiling byteorder v1.4.3 (/opt/rustwide/workdir)
[INFO] [stderr]     Finished dev [unoptimized + debuginfo] target(s) in 1.08s
[INFO] running `Command { std: "docker" "inspect" "80259f555e97bab46532e6c0b97212b9950d4aaed90772128a5de78ca017990a", kill_on_drop: false }`
[INFO] running `Command { std: "docker" "rm" "-f" "80259f555e97bab46532e6c0b97212b9950d4aaed90772128a5de78ca017990a", kill_on_drop: false }`
[INFO] [stdout] 80259f555e97bab46532e6c0b97212b9950d4aaed90772128a5de78ca017990a
[INFO] running `Command { std: "docker" "create" "-v" "/var/lib/crater-agent-workspace/builds/worker-118/target:/opt/rustwide/target:rw,Z" "-v" "/var/lib/crater-agent-workspace/builds/worker-118/source:/opt/rustwide/workdir:ro,Z" "-v" "/var/lib/crater-agent-workspace/cargo-home:/opt/rustwide/cargo-home:ro,Z" "-v" "/var/lib/crater-agent-workspace/rustup-home:/opt/rustwide/rustup-home:ro,Z" "-e" "SOURCE_DIR=/opt/rustwide/workdir" "-e" "CARGO_TARGET_DIR=/opt/rustwide/target" "-e" "CARGO_INCREMENTAL=0" "-e" "RUST_BACKTRACE=full" "-e" "RUSTFLAGS=--cap-lints=warn" "-e" "CARGO_HOME=/opt/rustwide/cargo-home" "-e" "RUSTUP_HOME=/opt/rustwide/rustup-home" "-w" "/opt/rustwide/workdir" "-m" "1610612736" "--user" "0:0" "--network" "none" "ghcr.io/rust-lang/crates-build-env/linux@sha256:34b6a614d2c27851fe6cbf88fbd1137609cefab8b10d0615aaeb6fd47975d74e" "/opt/rustwide/cargo-home/bin/cargo" "+beta-2021-08-01" "test" "--frozen" "--no-run" "--message-format=json", kill_on_drop: false }`
[INFO] [stdout] 7e4aabf33189e7c87b007be28ec09e1639626af9bd610425d24f86379025cda5
[INFO] running `Command { std: "docker" "start" "-a" "7e4aabf33189e7c87b007be28ec09e1639626af9bd610425d24f86379025cda5", kill_on_drop: false }`
[INFO] [stderr]    Compiling libc v0.2.98
[INFO] [stderr]    Compiling getrandom v0.1.16
[INFO] [stderr]    Compiling cfg-if v1.0.0
[INFO] [stderr]    Compiling ppv-lite86 v0.2.10
[INFO] [stderr]    Compiling rand_core v0.5.1
[INFO] [stderr]    Compiling rand_chacha v0.2.2
[INFO] [stderr]    Compiling rand v0.7.3
[INFO] [stderr]    Compiling quickcheck v0.9.2
[INFO] [stderr]    Compiling byteorder v1.4.3 (/opt/rustwide/workdir)
[INFO] [stderr]     Finished test [unoptimized + debuginfo] target(s) in 11.11s
[INFO] running `Command { std: "docker" "inspect" "7e4aabf33189e7c87b007be28ec09e1639626af9bd610425d24f86379025cda5", kill_on_drop: false }`
[INFO] running `Command { std: "docker" "rm" "-f" "7e4aabf33189e7c87b007be28ec09e1639626af9bd610425d24f86379025cda5", kill_on_drop: false }`
[INFO] [stdout] 7e4aabf33189e7c87b007be28ec09e1639626af9bd610425d24f86379025cda5
[INFO] running `Command { std: "docker" "create" "-v" "/var/lib/crater-agent-workspace/builds/worker-118/target:/opt/rustwide/target:rw,Z" "-v" "/var/lib/crater-agent-workspace/builds/worker-118/source:/opt/rustwide/workdir:ro,Z" "-v" "/var/lib/crater-agent-workspace/cargo-home:/opt/rustwide/cargo-home:ro,Z" "-v" "/var/lib/crater-agent-workspace/rustup-home:/opt/rustwide/rustup-home:ro,Z" "-e" "SOURCE_DIR=/opt/rustwide/workdir" "-e" "CARGO_TARGET_DIR=/opt/rustwide/target" "-e" "CARGO_INCREMENTAL=0" "-e" "RUST_BACKTRACE=full" "-e" "RUSTFLAGS=--cap-lints=warn" "-e" "CARGO_HOME=/opt/rustwide/cargo-home" "-e" "RUSTUP_HOME=/opt/rustwide/rustup-home" "-w" "/opt/rustwide/workdir" "-m" "1610612736" "--user" "0:0" "--network" "none" "ghcr.io/rust-lang/crates-build-env/linux@sha256:34b6a614d2c27851fe6cbf88fbd1137609cefab8b10d0615aaeb6fd47975d74e" "/opt/rustwide/cargo-home/bin/cargo" "+beta-2021-08-01" "test" "--frozen", kill_on_drop: false }`
[INFO] [stdout] 7edb3de5ee50be1828ca770ceb5d0c2fed1479031ac350026378fc66bc33621c
[INFO] running `Command { std: "docker" "start" "-a" "7edb3de5ee50be1828ca770ceb5d0c2fed1479031ac350026378fc66bc33621c", kill_on_drop: false }`
[INFO] [stderr]     Finished test [unoptimized + debuginfo] target(s) in 0.04s
[INFO] [stderr]      Running unittests (/opt/rustwide/target/debug/deps/byteorder-e8e659b3df3e10ff)
[INFO] [stdout] 
[INFO] [stdout] running 680 tests
[INFO] [stdout] test stdtests::prop_ext_f32::little_endian ... ok
[INFO] [stdout] test stdtests::prop_ext_f32::big_endian ... ok
[INFO] [stdout] test stdtests::prop_ext_f64::big_endian ... ok
[INFO] [stdout] test stdtests::prop_ext_f32::native_endian ... ok
[INFO] [stdout] test stdtests::prop_ext_f64::native_endian ... ok
[INFO] [stdout] test stdtests::prop_ext_i128::native_endian ... ok
[INFO] [stdout] test stdtests::prop_ext_i128::big_endian ... ok
[INFO] [stdout] test stdtests::prop_ext_f64::little_endian ... ok
[INFO] [stdout] test stdtests::prop_ext_i128::little_endian ... ok
[INFO] [stdout] test stdtests::prop_ext_i16::little_endian ... ok
[INFO] [stdout] test stdtests::prop_ext_i16::big_endian ... ok
[INFO] [stdout] test stdtests::prop_ext_i32::little_endian ... ok
[INFO] [stdout] test stdtests::prop_ext_i32::native_endian ... ok
[INFO] [stdout] test stdtests::prop_ext_i64::big_endian ... ok
[INFO] [stdout] test stdtests::prop_ext_i64::little_endian ... ok
[INFO] [stdout] test stdtests::prop_ext_i32::big_endian ... ok
[INFO] [stdout] test stdtests::prop_ext_i16::native_endian ... ok
[INFO] [stdout] test stdtests::prop_ext_int128_10::little_endian ... ok
[INFO] [stdout] test stdtests::prop_ext_int128_11::big_endian ... ok
[INFO] [stdout] test stdtests::prop_ext_int128_10::big_endian ... ok
[INFO] [stdout] test stdtests::prop_ext_int128_11::native_endian ... ok
[INFO] [stdout] test stdtests::prop_ext_int128_11::little_endian ... ok
[INFO] [stdout] test stdtests::prop_ext_i64::native_endian ... ok
[INFO] [stdout] test stdtests::prop_ext_int128_10::native_endian ... ok
[INFO] [stdout] test stdtests::prop_ext_int128_12::big_endian ... ok
[INFO] [stdout] test stdtests::prop_ext_int128_13::big_endian ... ok
[INFO] [stdout] test stdtests::prop_ext_int128_12::little_endian ... ok
[INFO] [stdout] test stdtests::prop_ext_int128_13::little_endian ... ok
[INFO] [stdout] test stdtests::prop_ext_int128_12::native_endian ... ok
[INFO] [stdout] test stdtests::prop_ext_int128_14::little_endian ... ok
[INFO] [stdout] test stdtests::prop_ext_int128_13::native_endian ... ok
[INFO] [stdout] test stdtests::prop_ext_int128_14::big_endian ... ok
[INFO] [stdout] test stdtests::prop_ext_int128_15::big_endian ... ok
[INFO] [stdout] test stdtests::prop_ext_int128_14::native_endian ... ok
[INFO] [stdout] test stdtests::prop_ext_int128_15::native_endian ... ok
[INFO] [stdout] test stdtests::prop_ext_int128_16::big_endian ... ok
[INFO] [stdout] test stdtests::prop_ext_int128_16::native_endian ... ok
[INFO] [stdout] test stdtests::prop_ext_int128_1::little_endian ... ok
[INFO] [stdout] test stdtests::prop_ext_int128_15::little_endian ... ok
[INFO] [stdout] test stdtests::prop_ext_int128_1::big_endian ... ok
[INFO] [stdout] test stdtests::prop_ext_int128_2::native_endian ... ok
[INFO] [stdout] test stdtests::prop_ext_int128_3::big_endian ... ok
[INFO] [stdout] test stdtests::prop_ext_int128_3::little_endian ... ok
[INFO] [stdout] test stdtests::prop_ext_int128_16::little_endian ... ok
[INFO] [stdout] test stdtests::prop_ext_int128_2::big_endian ... ok
[INFO] [stdout] test stdtests::prop_ext_int128_2::little_endian ... ok
[INFO] [stdout] test stdtests::prop_ext_int128_1::native_endian ... ok
[INFO] [stdout] test stdtests::prop_ext_int128_4::little_endian ... ok
[INFO] [stdout] test stdtests::prop_ext_int128_5::little_endian ... ok
[INFO] [stdout] test stdtests::prop_ext_int128_5::big_endian ... ok
[INFO] [stdout] test stdtests::prop_ext_int128_3::native_endian ... ok
[INFO] [stdout] test stdtests::prop_ext_int128_5::native_endian ... ok
[INFO] [stdout] test stdtests::prop_ext_int128_4::big_endian ... ok
[INFO] [stdout] test stdtests::prop_ext_int128_4::native_endian ... ok
[INFO] [stdout] test stdtests::prop_ext_int128_6::little_endian ... ok
[INFO] [stdout] test stdtests::prop_ext_int128_6::big_endian ... ok
[INFO] [stdout] test stdtests::prop_ext_int128_7::big_endian ... ok
[INFO] [stdout] test stdtests::prop_ext_int128_6::native_endian ... ok
[INFO] [stdout] test stdtests::prop_ext_int128_7::native_endian ... ok
[INFO] [stdout] test stdtests::prop_ext_int128_7::little_endian ... ok
[INFO] [stdout] test stdtests::prop_ext_int128_8::big_endian ... ok
[INFO] [stdout] test stdtests::prop_ext_int128_8::little_endian ... ok
[INFO] [stdout] test stdtests::prop_ext_int128_9::little_endian ... ok
[INFO] [stdout] test stdtests::prop_ext_int_1::big_endian ... ok
[INFO] [stdout] test stdtests::prop_ext_int128_8::native_endian ... ok
[INFO] [stdout] test stdtests::prop_ext_int_1::little_endian ... ok
[INFO] [stdout] test stdtests::prop_ext_int128_9::native_endian ... ok
[INFO] [stdout] test stdtests::prop_ext_int128_9::big_endian ... ok
[INFO] [stdout] test stdtests::prop_ext_int_3::big_endian ... ok
[INFO] [stdout] test stdtests::prop_ext_int_1::native_endian ... ok
[INFO] [stdout] test stdtests::prop_ext_int_2::big_endian ... ok
[INFO] [stdout] test stdtests::prop_ext_int_3::little_endian ... ok
[INFO] [stdout] test stdtests::prop_ext_int_2::native_endian ... ok
[INFO] [stdout] test stdtests::prop_ext_int_2::little_endian ... ok
[INFO] [stdout] test stdtests::prop_ext_int_4::little_endian ... ok
[INFO] [stdout] test stdtests::prop_ext_int_3::native_endian ... ok
[INFO] [stdout] test stdtests::prop_ext_int_4::big_endian ... ok
[INFO] [stdout] test stdtests::prop_ext_int_5::big_endian ... ok
[INFO] [stdout] test stdtests::prop_ext_int_4::native_endian ... ok
[INFO] [stdout] test stdtests::prop_ext_int_5::little_endian ... ok
[INFO] [stdout] test stdtests::prop_ext_int_5::native_endian ... ok
[INFO] [stdout] test stdtests::prop_ext_int_6::big_endian ... ok
[INFO] [stdout] test stdtests::prop_ext_int_6::native_endian ... ok
[INFO] [stdout] test stdtests::prop_ext_int_6::little_endian ... ok
[INFO] [stdout] test stdtests::prop_ext_int_7::little_endian ... ok
[INFO] [stdout] test stdtests::prop_ext_int_7::big_endian ... ok
[INFO] [stdout] test stdtests::prop_ext_int_7::native_endian ... ok
[INFO] [stdout] test stdtests::prop_ext_int_8::big_endian ... ok
[INFO] [stdout] test stdtests::prop_ext_int_8::little_endian ... ok
[INFO] [stdout] test stdtests::prop_ext_int_8::native_endian ... ok
[INFO] [stdout] test stdtests::prop_ext_u128::big_endian ... ok
[INFO] [stdout] test stdtests::prop_ext_u16::big_endian ... ok
[INFO] [stdout] test stdtests::prop_ext_u128::little_endian ... ok
[INFO] [stdout] test stdtests::prop_ext_u16::little_endian ... ok
[INFO] [stdout] test stdtests::prop_ext_u16::native_endian ... ok
[INFO] [stdout] test stdtests::prop_ext_u128::native_endian ... ok
[INFO] [stdout] test stdtests::prop_ext_u32::big_endian ... ok
[INFO] [stdout] test stdtests::prop_ext_u32::little_endian ... ok
[INFO] [stdout] test stdtests::prop_ext_u32::native_endian ... ok
[INFO] [stdout] test stdtests::prop_ext_u64::big_endian ... ok
[INFO] [stdout] test stdtests::prop_ext_u64::native_endian ... ok
[INFO] [stdout] test stdtests::prop_ext_u64::little_endian ... ok
[INFO] [stdout] test stdtests::prop_ext_uint128_10::big_endian ... ok
[INFO] [stdout] test stdtests::prop_ext_uint128_10::little_endian ... ok
[INFO] [stdout] test stdtests::prop_ext_uint128_11::native_endian ... ok
[INFO] [stdout] test stdtests::prop_ext_uint128_10::native_endian ... ok
[INFO] [stdout] test stdtests::prop_ext_uint128_11::big_endian ... ok
[INFO] [stdout] test stdtests::prop_ext_uint128_11::little_endian ... ok
[INFO] [stdout] test stdtests::prop_ext_uint128_12::big_endian ... ok
[INFO] [stdout] test stdtests::prop_ext_uint128_12::little_endian ... ok
[INFO] [stdout] test stdtests::prop_ext_uint128_12::native_endian ... ok
[INFO] [stdout] test stdtests::prop_ext_uint128_13::big_endian ... ok
[INFO] [stdout] test stdtests::prop_ext_uint128_14::little_endian ... ok
[INFO] [stdout] test stdtests::prop_ext_uint128_15::little_endian ... ok
[INFO] [stdout] test stdtests::prop_ext_uint128_15::big_endian ... ok
[INFO] [stdout] test stdtests::prop_ext_uint128_13::little_endian ... ok
[INFO] [stdout] test stdtests::prop_ext_uint128_15::native_endian ... ok
[INFO] [stdout] test stdtests::prop_ext_uint128_14::native_endian ... ok
[INFO] [stdout] test stdtests::prop_ext_uint128_13::native_endian ... ok
[INFO] [stdout] test stdtests::prop_ext_uint128_14::big_endian ... ok
[INFO] [stdout] test stdtests::prop_ext_uint128_16::little_endian ... ok
[INFO] [stdout] test stdtests::prop_ext_uint128_16::big_endian ... ok
[INFO] [stdout] test stdtests::prop_ext_uint128_1::native_endian ... ok
[INFO] [stdout] test stdtests::prop_ext_uint_6::native_endian ... ok
[INFO] [stdout] test stdtests::prop_ext_uint128_3::native_endian ... ok
[INFO] [stdout] test stdtests::prop_ext_uint128_4::little_endian ... ok
[INFO] [stdout] test stdtests::prop_ext_uint_1::big_endian ... ok
[INFO] [stdout] test stdtests::prop_ext_uint128_2::native_endian ... ok
[INFO] [stdout] test stdtests::prop_ext_uint128_9::native_endian ... ok
[INFO] [stdout] test stdtests::prop_ext_uint_1::native_endian ... ok
[INFO] [stdout] test stdtests::prop_ext_uint_4::little_endian ... ok
[INFO] [stdout] test stdtests::prop_ext_uint_3::native_endian ... ok
[INFO] [stdout] test stdtests::prop_ext_uint_4::native_endian ... ok
[INFO] [stdout] test stdtests::prop_ext_uint_7::big_endian ... ok
[INFO] [stdout] test stdtests::prop_ext_uint128_8::big_endian ... ok
[INFO] [stdout] test stdtests::prop_ext_uint128_3::little_endian ... ok
[INFO] [stdout] test stdtests::prop_ext_uint_7::native_endian ... ok
[INFO] [stdout] test stdtests::prop_slice_f32::big_endian ... ok
[INFO] [stdout] test stdtests::prop_ext_uint_4::big_endian ... ok
[INFO] [stdout] test stdtests::prop_ext_uint_6::big_endian ... ok
[INFO] [stdout] test stdtests::prop_ext_uint128_9::little_endian ... ok
[INFO] [stdout] test stdtests::prop_ext_uint128_1::little_endian ... ok
[INFO] [stdout] test stdtests::prop_ext_uint128_5::little_endian ... ok
[INFO] [stdout] test stdtests::prop_slice_i16::big_endian ... ok
[INFO] [stdout] test stdtests::prop_ext_uint_3::little_endian ... ok
[INFO] [stdout] test stdtests::prop_ext_uint128_3::big_endian ... ok
[INFO] [stdout] test stdtests::prop_ext_uint_6::little_endian ... ok
[INFO] [stdout] test stdtests::prop_slice_f64::native_endian ... ok
[INFO] [stdout] test stdtests::prop_ext_uint_8::little_endian ... ok
[INFO] [stdout] test stdtests::prop_ext_uint128_6::big_endian ... ok
[INFO] [stdout] test stdtests::prop_ext_uint128_8::native_endian ... ok
[INFO] [stdout] test stdtests::prop_ext_uint128_16::native_endian ... ok
[INFO] [stdout] test stdtests::prop_slice_f64::little_endian ... ok
[INFO] [stdout] test stdtests::prop_ext_uint128_5::big_endian ... ok
[INFO] [stdout] test stdtests::prop_ext_uint128_1::big_endian ... ok
[INFO] [stdout] test test::prop_f32::little_endian ... ok
[INFO] [stdout] test stdtests::prop_slice_i16::native_endian ... ok
[INFO] [stdout] test stdtests::prop_ext_uint_3::big_endian ... ok
[INFO] [stdout] test stdtests::prop_ext_uint128_7::little_endian ... ok
[INFO] [stdout] test stdtests::prop_ext_uint_2::big_endian ... ok
[INFO] [stdout] test stdtests::prop_ext_uint_5::little_endian ... ok
[INFO] [stdout] test stdtests::prop_ext_uint_2::little_endian ... ok
[INFO] [stdout] test stdtests::prop_slice_i32::big_endian ... ok
[INFO] [stdout] test stdtests::prop_ext_uint_5::native_endian ... ok
[INFO] [stdout] test stdtests::prop_ext_uint_8::big_endian ... ok
[INFO] [stdout] test stdtests::prop_slice_i32::little_endian ... ok
[INFO] [stdout] test stdtests::prop_slice_i16::little_endian ... ok
[INFO] [stdout] test stdtests::prop_slice_i64::native_endian ... ok
[INFO] [stdout] test test::prop_f64::native_endian ... ok
[INFO] [stdout] test test::prop_i16::big_endian ... ok
[INFO] [stdout] test stdtests::prop_ext_uint_7::little_endian ... ok
[INFO] [stdout] test test::prop_i32::big_endian ... ok
[INFO] [stdout] test test::prop_i128::native_endian ... ok
[INFO] [stdout] test test::prop_i16::native_endian ... ok
[INFO] [stdout] test stdtests::prop_ext_uint128_5::native_endian ... ok
[INFO] [stdout] test stdtests::prop_ext_uint128_7::native_endian ... ok
[INFO] [stdout] test stdtests::prop_ext_uint128_6::native_endian ... ok
[INFO] [stdout] test stdtests::prop_ext_uint_5::big_endian ... ok
[INFO] [stdout] test stdtests::prop_ext_uint_8::native_endian ... ok
[INFO] [stdout] test stdtests::prop_ext_uint128_4::native_endian ... ok
[INFO] [stdout] test stdtests::prop_slice_u16::big_endian ... ok
[INFO] [stdout] test stdtests::prop_slice_u16::native_endian ... ok
[INFO] [stdout] test stdtests::prop_slice_f64::big_endian ... ok
[INFO] [stdout] test test::prop_i128::little_endian ... ok
[INFO] [stdout] test test::prop_f32::big_endian ... ok
[INFO] [stdout] test stdtests::prop_ext_uint128_4::big_endian ... ok
[INFO] [stdout] test stdtests::prop_ext_uint_1::little_endian ... ok
[INFO] [stdout] test stdtests::prop_ext_uint_2::native_endian ... ok
[INFO] [stdout] test test::prop_i24::big_endian ... ok
[INFO] [stdout] test stdtests::prop_ext_uint128_8::little_endian ... ok
[INFO] [stdout] test stdtests::prop_ext_uint128_6::little_endian ... ok
[INFO] [stdout] test stdtests::prop_slice_i32::native_endian ... ok
[INFO] [stdout] test stdtests::prop_slice_u64::little_endian ... ok
[INFO] [stdout] test stdtests::prop_slice_f32::little_endian ... ok
[INFO] [stdout] test stdtests::prop_ext_uint128_9::big_endian ... ok
[INFO] [stdout] test test::prop_f64::little_endian ... ok
[INFO] [stdout] test test::prop_f64::big_endian ... ok
[INFO] [stdout] test stdtests::prop_slice_u32::native_endian ... ok
[INFO] [stdout] test test::prop_int128_10::big_endian ... ok
[INFO] [stdout] test test::prop_i48::big_endian ... ok
[INFO] [stdout] test stdtests::prop_ext_uint128_2::big_endian ... ok
[INFO] [stdout] test test::prop_int128_13::little_endian ... ok
[INFO] [stdout] test stdtests::prop_ext_uint128_7::big_endian ... ok
[INFO] [stdout] test test::prop_f32::native_endian ... ok
[INFO] [stdout] test test::prop_int128_11::big_endian ... ok
[INFO] [stdout] test stdtests::prop_slice_u16::little_endian ... ok
[INFO] [stdout] test stdtests::prop_slice_f32::native_endian ... ok
[INFO] [stdout] test stdtests::prop_slice_u32::big_endian ... ok
[INFO] [stdout] test test::prop_int128_11::little_endian ... ok
[INFO] [stdout] test test::prop_i24::native_endian ... ok
[INFO] [stdout] test test::prop_i16::little_endian ... ok
[INFO] [stdout] test test::prop_i64::little_endian ... ok
[INFO] [stdout] test stdtests::prop_slice_i128::little_endian ... ok
[INFO] [stdout] test stdtests::prop_slice_i128::big_endian ... ok
[INFO] [stdout] test test::prop_int128_12::little_endian ... ok
[INFO] [stdout] test test::prop_int128_10::native_endian ... ok
[INFO] [stdout] test test::prop_i128::big_endian ... ok
[INFO] [stdout] test stdtests::prop_slice_i128::native_endian ... ok
[INFO] [stdout] test test::prop_int128_12::native_endian ... ok
[INFO] [stdout] test stdtests::prop_slice_u64::native_endian ... ok
[INFO] [stdout] test test::prop_i48::native_endian ... ok
[INFO] [stdout] test stdtests::prop_ext_uint128_2::little_endian ... ok
[INFO] [stdout] test stdtests::prop_slice_i64::big_endian ... ok
[INFO] [stdout] test test::prop_i32::native_endian ... ok
[INFO] [stdout] test test::prop_int128_13::native_endian ... ok
[INFO] [stdout] test test::prop_int128_14::little_endian ... ok
[INFO] [stdout] test test::prop_i24::little_endian ... ok
[INFO] [stdout] test test::prop_i64::big_endian ... ok
[INFO] [stdout] test stdtests::prop_slice_u64::big_endian ... ok
[INFO] [stdout] test stdtests::prop_slice_u32::little_endian ... ok
[INFO] [stdout] test test::prop_int128_16::big_endian ... ok
[INFO] [stdout] test stdtests::prop_slice_u128::little_endian ... ok
[INFO] [stdout] test stdtests::prop_slice_i64::little_endian ... ok
[INFO] [stdout] test stdtests::prop_slice_u128::native_endian ... ok
[INFO] [stdout] test test::prop_int128_2::little_endian ... ok
[INFO] [stdout] test test::prop_int128_4::little_endian ... ok
[INFO] [stdout] test test::prop_int128_16::little_endian ... ok
[INFO] [stdout] test test::prop_i32::little_endian ... ok
[INFO] [stdout] test test::prop_int128_2::native_endian ... ok
[INFO] [stdout] test test::prop_int128_12::big_endian ... ok
[INFO] [stdout] test test::prop_i48::little_endian ... ok
[INFO] [stdout] test test::prop_int128_16::native_endian ... ok
[INFO] [stdout] test test::prop_int128_10::little_endian ... ok
[INFO] [stdout] test test::prop_int128_14::big_endian ... ok
[INFO] [stdout] test test::prop_int128_15::little_endian ... ok
[INFO] [stdout] test test::prop_int128_6::native_endian ... ok
[INFO] [stdout] test test::prop_int_1::big_endian ... ok
[INFO] [stdout] test test::prop_int128_9::native_endian ... ok
[INFO] [stdout] test test::prop_int_7::little_endian ... ok
[INFO] [stdout] test test::prop_int128_2::big_endian ... ok
[INFO] [stdout] test test::prop_int128_14::native_endian ... ok
[INFO] [stdout] test test::prop_int_8::little_endian ... ok
[INFO] [stdout] test test::prop_int128_8::little_endian ... ok
[INFO] [stdout] test test::prop_int128_5::big_endian ... ok
[INFO] [stdout] test test::prop_int128_8::big_endian ... ok
[INFO] [stdout] test test::prop_int_4::little_endian ... ok
[INFO] [stdout] test test::prop_int128_5::little_endian ... ok
[INFO] [stdout] test test::prop_int128_1::native_endian ... ok
[INFO] [stdout] test test::prop_int128_5::native_endian ... ok
[INFO] [stdout] test test::prop_int128_9::little_endian ... ok
[INFO] [stdout] test test::prop_int128_15::big_endian ... ok
[INFO] [stdout] test test::prop_i64::native_endian ... ok
[INFO] [stdout] test test::prop_int_6::native_endian ... ok
[INFO] [stdout] test test::prop_int_5::big_endian ... ok
[INFO] [stdout] test test::prop_int128_11::native_endian ... ok
[INFO] [stdout] test test::prop_int128_1::big_endian ... ok
[INFO] [stdout] test test::prop_int128_8::native_endian ... ok
[INFO] [stdout] test test::prop_int128_13::big_endian ... ok
[INFO] [stdout] test test::prop_u24::big_endian ... ok
[INFO] [stdout] test test::prop_u16::native_endian ... ok
[INFO] [stdout] test test::prop_u32::little_endian ... ok
[INFO] [stdout] test test::prop_u24::little_endian ... ok
[INFO] [stdout] test test::prop_int_2::little_endian ... ok
[INFO] [stdout] test test::prop_int128_9::big_endian ... ok
[INFO] [stdout] test test::prop_int128_3::big_endian ... ok
[INFO] [stdout] test test::prop_int_2::big_endian ... ok
[INFO] [stdout] test test::prop_int_3::little_endian ... ok
[INFO] [stdout] test test::prop_int_5::native_endian ... ok
[INFO] [stdout] test test::prop_int_5::little_endian ... ok
[INFO] [stdout] test test::prop_u24::native_endian ... ok
[INFO] [stdout] test test::prop_int_3::native_endian ... ok
[INFO] [stdout] test test::prop_int128_3::little_endian ... ok
[INFO] [stdout] test test::prop_int_2::native_endian ... ok
[INFO] [stdout] test test::prop_int128_4::big_endian ... ok
[INFO] [stdout] test test::prop_int128_3::native_endian ... ok
[INFO] [stdout] test stdtests::prop_slice_u128::big_endian ... ok
[INFO] [stdout] test test::prop_uint128_3::big_endian ... ok
[INFO] [stdout] test test::prop_u128::big_endian ... ok
[INFO] [stdout] test test::prop_int128_4::native_endian ... ok
[INFO] [stdout] test test::prop_int_1::little_endian ... ok
[INFO] [stdout] test test::prop_uint128_3::native_endian ... ok
[INFO] [stdout] test test::prop_int_4::big_endian ... ok
[INFO] [stdout] test test::prop_u48::big_endian ... ok
[INFO] [stdout] test test::prop_u48::little_endian ... ok
[INFO] [stdout] test test::prop_int128_15::native_endian ... ok
[INFO] [stdout] test test::prop_uint_4::little_endian ... ok
[INFO] [stdout] test test::prop_uint128_14::native_endian ... ok
[INFO] [stdout] test test::prop_u128::little_endian ... ok
[INFO] [stdout] test test::prop_int_7::big_endian ... ok
[INFO] [stdout] test test::prop_int_7::native_endian ... ok
[INFO] [stdout] test test::prop_u64::big_endian ... ok
[INFO] [stdout] test test::prop_u64::little_endian ... ok
[INFO] [stdout] test test::prop_uint128_2::native_endian ... ok
[INFO] [stdout] test test::prop_int128_6::big_endian ... ok
[INFO] [stdout] test test::prop_u32::native_endian ... ok
[INFO] [stdout] test test::prop_uint_2::little_endian ... ok
[INFO] [stdout] test test::prop_int_3::big_endian ... ok
[INFO] [stdout] test test::prop_uint128_5::native_endian ... ok
[INFO] [stdout] test test::prop_uint128_7::little_endian ... ok
[INFO] [stdout] test test::prop_uint128_10::native_endian ... ok
[INFO] [stdout] test test::prop_uint128_10::little_endian ... ok
[INFO] [stdout] test test::prop_uint128_2::big_endian ... ok
[INFO] [stdout] test test::prop_int128_1::little_endian ... ok
[INFO] [stdout] test test::prop_uint_1::native_endian ... ok
[INFO] [stdout] test test::prop_uint_3::little_endian ... ok
[INFO] [stdout] test test::prop_uint_3::native_endian ... ok
[INFO] [stdout] test test::prop_uint_5::big_endian ... ok
[INFO] [stdout] test test::prop_uint128_11::native_endian ... ok
[INFO] [stdout] test test::prop_uint128_4::little_endian ... ok
[INFO] [stdout] test test::prop_int_6::little_endian ... ok
[INFO] [stdout] test test::prop_int_6::big_endian ... ok
[INFO] [stdout] test test::prop_int128_7::big_endian ... ok
[INFO] [stdout] test test::prop_uint128_1::little_endian ... ok
[INFO] [stdout] test test::prop_uint128_2::little_endian ... ok
[INFO] [stdout] test test::prop_uint_3::big_endian ... ok
[INFO] [stdout] test test::prop_uint128_3::little_endian ... ok
[INFO] [stdout] test test::prop_uint128_11::big_endian ... ok
[INFO] [stdout] test test::prop_uint128_6::native_endian ... ok
[INFO] [stdout] test test::prop_uint128_16::big_endian ... ok
[INFO] [stdout] test test::prop_int128_6::little_endian ... ok
[INFO] [stdout] test test::prop_uint_6::big_endian ... ok
[INFO] [stdout] test test::prop_uint_1::big_endian ... ok
[INFO] [stdout] test test::prop_uint128_12::little_endian ... ok
[INFO] [stdout] test test::prop_uint128_8::big_endian ... ok
[INFO] [stdout] test test::prop_uint_4::native_endian ... ok
[INFO] [stdout] test test::prop_int128_7::little_endian ... ok
[INFO] [stdout] test test::prop_int_4::native_endian ... ok
[INFO] [stdout] test test::prop_uint_6::native_endian ... ok
[INFO] [stdout] test test::prop_uint128_6::little_endian ... ok
[INFO] [stdout] test test::prop_uint128_13::native_endian ... ok
[INFO] [stdout] test test::prop_uint_4::big_endian ... ok
[INFO] [stdout] test test::prop_uint_5::native_endian ... ok
[INFO] [stdout] test test::prop_uint_2::native_endian ... ok
[INFO] [stdout] test test::prop_uint128_13::big_endian ... ok
[INFO] [stdout] test test::prop_uint128_9::big_endian ... ok
[INFO] [stdout] test test::prop_uint128_5::big_endian ... ok
[INFO] [stdout] test test::prop_uint_5::little_endian ... ok
[INFO] [stdout] test test::prop_int_8::big_endian ... ok
[INFO] [stdout] test test::prop_int_8::native_endian ... ok
[INFO] [stdout] test test::prop_uint128_9::native_endian ... ok
[INFO] [stdout] test test::prop_uint128_1::native_endian ... ok
[INFO] [stdout] test test::prop_u16::big_endian ... ok
[INFO] [stdout] test test::prop_uint128_12::native_endian ... ok
[INFO] [stdout] test test::prop_uint128_6::big_endian ... ok
[INFO] [stdout] test test::prop_uint128_11::little_endian ... ok
[INFO] [stdout] test test::prop_u16::little_endian ... ok
[INFO] [stdout] test test::prop_uint128_8::little_endian ... ok
[INFO] [stdout] test test::prop_int128_7::native_endian ... ok
[INFO] [stdout] test test::prop_int_1::native_endian ... ok
[INFO] [stdout] test test::prop_uint128_15::big_endian ... ok
[INFO] [stdout] test test::prop_uint128_16::native_endian ... ok
[INFO] [stdout] test test::prop_uint128_13::little_endian ... ok
[INFO] [stdout] test test::prop_uint128_14::little_endian ... ok
[INFO] [stdout] test test::prop_u128::native_endian ... ok
[INFO] [stdout] test test::prop_u48::native_endian ... ok
[INFO] [stdout] test test::prop_u32::big_endian ... ok
[INFO] [stdout] test test::prop_uint128_15::little_endian ... ok
[INFO] [stdout] test test::prop_u64::native_endian ... ok
[INFO] [stdout] test test::prop_uint128_4::native_endian ... ok
[INFO] [stdout] test test::prop_uint128_1::big_endian ... ok
[INFO] [stdout] test test::prop_uint128_14::big_endian ... ok
[INFO] [stdout] test test::prop_uint128_15::native_endian ... ok
[INFO] [stdout] test test::prop_uint128_7::big_endian ... ok
[INFO] [stdout] test test::prop_uint128_10::big_endian ... ok
[INFO] [stdout] test test::prop_uint_2::big_endian ... ok
[INFO] [stdout] test test::prop_uint128_8::native_endian ... ok
[INFO] [stdout] test test::prop_uint128_4::big_endian ... ok
[INFO] [stdout] test test::prop_uint_6::little_endian ... ok
[INFO] [stdout] test test::prop_uint_1::little_endian ... ok
[INFO] [stdout] test test::prop_uint_7::native_endian ... ok
[INFO] [stdout] test test::prop_uint_8::big_endian ... ok
[INFO] [stdout] test test::prop_uint128_9::little_endian ... ok
[INFO] [stdout] test test::prop_uint_8::little_endian ... ok
[INFO] [stdout] test test::regression173_array_impl ... ok
[INFO] [stdout] test test::prop_uint128_12::big_endian ... ok
[INFO] [stdout] test test::prop_uint128_5::little_endian ... ok
[INFO] [stdout] test test::prop_uint128_7::native_endian ... ok
[INFO] [stdout] test test::prop_uint_7::big_endian ... ok
[INFO] [stdout] test test::prop_uint128_16::little_endian ... ok
[INFO] [stdout] test test::prop_uint_7::little_endian ... ok
[INFO] [stdout] test test::prop_uint_8::native_endian ... ok
[INFO] [stdout] test test::slice_len_too_big_i128::read_big_endian - should panic ... ok
[INFO] [stdout] test test::slice_len_too_big_i128::read_little_endian - should panic ... ok
[INFO] [stdout] test test::slice_len_too_small_i64::read_big_endian - should panic ... ok
[INFO] [stdout] test test::slice_len_too_big_i128::read_native_endian - should panic ... ok
[INFO] [stdout] test test::slice_len_too_big_i128::write_little_endian - should panic ... ok
[INFO] [stdout] test test::slice_len_too_small_u16::read_native_endian - should panic ... ok
[INFO] [stdout] test test::slice_len_too_big_i16::read_big_endian - should panic ... ok
[INFO] [stdout] test test::slice_len_too_small_u64::write_big_endian - should panic ... ok
[INFO] [stdout] test test::slice_len_too_big_i16::read_native_endian - should panic ... ok
[INFO] [stdout] test test::slice_len_too_big_i16::write_big_endian - should panic ... ok
[INFO] [stdout] test test::slice_len_too_big_i16::write_little_endian - should panic ... ok
[INFO] [stdout] test test::small_i32::write_native_endian - should panic ... ok
[INFO] [stdout] test test::small_i64::write_big_endian - should panic ... ok
[INFO] [stdout] test test::small_i64::write_native_endian - should panic ... ok
[INFO] [stdout] test test::small_int128_10::read_native_endian - should panic ... ok
[INFO] [stdout] test test::small_int128_11::read_little_endian - should panic ... ok
[INFO] [stdout] test test::small_int128_12::read_big_endian - should panic ... ok
[INFO] [stdout] test test::slice_len_too_big_i32::write_native_endian - should panic ... ok
[INFO] [stdout] test test::small_int128_12::read_native_endian - should panic ... ok
[INFO] [stdout] test test::slice_len_too_big_i64::read_little_endian - should panic ... ok
[INFO] [stdout] test test::small_int128_14::read_native_endian - should panic ... ok
[INFO] [stdout] test test::slice_len_too_big_i64::write_big_endian - should panic ... ok
[INFO] [stdout] test test::small_int128_15::read_native_endian - should panic ... ok
[INFO] [stdout] test test::slice_len_too_big_i64::write_little_endian - should panic ... ok
[INFO] [stdout] test test::slice_len_too_big_i64::write_native_endian - should panic ... ok
[INFO] [stdout] test test::small_int128_1::read_big_endian - should panic ... ok
[INFO] [stdout] test test::slice_len_too_big_u128::read_little_endian - should panic ... ok
[INFO] [stdout] test test::slice_len_too_big_u128::read_native_endian - should panic ... ok
[INFO] [stdout] test test::slice_len_too_big_u128::write_little_endian - should panic ... ok
[INFO] [stdout] test test::small_int128_2::read_big_endian - should panic ... ok
[INFO] [stdout] test test::small_int128_2::read_native_endian - should panic ... ok
[INFO] [stdout] test test::slice_len_too_big_u16::write_big_endian - should panic ... ok
[INFO] [stdout] test test::slice_len_too_big_u16::write_little_endian - should panic ... ok
[INFO] [stdout] test test::slice_len_too_big_u16::write_native_endian - should panic ... ok
[INFO] [stdout] test test::slice_len_too_big_u16::read_native_endian - should panic ... ok
[INFO] [stdout] test test::slice_len_too_big_u32::read_big_endian - should panic ... ok
[INFO] [stdout] test test::slice_len_too_big_u16::read_little_endian - should panic ... ok
[INFO] [stdout] test test::small_int128_3::read_native_endian - should panic ... ok
[INFO] [stdout] test test::slice_len_too_big_u32::read_little_endian - should panic ... ok
[INFO] [stdout] test test::slice_len_too_big_u128::write_big_endian - should panic ... ok
[INFO] [stdout] test test::slice_len_too_big_u32::write_big_endian - should panic ... ok
[INFO] [stdout] test test::slice_len_too_big_u32::write_little_endian - should panic ... ok
[INFO] [stdout] test test::slice_len_too_big_u32::write_native_endian - should panic ... ok
[INFO] [stdout] test test::slice_len_too_big_u64::read_big_endian - should panic ... ok
[INFO] [stdout] test test::small_int128_5::read_little_endian - should panic ... ok
[INFO] [stdout] test test::small_int128_5::read_native_endian - should panic ... ok
[INFO] [stdout] test test::slice_len_too_big_u64::read_native_endian - should panic ... ok
[INFO] [stdout] test test::slice_len_too_big_u64::write_big_endian - should panic ... ok
[INFO] [stdout] test test::slice_len_too_big_u64::write_little_endian - should panic ... ok
[INFO] [stdout] test test::slice_len_too_big_u64::write_native_endian - should panic ... ok
[INFO] [stdout] test test::slice_len_too_small_i128::read_big_endian - should panic ... ok
[INFO] [stdout] test test::slice_len_too_small_i128::read_little_endian - should panic ... ok
[INFO] [stdout] test test::slice_len_too_small_i128::read_native_endian - should panic ... ok
[INFO] [stdout] test test::small_int128_7::read_big_endian - should panic ... ok
[INFO] [stdout] test test::small_int128_7::read_native_endian - should panic ... ok
[INFO] [stdout] test test::slice_len_too_small_i128::write_native_endian - should panic ... ok
[INFO] [stdout] test test::slice_len_too_small_i16::read_big_endian - should panic ... ok
[INFO] [stdout] test test::slice_len_too_small_i16::read_native_endian - should panic ... ok
[INFO] [stdout] test test::small_int_1::read_little_endian - should panic ... ok
[INFO] [stdout] test test::small_int_2::read_little_endian - should panic ... ok
[INFO] [stdout] test test::slice_len_too_small_i32::write_big_endian - should panic ... ok
[INFO] [stdout] test test::slice_len_too_small_i16::write_big_endian - should panic ... ok
[INFO] [stdout] test test::small_int_4::read_little_endian - should panic ... ok
[INFO] [stdout] test test::slice_len_too_small_i32::read_native_endian - should panic ... ok
[INFO] [stdout] test test::slice_len_too_small_i32::read_little_endian - should panic ... ok
[INFO] [stdout] test test::slice_len_too_small_i32::write_little_endian - should panic ... ok
[INFO] [stdout] test test::slice_len_too_small_i32::write_native_endian - should panic ... ok
[INFO] [stdout] test test::slice_len_too_small_i16::write_native_endian - should panic ... ok
[INFO] [stdout] test test::slice_len_too_big_i128::write_big_endian - should panic ... ok
[INFO] [stdout] test test::slice_len_too_small_i64::read_little_endian - should panic ... ok
[INFO] [stdout] test test::small_int_6::read_little_endian - should panic ... ok
[INFO] [stdout] test test::slice_len_too_small_i64::write_big_endian - should panic ... ok
[INFO] [stdout] test test::slice_len_too_small_i64::write_little_endian - should panic ... ok
[INFO] [stdout] test test::slice_len_too_small_i64::write_native_endian - should panic ... ok
[INFO] [stdout] test test::small_u128::read_big_endian - should panic ... ok
[INFO] [stdout] test test::slice_len_too_small_u128::write_big_endian - should panic ... ok
[INFO] [stdout] test test::small_u128::write_big_endian - should panic ... ok
[INFO] [stdout] test test::slice_len_too_small_u128::read_native_endian - should panic ... ok
[INFO] [stdout] test test::small_u128::write_native_endian - should panic ... ok
[INFO] [stdout] test test::slice_len_too_small_u128::write_native_endian - should panic ... ok
[INFO] [stdout] test test::slice_len_too_small_u16::read_big_endian - should panic ... ok
[INFO] [stdout] test test::slice_len_too_big_i128::write_native_endian - should panic ... ok
[INFO] [stdout] test test::small_u16::write_big_endian - should panic ... ok
[INFO] [stdout] test test::slice_len_too_small_u16::write_big_endian - should panic ... ok
[INFO] [stdout] test test::small_u16::write_native_endian - should panic ... ok
[INFO] [stdout] test test::slice_len_too_small_u16::write_native_endian - should panic ... ok
[INFO] [stdout] test test::slice_len_too_small_u32::read_big_endian - should panic ... ok
[INFO] [stdout] test test::small_u32::read_big_endian - should panic ... ok
[INFO] [stdout] test test::small_u32::read_native_endian - should panic ... ok
[INFO] [stdout] test test::slice_len_too_small_u32::write_big_endian - should panic ... ok
[INFO] [stdout] test test::slice_len_too_small_u32::read_native_endian - should panic ... ok
[INFO] [stdout] test test::slice_len_too_small_u32::write_little_endian - should panic ... ok
[INFO] [stdout] test test::slice_len_too_small_u32::write_native_endian - should panic ... ok
[INFO] [stdout] test test::slice_len_too_small_u64::read_big_endian - should panic ... ok
[INFO] [stdout] test test::slice_len_too_small_u64::read_little_endian - should panic ... ok
[INFO] [stdout] test test::slice_len_too_small_u64::read_native_endian - should panic ... ok
[INFO] [stdout] test test::slice_len_too_small_u64::write_little_endian - should panic ... ok
[INFO] [stdout] test test::slice_len_too_big_i16::read_little_endian - should panic ... ok
[INFO] [stdout] test test::small_f32::read_native_endian - should panic ... ok
[INFO] [stdout] test test::small_f32::read_big_endian - should panic ... ok
[INFO] [stdout] test test::small_f32::read_little_endian - should panic ... ok
[INFO] [stdout] test test::small_i16::read_big_endian - should panic ... ok
[INFO] [stdout] test test::small_i16::read_little_endian - should panic ... ok
[INFO] [stdout] test test::small_u64::write_big_endian - should panic ... ok
[INFO] [stdout] test test::small_i16::write_big_endian - should panic ... ok
[INFO] [stdout] test test::small_f32::write_little_endian - should panic ... ok
[INFO] [stdout] test test::small_i16::write_little_endian - should panic ... ok
[INFO] [stdout] test test::small_f64::read_little_endian - should panic ... ok
[INFO] [stdout] test test::small_uint128_11::read_little_endian - should panic ... ok
[INFO] [stdout] test test::small_uint128_12::read_big_endian - should panic ... ok
[INFO] [stdout] test test::small_f64::write_little_endian - should panic ... ok
[INFO] [stdout] test test::small_f64::write_native_endian - should panic ... ok
[INFO] [stdout] test test::small_f64::read_native_endian - should panic ... ok
[INFO] [stdout] test test::small_i128::read_little_endian - should panic ... ok
[INFO] [stdout] test test::small_i128::read_big_endian - should panic ... ok
[INFO] [stdout] test test::small_uint128_14::read_native_endian - should panic ... ok
[INFO] [stdout] test test::small_i128::write_big_endian - should panic ... ok
[INFO] [stdout] test test::small_i128::write_little_endian - should panic ... ok
[INFO] [stdout] test test::small_uint128_1::read_native_endian - should panic ... ok
[INFO] [stdout] test test::small_i128::write_native_endian - should panic ... ok
[INFO] [stdout] test test::small_i16::read_native_endian - should panic ... ok
[INFO] [stdout] test test::small_i16::write_native_endian - should panic ... ok
[INFO] [stdout] test test::slice_len_too_small_u64::write_native_endian - should panic ... ok
[INFO] [stdout] test test::small_i32::read_big_endian - should panic ... ok
[INFO] [stdout] test test::small_i32::read_native_endian - should panic ... ok
[INFO] [stdout] test test::small_i32::write_big_endian - should panic ... ok
[INFO] [stdout] test test::small_i32::write_little_endian - should panic ... ok
[INFO] [stdout] test test::slice_len_too_big_i16::write_native_endian - should panic ... ok
[INFO] [stdout] test test::small_uint128_5::read_native_endian - should panic ... ok
[INFO] [stdout] test test::small_i64::read_little_endian - should panic ... ok
[INFO] [stdout] test test::small_i64::read_native_endian - should panic ... ok
[INFO] [stdout] test test::slice_len_too_big_i32::read_big_endian - should panic ... ok
[INFO] [stdout] test test::small_i32::read_little_endian - should panic ... ok
[INFO] [stdout] test test::small_i64::write_little_endian - should panic ... ok
[INFO] [stdout] test test::small_uint128_7::read_native_endian - should panic ... ok
[INFO] [stdout] test test::slice_len_too_big_i32::read_little_endian - should panic ... ok
[INFO] [stdout] test test::small_int128_10::read_big_endian - should panic ... ok
[INFO] [stdout] test test::slice_len_too_big_i32::read_native_endian - should panic ... ok
[INFO] [stdout] test test::small_int128_11::read_big_endian - should panic ... ok
[INFO] [stdout] test test::slice_len_too_big_i32::write_big_endian - should panic ... ok
[INFO] [stdout] test test::small_int128_11::read_native_endian - should panic ... ok
[INFO] [stdout] test test::slice_len_too_big_i32::write_little_endian - should panic ... ok
[INFO] [stdout] test test::small_int128_12::read_little_endian - should panic ... ok
[INFO] [stdout] test test::small_int128_10::read_little_endian - should panic ... ok
[INFO] [stdout] test test::slice_len_too_big_i64::read_big_endian - should panic ... ok
[INFO] [stdout] test test::small_int128_13::read_big_endian - should panic ... ok
[INFO] [stdout] test test::small_int128_14::read_big_endian - should panic ... ok
[INFO] [stdout] test test::small_uint_2::read_native_endian - should panic ... ok
[INFO] [stdout] test test::small_int128_13::read_little_endian - should panic ... ok
[INFO] [stdout] test test::small_int128_13::read_native_endian - should panic ... ok
[INFO] [stdout] test test::small_uint_4::read_big_endian - should panic ... ok
[INFO] [stdout] test test::small_uint_4::read_little_endian - should panic ... ok
[INFO] [stdout] test test::small_int128_15::read_big_endian - should panic ... ok
[INFO] [stdout] test test::small_int128_15::read_little_endian - should panic ... ok
[INFO] [stdout] test test::slice_len_too_big_u128::read_big_endian - should panic ... ok
[INFO] [stdout] test test::small_uint_5::read_native_endian - should panic ... ok
[INFO] [stdout] test test::small_int128_1::read_native_endian - should panic ... ok
[INFO] [stdout] test test::small_int128_2::read_little_endian - should panic ... ok
[INFO] [stdout] test test::slice_len_too_big_u16::read_big_endian - should panic ... ok
[INFO] [stdout] test test::small_uint_7::read_big_endian - should panic ... ok
[INFO] [stdout] test test::small_int128_3::read_little_endian - should panic ... ok
[INFO] [stdout] test test::uint_bigger_buffer ... ok
[INFO] [stdout] test test::small_uint_7::read_native_endian - should panic ... ok
[INFO] [stdout] test test::slice_len_too_big_u128::write_native_endian - should panic ... ok
[INFO] [stdout] test test::small_int128_4::read_big_endian - should panic ... ok
[INFO] [stdout] test test::small_int128_4::read_little_endian - should panic ... ok
[INFO] [stdout] test test::small_int128_4::read_native_endian - should panic ... ok
[INFO] [stdout] test test::small_int128_5::read_big_endian - should panic ... ok
[INFO] [stdout] test test::slice_len_too_big_u32::read_native_endian - should panic ... ok
[INFO] [stdout] test test::slice_len_too_big_u64::read_little_endian - should panic ... ok
[INFO] [stdout] test test::small_int128_6::read_big_endian - should panic ... ok
[INFO] [stdout] test test::small_int128_6::read_little_endian - should panic ... ok
[INFO] [stdout] test test::small_int128_6::read_native_endian - should panic ... ok
[INFO] [stdout] test test::slice_len_too_small_i128::write_big_endian - should panic ... ok
[INFO] [stdout] test test::small_int128_7::read_little_endian - should panic ... ok
[INFO] [stdout] test test::slice_len_too_small_i128::write_little_endian - should panic ... ok
[INFO] [stdout] test test::small_int128_8::read_big_endian - should panic ... ok
[INFO] [stdout] test test::small_int128_8::read_little_endian - should panic ... ok
[INFO] [stdout] test test::small_int128_8::read_native_endian - should panic ... ok
[INFO] [stdout] test test::small_int128_9::read_big_endian - should panic ... ok
[INFO] [stdout] test test::small_int128_9::read_little_endian - should panic ... ok
[INFO] [stdout] test test::small_int128_9::read_native_endian - should panic ... ok
[INFO] [stdout] test test::small_int_1::read_big_endian - should panic ... ok
[INFO] [stdout] test test::slice_len_too_small_i16::read_little_endian - should panic ... ok
[INFO] [stdout] test test::small_int_1::read_native_endian - should panic ... ok
[INFO] [stdout] test test::small_int_2::read_big_endian - should panic ... ok
[INFO] [stdout] test test::slice_len_too_small_i16::write_little_endian - should panic ... ok
[INFO] [stdout] test test::small_int_2::read_native_endian - should panic ... ok
[INFO] [stdout] test test::small_int_3::read_big_endian - should panic ... ok
[INFO] [stdout] test test::small_int_3::read_little_endian - should panic ... ok
[INFO] [stdout] test test::small_int_3::read_native_endian - should panic ... ok
[INFO] [stdout] test test::small_int_4::read_big_endian - should panic ... ok
[INFO] [stdout] test test::slice_len_too_small_i32::read_big_endian - should panic ... ok
[INFO] [stdout] test test::small_int_4::read_native_endian - should panic ... ok
[INFO] [stdout] test test::small_int_5::read_big_endian - should panic ... ok
[INFO] [stdout] test test::small_int_5::read_little_endian - should panic ... ok
[INFO] [stdout] test test::small_int_5::read_native_endian - should panic ... ok
[INFO] [stdout] test test::slice_len_too_small_i64::read_native_endian - should panic ... ok
[INFO] [stdout] test test::small_int_6::read_native_endian - should panic ... ok
[INFO] [stdout] test test::small_int_7::read_big_endian - should panic ... ok
[INFO] [stdout] test test::small_int_7::read_little_endian - should panic ... ok
[INFO] [stdout] test test::small_int_6::read_big_endian - should panic ... ok
[INFO] [stdout] test test::small_int_7::read_native_endian - should panic ... ok
[INFO] [stdout] test test::slice_len_too_small_u128::read_big_endian - should panic ... ok
[INFO] [stdout] test test::small_u128::read_little_endian - should panic ... ok
[INFO] [stdout] test test::small_u128::read_native_endian - should panic ... ok
[INFO] [stdout] test test::small_u128::write_little_endian - should panic ... ok
[INFO] [stdout] test test::slice_len_too_small_u128::write_little_endian - should panic ... ok
[INFO] [stdout] test test::small_u16::read_big_endian - should panic ... ok
[INFO] [stdout] test test::slice_len_too_small_u128::read_little_endian - should panic ... ok
[INFO] [stdout] test test::small_u16::read_little_endian - should panic ... ok
[INFO] [stdout] test test::small_u16::read_native_endian - should panic ... ok
[INFO] [stdout] test test::slice_len_too_small_u16::read_little_endian - should panic ... ok
[INFO] [stdout] test test::small_u16::write_little_endian - should panic ... ok
[INFO] [stdout] test test::slice_len_too_small_u16::write_little_endian - should panic ... ok
[INFO] [stdout] test test::small_u32::read_little_endian - should panic ... ok
[INFO] [stdout] test test::slice_len_too_small_u32::read_little_endian - should panic ... ok
[INFO] [stdout] test test::small_u32::write_big_endian - should panic ... ok
[INFO] [stdout] test test::small_u32::write_little_endian - should panic ... ok
[INFO] [stdout] test test::small_u32::write_native_endian - should panic ... ok
[INFO] [stdout] test test::small_u64::read_big_endian - should panic ... ok
[INFO] [stdout] test test::small_u64::read_little_endian - should panic ... ok
[INFO] [stdout] test test::small_u64::read_native_endian - should panic ... ok
[INFO] [stdout] test test::small_f32::write_native_endian - should panic ... ok
[INFO] [stdout] test test::small_u64::write_little_endian - should panic ... ok
[INFO] [stdout] test test::small_u64::write_native_endian - should panic ... ok
[INFO] [stdout] test test::small_uint128_10::read_little_endian - should panic ... ok
[INFO] [stdout] test test::small_uint128_10::read_big_endian - should panic ... ok
[INFO] [stdout] test test::small_uint128_11::read_big_endian - should panic ... ok
[INFO] [stdout] test test::small_uint128_10::read_native_endian - should panic ... ok
[INFO] [stdout] test test::small_f64::read_big_endian - should panic ... ok
[INFO] [stdout] test test::small_uint128_11::read_native_endian - should panic ... ok
[INFO] [stdout] test test::small_f64::write_big_endian - should panic ... ok
[INFO] [stdout] test test::small_uint128_12::read_little_endian - should panic ... ok
[INFO] [stdout] test test::small_uint128_13::read_big_endian - should panic ... ok
[INFO] [stdout] test test::small_uint128_13::read_little_endian - should panic ... ok
[INFO] [stdout] test test::small_uint128_13::read_native_endian - should panic ... ok
[INFO] [stdout] test test::small_uint128_14::read_big_endian - should panic ... ok
[INFO] [stdout] test test::small_uint128_14::read_little_endian - should panic ... ok
[INFO] [stdout] test test::small_uint128_12::read_native_endian - should panic ... ok
[INFO] [stdout] test test::small_i128::read_native_endian - should panic ... ok
[INFO] [stdout] test test::small_uint128_15::read_big_endian - should panic ... ok
[INFO] [stdout] test test::small_uint128_15::read_little_endian - should panic ... ok
[INFO] [stdout] test test::small_uint128_15::read_native_endian - should panic ... ok
[INFO] [stdout] test test::small_uint128_1::read_big_endian - should panic ... ok
[INFO] [stdout] test test::small_f32::write_big_endian - should panic ... ok
[INFO] [stdout] test test::small_uint128_2::read_big_endian - should panic ... ok
[INFO] [stdout] test test::small_uint128_2::read_little_endian - should panic ... ok
[INFO] [stdout] test test::small_uint128_3::read_big_endian - should panic ... ok
[INFO] [stdout] test test::small_uint128_2::read_native_endian - should panic ... ok
[INFO] [stdout] test test::small_uint128_3::read_little_endian - should panic ... ok
[INFO] [stdout] test test::small_uint128_3::read_native_endian - should panic ... ok
[INFO] [stdout] test test::small_uint128_1::read_little_endian - should panic ... ok
[INFO] [stdout] test test::small_uint128_4::read_big_endian - should panic ... ok
[INFO] [stdout] test test::small_uint128_4::read_little_endian - should panic ... ok
[INFO] [stdout] test test::small_uint128_5::read_big_endian - should panic ... ok
[INFO] [stdout] test test::small_uint128_5::read_little_endian - should panic ... ok
[INFO] [stdout] test test::small_uint128_4::read_native_endian - should panic ... ok
[INFO] [stdout] test test::small_i64::read_big_endian - should panic ... ok
[INFO] [stdout] test test::small_uint128_6::read_big_endian - should panic ... ok
[INFO] [stdout] test test::small_uint128_6::read_little_endian - should panic ... ok
[INFO] [stdout] test test::small_uint128_6::read_native_endian - should panic ... ok
[INFO] [stdout] test test::small_uint128_7::read_big_endian - should panic ... ok
[INFO] [stdout] test test::small_uint128_7::read_little_endian - should panic ... ok
[INFO] [stdout] test test::small_uint128_8::read_big_endian - should panic ... ok
[INFO] [stdout] test test::small_uint128_8::read_native_endian - should panic ... ok
[INFO] [stdout] test test::small_uint128_8::read_little_endian - should panic ... ok
[INFO] [stdout] test test::small_uint128_9::read_big_endian - should panic ... ok
[INFO] [stdout] test test::small_uint128_9::read_little_endian - should panic ... ok
[INFO] [stdout] test test::small_uint128_9::read_native_endian - should panic ... ok
[INFO] [stdout] test test::small_uint_1::read_native_endian - should panic ... ok
[INFO] [stdout] test test::small_uint_1::read_little_endian - should panic ... ok
[INFO] [stdout] test test::small_uint_2::read_big_endian - should panic ... ok
[INFO] [stdout] test test::small_uint_1::read_big_endian - should panic ... ok
[INFO] [stdout] test test::small_uint_2::read_little_endian - should panic ... ok
[INFO] [stdout] test test::small_int128_14::read_little_endian - should panic ... ok
[INFO] [stdout] test test::small_uint_3::read_big_endian - should panic ... ok
[INFO] [stdout] test test::small_uint_3::read_little_endian - should panic ... ok
[INFO] [stdout] test test::small_uint_4::read_native_endian - should panic ... ok
[INFO] [stdout] test test::small_uint_3::read_native_endian - should panic ... ok
[INFO] [stdout] test test::small_uint_5::read_big_endian - should panic ... ok
[INFO] [stdout] test test::small_uint_5::read_little_endian - should panic ... ok
[INFO] [stdout] test test::small_int128_1::read_little_endian - should panic ... ok
[INFO] [stdout] test test::slice_len_too_big_i64::read_native_endian - should panic ... ok
[INFO] [stdout] test test::small_uint_6::read_little_endian - should panic ... ok
[INFO] [stdout] test test::small_uint_6::read_native_endian - should panic ... ok
[INFO] [stdout] test test::small_int128_3::read_big_endian - should panic ... ok
[INFO] [stdout] test test::small_uint_6::read_big_endian - should panic ... ok
[INFO] [stdout] test test::small_uint_7::read_little_endian - should panic ... ok
[INFO] [stdout] 
[INFO] [stdout] test result: ok. 680 passed; 0 failed; 0 ignored; 0 measured; 0 filtered out; finished in 0.36s
[INFO] [stdout] 
[INFO] [stderr]    Doc-tests byteorder
[INFO] [stdout] 
[INFO] [stdout] running 122 tests
[INFO] [stdout] test src/io.rs - io::WriteBytesExt::write_int (line 1469) ... FAILED
[INFO] [stdout] test src/io.rs - io::ReadBytesExt::read_u32 (line 209) ... FAILED
[INFO] [stdout] test src/lib.rs - ByteOrder::from_slice_u16 (line 1609) ... FAILED
[INFO] [stdout] test src/io.rs - io::ReadBytesExt::read_u48 (line 261) ... FAILED
[INFO] [stdout] test src/lib.rs - ByteOrder (line 198) ... FAILED
[INFO] [stdout] test src/io.rs - io::ReadBytesExt::read_u64_into (line 622) ... FAILED
[INFO] [stdout] test src/io.rs - io::WriteBytesExt::write_u32 (line 1250) ... FAILED
[INFO] [stdout] test src/lib.rs - ByteOrder::read_f32_into_unchecked (line 1224) ... FAILED
[INFO] [stdout] test src/lib.rs - ByteOrder (line 188) ... FAILED
[INFO] [stderr] error: test failed, to rerun pass '--doc'
[INFO] [stderr] 
[INFO] [stderr] Caused by:
[INFO] [stderr]   process didn't exit successfully: `rustdoc --edition=2018 --crate-type lib --crate-name byteorder --test /opt/rustwide/workdir/src/lib.rs -L dependency=/opt/rustwide/target/debug/deps -L dependency=/opt/rustwide/target/debug/deps --extern byteorder=/opt/rustwide/target/debug/deps/libbyteorder-869fb53c123d8138.rlib --extern quickcheck=/opt/rustwide/target/debug/deps/libquickcheck-e7698b4affb1e06d.rlib --extern rand=/opt/rustwide/target/debug/deps/librand-4ea71bc1e3a2b498.rlib -C embed-bitcode=no --cfg 'feature="default"' --cfg 'feature="std"' --error-format human` (signal: 9, SIGKILL: kill)
[INFO] running `Command { std: "docker" "inspect" "7edb3de5ee50be1828ca770ceb5d0c2fed1479031ac350026378fc66bc33621c", kill_on_drop: false }`
[INFO] running `Command { std: "docker" "rm" "-f" "7edb3de5ee50be1828ca770ceb5d0c2fed1479031ac350026378fc66bc33621c", kill_on_drop: false }`
[INFO] [stdout] 7edb3de5ee50be1828ca770ceb5d0c2fed1479031ac350026378fc66bc33621c
