[INFO] fetching crate bytecodec 0.4.15...
[INFO] testing bytecodec-0.4.15 against 1.54.0 for beta-1.55-1
[INFO] extracting crate bytecodec 0.4.15 into /workspace/builds/worker-90/source
[INFO] validating manifest of crates.io crate bytecodec 0.4.15 on toolchain 1.54.0
[INFO] running `Command { std: "/workspace/cargo-home/bin/cargo" "+1.54.0" "metadata" "--manifest-path" "Cargo.toml" "--no-deps", kill_on_drop: false }`
[INFO] started tweaking crates.io crate bytecodec 0.4.15
[INFO] finished tweaking crates.io crate bytecodec 0.4.15
[INFO] tweaked toml for crates.io crate bytecodec 0.4.15 written to /workspace/builds/worker-90/source/Cargo.toml
[INFO] running `Command { std: "/workspace/cargo-home/bin/cargo" "+1.54.0" "generate-lockfile" "--manifest-path" "Cargo.toml" "-Zno-index-update", kill_on_drop: false }`
[INFO] running `Command { std: "/workspace/cargo-home/bin/cargo" "+1.54.0" "fetch" "--manifest-path" "Cargo.toml", kill_on_drop: false }`
[INFO] [stderr]     Blocking waiting for file lock on package cache
[INFO] running `Command { std: "docker" "create" "-v" "/var/lib/crater-agent-workspace/builds/worker-90/target:/opt/rustwide/target:rw,Z" "-v" "/var/lib/crater-agent-workspace/builds/worker-90/source:/opt/rustwide/workdir:ro,Z" "-v" "/var/lib/crater-agent-workspace/cargo-home:/opt/rustwide/cargo-home:ro,Z" "-v" "/var/lib/crater-agent-workspace/rustup-home:/opt/rustwide/rustup-home:ro,Z" "-e" "SOURCE_DIR=/opt/rustwide/workdir" "-e" "CARGO_TARGET_DIR=/opt/rustwide/target" "-e" "CARGO_HOME=/opt/rustwide/cargo-home" "-e" "RUSTUP_HOME=/opt/rustwide/rustup-home" "-w" "/opt/rustwide/workdir" "-m" "1610612736" "--user" "0:0" "--network" "none" "ghcr.io/rust-lang/crates-build-env/linux@sha256:34b6a614d2c27851fe6cbf88fbd1137609cefab8b10d0615aaeb6fd47975d74e" "/opt/rustwide/cargo-home/bin/cargo" "+1.54.0" "metadata" "--no-deps" "--format-version=1", kill_on_drop: false }`
[INFO] [stdout] f15212b9ec02e181daf26fff210e483e26bfd1338c500fed6d7043206c270ffe
[INFO] running `Command { std: "docker" "start" "-a" "f15212b9ec02e181daf26fff210e483e26bfd1338c500fed6d7043206c270ffe", kill_on_drop: false }`
[INFO] running `Command { std: "docker" "inspect" "f15212b9ec02e181daf26fff210e483e26bfd1338c500fed6d7043206c270ffe", kill_on_drop: false }`
[INFO] running `Command { std: "docker" "rm" "-f" "f15212b9ec02e181daf26fff210e483e26bfd1338c500fed6d7043206c270ffe", kill_on_drop: false }`
[INFO] [stdout] f15212b9ec02e181daf26fff210e483e26bfd1338c500fed6d7043206c270ffe
[INFO] running `Command { std: "docker" "create" "-v" "/var/lib/crater-agent-workspace/builds/worker-90/target:/opt/rustwide/target:rw,Z" "-v" "/var/lib/crater-agent-workspace/builds/worker-90/source:/opt/rustwide/workdir:ro,Z" "-v" "/var/lib/crater-agent-workspace/cargo-home:/opt/rustwide/cargo-home:ro,Z" "-v" "/var/lib/crater-agent-workspace/rustup-home:/opt/rustwide/rustup-home:ro,Z" "-e" "SOURCE_DIR=/opt/rustwide/workdir" "-e" "CARGO_TARGET_DIR=/opt/rustwide/target" "-e" "CARGO_INCREMENTAL=0" "-e" "RUST_BACKTRACE=full" "-e" "RUSTFLAGS=--cap-lints=warn" "-e" "CARGO_HOME=/opt/rustwide/cargo-home" "-e" "RUSTUP_HOME=/opt/rustwide/rustup-home" "-w" "/opt/rustwide/workdir" "-m" "1610612736" "--user" "0:0" "--network" "none" "ghcr.io/rust-lang/crates-build-env/linux@sha256:34b6a614d2c27851fe6cbf88fbd1137609cefab8b10d0615aaeb6fd47975d74e" "/opt/rustwide/cargo-home/bin/cargo" "+1.54.0" "build" "--frozen" "--message-format=json", kill_on_drop: false }`
[INFO] [stdout] 56eab19e0cedc8fcd82f2afa809d8e523516ef96ab5acb18d47ba09abe2193cd
[INFO] running `Command { std: "docker" "start" "-a" "56eab19e0cedc8fcd82f2afa809d8e523516ef96ab5acb18d47ba09abe2193cd", kill_on_drop: false }`
[INFO] [stderr]    Compiling proc-macro2 v1.0.28
[INFO] [stderr]    Compiling unicode-xid v0.2.2
[INFO] [stderr]    Compiling syn v1.0.74
[INFO] [stderr]    Compiling byteorder v1.4.3
[INFO] [stderr]    Compiling quote v1.0.9
[INFO] [stderr]    Compiling trackable_derive v1.0.0
[INFO] [stderr]    Compiling trackable v1.2.0
[INFO] [stderr]    Compiling trackable v0.2.24
[INFO] [stderr]    Compiling bytecodec v0.4.15 (/opt/rustwide/workdir)
[INFO] [stderr]     Finished dev [unoptimized + debuginfo] target(s) in 12.03s
[INFO] running `Command { std: "docker" "inspect" "56eab19e0cedc8fcd82f2afa809d8e523516ef96ab5acb18d47ba09abe2193cd", kill_on_drop: false }`
[INFO] running `Command { std: "docker" "rm" "-f" "56eab19e0cedc8fcd82f2afa809d8e523516ef96ab5acb18d47ba09abe2193cd", kill_on_drop: false }`
[INFO] [stdout] 56eab19e0cedc8fcd82f2afa809d8e523516ef96ab5acb18d47ba09abe2193cd
[INFO] running `Command { std: "docker" "create" "-v" "/var/lib/crater-agent-workspace/builds/worker-90/target:/opt/rustwide/target:rw,Z" "-v" "/var/lib/crater-agent-workspace/builds/worker-90/source:/opt/rustwide/workdir:ro,Z" "-v" "/var/lib/crater-agent-workspace/cargo-home:/opt/rustwide/cargo-home:ro,Z" "-v" "/var/lib/crater-agent-workspace/rustup-home:/opt/rustwide/rustup-home:ro,Z" "-e" "SOURCE_DIR=/opt/rustwide/workdir" "-e" "CARGO_TARGET_DIR=/opt/rustwide/target" "-e" "CARGO_INCREMENTAL=0" "-e" "RUST_BACKTRACE=full" "-e" "RUSTFLAGS=--cap-lints=warn" "-e" "CARGO_HOME=/opt/rustwide/cargo-home" "-e" "RUSTUP_HOME=/opt/rustwide/rustup-home" "-w" "/opt/rustwide/workdir" "-m" "1610612736" "--user" "0:0" "--network" "none" "ghcr.io/rust-lang/crates-build-env/linux@sha256:34b6a614d2c27851fe6cbf88fbd1137609cefab8b10d0615aaeb6fd47975d74e" "/opt/rustwide/cargo-home/bin/cargo" "+1.54.0" "test" "--frozen" "--no-run" "--message-format=json", kill_on_drop: false }`
[INFO] [stdout] d59ed2cec81b7fbe7f3844cd8ea20ae896c2a9bf2e51a9cbc9a174cffa12c92e
[INFO] running `Command { std: "docker" "start" "-a" "d59ed2cec81b7fbe7f3844cd8ea20ae896c2a9bf2e51a9cbc9a174cffa12c92e", kill_on_drop: false }`
[INFO] [stderr]    Compiling bytecodec v0.4.15 (/opt/rustwide/workdir)
[INFO] [stderr]     Finished test [unoptimized + debuginfo] target(s) in 3.68s
[INFO] running `Command { std: "docker" "inspect" "d59ed2cec81b7fbe7f3844cd8ea20ae896c2a9bf2e51a9cbc9a174cffa12c92e", kill_on_drop: false }`
[INFO] running `Command { std: "docker" "rm" "-f" "d59ed2cec81b7fbe7f3844cd8ea20ae896c2a9bf2e51a9cbc9a174cffa12c92e", kill_on_drop: false }`
[INFO] [stdout] d59ed2cec81b7fbe7f3844cd8ea20ae896c2a9bf2e51a9cbc9a174cffa12c92e
[INFO] running `Command { std: "docker" "create" "-v" "/var/lib/crater-agent-workspace/builds/worker-90/target:/opt/rustwide/target:rw,Z" "-v" "/var/lib/crater-agent-workspace/builds/worker-90/source:/opt/rustwide/workdir:ro,Z" "-v" "/var/lib/crater-agent-workspace/cargo-home:/opt/rustwide/cargo-home:ro,Z" "-v" "/var/lib/crater-agent-workspace/rustup-home:/opt/rustwide/rustup-home:ro,Z" "-e" "SOURCE_DIR=/opt/rustwide/workdir" "-e" "CARGO_TARGET_DIR=/opt/rustwide/target" "-e" "CARGO_INCREMENTAL=0" "-e" "RUST_BACKTRACE=full" "-e" "RUSTFLAGS=--cap-lints=warn" "-e" "CARGO_HOME=/opt/rustwide/cargo-home" "-e" "RUSTUP_HOME=/opt/rustwide/rustup-home" "-w" "/opt/rustwide/workdir" "-m" "1610612736" "--user" "0:0" "--network" "none" "ghcr.io/rust-lang/crates-build-env/linux@sha256:34b6a614d2c27851fe6cbf88fbd1137609cefab8b10d0615aaeb6fd47975d74e" "/opt/rustwide/cargo-home/bin/cargo" "+1.54.0" "test" "--frozen", kill_on_drop: false }`
[INFO] [stdout] 758b6a658948c3a4aeaa6e68ace9ebb099bf2ce84dc9d1f482f84aca1ddaa5e9
[INFO] running `Command { std: "docker" "start" "-a" "758b6a658948c3a4aeaa6e68ace9ebb099bf2ce84dc9d1f482f84aca1ddaa5e9", kill_on_drop: false }`
[INFO] [stderr]     Blocking waiting for file lock on package cache
[INFO] [stderr]     Finished test [unoptimized + debuginfo] target(s) in 0.04s
[INFO] [stdout] 
[INFO] [stderr]      Running unittests (/opt/rustwide/target/debug/deps/bytecodec-e8a0e89b7c4d5be9)
[INFO] [stdout] running 29 tests
[INFO] [stderr]    Doc-tests bytecodec
[INFO] [stdout] test bytes::test::bytes_decoder_works ... ok
[INFO] [stdout] test bytes::test::utf8_encoder_works ... ok
[INFO] [stdout] test combinator::test::and_then_works ... ok
[INFO] [stdout] test combinator::test::collect_works ... ok
[INFO] [stdout] test combinator::test::collectn_works ... ok
[INFO] [stdout] test combinator::test::decoder_length_works ... ok
[INFO] [stdout] test combinator::test::decoder_max_bytes_works ... ok
[INFO] [stdout] test combinator::test::decoder_slice_works ... ok
[INFO] [stdout] test byte_count::test::it_works ... ok
[INFO] [stdout] test combinator::test::encoder_slice_works ... ok
[INFO] [stdout] test combinator::test::encoder_max_bytes_works ... ok
[INFO] [stdout] test combinator::test::encoder_length_works ... ok
[INFO] [stdout] test combinator::test::maybe_eos_works ... ok
[INFO] [stdout] test combinator::test::peekable_works ... ok
[INFO] [stdout] test combinator::test::repeat_works ... ok
[INFO] [stdout] test decode::test::decode_from_bytes_works ... ok
[INFO] [stdout] test encode::test::encode_into_bytes_works ... ok
[INFO] [stdout] test io::test::decode_from_read_buf_works ... ok
[INFO] [stdout] test io::test::encode_to_write_buf_works ... ok
[INFO] [stdout] test fixnum::test::fixnum_works ... ok
[INFO] [stdout] test io::test::read_from_read_buf_works ... ok
[INFO] [stdout] test io::test::write_to_write_buf_works ... ok
[INFO] [stdout] test null::test::null_decoder_works ... ok
[INFO] [stdout] test null::test::null_encoder_works ... ok
[INFO] [stdout] test padding::test::padding_decoder_works ... ok
[INFO] [stdout] test padding::test::padding_encoder_works ... ok
[INFO] [stdout] test slice::tests::owned_slice_works ... ok
[INFO] [stdout] test tuple::test::tuple_decoder_works ... ok
[INFO] [stdout] test tuple::test::tuple_encoder_works ... ok
[INFO] [stdout] 
[INFO] [stdout] test result: ok. 29 passed; 0 failed; 0 ignored; 0 measured; 0 filtered out; finished in 0.01s
[INFO] [stdout] 
[INFO] [stdout] 
[INFO] [stdout] running 86 tests
[INFO] [stdout] test src/encode.rs - encode::EncodeExt::pre_encode (line 356) ... ignored
[INFO] [stdout] test src/macros.rs - bytecodec_try_decode (line 45) ... ignored
[INFO] [stdout] test src/macros.rs - bytecodec_try_encode (line 5) ... ignored
[INFO] [stdout] test src/encode.rs - encode::EncodeExt::try_map_from (line 215) ... FAILED
[INFO] [stdout] test src/encode.rs - encode::EncodeExt::encode_into_bytes (line 421) ... FAILED
[INFO] [stdout] test src/fixnum.rs - fixnum::F32beDecoder (line 1357) ... FAILED
[INFO] [stdout] test src/encode.rs - encode::EncodeExt::slice (line 382) ... FAILED
[INFO] [stdout] test src/fixnum.rs - fixnum::U48beEncoder (line 941) ... FAILED
[INFO] [stdout] test src/slice.rs - slice::OwnedSlice (line 7) ... FAILED
[INFO] [stdout] test src/fixnum.rs - fixnum::F64leDecoder (line 1498) ... FAILED
[INFO] [stdout] test src/fixnum.rs - fixnum::U48beDecoder (line 883) ... FAILED
[INFO] [stdout] test src/decode.rs - decode::DecodeExt::collectn (line 263) ... FAILED
[INFO] [stdout] test src/encode.rs - encode::EncodeExt::length (line 295) ... FAILED
[INFO] [stdout] test src/bytes.rs - bytes::BytesEncoder (line 11) ... ok
[INFO] [stdout] test src/fixnum.rs - fixnum::U32leDecoder (line 556) ... FAILED
[INFO] [stdout] test src/fixnum.rs - fixnum::U56beEncoder (line 1065) ... FAILED
[INFO] [stdout] test src/encode.rs - encode::EncodeExt::map_err (line 160) ... FAILED
[INFO] [stdout] test src/encode.rs - encode::EncodeExt::optional (line 247) ... FAILED
[INFO] [stdout] test src/fixnum.rs - fixnum::U8Encoder (line 92) ... FAILED
[INFO] [stdout] test src/bytes.rs - bytes::RemainingBytesDecoder (line 273) ... ok
[INFO] [stdout] test src/fixnum.rs - fixnum::I16leEncoder (line 377) ... FAILED
[INFO] [stdout] test src/decode.rs - decode::DecodeExt::decode_from_bytes (line 437) ... ok
[INFO] [stdout] test src/decode.rs - decode::DecodeExt::maybe_eos (line 416) ... ok
[INFO] [stdout] test src/fixnum.rs - fixnum::I8Encoder (line 149) ... FAILED
[INFO] [stdout] test src/fixnum.rs - fixnum::I64beEncoder (line 1297) ... FAILED
[INFO] [stdout] test src/fixnum.rs - fixnum::F64leEncoder (line 1555) ... FAILED
[INFO] [stdout] test src/fixnum.rs - fixnum::U40beDecoder (line 759) ... FAILED
[INFO] [stdout] test src/fixnum.rs - fixnum::U16leEncoder (line 263) ... FAILED
[INFO] [stdout] test src/fixnum.rs - fixnum::U40leDecoder (line 788) ... FAILED
[INFO] [stdout] test src/fixnum.rs - fixnum::U48leEncoder (line 974) ... FAILED
[INFO] [stdout] test src/fixnum.rs - fixnum::U32beDecoder (line 529) ... FAILED
[INFO] [stdout] test src/fixnum.rs - fixnum::I32leDecoder (line 670) ... FAILED
[INFO] [stdout] test src/fixnum.rs - fixnum::U56leEncoder (line 1098) ... FAILED
[INFO] [stdout] test src/fixnum.rs - fixnum::U56leDecoder (line 1036) ... FAILED
[INFO] [stdout] test src/fixnum.rs - fixnum::I32beEncoder (line 697) ... FAILED
[INFO] [stdout] test src/fixnum.rs - fixnum::U56beDecoder (line 1007) ... FAILED
[INFO] [stdout] test src/fixnum.rs - fixnum::U24beEncoder (line 467) ... FAILED
[INFO] [stdout] test src/fixnum.rs - fixnum::U24leDecoder (line 438) ... FAILED
[INFO] [stdout] test src/fixnum.rs - fixnum::U64leDecoder (line 1156) ... FAILED
[INFO] [stdout] test src/fixnum.rs - fixnum::F64beEncoder (line 1525) ... FAILED
[INFO] [stderr] error: test failed, to rerun pass '--doc'
[INFO] [stderr] 
[INFO] [stderr] Caused by:
[INFO] [stderr]   process didn't exit successfully: `rustdoc --edition=2018 --crate-type lib --crate-name bytecodec --test /opt/rustwide/workdir/src/lib.rs -L dependency=/opt/rustwide/target/debug/deps -L dependency=/opt/rustwide/target/debug/deps --extern bytecodec=/opt/rustwide/target/debug/deps/libbytecodec-77dd870ab5380432.rlib --extern byteorder=/opt/rustwide/target/debug/deps/libbyteorder-0c03c404070d92e6.rlib --extern trackable=/opt/rustwide/target/debug/deps/libtrackable-b829549f6f8d11ed.rlib -C embed-bitcode=no --error-format human` (signal: 9, SIGKILL: kill)
[INFO] running `Command { std: "docker" "inspect" "758b6a658948c3a4aeaa6e68ace9ebb099bf2ce84dc9d1f482f84aca1ddaa5e9", kill_on_drop: false }`
[INFO] running `Command { std: "docker" "rm" "-f" "758b6a658948c3a4aeaa6e68ace9ebb099bf2ce84dc9d1f482f84aca1ddaa5e9", kill_on_drop: false }`
[INFO] [stdout] 758b6a658948c3a4aeaa6e68ace9ebb099bf2ce84dc9d1f482f84aca1ddaa5e9
