[INFO] fetching crate bvm 0.0.20...
[INFO] testing bvm-0.0.20 against beta-2021-08-01 for beta-1.55-1
[INFO] extracting crate bvm 0.0.20 into /workspace/builds/worker-61/source
[INFO] validating manifest of crates.io crate bvm 0.0.20 on toolchain beta-2021-08-01
[INFO] running `Command { std: "/workspace/cargo-home/bin/cargo" "+beta-2021-08-01" "metadata" "--manifest-path" "Cargo.toml" "--no-deps", kill_on_drop: false }`
[INFO] started tweaking crates.io crate bvm 0.0.20
[INFO] finished tweaking crates.io crate bvm 0.0.20
[INFO] tweaked toml for crates.io crate bvm 0.0.20 written to /workspace/builds/worker-61/source/Cargo.toml
[INFO] crate crates.io crate bvm 0.0.20 already has a lockfile, it will not be regenerated
[INFO] running `Command { std: "/workspace/cargo-home/bin/cargo" "+beta-2021-08-01" "fetch" "--manifest-path" "Cargo.toml", kill_on_drop: false }`
[INFO] [stderr]     Blocking waiting for file lock on package cache
[INFO] [stderr]     Blocking waiting for file lock on package cache
[INFO] [stderr]  Downloading crates ...
[INFO] [stderr]   Downloaded ctor v0.1.15
[INFO] [stderr]   Downloaded terminal_size v0.1.13
[INFO] [stderr]   Downloaded semver v0.10.0
[INFO] [stderr]   Downloaded indexmap v1.5.1
[INFO] [stderr]   Downloaded flate2 v1.0.17
[INFO] [stderr]   Downloaded console v0.11.3
[INFO] [stderr]   Downloaded indicatif v0.14.0
[INFO] [stderr]   Downloaded rust-argon2 v0.8.2
[INFO] [stderr]   Downloaded tokio-rustls v0.14.0
[INFO] [stderr]   Downloaded zip v0.5.6
[INFO] [stderr]   Downloaded async-trait v0.1.39
[INFO] [stderr]   Downloaded app_dirs2 v2.3.0
[INFO] [stderr]   Downloaded number_prefix v0.3.0
[INFO] [stderr]   Downloaded termios v0.3.2
[INFO] [stderr]   Downloaded bzip2-sys v0.1.9+1.0.8
[INFO] [stderr]   Downloaded path-clean v0.1.0
[INFO] [stderr]   Downloaded console v0.12.0
[INFO] [stderr]   Downloaded jsonc-parser v0.14.0
[INFO] [stderr]   Downloaded dprint-cli-core v0.2.1
[INFO] running `Command { std: "docker" "create" "-v" "/var/lib/crater-agent-workspace/builds/worker-61/target:/opt/rustwide/target:rw,Z" "-v" "/var/lib/crater-agent-workspace/builds/worker-61/source:/opt/rustwide/workdir:ro,Z" "-v" "/var/lib/crater-agent-workspace/cargo-home:/opt/rustwide/cargo-home:ro,Z" "-v" "/var/lib/crater-agent-workspace/rustup-home:/opt/rustwide/rustup-home:ro,Z" "-e" "SOURCE_DIR=/opt/rustwide/workdir" "-e" "CARGO_TARGET_DIR=/opt/rustwide/target" "-e" "CARGO_HOME=/opt/rustwide/cargo-home" "-e" "RUSTUP_HOME=/opt/rustwide/rustup-home" "-w" "/opt/rustwide/workdir" "-m" "1610612736" "--user" "0:0" "--network" "none" "ghcr.io/rust-lang/crates-build-env/linux@sha256:34b6a614d2c27851fe6cbf88fbd1137609cefab8b10d0615aaeb6fd47975d74e" "/opt/rustwide/cargo-home/bin/cargo" "+beta-2021-08-01" "metadata" "--no-deps" "--format-version=1", kill_on_drop: false }`
[INFO] [stdout] fb4d56c96718d074dc022c5fdaca5183757c0932f03d1999b695cf7a5c63d635
[INFO] running `Command { std: "docker" "start" "-a" "fb4d56c96718d074dc022c5fdaca5183757c0932f03d1999b695cf7a5c63d635", kill_on_drop: false }`
[INFO] running `Command { std: "docker" "inspect" "fb4d56c96718d074dc022c5fdaca5183757c0932f03d1999b695cf7a5c63d635", kill_on_drop: false }`
[INFO] running `Command { std: "docker" "rm" "-f" "fb4d56c96718d074dc022c5fdaca5183757c0932f03d1999b695cf7a5c63d635", kill_on_drop: false }`
[INFO] [stdout] fb4d56c96718d074dc022c5fdaca5183757c0932f03d1999b695cf7a5c63d635
[INFO] running `Command { std: "docker" "create" "-v" "/var/lib/crater-agent-workspace/builds/worker-61/target:/opt/rustwide/target:rw,Z" "-v" "/var/lib/crater-agent-workspace/builds/worker-61/source:/opt/rustwide/workdir:ro,Z" "-v" "/var/lib/crater-agent-workspace/cargo-home:/opt/rustwide/cargo-home:ro,Z" "-v" "/var/lib/crater-agent-workspace/rustup-home:/opt/rustwide/rustup-home:ro,Z" "-e" "SOURCE_DIR=/opt/rustwide/workdir" "-e" "CARGO_TARGET_DIR=/opt/rustwide/target" "-e" "CARGO_INCREMENTAL=0" "-e" "RUST_BACKTRACE=full" "-e" "RUSTFLAGS=--cap-lints=warn" "-e" "CARGO_HOME=/opt/rustwide/cargo-home" "-e" "RUSTUP_HOME=/opt/rustwide/rustup-home" "-w" "/opt/rustwide/workdir" "-m" "1610612736" "--user" "0:0" "--network" "none" "ghcr.io/rust-lang/crates-build-env/linux@sha256:34b6a614d2c27851fe6cbf88fbd1137609cefab8b10d0615aaeb6fd47975d74e" "/opt/rustwide/cargo-home/bin/cargo" "+beta-2021-08-01" "build" "--frozen" "--message-format=json", kill_on_drop: false }`
[INFO] [stdout] 6d44491f4c72929e13ad6700004adfd32dccdbec443968f66919eabf2c547fd4
[INFO] running `Command { std: "docker" "start" "-a" "6d44491f4c72929e13ad6700004adfd32dccdbec443968f66919eabf2c547fd4", kill_on_drop: false }`
[INFO] [stderr]     Blocking waiting for file lock on package cache
[INFO] [stderr]     Blocking waiting for file lock on package cache
[INFO] [stderr]    Compiling libc v0.2.76
[INFO] [stderr]    Compiling cfg-if v0.1.10
[INFO] [stderr]    Compiling proc-macro2 v1.0.19
[INFO] [stderr]    Compiling cc v1.0.59
[INFO] [stderr]    Compiling unicode-xid v0.2.1
[INFO] [stderr]    Compiling syn v1.0.39
[INFO] [stderr]    Compiling log v0.4.11
[INFO] [stderr]    Compiling once_cell v1.4.1
[INFO] [stderr]    Compiling pkg-config v0.3.18
[INFO] [stderr]    Compiling slab v0.4.2
[INFO] [stderr]    Compiling memchr v2.3.3
[INFO] [stderr]    Compiling futures-core v0.3.5
[INFO] [stderr]    Compiling version_check v0.9.2
[INFO] [stderr]    Compiling bytes v0.5.6
[INFO] [stderr]    Compiling fnv v1.0.7
[INFO] [stderr]    Compiling pin-project-internal v0.4.23
[INFO] [stderr]    Compiling arc-swap v0.4.7
[INFO] [stderr]    Compiling proc-macro-nested v0.1.6
[INFO] [stderr]    Compiling futures-sink v0.3.5
[INFO] [stderr]    Compiling pin-project-lite v0.1.7
[INFO] [stderr]    Compiling proc-macro-hack v0.5.18
[INFO] [stderr]    Compiling itoa v0.4.6
[INFO] [stderr]    Compiling spin v0.5.2
[INFO] [stderr]    Compiling pin-utils v0.1.0
[INFO] [stderr]    Compiling untrusted v0.7.1
[INFO] [stderr]    Compiling futures-io v0.3.5
[INFO] [stderr]    Compiling openssl v0.10.30
[INFO] [stderr]    Compiling foreign-types-shared v0.1.1
[INFO] [stderr]    Compiling httparse v1.3.4
[INFO] [stderr]    Compiling serde_derive v1.0.115
[INFO] [stderr]    Compiling typenum v1.12.0
[INFO] [stderr]    Compiling try-lock v0.2.3
[INFO] [stderr]    Compiling matches v0.1.8
[INFO] [stderr]    Compiling tinyvec v0.3.4
[INFO] [stderr]    Compiling unicode-width v0.1.8
[INFO] [stderr]    Compiling native-tls v0.2.4
[INFO] [stderr]    Compiling serde v1.0.115
[INFO] [stderr]    Compiling openssl-probe v0.1.2
[INFO] [stderr]    Compiling tower-service v0.3.0
[INFO] [stderr]    Compiling base64 v0.12.3
[INFO] [stderr]    Compiling regex-syntax v0.6.18
[INFO] [stderr]    Compiling encoding_rs v0.8.23
[INFO] [stderr]    Compiling percent-encoding v2.1.0
[INFO] [stderr]    Compiling crc32fast v1.2.0
[INFO] [stderr]    Compiling dtoa v0.4.6
[INFO] [stderr]    Compiling mime v0.3.16
[INFO] [stderr]    Compiling adler v0.2.3
[INFO] [stderr]    Compiling serde_json v1.0.57
[INFO] [stderr]    Compiling xdg v2.2.0
[INFO] [stderr]    Compiling ipnet v2.3.0
[INFO] [stderr]    Compiling opaque-debug v0.3.0
[INFO] [stderr]    Compiling cpuid-bool v0.1.2
[INFO] [stderr]    Compiling number_prefix v0.3.0
[INFO] [stderr]    Compiling vec_map v0.8.2
[INFO] [stderr]    Compiling podio v0.1.7
[INFO] [stderr]    Compiling ansi_term v0.11.0
[INFO] [stderr]    Compiling strsim v0.8.0
[INFO] [stderr]    Compiling semver-parser v0.7.0
[INFO] [stderr]    Compiling semver-parser v0.9.0
[INFO] [stderr]    Compiling jsonc-parser v0.14.0
[INFO] [stderr]    Compiling hashbrown v0.8.2
[INFO] [stderr]    Compiling bitflags v1.2.1
[INFO] [stderr]    Compiling indexmap v1.5.1
[INFO] [stderr]    Compiling tracing-core v0.1.15
[INFO] [stderr]    Compiling ryu v1.0.5
[INFO] [stderr]    Compiling textwrap v0.11.0
[INFO] [stderr]    Compiling futures-task v0.3.5
[INFO] [stderr]    Compiling unicode-bidi v0.3.4
[INFO] [stderr]    Compiling foreign-types v0.3.2
[INFO] [stderr]    Compiling futures-channel v0.3.5
[INFO] [stderr]    Compiling unicode-normalization v0.1.13
[INFO] [stderr]    Compiling miniz_oxide v0.4.1
[INFO] [stderr]    Compiling unicase v2.6.0
[INFO] [stderr]    Compiling generic-array v0.14.4
[INFO] [stderr]    Compiling ring v0.16.15
[INFO] [stderr]    Compiling semver v0.10.0
[INFO] [stderr]    Compiling app_dirs2 v2.3.0
[INFO] [stderr]    Compiling http v0.2.1
[INFO] [stderr]    Compiling want v0.3.0
[INFO] [stderr]    Compiling tracing v0.1.19
[INFO] [stderr]    Compiling openssl-sys v0.9.58
[INFO] [stderr]    Compiling bzip2-sys v0.1.9+1.0.8
[INFO] [stderr]    Compiling regex v1.3.9
[INFO] [stderr]    Compiling quote v1.0.7
[INFO] [stderr]    Compiling iovec v0.1.4
[INFO] [stderr]    Compiling net2 v0.2.34
[INFO] [stderr]    Compiling num_cpus v1.13.0
[INFO] [stderr]    Compiling signal-hook-registry v1.2.1
[INFO] [stderr]    Compiling time v0.1.43
[INFO] [stderr]    Compiling socket2 v0.3.12
[INFO] [stderr]    Compiling terminal_size v0.1.13
[INFO] [stderr]    Compiling termios v0.3.2
[INFO] [stderr]    Compiling flate2 v1.0.17
[INFO] [stderr]    Compiling dirs-sys v0.3.5
[INFO] [stderr]    Compiling atty v0.2.14
[INFO] [stderr]    Compiling filetime v0.2.12
[INFO] [stderr]    Compiling xattr v0.2.2
[INFO] [stderr]    Compiling idna v0.2.0
[INFO] [stderr]    Compiling clap v2.33.3
[INFO] [stderr]    Compiling dirs v3.0.1
[INFO] [stderr]    Compiling tar v0.4.30
[INFO] [stderr]    Compiling console v0.12.0
[INFO] [stderr]    Compiling console v0.11.3
[INFO] [stderr]    Compiling mio v0.6.22
[INFO] [stderr]    Compiling block-buffer v0.9.0
[INFO] [stderr]    Compiling digest v0.9.0
[INFO] [stderr]    Compiling mime_guess v2.0.3
[INFO] [stderr]    Compiling sha2 v0.9.1
[INFO] [stderr]    Compiling url v2.1.1
[INFO] [stderr]    Compiling bzip2 v0.3.3
[INFO] [stderr]    Compiling indicatif v0.14.0
[INFO] [stderr]    Compiling mio-uds v0.6.8
[INFO] [stderr]    Compiling zip v0.5.6
[INFO] [stderr]    Compiling http-body v0.3.1
[INFO] [stderr]    Compiling webpki v0.21.3
[INFO] [stderr]    Compiling sct v0.6.0
[INFO] [stderr]    Compiling rustls v0.18.1
[INFO] [stderr]    Compiling webpki-roots v0.19.0
[INFO] [stderr]    Compiling tokio-macros v0.2.5
[INFO] [stderr]    Compiling futures-macro v0.3.5
[INFO] [stderr]    Compiling async-trait v0.1.39
[INFO] [stderr]    Compiling tokio v0.2.22
[INFO] [stderr]    Compiling pin-project v0.4.23
[INFO] [stderr]    Compiling futures-util v0.3.5
[INFO] [stderr]    Compiling tokio-util v0.3.1
[INFO] [stderr]    Compiling tokio-tls v0.3.1
[INFO] [stderr]    Compiling tokio-rustls v0.14.0
[INFO] [stderr]    Compiling futures-executor v0.3.5
[INFO] [stderr]    Compiling h2 v0.2.6
[INFO] [stderr]    Compiling futures v0.3.5
[INFO] [stderr]    Compiling serde_urlencoded v0.6.1
[INFO] [stderr]    Compiling hyper v0.13.7
[INFO] [stderr]    Compiling hyper-tls v0.4.3
[INFO] [stderr]    Compiling hyper-rustls v0.21.0
[INFO] [stderr]    Compiling reqwest v0.10.8
[INFO] [stderr]    Compiling dprint-cli-core v0.2.1
[INFO] [stderr]    Compiling bvm v0.0.20 (/opt/rustwide/workdir)
[INFO] [stderr]     Finished dev [unoptimized + debuginfo] target(s) in 51.73s
[INFO] running `Command { std: "docker" "inspect" "6d44491f4c72929e13ad6700004adfd32dccdbec443968f66919eabf2c547fd4", kill_on_drop: false }`
[INFO] running `Command { std: "docker" "rm" "-f" "6d44491f4c72929e13ad6700004adfd32dccdbec443968f66919eabf2c547fd4", kill_on_drop: false }`
[INFO] [stdout] 6d44491f4c72929e13ad6700004adfd32dccdbec443968f66919eabf2c547fd4
[INFO] running `Command { std: "docker" "create" "-v" "/var/lib/crater-agent-workspace/builds/worker-61/target:/opt/rustwide/target:rw,Z" "-v" "/var/lib/crater-agent-workspace/builds/worker-61/source:/opt/rustwide/workdir:ro,Z" "-v" "/var/lib/crater-agent-workspace/cargo-home:/opt/rustwide/cargo-home:ro,Z" "-v" "/var/lib/crater-agent-workspace/rustup-home:/opt/rustwide/rustup-home:ro,Z" "-e" "SOURCE_DIR=/opt/rustwide/workdir" "-e" "CARGO_TARGET_DIR=/opt/rustwide/target" "-e" "CARGO_INCREMENTAL=0" "-e" "RUST_BACKTRACE=full" "-e" "RUSTFLAGS=--cap-lints=warn" "-e" "CARGO_HOME=/opt/rustwide/cargo-home" "-e" "RUSTUP_HOME=/opt/rustwide/rustup-home" "-w" "/opt/rustwide/workdir" "-m" "1610612736" "--user" "0:0" "--network" "none" "ghcr.io/rust-lang/crates-build-env/linux@sha256:34b6a614d2c27851fe6cbf88fbd1137609cefab8b10d0615aaeb6fd47975d74e" "/opt/rustwide/cargo-home/bin/cargo" "+beta-2021-08-01" "test" "--frozen" "--no-run" "--message-format=json", kill_on_drop: false }`
[INFO] [stdout] b59ed6c0397af7e22ccda6fd51cc174314de54ca54a6ac8d785d1750a98308a9
[INFO] running `Command { std: "docker" "start" "-a" "b59ed6c0397af7e22ccda6fd51cc174314de54ca54a6ac8d785d1750a98308a9", kill_on_drop: false }`
[INFO] [stderr]    Compiling difference v2.0.0
[INFO] [stderr]    Compiling path-clean v0.1.0
[INFO] [stderr]    Compiling pretty_assertions v0.6.1
[INFO] [stderr]    Compiling bvm v0.0.20 (/opt/rustwide/workdir)
[INFO] [stdout] warning: associated function is never used: `set_verbose`
[INFO] [stdout]   --> src/environment/test_environment.rs:70:12
[INFO] [stdout]    |
[INFO] [stdout] 70 |     pub fn set_verbose(&self, value: bool) {
[INFO] [stdout]    |            ^^^^^^^^^^^
[INFO] [stdout]    |
[INFO] [stdout]    = note: `#[warn(dead_code)]` on by default
[INFO] [stdout] 
[INFO] [stdout] 
[INFO] [stdout] warning: 1 warning emitted
[INFO] [stdout] 
[INFO] [stdout] 
[INFO] [stderr]     Finished test [unoptimized + debuginfo] target(s) in 15.37s
[INFO] running `Command { std: "docker" "inspect" "b59ed6c0397af7e22ccda6fd51cc174314de54ca54a6ac8d785d1750a98308a9", kill_on_drop: false }`
[INFO] running `Command { std: "docker" "rm" "-f" "b59ed6c0397af7e22ccda6fd51cc174314de54ca54a6ac8d785d1750a98308a9", kill_on_drop: false }`
[INFO] [stdout] b59ed6c0397af7e22ccda6fd51cc174314de54ca54a6ac8d785d1750a98308a9
[INFO] running `Command { std: "docker" "create" "-v" "/var/lib/crater-agent-workspace/builds/worker-61/target:/opt/rustwide/target:rw,Z" "-v" "/var/lib/crater-agent-workspace/builds/worker-61/source:/opt/rustwide/workdir:ro,Z" "-v" "/var/lib/crater-agent-workspace/cargo-home:/opt/rustwide/cargo-home:ro,Z" "-v" "/var/lib/crater-agent-workspace/rustup-home:/opt/rustwide/rustup-home:ro,Z" "-e" "SOURCE_DIR=/opt/rustwide/workdir" "-e" "CARGO_TARGET_DIR=/opt/rustwide/target" "-e" "CARGO_INCREMENTAL=0" "-e" "RUST_BACKTRACE=full" "-e" "RUSTFLAGS=--cap-lints=warn" "-e" "CARGO_HOME=/opt/rustwide/cargo-home" "-e" "RUSTUP_HOME=/opt/rustwide/rustup-home" "-w" "/opt/rustwide/workdir" "-m" "1610612736" "--user" "0:0" "--network" "none" "ghcr.io/rust-lang/crates-build-env/linux@sha256:34b6a614d2c27851fe6cbf88fbd1137609cefab8b10d0615aaeb6fd47975d74e" "/opt/rustwide/cargo-home/bin/cargo" "+beta-2021-08-01" "test" "--frozen", kill_on_drop: false }`
[INFO] [stdout] 18dd32cb5061b829ab3fd6c6278d4f53d14d183f13ec9b3a09a84d39ddb3faa7
[INFO] running `Command { std: "docker" "start" "-a" "18dd32cb5061b829ab3fd6c6278d4f53d14d183f13ec9b3a09a84d39ddb3faa7", kill_on_drop: false }`
[INFO] [stderr]     Blocking waiting for file lock on package cache
[INFO] [stdout] 
[INFO] [stderr] warning: associated function is never used: `set_verbose`
[INFO] [stdout] running 28 tests
[INFO] [stderr]   --> src/environment/test_environment.rs:70:12
[INFO] [stderr]    |
[INFO] [stderr] 70 |     pub fn set_verbose(&self, value: bool) {
[INFO] [stderr]    |            ^^^^^^^^^^^
[INFO] [stderr]    |
[INFO] [stderr]    = note: `#[warn(dead_code)]` on by default
[INFO] [stderr] 
[INFO] [stderr] warning: `bvm` (bin "bvm" test) generated 1 warning
[INFO] [stderr]     Finished test [unoptimized + debuginfo] target(s) in 0.87s
[INFO] [stderr]      Running unittests (/opt/rustwide/target/debug/deps/bvm-5f2adc616a27ad0e)
[INFO] [stdout] test test::install_unknown_config_key ... ok
[INFO] [stdout] test test::install_command_no_existing_binary ... ok
[INFO] [stdout] test test::install_url_command_no_path ... ok
[INFO] [stdout] test test::clear_url_cache_command_path ... ok
[INFO] [stdout] test test::list_command_with_no_installs ... ok
[INFO] [stdout] test test::should_error_if_init_has_file ... ok
[INFO] [stdout] test test::install_command_previous_install_binary ... ok
[INFO] [stdout] test test::install_command_binary_on_path ... ok
[INFO] [stdout] test test::install_url_command_path ... ok
[INFO] [stdout] test test::registry_install_command_no_registry ... ok
[INFO] [stdout] test test::registry_install_command_incorrect_checksum ... ok
[INFO] [stdout] test test::install_command_pre_post_install ... ok
[INFO] [stdout] test test::uninstall_command_binary_on_path ... ok
[INFO] [stdout] test test::registry_install_command ... ok
[INFO] [stdout] test test::util_ensure_path_works ... ok
[INFO] [stdout] test test::list_command_with_installs ... ok
[INFO] [stdout] test test::registry_install_command_latest_all_pre_releases ... ok
[INFO] [stdout] test test::registry_add_remove_list_command_path ... ok
[INFO] [stdout] test test::registry_install_command_multiple_owners ... ok
[INFO] [stdout] test test::should_init ... ok
[INFO] [stdout] test test::install_url_command_use_with_config_file_same_command ... ok
[INFO] [stdout] test test::should_output_version ... ok
[INFO] [stdout] test test::registry_install_command_latest ... ok
[INFO] [stdout] test test::use_command_multiple_command_binaries ... ok
[INFO] [stdout] test test::uninstall_command_multiple_binaries ... ok
[INFO] [stdout] test test::use_command_config_file_same_command ... ok
[INFO] [stdout] test test::install_url_command_previous_install ... ok
[INFO] [stdout] test test::install_url_command_tar_gz ... FAILED
[INFO] [stdout] 
[INFO] [stdout] failures:
[INFO] [stdout] 
[INFO] [stdout] ---- test::install_url_command_tar_gz stdout ----
[INFO] [stdout] thread 'test::install_url_command_tar_gz' panicked at 'assertion failed: `(left == right)`
[INFO] [stdout] 
[INFO] [stdout] [1mDiff[0m [31m< left[0m / [32mright >[0m :
[INFO] [stdout] [31m<[0m[31m"test-https://github.com/dsherret/bvm/releases/download/1.0.0/name-[0m[1;48;5;52;31ml[0m[31min[0m[1;48;5;52;31mux[0m[31m.tar.gz"[0m
[INFO] [stdout] [32m>[0m[32m"test-https://github.com/dsherret/bvm/releases/download/1.0.0/name-[0m[1;48;5;22;32mw[0m[32min[0m[1;48;5;22;32mdows[0m[32m.tar.gz"[0m
[INFO] [stdout] 
[INFO] [stdout] ', src/main.rs:1070:9
[INFO] [stdout] stack backtrace:
[INFO] [stdout]    0:     0x558b05521470 - std::backtrace_rs::backtrace::libunwind::trace::hff4d1766e93f64f1
[INFO] [stdout]                                at /rustc/53fd98ca776cb875bc9e5514f56b52eb74f9e7a9/library/std/src/../../backtrace/src/backtrace/libunwind.rs:90:5
[INFO] [stdout]    1:     0x558b05521470 - std::backtrace_rs::backtrace::trace_unsynchronized::h56bbc8eb78770bcb
[INFO] [stdout]                                at /rustc/53fd98ca776cb875bc9e5514f56b52eb74f9e7a9/library/std/src/../../backtrace/src/backtrace/mod.rs:66:5
[INFO] [stdout]    2:     0x558b05521470 - std::sys_common::backtrace::_print_fmt::h5c8e75464faca780
[INFO] [stdout]                                at /rustc/53fd98ca776cb875bc9e5514f56b52eb74f9e7a9/library/std/src/sys_common/backtrace.rs:67:5
[INFO] [stdout]    3:     0x558b05521470 - <std::sys_common::backtrace::_print::DisplayBacktrace as core::fmt::Display>::fmt::h48b88277def8b362
[INFO] [stdout]                                at /rustc/53fd98ca776cb875bc9e5514f56b52eb74f9e7a9/library/std/src/sys_common/backtrace.rs:46:22
[INFO] [stdout]    4:     0x558b0554697c - core::fmt::write::h3381b3176fe2b3d3
[INFO] [stdout]                                at /rustc/53fd98ca776cb875bc9e5514f56b52eb74f9e7a9/library/core/src/fmt/mod.rs:1115:17
[INFO] [stdout]    5:     0x558b0551d795 - std::io::Write::write_fmt::h5f34a676f60246b5
[INFO] [stdout]                                at /rustc/53fd98ca776cb875bc9e5514f56b52eb74f9e7a9/library/std/src/io/mod.rs:1665:15
[INFO] [stdout]    6:     0x558b0552366b - std::sys_common::backtrace::_print::ha537687d6c17dd0d
[INFO] [stdout]                                at /rustc/53fd98ca776cb875bc9e5514f56b52eb74f9e7a9/library/std/src/sys_common/backtrace.rs:49:5
[INFO] [stdout]    7:     0x558b0552366b - std::sys_common::backtrace::print::h61376ae57d131d72
[INFO] [stdout]                                at /rustc/53fd98ca776cb875bc9e5514f56b52eb74f9e7a9/library/std/src/sys_common/backtrace.rs:36:9
[INFO] [stdout]    8:     0x558b0552366b - std::panicking::default_hook::{{closure}}::h0f7208c0b9644a54
[INFO] [stdout]                                at /rustc/53fd98ca776cb875bc9e5514f56b52eb74f9e7a9/library/std/src/panicking.rs:208:50
[INFO] [stdout]    9:     0x558b0552317c - std::panicking::default_hook::hdac7fc06578c14ce
[INFO] [stdout]                                at /rustc/53fd98ca776cb875bc9e5514f56b52eb74f9e7a9/library/std/src/panicking.rs:222:9
[INFO] [stdout]   10:     0x558b05523d34 - std::panicking::rust_panic_with_hook::h72b21c283da3d1ef
[INFO] [stdout]                                at /rustc/53fd98ca776cb875bc9e5514f56b52eb74f9e7a9/library/std/src/panicking.rs:622:17
[INFO] [stdout]   11:     0x558b05523817 - std::panicking::begin_panic_handler::{{closure}}::he5778f1729cff84a
[INFO] [stdout]                                at /rustc/53fd98ca776cb875bc9e5514f56b52eb74f9e7a9/library/std/src/panicking.rs:519:13
[INFO] [stdout]   12:     0x558b0552194c - std::sys_common::backtrace::__rust_end_short_backtrace::h2d11ca8b453b4b1d
[INFO] [stdout]                                at /rustc/53fd98ca776cb875bc9e5514f56b52eb74f9e7a9/library/std/src/sys_common/backtrace.rs:141:18
[INFO] [stdout]   13:     0x558b05523779 - rust_begin_unwind
[INFO] [stdout]                                at /rustc/53fd98ca776cb875bc9e5514f56b52eb74f9e7a9/library/std/src/panicking.rs:515:5
[INFO] [stdout]   14:     0x558b05007cbb - std::panicking::begin_panic_fmt::h746518bde832d259
[INFO] [stdout]                                at /rustc/53fd98ca776cb875bc9e5514f56b52eb74f9e7a9/library/std/src/panicking.rs:457:5
[INFO] [stdout]   15:     0x558b050dce77 - bvm::test::install_url_command_tar_gz::{{closure}}::h6c7f148b10f70e89
[INFO] [stdout]                                at /opt/rustwide/workdir/src/main.rs:1070:9
[INFO] [stdout]   16:     0x558b0512da9b - <core::future::from_generator::GenFuture<T> as core::future::future::Future>::poll::he4508ffc6ab54453
[INFO] [stdout]                                at /rustc/53fd98ca776cb875bc9e5514f56b52eb74f9e7a9/library/core/src/future/mod.rs:80:19
[INFO] [stdout]   17:     0x558b05156b90 - tokio::runtime::basic_scheduler::BasicScheduler<P>::block_on::{{closure}}::{{closure}}::h02e486fe8f939822
[INFO] [stdout]                                at /opt/rustwide/cargo-home/registry/src/github.com-1ecc6299db9ec823/tokio-0.2.22/src/runtime/basic_scheduler.rs:131:58
[INFO] [stdout]   18:     0x558b0503ec4c - tokio::coop::with_budget::{{closure}}::hcc15921b1e01913a
[INFO] [stdout]                                at /opt/rustwide/cargo-home/registry/src/github.com-1ecc6299db9ec823/tokio-0.2.22/src/coop.rs:127:9
[INFO] [stdout]   19:     0x558b050b4fc1 - std::thread::local::LocalKey<T>::try_with::h7ffe1b77087468d0
[INFO] [stdout]                                at /rustc/53fd98ca776cb875bc9e5514f56b52eb74f9e7a9/library/std/src/thread/local.rs:399:16
[INFO] [stdout]   20:     0x558b050ad91d - std::thread::local::LocalKey<T>::with::hb3f404b3959a46a0
[INFO] [stdout]                                at /rustc/53fd98ca776cb875bc9e5514f56b52eb74f9e7a9/library/std/src/thread/local.rs:375:9
[INFO] [stdout]   21:     0x558b0514b647 - tokio::coop::with_budget::h3923b0464026b94e
[INFO] [stdout]                                at /opt/rustwide/cargo-home/registry/src/github.com-1ecc6299db9ec823/tokio-0.2.22/src/coop.rs:120:5
[INFO] [stdout]   22:     0x558b0514b647 - tokio::coop::budget::hb8a8da4e26c7019c
[INFO] [stdout]                                at /opt/rustwide/cargo-home/registry/src/github.com-1ecc6299db9ec823/tokio-0.2.22/src/coop.rs:96:5
[INFO] [stdout]   23:     0x558b0514b647 - tokio::runtime::basic_scheduler::BasicScheduler<P>::block_on::{{closure}}::h615106d0665b9a6e
[INFO] [stdout]                                at /opt/rustwide/cargo-home/registry/src/github.com-1ecc6299db9ec823/tokio-0.2.22/src/runtime/basic_scheduler.rs:131:35
[INFO] [stdout]   24:     0x558b0515f181 - tokio::runtime::basic_scheduler::enter::{{closure}}::h20ba79f85cfc2bd7
[INFO] [stdout]                                at /opt/rustwide/cargo-home/registry/src/github.com-1ecc6299db9ec823/tokio-0.2.22/src/runtime/basic_scheduler.rs:213:29
[INFO] [stdout]   25:     0x558b050c8290 - tokio::macros::scoped_tls::ScopedKey<T>::set::h8fc1109bdbb5b3c2
[INFO] [stdout]                                at /opt/rustwide/cargo-home/registry/src/github.com-1ecc6299db9ec823/tokio-0.2.22/src/macros/scoped_tls.rs:63:9
[INFO] [stdout]   26:     0x558b0515c88e - tokio::runtime::basic_scheduler::enter::h9c25348eb50c2880
[INFO] [stdout]                                at /opt/rustwide/cargo-home/registry/src/github.com-1ecc6299db9ec823/tokio-0.2.22/src/runtime/basic_scheduler.rs:213:5
[INFO] [stdout]   27:     0x558b05148190 - tokio::runtime::basic_scheduler::BasicScheduler<P>::block_on::hfbb748d2896d5b4a
[INFO] [stdout]                                at /opt/rustwide/cargo-home/registry/src/github.com-1ecc6299db9ec823/tokio-0.2.22/src/runtime/basic_scheduler.rs:123:9
[INFO] [stdout]   28:     0x558b0513f802 - tokio::runtime::Runtime::block_on::{{closure}}::h4edb174ea5570777
[INFO] [stdout]                                at /opt/rustwide/cargo-home/registry/src/github.com-1ecc6299db9ec823/tokio-0.2.22/src/runtime/mod.rs:444:34
[INFO] [stdout]   29:     0x558b0506d74d - tokio::runtime::context::enter::hf8bd9153fc355af7
[INFO] [stdout]                                at /opt/rustwide/cargo-home/registry/src/github.com-1ecc6299db9ec823/tokio-0.2.22/src/runtime/context.rs:72:5
[INFO] [stdout]   30:     0x558b0512a278 - tokio::runtime::handle::Handle::enter::ha41117d277b4dba1
[INFO] [stdout]                                at /opt/rustwide/cargo-home/registry/src/github.com-1ecc6299db9ec823/tokio-0.2.22/src/runtime/handle.rs:76:9
[INFO] [stdout]   31:     0x558b0513e26d - tokio::runtime::Runtime::block_on::h09ddc507538a1a4f
[INFO] [stdout]                                at /opt/rustwide/cargo-home/registry/src/github.com-1ecc6299db9ec823/tokio-0.2.22/src/runtime/mod.rs:441:9
[INFO] [stdout]   32:     0x558b050dc19b - bvm::test::install_url_command_tar_gz::hc82abf3fa0f49a7a
[INFO] [stdout]                                at /opt/rustwide/workdir/src/main.rs:1055:5
[INFO] [stdout]   33:     0x558b050dc0aa - bvm::test::install_url_command_tar_gz::{{closure}}::h5c351af71a906021
[INFO] [stdout]                                at /opt/rustwide/workdir/src/main.rs:1055:5
[INFO] [stdout]   34:     0x558b0507974e - core::ops::function::FnOnce::call_once::hebe7ff4a8b07f305
[INFO] [stdout]                                at /rustc/53fd98ca776cb875bc9e5514f56b52eb74f9e7a9/library/core/src/ops/function.rs:227:5
[INFO] [stdout]   35:     0x558b052002e3 - core::ops::function::FnOnce::call_once::hbb52c4519d3137b0
[INFO] [stdout]                                at /rustc/53fd98ca776cb875bc9e5514f56b52eb74f9e7a9/library/core/src/ops/function.rs:227:5
[INFO] [stdout]   36:     0x558b052002e3 - test::__rust_begin_short_backtrace::h86fe3a2a5a5121af
[INFO] [stdout]                                at /rustc/53fd98ca776cb875bc9e5514f56b52eb74f9e7a9/library/test/src/lib.rs:578:5
[INFO] [stdout]   37:     0x558b051fed98 - <alloc::boxed::Box<F,A> as core::ops::function::FnOnce<Args>>::call_once::hfd956bc3d57399be
[INFO] [stdout]                                at /rustc/53fd98ca776cb875bc9e5514f56b52eb74f9e7a9/library/alloc/src/boxed.rs:1572:9
[INFO] [stdout]   38:     0x558b051fed98 - <std::panic::AssertUnwindSafe<F> as core::ops::function::FnOnce<()>>::call_once::h40dc93e0ddb5938a
[INFO] [stdout]                                at /rustc/53fd98ca776cb875bc9e5514f56b52eb74f9e7a9/library/std/src/panic.rs:347:9
[INFO] [stdout]   39:     0x558b051fed98 - std::panicking::try::do_call::h90d07750cb47c562
[INFO] [stdout]                                at /rustc/53fd98ca776cb875bc9e5514f56b52eb74f9e7a9/library/std/src/panicking.rs:401:40
[INFO] [stdout]   40:     0x558b051fed98 - std::panicking::try::h063c84733ad2a629
[INFO] [stdout]                                at /rustc/53fd98ca776cb875bc9e5514f56b52eb74f9e7a9/library/std/src/panicking.rs:365:19
[INFO] [stdout]   41:     0x558b051fed98 - std::panic::catch_unwind::h0c464836a84e7c08
[INFO] [stdout]                                at /rustc/53fd98ca776cb875bc9e5514f56b52eb74f9e7a9/library/std/src/panic.rs:434:14
[INFO] [stdout]   42:     0x558b051fed98 - test::run_test_in_process::h5cb06ef620b157fc
[INFO] [stdout]                                at /rustc/53fd98ca776cb875bc9e5514f56b52eb74f9e7a9/library/test/src/lib.rs:601:18
[INFO] [stdout]   43:     0x558b051fed98 - test::run_test::run_test_inner::{{closure}}::h76f677f4b93f9828
[INFO] [stdout]                                at /rustc/53fd98ca776cb875bc9e5514f56b52eb74f9e7a9/library/test/src/lib.rs:493:39
[INFO] [stdout]   44:     0x558b051cd52d - test::run_test::run_test_inner::{{closure}}::h366d01fe04f4d67a
[INFO] [stdout]                                at /rustc/53fd98ca776cb875bc9e5514f56b52eb74f9e7a9/library/test/src/lib.rs:520:37
[INFO] [stdout]   45:     0x558b051cd52d - std::sys_common::backtrace::__rust_begin_short_backtrace::h7dfa0de4eb395af2
[INFO] [stdout]                                at /rustc/53fd98ca776cb875bc9e5514f56b52eb74f9e7a9/library/std/src/sys_common/backtrace.rs:125:18
[INFO] [stdout]   46:     0x558b051d1cf8 - std::thread::Builder::spawn_unchecked::{{closure}}::{{closure}}::hf0a74bb58798037f
[INFO] [stdout]                                at /rustc/53fd98ca776cb875bc9e5514f56b52eb74f9e7a9/library/std/src/thread/mod.rs:476:17
[INFO] [stdout]   47:     0x558b051d1cf8 - <std::panic::AssertUnwindSafe<F> as core::ops::function::FnOnce<()>>::call_once::hb024e854818586ac
[INFO] [stdout]                                at /rustc/53fd98ca776cb875bc9e5514f56b52eb74f9e7a9/library/std/src/panic.rs:347:9
[INFO] [stdout]   48:     0x558b051d1cf8 - std::panicking::try::do_call::hb2dd9f1d0d48e41d
[INFO] [stdout]                                at /rustc/53fd98ca776cb875bc9e5514f56b52eb74f9e7a9/library/std/src/panicking.rs:401:40
[INFO] [stdout]   49:     0x558b051d1cf8 - std::panicking::try::h4717ae7bac8b2bf3
[INFO] [stdout]                                at /rustc/53fd98ca776cb875bc9e5514f56b52eb74f9e7a9/library/std/src/panicking.rs:365:19
[INFO] [stdout]   50:     0x558b051d1cf8 - std::panic::catch_unwind::h0dc8a061326ce8d8
[INFO] [stdout]                                at /rustc/53fd98ca776cb875bc9e5514f56b52eb74f9e7a9/library/std/src/panic.rs:434:14
[INFO] [stdout]   51:     0x558b051d1cf8 - std::thread::Builder::spawn_unchecked::{{closure}}::haa369e2d6fd00aa1
[INFO] [stdout]                                at /rustc/53fd98ca776cb875bc9e5514f56b52eb74f9e7a9/library/std/src/thread/mod.rs:475:30
[INFO] [stdout]   52:     0x558b051d1cf8 - core::ops::function::FnOnce::call_once{{vtable.shim}}::h36dcf3de8b056f17
[INFO] [stdout]                                at /rustc/53fd98ca776cb875bc9e5514f56b52eb74f9e7a9/library/core/src/ops/function.rs:227:5
[INFO] [stdout]   53:     0x558b05529b27 - <alloc::boxed::Box<F,A> as core::ops::function::FnOnce<Args>>::call_once::h65c29e4642be2358
[INFO] [stdout]                                at /rustc/53fd98ca776cb875bc9e5514f56b52eb74f9e7a9/library/alloc/src/boxed.rs:1572:9
[INFO] [stdout]   54:     0x558b05529b27 - <alloc::boxed::Box<F,A> as core::ops::function::FnOnce<Args>>::call_once::hd0f8f7fbbd9fffbf
[INFO] [stdout]                                at /rustc/53fd98ca776cb875bc9e5514f56b52eb74f9e7a9/library/alloc/src/boxed.rs:1572:9
[INFO] [stdout]   55:     0x558b05529b27 - std::sys::unix::thread::Thread::new::thread_start::h2fd22fee3ca77b65
[INFO] [stdout]                                at /rustc/53fd98ca776cb875bc9e5514f56b52eb74f9e7a9/library/std/src/sys/unix/thread.rs:74:17
[INFO] [stdout]   56:     0x7f9b91f39609 - start_thread
[INFO] [stdout]   57:     0x7f9b92098293 - clone
[INFO] [stdout]   58:                0x0 - <unknown>
[INFO] [stdout] 
[INFO] [stdout] 
[INFO] [stdout] failures:
[INFO] [stdout]     test::install_url_command_tar_gz
[INFO] [stdout] 
[INFO] [stdout] test result: FAILED. 27 passed; 1 failed; 0 ignored; 0 measured; 0 filtered out; finished in 0.32s
[INFO] [stdout] 
[INFO] [stderr] error: test failed, to rerun pass '--bin bvm'
[INFO] running `Command { std: "docker" "inspect" "18dd32cb5061b829ab3fd6c6278d4f53d14d183f13ec9b3a09a84d39ddb3faa7", kill_on_drop: false }`
[INFO] running `Command { std: "docker" "rm" "-f" "18dd32cb5061b829ab3fd6c6278d4f53d14d183f13ec9b3a09a84d39ddb3faa7", kill_on_drop: false }`
[INFO] [stdout] 18dd32cb5061b829ab3fd6c6278d4f53d14d183f13ec9b3a09a84d39ddb3faa7
