[INFO] fetching crate bsn1 0.3.0...
[INFO] testing bsn1-0.3.0 against beta-2021-08-01 for beta-1.55-1
[INFO] extracting crate bsn1 0.3.0 into /workspace/builds/worker-52/source
[INFO] validating manifest of crates.io crate bsn1 0.3.0 on toolchain beta-2021-08-01
[INFO] running `Command { std: "/workspace/cargo-home/bin/cargo" "+beta-2021-08-01" "metadata" "--manifest-path" "Cargo.toml" "--no-deps", kill_on_drop: false }`
[INFO] started tweaking crates.io crate bsn1 0.3.0
[INFO] finished tweaking crates.io crate bsn1 0.3.0
[INFO] tweaked toml for crates.io crate bsn1 0.3.0 written to /workspace/builds/worker-52/source/Cargo.toml
[INFO] running `Command { std: "/workspace/cargo-home/bin/cargo" "+beta-2021-08-01" "generate-lockfile" "--manifest-path" "Cargo.toml" "-Zno-index-update", kill_on_drop: false }`
[INFO] [stderr]     Blocking waiting for file lock on package cache
[INFO] running `Command { std: "/workspace/cargo-home/bin/cargo" "+beta-2021-08-01" "fetch" "--manifest-path" "Cargo.toml", kill_on_drop: false }`
[INFO] [stderr]     Blocking waiting for file lock on package cache
[INFO] running `Command { std: "docker" "create" "-v" "/var/lib/crater-agent-workspace/builds/worker-52/target:/opt/rustwide/target:rw,Z" "-v" "/var/lib/crater-agent-workspace/builds/worker-52/source:/opt/rustwide/workdir:ro,Z" "-v" "/var/lib/crater-agent-workspace/cargo-home:/opt/rustwide/cargo-home:ro,Z" "-v" "/var/lib/crater-agent-workspace/rustup-home:/opt/rustwide/rustup-home:ro,Z" "-e" "SOURCE_DIR=/opt/rustwide/workdir" "-e" "CARGO_TARGET_DIR=/opt/rustwide/target" "-e" "CARGO_HOME=/opt/rustwide/cargo-home" "-e" "RUSTUP_HOME=/opt/rustwide/rustup-home" "-w" "/opt/rustwide/workdir" "-m" "1610612736" "--user" "0:0" "--network" "none" "ghcr.io/rust-lang/crates-build-env/linux@sha256:34b6a614d2c27851fe6cbf88fbd1137609cefab8b10d0615aaeb6fd47975d74e" "/opt/rustwide/cargo-home/bin/cargo" "+beta-2021-08-01" "metadata" "--no-deps" "--format-version=1", kill_on_drop: false }`
[INFO] [stdout] 673eddcbbfcf4e44a6abc28cdba4ab87143eba6446116c61e419b004d2c10c26
[INFO] running `Command { std: "docker" "start" "-a" "673eddcbbfcf4e44a6abc28cdba4ab87143eba6446116c61e419b004d2c10c26", kill_on_drop: false }`
[INFO] running `Command { std: "docker" "inspect" "673eddcbbfcf4e44a6abc28cdba4ab87143eba6446116c61e419b004d2c10c26", kill_on_drop: false }`
[INFO] running `Command { std: "docker" "rm" "-f" "673eddcbbfcf4e44a6abc28cdba4ab87143eba6446116c61e419b004d2c10c26", kill_on_drop: false }`
[INFO] [stdout] 673eddcbbfcf4e44a6abc28cdba4ab87143eba6446116c61e419b004d2c10c26
[INFO] running `Command { std: "docker" "create" "-v" "/var/lib/crater-agent-workspace/builds/worker-52/target:/opt/rustwide/target:rw,Z" "-v" "/var/lib/crater-agent-workspace/builds/worker-52/source:/opt/rustwide/workdir:ro,Z" "-v" "/var/lib/crater-agent-workspace/cargo-home:/opt/rustwide/cargo-home:ro,Z" "-v" "/var/lib/crater-agent-workspace/rustup-home:/opt/rustwide/rustup-home:ro,Z" "-e" "SOURCE_DIR=/opt/rustwide/workdir" "-e" "CARGO_TARGET_DIR=/opt/rustwide/target" "-e" "CARGO_INCREMENTAL=0" "-e" "RUST_BACKTRACE=full" "-e" "RUSTFLAGS=--cap-lints=warn" "-e" "CARGO_HOME=/opt/rustwide/cargo-home" "-e" "RUSTUP_HOME=/opt/rustwide/rustup-home" "-w" "/opt/rustwide/workdir" "-m" "1610612736" "--user" "0:0" "--network" "none" "ghcr.io/rust-lang/crates-build-env/linux@sha256:34b6a614d2c27851fe6cbf88fbd1137609cefab8b10d0615aaeb6fd47975d74e" "/opt/rustwide/cargo-home/bin/cargo" "+beta-2021-08-01" "build" "--frozen" "--message-format=json", kill_on_drop: false }`
[INFO] [stdout] 1361ecd95fb6ba1a46c56651bbf0c65b655b59bb9981339e15808c1105c95839
[INFO] running `Command { std: "docker" "start" "-a" "1361ecd95fb6ba1a46c56651bbf0c65b655b59bb9981339e15808c1105c95839", kill_on_drop: false }`
[INFO] [stderr]    Compiling bsn1 v0.3.0 (/opt/rustwide/workdir)
[INFO] [stderr]     Finished dev [unoptimized + debuginfo] target(s) in 1.14s
[INFO] running `Command { std: "docker" "inspect" "1361ecd95fb6ba1a46c56651bbf0c65b655b59bb9981339e15808c1105c95839", kill_on_drop: false }`
[INFO] running `Command { std: "docker" "rm" "-f" "1361ecd95fb6ba1a46c56651bbf0c65b655b59bb9981339e15808c1105c95839", kill_on_drop: false }`
[INFO] [stdout] 1361ecd95fb6ba1a46c56651bbf0c65b655b59bb9981339e15808c1105c95839
[INFO] running `Command { std: "docker" "create" "-v" "/var/lib/crater-agent-workspace/builds/worker-52/target:/opt/rustwide/target:rw,Z" "-v" "/var/lib/crater-agent-workspace/builds/worker-52/source:/opt/rustwide/workdir:ro,Z" "-v" "/var/lib/crater-agent-workspace/cargo-home:/opt/rustwide/cargo-home:ro,Z" "-v" "/var/lib/crater-agent-workspace/rustup-home:/opt/rustwide/rustup-home:ro,Z" "-e" "SOURCE_DIR=/opt/rustwide/workdir" "-e" "CARGO_TARGET_DIR=/opt/rustwide/target" "-e" "CARGO_INCREMENTAL=0" "-e" "RUST_BACKTRACE=full" "-e" "RUSTFLAGS=--cap-lints=warn" "-e" "CARGO_HOME=/opt/rustwide/cargo-home" "-e" "RUSTUP_HOME=/opt/rustwide/rustup-home" "-w" "/opt/rustwide/workdir" "-m" "1610612736" "--user" "0:0" "--network" "none" "ghcr.io/rust-lang/crates-build-env/linux@sha256:34b6a614d2c27851fe6cbf88fbd1137609cefab8b10d0615aaeb6fd47975d74e" "/opt/rustwide/cargo-home/bin/cargo" "+beta-2021-08-01" "test" "--frozen" "--no-run" "--message-format=json", kill_on_drop: false }`
[INFO] [stdout] efd73d998b6da4c22e11a20ecc7cf682dd4b89a0f7d08b3472cdebd3e622bfd0
[INFO] running `Command { std: "docker" "start" "-a" "efd73d998b6da4c22e11a20ecc7cf682dd4b89a0f7d08b3472cdebd3e622bfd0", kill_on_drop: false }`
[INFO] [stderr]    Compiling bsn1 v0.3.0 (/opt/rustwide/workdir)
[INFO] [stderr]     Finished test [unoptimized + debuginfo] target(s) in 1.34s
[INFO] running `Command { std: "docker" "inspect" "efd73d998b6da4c22e11a20ecc7cf682dd4b89a0f7d08b3472cdebd3e622bfd0", kill_on_drop: false }`
[INFO] running `Command { std: "docker" "rm" "-f" "efd73d998b6da4c22e11a20ecc7cf682dd4b89a0f7d08b3472cdebd3e622bfd0", kill_on_drop: false }`
[INFO] [stdout] efd73d998b6da4c22e11a20ecc7cf682dd4b89a0f7d08b3472cdebd3e622bfd0
[INFO] running `Command { std: "docker" "create" "-v" "/var/lib/crater-agent-workspace/builds/worker-52/target:/opt/rustwide/target:rw,Z" "-v" "/var/lib/crater-agent-workspace/builds/worker-52/source:/opt/rustwide/workdir:ro,Z" "-v" "/var/lib/crater-agent-workspace/cargo-home:/opt/rustwide/cargo-home:ro,Z" "-v" "/var/lib/crater-agent-workspace/rustup-home:/opt/rustwide/rustup-home:ro,Z" "-e" "SOURCE_DIR=/opt/rustwide/workdir" "-e" "CARGO_TARGET_DIR=/opt/rustwide/target" "-e" "CARGO_INCREMENTAL=0" "-e" "RUST_BACKTRACE=full" "-e" "RUSTFLAGS=--cap-lints=warn" "-e" "CARGO_HOME=/opt/rustwide/cargo-home" "-e" "RUSTUP_HOME=/opt/rustwide/rustup-home" "-w" "/opt/rustwide/workdir" "-m" "1610612736" "--user" "0:0" "--network" "none" "ghcr.io/rust-lang/crates-build-env/linux@sha256:34b6a614d2c27851fe6cbf88fbd1137609cefab8b10d0615aaeb6fd47975d74e" "/opt/rustwide/cargo-home/bin/cargo" "+beta-2021-08-01" "test" "--frozen", kill_on_drop: false }`
[INFO] [stdout] 1e405e95ff7c6c3f07c11dc2a73035ef9a21bfdceaf59cabb6e28d228409f5a1
[INFO] running `Command { std: "docker" "start" "-a" "1e405e95ff7c6c3f07c11dc2a73035ef9a21bfdceaf59cabb6e28d228409f5a1", kill_on_drop: false }`
[INFO] [stderr]     Blocking waiting for file lock on package cache
[INFO] [stderr]     Finished test [unoptimized + debuginfo] target(s) in 0.15s
[INFO] [stderr]      Running unittests (/opt/rustwide/target/debug/deps/bsn1-414acdacc8ce02e0)
[INFO] [stdout] 
[INFO] [stdout] running 29 tests
[INFO] [stdout] test ber::tests::from_bytes_starts_with_unchecked_definite ... ok
[INFO] [stdout] test ber::tests::from_bytes_starts_with_unchecked_infinite ... ok
[INFO] [stdout] test ber::tests::try_from_deinite ... ok
[INFO] [stdout] test ber::tests::try_from_indefinite ... ok
[INFO] [stdout] test buffer::buffer_tests::extend_from_slice ... ok
[INFO] [stdout] test buffer::buffer_tests::new ... ok
[INFO] [stdout] test buffer::buffer_tests::push ... ok
[INFO] [stdout] test buffer::buffer_tests::reserve ... ok
[INFO] [stdout] test buffer::buffer_tests::size_align ... ok
[INFO] [stdout] test buffer::stack_buffer_tests::extend_from_slice ... ok
[INFO] [stdout] test buffer::stack_buffer_tests::new ... ok
[INFO] [stdout] test buffer::stack_buffer_tests::push ... ok
[INFO] [stdout] test contents::tests::test_from_integer ... ok
[INFO] [stdout] test contents::tests::test_to_integer ... ok
[INFO] [stdout] test der::tests::from_bytes_starts_with_unchecked ... ok
[INFO] [stdout] test der::tests::from_id_iterator ... ok
[INFO] [stdout] test der::tests::new ... ok
[INFO] [stdout] test der::tests::try_from ... ok
[INFO] [stdout] test identifier::tests::new ... ok
[INFO] [stdout] test identifier::tests::number ... ok
[INFO] [stdout] test length::tests::to_bytes ... ok
[INFO] [stdout] test length::tests::try_from_extra ... ok
[INFO] [stdout] test length::tests::try_from_just ... ok
[INFO] [stdout] test length::tests::try_from_overflow ... ok
[INFO] [stdout] test identifier::tests::try_from_redundant ... ok
[INFO] [stdout] test identifier::tests::try_from_ok ... ok
[INFO] [stdout] test length::tests::try_from_redundant ... ok
[INFO] [stdout] test length::tests::try_from_unterminated ... ok
[INFO] [stdout] test identifier::tests::try_from_unterminated ... ok
[INFO] [stdout] 
[INFO] [stdout] test result: ok. 29 passed; 0 failed; 0 ignored; 0 measured; 0 filtered out; finished in 0.01s
[INFO] [stdout] 
[INFO] [stderr]    Doc-tests bsn1
[INFO] [stdout] 
[INFO] [stdout] running 85 tests
[INFO] [stdout] test src/identifier.rs - identifier::IdRef::generalized_time_constructed (line 813) ... FAILED
[INFO] [stdout] test src/identifier.rs - identifier::IdRef::general_string_constructed (line 933) ... FAILED
[INFO] [stdout] test src/identifier.rs - identifier::IdRef::from_bytes_unchecked (line 177) ... FAILED
[INFO] [stdout] test src/identifier.rs - identifier::IdRef::generalized_time (line 793) ... FAILED
[INFO] [stdout] test src/identifier.rs - identifier::IdRef::ia5_string (line 716) ... FAILED
[INFO] [stdout] test src/identifier.rs - identifier::IdRef::eoc (line 195) ... FAILED
[INFO] [stdout] test src/identifier.rs - identifier::IdRef::is_constructed (line 1236) ... FAILED
[INFO] [stdout] test src/identifier.rs - identifier::IdRef::graphic_string_constructed (line 853) ... FAILED
[INFO] [stdout] test src/identifier.rs - identifier::IdRef::embedded_pdv (line 443) ... FAILED
[INFO] [stdout] test src/identifier.rs - identifier::IdRef::integer (line 233) ... FAILED
[INFO] [stderr] error: test failed, to rerun pass '--doc'
[INFO] [stderr] 
[INFO] [stderr] Caused by:
[INFO] [stderr]   process didn't exit successfully: `rustdoc --edition=2018 --crate-type lib --crate-name bsn1 --test /opt/rustwide/workdir/src/lib.rs -L dependency=/opt/rustwide/target/debug/deps -L dependency=/opt/rustwide/target/debug/deps --extern bsn1=/opt/rustwide/target/debug/deps/libbsn1-8e92cb92d3920e81.rlib -C embed-bitcode=no --error-format human` (signal: 9, SIGKILL: kill)
[INFO] running `Command { std: "docker" "inspect" "1e405e95ff7c6c3f07c11dc2a73035ef9a21bfdceaf59cabb6e28d228409f5a1", kill_on_drop: false }`
[INFO] running `Command { std: "docker" "rm" "-f" "1e405e95ff7c6c3f07c11dc2a73035ef9a21bfdceaf59cabb6e28d228409f5a1", kill_on_drop: false }`
[INFO] [stdout] 1e405e95ff7c6c3f07c11dc2a73035ef9a21bfdceaf59cabb6e28d228409f5a1
