[INFO] fetching crate broker-tokio 0.2.16...
[INFO] testing broker-tokio-0.2.16 against 1.54.0 for beta-1.55-1
[INFO] extracting crate broker-tokio 0.2.16 into /workspace/builds/worker-46/source
[INFO] validating manifest of crates.io crate broker-tokio 0.2.16 on toolchain 1.54.0
[INFO] running `Command { std: "/workspace/cargo-home/bin/cargo" "+1.54.0" "metadata" "--manifest-path" "Cargo.toml" "--no-deps", kill_on_drop: false }`
[INFO] started tweaking crates.io crate broker-tokio 0.2.16
[INFO] finished tweaking crates.io crate broker-tokio 0.2.16
[INFO] tweaked toml for crates.io crate broker-tokio 0.2.16 written to /workspace/builds/worker-46/source/Cargo.toml
[INFO] running `Command { std: "/workspace/cargo-home/bin/cargo" "+1.54.0" "generate-lockfile" "--manifest-path" "Cargo.toml" "-Zno-index-update", kill_on_drop: false }`
[INFO] running `Command { std: "/workspace/cargo-home/bin/cargo" "+1.54.0" "fetch" "--manifest-path" "Cargo.toml", kill_on_drop: false }`
[INFO] [stderr]     Blocking waiting for file lock on package cache
[INFO] [stderr]     Blocking waiting for file lock on package cache
[INFO] running `Command { std: "docker" "create" "-v" "/var/lib/crater-agent-workspace/builds/worker-46/target:/opt/rustwide/target:rw,Z" "-v" "/var/lib/crater-agent-workspace/builds/worker-46/source:/opt/rustwide/workdir:ro,Z" "-v" "/var/lib/crater-agent-workspace/cargo-home:/opt/rustwide/cargo-home:ro,Z" "-v" "/var/lib/crater-agent-workspace/rustup-home:/opt/rustwide/rustup-home:ro,Z" "-e" "SOURCE_DIR=/opt/rustwide/workdir" "-e" "CARGO_TARGET_DIR=/opt/rustwide/target" "-e" "CARGO_HOME=/opt/rustwide/cargo-home" "-e" "RUSTUP_HOME=/opt/rustwide/rustup-home" "-w" "/opt/rustwide/workdir" "-m" "1610612736" "--user" "0:0" "--network" "none" "ghcr.io/rust-lang/crates-build-env/linux@sha256:34b6a614d2c27851fe6cbf88fbd1137609cefab8b10d0615aaeb6fd47975d74e" "/opt/rustwide/cargo-home/bin/cargo" "+1.54.0" "metadata" "--no-deps" "--format-version=1", kill_on_drop: false }`
[INFO] [stdout] 561a09673d0d1139c130dc5367f3be55c240cb01c6c6b1ab7aa50b86464d2f69
[INFO] running `Command { std: "docker" "start" "-a" "561a09673d0d1139c130dc5367f3be55c240cb01c6c6b1ab7aa50b86464d2f69", kill_on_drop: false }`
[INFO] running `Command { std: "docker" "inspect" "561a09673d0d1139c130dc5367f3be55c240cb01c6c6b1ab7aa50b86464d2f69", kill_on_drop: false }`
[INFO] running `Command { std: "docker" "rm" "-f" "561a09673d0d1139c130dc5367f3be55c240cb01c6c6b1ab7aa50b86464d2f69", kill_on_drop: false }`
[INFO] [stdout] 561a09673d0d1139c130dc5367f3be55c240cb01c6c6b1ab7aa50b86464d2f69
[INFO] running `Command { std: "docker" "create" "-v" "/var/lib/crater-agent-workspace/builds/worker-46/target:/opt/rustwide/target:rw,Z" "-v" "/var/lib/crater-agent-workspace/builds/worker-46/source:/opt/rustwide/workdir:ro,Z" "-v" "/var/lib/crater-agent-workspace/cargo-home:/opt/rustwide/cargo-home:ro,Z" "-v" "/var/lib/crater-agent-workspace/rustup-home:/opt/rustwide/rustup-home:ro,Z" "-e" "SOURCE_DIR=/opt/rustwide/workdir" "-e" "CARGO_TARGET_DIR=/opt/rustwide/target" "-e" "CARGO_INCREMENTAL=0" "-e" "RUST_BACKTRACE=full" "-e" "RUSTFLAGS=--cap-lints=warn" "-e" "CARGO_HOME=/opt/rustwide/cargo-home" "-e" "RUSTUP_HOME=/opt/rustwide/rustup-home" "-w" "/opt/rustwide/workdir" "-m" "1610612736" "--user" "0:0" "--network" "none" "ghcr.io/rust-lang/crates-build-env/linux@sha256:34b6a614d2c27851fe6cbf88fbd1137609cefab8b10d0615aaeb6fd47975d74e" "/opt/rustwide/cargo-home/bin/cargo" "+1.54.0" "build" "--frozen" "--message-format=json", kill_on_drop: false }`
[INFO] [stdout] ced7e1304f9b938dba615e67cb9db05d974b25eeffde19c11dda3d126d441823
[INFO] running `Command { std: "docker" "start" "-a" "ced7e1304f9b938dba615e67cb9db05d974b25eeffde19c11dda3d126d441823", kill_on_drop: false }`
[INFO] [stderr]    Compiling pin-project-lite v0.1.12
[INFO] [stderr]    Compiling bytes v0.5.6
[INFO] [stderr]    Compiling broker-tokio v0.2.16 (/opt/rustwide/workdir)
[INFO] [stdout] warning: lint `intra_doc_link_resolution_failure` has been removed: use `rustdoc::broken_intra_doc_links` instead
[INFO] [stdout]   --> src/lib.rs:13:9
[INFO] [stdout]    |
[INFO] [stdout] 13 | #![deny(intra_doc_link_resolution_failure)]
[INFO] [stdout]    |         ^^^^^^^^^^^^^^^^^^^^^^^^^^^^^^^^^
[INFO] [stdout]    |
[INFO] [stdout]    = note: `#[warn(renamed_and_removed_lints)]` on by default
[INFO] [stdout] 
[INFO] [stdout] 
[INFO] [stdout] warning: use of deprecated function `std::sync::atomic::spin_loop_hint`: use hint::spin_loop instead
[INFO] [stdout]   --> src/loom/std/mod.rs:49:44
[INFO] [stdout]    |
[INFO] [stdout] 49 |         pub(crate) use std::sync::atomic::{spin_loop_hint, AtomicBool};
[INFO] [stdout]    |                                            ^^^^^^^^^^^^^^
[INFO] [stdout]    |
[INFO] [stdout]    = note: `#[warn(deprecated)]` on by default
[INFO] [stdout] 
[INFO] [stdout] 
[INFO] [stdout] warning: 2 warnings emitted
[INFO] [stdout] 
[INFO] [stdout] 
[INFO] [stderr]     Finished dev [unoptimized + debuginfo] target(s) in 4.53s
[INFO] running `Command { std: "docker" "inspect" "ced7e1304f9b938dba615e67cb9db05d974b25eeffde19c11dda3d126d441823", kill_on_drop: false }`
[INFO] running `Command { std: "docker" "rm" "-f" "ced7e1304f9b938dba615e67cb9db05d974b25eeffde19c11dda3d126d441823", kill_on_drop: false }`
[INFO] [stdout] ced7e1304f9b938dba615e67cb9db05d974b25eeffde19c11dda3d126d441823
[INFO] running `Command { std: "docker" "create" "-v" "/var/lib/crater-agent-workspace/builds/worker-46/target:/opt/rustwide/target:rw,Z" "-v" "/var/lib/crater-agent-workspace/builds/worker-46/source:/opt/rustwide/workdir:ro,Z" "-v" "/var/lib/crater-agent-workspace/cargo-home:/opt/rustwide/cargo-home:ro,Z" "-v" "/var/lib/crater-agent-workspace/rustup-home:/opt/rustwide/rustup-home:ro,Z" "-e" "SOURCE_DIR=/opt/rustwide/workdir" "-e" "CARGO_TARGET_DIR=/opt/rustwide/target" "-e" "CARGO_INCREMENTAL=0" "-e" "RUST_BACKTRACE=full" "-e" "RUSTFLAGS=--cap-lints=warn" "-e" "CARGO_HOME=/opt/rustwide/cargo-home" "-e" "RUSTUP_HOME=/opt/rustwide/rustup-home" "-w" "/opt/rustwide/workdir" "-m" "1610612736" "--user" "0:0" "--network" "none" "ghcr.io/rust-lang/crates-build-env/linux@sha256:34b6a614d2c27851fe6cbf88fbd1137609cefab8b10d0615aaeb6fd47975d74e" "/opt/rustwide/cargo-home/bin/cargo" "+1.54.0" "test" "--frozen" "--no-run" "--message-format=json", kill_on_drop: false }`
[INFO] [stdout] e1da9ada3a4e67d370bb00e8d657c955dddebdf8a99973249e830ecb521f7cee
[INFO] running `Command { std: "docker" "start" "-a" "e1da9ada3a4e67d370bb00e8d657c955dddebdf8a99973249e830ecb521f7cee", kill_on_drop: false }`
[INFO] [stderr]    Compiling autocfg v0.1.7
[INFO] [stderr]    Compiling rand_core v0.4.2
[INFO] [stderr]    Compiling syn v1.0.74
[INFO] [stderr]    Compiling memchr v2.4.0
[INFO] [stderr]    Compiling rustversion v1.0.5
[INFO] [stderr]    Compiling futures-sink v0.3.16
[INFO] [stderr]    Compiling fnv v1.0.7
[INFO] [stderr]    Compiling remove_dir_all v0.5.3
[INFO] [stderr]    Compiling bit-vec v0.6.3
[INFO] [stderr]    Compiling quick-error v1.2.3
[INFO] [stderr]    Compiling scoped-tls v0.1.2
[INFO] [stderr]    Compiling byteorder v1.4.3
[INFO] [stderr]    Compiling regex-syntax v0.6.25
[INFO] [stderr]    Compiling futures-util v0.3.16
[INFO] [stderr]    Compiling num-traits v0.2.14
[INFO] [stderr]    Compiling wait-timeout v0.2.0
[INFO] [stdout] warning: lint `intra_doc_link_resolution_failure` has been removed: use `rustdoc::broken_intra_doc_links` instead
[INFO] [stdout]   --> src/lib.rs:13:9
[INFO] [stdout]    |
[INFO] [stdout] 13 | #![deny(intra_doc_link_resolution_failure)]
[INFO] [stdout]    |         ^^^^^^^^^^^^^^^^^^^^^^^^^^^^^^^^^
[INFO] [stdout]    |
[INFO] [stdout]    = note: `#[warn(renamed_and_removed_lints)]` on by default
[INFO] [stdout] 
[INFO] [stdout] 
[INFO] [stdout] warning: use of deprecated function `std::sync::atomic::spin_loop_hint`: use hint::spin_loop instead
[INFO] [stdout]   --> src/loom/std/mod.rs:49:44
[INFO] [stdout]    |
[INFO] [stdout] 49 |         pub(crate) use std::sync::atomic::{spin_loop_hint, AtomicBool};
[INFO] [stdout]    |                                            ^^^^^^^^^^^^^^
[INFO] [stdout]    |
[INFO] [stdout]    = note: `#[warn(deprecated)]` on by default
[INFO] [stdout] 
[INFO] [stdout] 
[INFO] [stdout] warning: 2 warnings emitted
[INFO] [stdout] 
[INFO] [stdout] 
[INFO] [stderr]    Compiling futures-channel v0.3.16
[INFO] [stderr]    Compiling tokio v0.2.25
[INFO] [stderr]    Compiling tempfile v3.2.0
[INFO] [stderr]    Compiling rand_core v0.3.1
[INFO] [stderr]    Compiling rand_jitter v0.1.4
[INFO] [stderr]    Compiling rand_os v0.1.3
[INFO] [stderr]    Compiling rand_isaac v0.1.1
[INFO] [stderr]    Compiling rand_hc v0.1.0
[INFO] [stderr]    Compiling rand_xorshift v0.1.1
[INFO] [stderr]    Compiling bit-set v0.5.2
[INFO] [stderr]    Compiling rusty-fork v0.2.2
[INFO] [stderr]    Compiling rand_chacha v0.1.1
[INFO] [stderr]    Compiling rand_pcg v0.1.2
[INFO] [stderr]    Compiling rand v0.6.5
[INFO] [stderr]    Compiling generator v0.6.25
[INFO] [stderr]    Compiling tokio-test v0.2.1
[INFO] [stderr]    Compiling proptest v0.9.6
[INFO] [stderr]    Compiling futures-macro v0.3.16
[INFO] [stderr]    Compiling serde_derive v1.0.127
[INFO] [stderr]    Compiling futures-executor v0.3.16
[INFO] [stderr]    Compiling futures v0.3.16
[INFO] [stderr]    Compiling serde v1.0.127
[INFO] [stderr]    Compiling serde_json v1.0.66
[INFO] [stderr]    Compiling loom v0.2.15
[INFO] [stderr]    Compiling broker-tokio v0.2.16 (/opt/rustwide/workdir)
[INFO] [stdout] warning: lint `intra_doc_link_resolution_failure` has been removed: use `rustdoc::broken_intra_doc_links` instead
[INFO] [stdout]   --> src/lib.rs:13:9
[INFO] [stdout]    |
[INFO] [stdout] 13 | #![deny(intra_doc_link_resolution_failure)]
[INFO] [stdout]    |         ^^^^^^^^^^^^^^^^^^^^^^^^^^^^^^^^^
[INFO] [stdout]    |
[INFO] [stdout]    = note: `#[warn(renamed_and_removed_lints)]` on by default
[INFO] [stdout] 
[INFO] [stdout] 
[INFO] [stdout] warning: use of deprecated function `std::sync::atomic::spin_loop_hint`: use hint::spin_loop instead
[INFO] [stdout]   --> src/loom/std/mod.rs:49:44
[INFO] [stdout]    |
[INFO] [stdout] 49 |         pub(crate) use std::sync::atomic::{spin_loop_hint, AtomicBool};
[INFO] [stdout]    |                                            ^^^^^^^^^^^^^^
[INFO] [stdout]    |
[INFO] [stdout]    = note: `#[warn(deprecated)]` on by default
[INFO] [stdout] 
[INFO] [stdout] 
[INFO] [stdout] warning: function is never used: `backoff`
[INFO] [stdout]  --> src/tests/backoff.rs:7:15
[INFO] [stdout]   |
[INFO] [stdout] 7 | pub(crate) fn backoff(n: usize) -> impl Future<Output = ()> {
[INFO] [stdout]   |               ^^^^^^^
[INFO] [stdout]   |
[INFO] [stdout]   = note: `#[warn(dead_code)]` on by default
[INFO] [stdout] 
[INFO] [stdout] 
[INFO] [stdout] warning: function is never used: `backoff_clone`
[INFO] [stdout]   --> src/tests/backoff.rs:12:15
[INFO] [stdout]    |
[INFO] [stdout] 12 | pub(crate) fn backoff_clone(n: usize) -> impl Future<Output = ()> {
[INFO] [stdout]    |               ^^^^^^^^^^^^^
[INFO] [stdout] 
[INFO] [stdout] 
[INFO] [stdout] warning: function is never used: `track_drop`
[INFO] [stdout]   --> src/tests/track_drop.rs:14:15
[INFO] [stdout]    |
[INFO] [stdout] 14 | pub(crate) fn track_drop<T: Future>(
[INFO] [stdout]    |               ^^^^^^^^^^
[INFO] [stdout] 
[INFO] [stdout] 
[INFO] [stdout] warning: associated function is never used: `get_ref`
[INFO] [stdout]   --> src/tests/track_drop.rs:29:19
[INFO] [stdout]    |
[INFO] [stdout] 29 |     pub(crate) fn get_ref(&self) -> &T {
[INFO] [stdout]    |                   ^^^^^^^
[INFO] [stdout] 
[INFO] [stdout] 
[INFO] [stdout] warning: associated function is never used: `did_drop_future`
[INFO] [stdout]   --> src/tests/track_drop.rs:50:19
[INFO] [stdout]    |
[INFO] [stdout] 50 |     pub(crate) fn did_drop_future(&self) -> bool {
[INFO] [stdout]    |                   ^^^^^^^^^^^^^^^
[INFO] [stdout] 
[INFO] [stdout] 
[INFO] [stdout] warning: associated function is never used: `did_drop_output`
[INFO] [stdout]   --> src/tests/track_drop.rs:54:19
[INFO] [stdout]    |
[INFO] [stdout] 54 |     pub(crate) fn did_drop_output(&self) -> bool {
[INFO] [stdout]    |                   ^^^^^^^^^^^^^^^
[INFO] [stdout] 
[INFO] [stdout] 
[INFO] [stdout] warning: 8 warnings emitted
[INFO] [stdout] 
[INFO] [stdout] 
[INFO] [stderr]     Finished test [unoptimized + debuginfo] target(s) in 26.92s
[INFO] running `Command { std: "docker" "inspect" "e1da9ada3a4e67d370bb00e8d657c955dddebdf8a99973249e830ecb521f7cee", kill_on_drop: false }`
[INFO] running `Command { std: "docker" "rm" "-f" "e1da9ada3a4e67d370bb00e8d657c955dddebdf8a99973249e830ecb521f7cee", kill_on_drop: false }`
[INFO] [stdout] e1da9ada3a4e67d370bb00e8d657c955dddebdf8a99973249e830ecb521f7cee
[INFO] running `Command { std: "docker" "create" "-v" "/var/lib/crater-agent-workspace/builds/worker-46/target:/opt/rustwide/target:rw,Z" "-v" "/var/lib/crater-agent-workspace/builds/worker-46/source:/opt/rustwide/workdir:ro,Z" "-v" "/var/lib/crater-agent-workspace/cargo-home:/opt/rustwide/cargo-home:ro,Z" "-v" "/var/lib/crater-agent-workspace/rustup-home:/opt/rustwide/rustup-home:ro,Z" "-e" "SOURCE_DIR=/opt/rustwide/workdir" "-e" "CARGO_TARGET_DIR=/opt/rustwide/target" "-e" "CARGO_INCREMENTAL=0" "-e" "RUST_BACKTRACE=full" "-e" "RUSTFLAGS=--cap-lints=warn" "-e" "CARGO_HOME=/opt/rustwide/cargo-home" "-e" "RUSTUP_HOME=/opt/rustwide/rustup-home" "-w" "/opt/rustwide/workdir" "-m" "1610612736" "--user" "0:0" "--network" "none" "ghcr.io/rust-lang/crates-build-env/linux@sha256:34b6a614d2c27851fe6cbf88fbd1137609cefab8b10d0615aaeb6fd47975d74e" "/opt/rustwide/cargo-home/bin/cargo" "+1.54.0" "test" "--frozen", kill_on_drop: false }`
[INFO] [stdout] dbfd97d5a8350fdb85a7ab8bdc3cc374e3f70e88dbbd61887f89b69243417164
[INFO] running `Command { std: "docker" "start" "-a" "dbfd97d5a8350fdb85a7ab8bdc3cc374e3f70e88dbbd61887f89b69243417164", kill_on_drop: false }`
[INFO] [stderr]     Blocking waiting for file lock on package cache
[INFO] [stderr] warning: lint `intra_doc_link_resolution_failure` has been removed: use `rustdoc::broken_intra_doc_links` instead
[INFO] [stderr]   --> src/lib.rs:13:9
[INFO] [stderr]    |
[INFO] [stderr] 13 | #![deny(intra_doc_link_resolution_failure)]
[INFO] [stderr]    |         ^^^^^^^^^^^^^^^^^^^^^^^^^^^^^^^^^
[INFO] [stderr]    |
[INFO] [stderr]    = note: `#[warn(renamed_and_removed_lints)]` on by default
[INFO] [stderr] 
[INFO] [stderr] warning: use of deprecated function `std::sync::atomic::spin_loop_hint`: use hint::spin_loop instead
[INFO] [stderr]   --> src/loom/std/mod.rs:49:44
[INFO] [stderr]    |
[INFO] [stderr] 49 |         pub(crate) use std::sync::atomic::{spin_loop_hint, AtomicBool};
[INFO] [stderr]    |                                            ^^^^^^^^^^^^^^
[INFO] [stderr]    |
[INFO] [stderr]    = note: `#[warn(deprecated)]` on by default
[INFO] [stderr] 
[INFO] [stderr] warning: 2 warnings emitted
[INFO] [stderr] 
[INFO] [stderr] warning: lint `intra_doc_link_resolution_failure` has been removed: use `rustdoc::broken_intra_doc_links` instead
[INFO] [stderr]   --> src/lib.rs:13:9
[INFO] [stderr]    |
[INFO] [stderr] 13 | #![deny(intra_doc_link_resolution_failure)]
[INFO] [stderr]    |         ^^^^^^^^^^^^^^^^^^^^^^^^^^^^^^^^^
[INFO] [stderr]    |
[INFO] [stderr]    = note: `#[warn(renamed_and_removed_lints)]` on by default
[INFO] [stderr] 
[INFO] [stderr] warning: use of deprecated function `std::sync::atomic::spin_loop_hint`: use hint::spin_loop instead
[INFO] [stderr]   --> src/loom/std/mod.rs:49:44
[INFO] [stderr]    |
[INFO] [stderr] 49 |         pub(crate) use std::sync::atomic::{spin_loop_hint, AtomicBool};
[INFO] [stderr]    |                                            ^^^^^^^^^^^^^^
[INFO] [stderr]    |
[INFO] [stderr]    = note: `#[warn(deprecated)]` on by default
[INFO] [stderr] 
[INFO] [stderr] warning: function is never used: `backoff`
[INFO] [stderr]  --> src/tests/backoff.rs:7:15
[INFO] [stderr]   |
[INFO] [stderr] 7 | pub(crate) fn backoff(n: usize) -> impl Future<Output = ()> {
[INFO] [stderr]   |               ^^^^^^^
[INFO] [stderr]   |
[INFO] [stderr]   = note: `#[warn(dead_code)]` on by default
[INFO] [stderr] 
[INFO] [stderr] warning: function is never used: `backoff_clone`
[INFO] [stderr]   --> src/tests/backoff.rs:12:15
[INFO] [stderr]    |
[INFO] [stderr] 12 | pub(crate) fn backoff_clone(n: usize) -> impl Future<Output = ()> {
[INFO] [stderr]    |               ^^^^^^^^^^^^^
[INFO] [stderr] 
[INFO] [stderr] warning: function is never used: `track_drop`
[INFO] [stderr]   --> src/tests/track_drop.rs:14:15
[INFO] [stderr]    |
[INFO] [stderr] 14 | pub(crate) fn track_drop<T: Future>(
[INFO] [stderr]    |               ^^^^^^^^^^
[INFO] [stderr] 
[INFO] [stderr] warning: associated function is never used: `get_ref`
[INFO] [stderr]   --> src/tests/track_drop.rs:29:19
[INFO] [stderr]    |
[INFO] [stderr] 29 |     pub(crate) fn get_ref(&self) -> &T {
[INFO] [stderr]    |                   ^^^^^^^
[INFO] [stderr] 
[INFO] [stderr] warning: associated function is never used: `did_drop_future`
[INFO] [stderr]   --> src/tests/track_drop.rs:50:19
[INFO] [stderr]    |
[INFO] [stderr] 50 |     pub(crate) fn did_drop_future(&self) -> bool {
[INFO] [stderr]    |                   ^^^^^^^^^^^^^^^
[INFO] [stderr] 
[INFO] [stderr] warning: associated function is never used: `did_drop_output`
[INFO] [stderr]   --> src/tests/track_drop.rs:54:19
[INFO] [stderr]    |
[INFO] [stderr] 54 |     pub(crate) fn did_drop_output(&self) -> bool {
[INFO] [stderr]    |                   ^^^^^^^^^^^^^^^
[INFO] [stderr] 
[INFO] [stderr] warning: 8 warnings emitted
[INFO] [stderr] 
[INFO] [stderr]     Finished test [unoptimized + debuginfo] target(s) in 0.57s
[INFO] [stderr]      Running unittests (/opt/rustwide/target/debug/deps/broker_tokio-10ae07de104d0988)
[INFO] [stdout] 
[INFO] [stdout] running 0 tests
[INFO] [stdout] 
[INFO] [stdout] test result: ok. 0 passed; 0 failed; 0 ignored; 0 measured; 0 filtered out; finished in 0.00s
[INFO] [stdout] 
[INFO] [stderr]    Doc-tests broker-tokio
[INFO] [stderr] warning: lint `intra_doc_link_resolution_failure` has been renamed to `rustdoc::broken_intra_doc_links`
[INFO] [stderr]   --> /opt/rustwide/workdir/src/lib.rs:13:9
[INFO] [stderr]    |
[INFO] [stderr] 13 | #![deny(intra_doc_link_resolution_failure)]
[INFO] [stderr]    |         ^^^^^^^^^^^^^^^^^^^^^^^^^^^^^^^^^ help: use the new name: `rustdoc::broken_intra_doc_links`
[INFO] [stderr]    |
[INFO] [stderr]    = note: `#[warn(renamed_and_removed_lints)]` on by default
[INFO] [stderr] 
[INFO] [stderr] warning: 1 warning emitted
[INFO] [stderr] 
[INFO] [stdout] 
[INFO] [stdout] running 20 tests
[INFO] [stdout] test src/prelude.rs - prelude (line 9) ... FAILED
[INFO] [stdout] test src/runtime/builder.rs - runtime::builder::Builder::core_threads (line 161) ... FAILED
[INFO] [stdout] test src/runtime/builder.rs - runtime::builder::Builder::thread_name (line 201) ... FAILED
[INFO] [stdout] test src/runtime/builder.rs - runtime::builder::Builder::enable_all (line 121) ... FAILED
[INFO] [stdout] test src/runtime/builder.rs - runtime::builder::Builder::thread_stack_size (line 225) ... FAILED
[INFO] [stdout] test src/runtime/builder.rs - runtime::builder::Builder::on_thread_start (line 246) ... FAILED
[INFO] [stdout] test src/runtime/builder.rs - runtime::builder::Builder::on_thread_stop (line 272) ... FAILED
[INFO] [stdout] test src/runtime/mod.rs - runtime (line 140) ... FAILED
[INFO] [stdout] test src/runtime/mod.rs - runtime (line 120) ... FAILED
[INFO] [stdout] test src/runtime/mod.rs - runtime::Runtime::new (line 321) ... FAILED
[INFO] [stdout] test src/runtime/handle.rs - runtime::handle::Handle::current (line 47) ... FAILED
[INFO] [stdout] test src/runtime/builder.rs - runtime::builder::Builder (line 24) ... FAILED
[INFO] [stdout] test src/runtime/builder.rs - runtime::builder::Builder::build (line 298) ... FAILED
[INFO] [stdout] test src/io/mod.rs - io (line 77) - compile ... FAILED
[INFO] [stdout] test src/runtime/mod.rs - runtime::Runtime::handle (line 431) ... FAILED
[INFO] [stdout] test src/io/mod.rs - io (line 98) - compile ... FAILED
[INFO] [stdout] test src/runtime/mod.rs - runtime (line 65) - compile ... FAILED
[INFO] [stdout] test src/io/mod.rs - io (line 40) - compile ... FAILED
[INFO] [stdout] test src/runtime/mod.rs - runtime (line 22) - compile ... FAILED
[INFO] [stdout] test src/lib.rs - (line 248) - compile ... FAILED
[INFO] [stdout] 
[INFO] [stdout] failures:
[INFO] [stdout] 
[INFO] [stdout] ---- src/prelude.rs - prelude (line 9) stdout ----
[INFO] [stdout] error[E0433]: failed to resolve: use of undeclared crate or module `tokio`
[INFO] [stdout]  --> src/prelude.rs:11:5
[INFO] [stdout]   |
[INFO] [stdout] 5 | use tokio::prelude::*;
[INFO] [stdout]   |     ^^^^^ use of undeclared crate or module `tokio`
[INFO] [stdout] 
[INFO] [stdout] error: aborting due to previous error
[INFO] [stdout] 
[INFO] [stdout] For more information about this error, try `rustc --explain E0433`.
[INFO] [stdout] Couldn't compile the test.
[INFO] [stdout] ---- src/runtime/builder.rs - runtime::builder::Builder::core_threads (line 161) stdout ----
[INFO] [stdout] error[E0432]: unresolved import `tokio`
[INFO] [stdout]  --> src/runtime/builder.rs:162:5
[INFO] [stdout]   |
[INFO] [stdout] 4 | use tokio::runtime;
[INFO] [stdout]   |     ^^^^^ use of undeclared crate or module `tokio`
[INFO] [stdout] 
[INFO] [stdout] error: aborting due to previous error
[INFO] [stdout] 
[INFO] [stdout] For more information about this error, try `rustc --explain E0432`.
[INFO] [stdout] Couldn't compile the test.
[INFO] [stdout] ---- src/runtime/builder.rs - runtime::builder::Builder::thread_name (line 201) stdout ----
[INFO] [stdout] error[E0432]: unresolved import `tokio`
[INFO] [stdout]  --> src/runtime/builder.rs:202:5
[INFO] [stdout]   |
[INFO] [stdout] 3 | use tokio::runtime;
[INFO] [stdout]   |     ^^^^^ use of undeclared crate or module `tokio`
[INFO] [stdout] 
[INFO] [stdout] error: aborting due to previous error
[INFO] [stdout] 
[INFO] [stdout] For more information about this error, try `rustc --explain E0432`.
[INFO] [stdout] Couldn't compile the test.
[INFO] [stdout] ---- src/runtime/builder.rs - runtime::builder::Builder::enable_all (line 121) stdout ----
[INFO] [stdout] error[E0432]: unresolved import `tokio`
[INFO] [stdout]  --> src/runtime/builder.rs:122:5
[INFO] [stdout]   |
[INFO] [stdout] 4 | use tokio::runtime;
[INFO] [stdout]   |     ^^^^^ use of undeclared crate or module `tokio`
[INFO] [stdout] 
[INFO] [stdout] error: aborting due to previous error
[INFO] [stdout] 
[INFO] [stdout] For more information about this error, try `rustc --explain E0432`.
[INFO] [stdout] Couldn't compile the test.
[INFO] [stdout] ---- src/runtime/builder.rs - runtime::builder::Builder::thread_stack_size (line 225) stdout ----
[INFO] [stdout] error[E0432]: unresolved import `tokio`
[INFO] [stdout]  --> src/runtime/builder.rs:226:5
[INFO] [stdout]   |
[INFO] [stdout] 3 | use tokio::runtime;
[INFO] [stdout]   |     ^^^^^ use of undeclared crate or module `tokio`
[INFO] [stdout] 
[INFO] [stdout] error: aborting due to previous error
[INFO] [stdout] 
[INFO] [stdout] For more information about this error, try `rustc --explain E0432`.
[INFO] [stdout] Couldn't compile the test.
[INFO] [stdout] ---- src/runtime/builder.rs - runtime::builder::Builder::on_thread_start (line 246) stdout ----
[INFO] [stdout] error[E0432]: unresolved import `tokio`
[INFO] [stdout]  --> src/runtime/builder.rs:247:5
[INFO] [stdout]   |
[INFO] [stdout] 3 | use tokio::runtime;
[INFO] [stdout]   |     ^^^^^ use of undeclared crate or module `tokio`
[INFO] [stdout] 
[INFO] [stdout] error: aborting due to previous error
[INFO] [stdout] 
[INFO] [stdout] For more information about this error, try `rustc --explain E0432`.
[INFO] [stdout] Couldn't compile the test.
[INFO] [stdout] ---- src/runtime/builder.rs - runtime::builder::Builder::on_thread_stop (line 272) stdout ----
[INFO] [stdout] error[E0432]: unresolved import `tokio`
[INFO] [stdout]  --> src/runtime/builder.rs:273:5
[INFO] [stdout]   |
[INFO] [stdout] 3 | use tokio::runtime;
[INFO] [stdout]   |     ^^^^^ use of undeclared crate or module `tokio`
[INFO] [stdout] 
[INFO] [stdout] error: aborting due to previous error
[INFO] [stdout] 
[INFO] [stdout] For more information about this error, try `rustc --explain E0432`.
[INFO] [stdout] Couldn't compile the test.
[INFO] [stdout] ---- src/runtime/mod.rs - runtime (line 140) stdout ----
[INFO] [stdout] error[E0432]: unresolved import `tokio`
[INFO] [stdout]  --> src/runtime/mod.rs:141:5
[INFO] [stdout]   |
[INFO] [stdout] 3 | use tokio::runtime;
[INFO] [stdout]   |     ^^^^^ use of undeclared crate or module `tokio`
[INFO] [stdout] 
[INFO] [stdout] error: aborting due to previous error
[INFO] [stdout] 
[INFO] [stdout] For more information about this error, try `rustc --explain E0432`.
[INFO] [stdout] Couldn't compile the test.
[INFO] [stdout] ---- src/runtime/mod.rs - runtime (line 120) stdout ----
[INFO] [stdout] error[E0432]: unresolved import `tokio`
[INFO] [stdout]  --> src/runtime/mod.rs:121:5
[INFO] [stdout]   |
[INFO] [stdout] 3 | use tokio::runtime;
[INFO] [stdout]   |     ^^^^^ use of undeclared crate or module `tokio`
[INFO] [stdout] 
[INFO] [stdout] error: aborting due to previous error
[INFO] [stdout] 
[INFO] [stdout] For more information about this error, try `rustc --explain E0432`.
[INFO] [stdout] Couldn't compile the test.
[INFO] [stdout] ---- src/runtime/mod.rs - runtime::Runtime::new (line 321) stdout ----
[INFO] [stdout] error[E0433]: failed to resolve: use of undeclared crate or module `tokio`
[INFO] [stdout]  --> src/runtime/mod.rs:322:5
[INFO] [stdout]   |
[INFO] [stdout] 4 | use tokio::runtime::Runtime;
[INFO] [stdout]   |     ^^^^^ use of undeclared crate or module `tokio`
[INFO] [stdout] 
[INFO] [stdout] error[E0433]: failed to resolve: use of undeclared type `Runtime`
[INFO] [stdout]  --> src/runtime/mod.rs:324:10
[INFO] [stdout]   |
[INFO] [stdout] 6 | let rt = Runtime::new()
[INFO] [stdout]   |          ^^^^^^^ not found in this scope
[INFO] [stdout]   |
[INFO] [stdout] help: consider importing this struct
[INFO] [stdout]   |
[INFO] [stdout] 3 | use broker_tokio::runtime::Runtime;
[INFO] [stdout]   |
[INFO] [stdout] 
[INFO] [stdout] error: aborting due to 2 previous errors
[INFO] [stdout] 
[INFO] [stdout] For more information about this error, try `rustc --explain E0433`.
[INFO] [stdout] Couldn't compile the test.
[INFO] [stdout] ---- src/runtime/handle.rs - runtime::handle::Handle::current (line 47) stdout ----
[INFO] [stdout] error[E0433]: failed to resolve: use of undeclared crate or module `tokio`
[INFO] [stdout]  --> src/runtime/handle.rs:48:5
[INFO] [stdout]   |
[INFO] [stdout] 4 | use tokio::runtime::Runtime;
[INFO] [stdout]   |     ^^^^^ use of undeclared crate or module `tokio`
[INFO] [stdout] 
[INFO] [stdout] error[E0433]: failed to resolve: use of undeclared crate or module `tokio`
[INFO] [stdout]  --> src/runtime/handle.rs:53:5
[INFO] [stdout]   |
[INFO] [stdout] 9 | use tokio::runtime::Handle;
[INFO] [stdout]   |     ^^^^^ use of undeclared crate or module `tokio`
[INFO] [stdout] 
[INFO] [stdout] error[E0433]: failed to resolve: use of undeclared type `Runtime`
[INFO] [stdout]  --> src/runtime/handle.rs:51:10
[INFO] [stdout]   |
[INFO] [stdout] 7 | let rt = Runtime::new().unwrap();
[INFO] [stdout]   |          ^^^^^^^ not found in this scope
[INFO] [stdout]   |
[INFO] [stdout] help: consider importing this struct
[INFO] [stdout]   |
[INFO] [stdout] 3 | use broker_tokio::runtime::Runtime;
[INFO] [stdout]   |
[INFO] [stdout] 
[INFO] [stdout] error[E0433]: failed to resolve: use of undeclared type `Handle`
[INFO] [stdout]   --> src/runtime/handle.rs:55:14
[INFO] [stdout]    |
[INFO] [stdout] 11 | let handle = Handle::current();
[INFO] [stdout]    |              ^^^^^^ not found in this scope
[INFO] [stdout]    |
[INFO] [stdout] help: consider importing one of these items
[INFO] [stdout]    |
[INFO] [stdout] 3  | use broker_tokio::runtime::Handle;
[INFO] [stdout]    |
[INFO] [stdout] 3  | use tokio_test::io::Handle;
[INFO] [stdout]    |
[INFO] [stdout] 
[INFO] [stdout] error: aborting due to 4 previous errors
[INFO] [stdout] 
[INFO] [stdout] For more information about this error, try `rustc --explain E0433`.
[INFO] [stdout] Couldn't compile the test.
[INFO] [stdout] ---- src/runtime/builder.rs - runtime::builder::Builder (line 24) stdout ----
[INFO] [stdout] error[E0433]: failed to resolve: use of undeclared crate or module `tokio`
[INFO] [stdout]  --> src/runtime/builder.rs:25:5
[INFO] [stdout]   |
[INFO] [stdout] 3 | use tokio::runtime::Builder;
[INFO] [stdout]   |     ^^^^^ use of undeclared crate or module `tokio`
[INFO] [stdout] 
[INFO] [stdout] error[E0433]: failed to resolve: use of undeclared type `Builder`
[INFO] [stdout]  --> src/runtime/builder.rs:29:19
[INFO] [stdout]   |
[INFO] [stdout] 7 |     let runtime = Builder::new()
[INFO] [stdout]   |                   ^^^^^^^ not found in this scope
[INFO] [stdout]   |
[INFO] [stdout] help: consider importing one of these items
[INFO] [stdout]   |
[INFO] [stdout] 3 | use broker_tokio::runtime::Builder;
[INFO] [stdout]   |
[INFO] [stdout] 3 | use loom::model::Builder;
[INFO] [stdout]   |
[INFO] [stdout] 3 | use loom::thread::Builder;
[INFO] [stdout]   |
[INFO] [stdout] 3 | use std::thread::Builder;
[INFO] [stdout]   |
[INFO] [stdout]     and 2 other candidates
[INFO] [stdout] 
[INFO] [stdout] error: aborting due to 2 previous errors
[INFO] [stdout] 
[INFO] [stdout] For more information about this error, try `rustc --explain E0433`.
[INFO] [stdout] Couldn't compile the test.
[INFO] [stdout] ---- src/runtime/builder.rs - runtime::builder::Builder::build (line 298) stdout ----
[INFO] [stdout] error[E0433]: failed to resolve: use of undeclared crate or module `tokio`
[INFO] [stdout]  --> src/runtime/builder.rs:299:5
[INFO] [stdout]   |
[INFO] [stdout] 4 | use tokio::runtime::Builder;
[INFO] [stdout]   |     ^^^^^ use of undeclared crate or module `tokio`
[INFO] [stdout] 
[INFO] [stdout] error[E0433]: failed to resolve: use of undeclared type `Builder`
[INFO] [stdout]  --> src/runtime/builder.rs:301:14
[INFO] [stdout]   |
[INFO] [stdout] 6 | let mut rt = Builder::new().build().unwrap();
[INFO] [stdout]   |              ^^^^^^^ not found in this scope
[INFO] [stdout]   |
[INFO] [stdout] help: consider importing one of these items
[INFO] [stdout]   |
[INFO] [stdout] 3 | use broker_tokio::runtime::Builder;
[INFO] [stdout]   |
[INFO] [stdout] 3 | use loom::model::Builder;
[INFO] [stdout]   |
[INFO] [stdout] 3 | use loom::thread::Builder;
[INFO] [stdout]   |
[INFO] [stdout] 3 | use std::thread::Builder;
[INFO] [stdout]   |
[INFO] [stdout]     and 2 other candidates
[INFO] [stdout] 
[INFO] [stdout] error: aborting due to 2 previous errors
[INFO] [stdout] 
[INFO] [stdout] For more information about this error, try `rustc --explain E0433`.
[INFO] [stdout] Couldn't compile the test.
[INFO] [stdout] ---- src/io/mod.rs - io (line 77) stdout ----
[INFO] [stdout] error[E0433]: failed to resolve: use of undeclared crate or module `tokio`
[INFO] [stdout]  --> src/io/mod.rs:78:5
[INFO] [stdout]   |
[INFO] [stdout] 3 | use tokio::io::{self, BufReader, AsyncBufReadExt};
[INFO] [stdout]   |     ^^^^^ use of undeclared crate or module `tokio`
[INFO] [stdout] 
[INFO] [stdout] error[E0433]: failed to resolve: use of undeclared crate or module `tokio`
[INFO] [stdout]  --> src/io/mod.rs:79:5
[INFO] [stdout]   |
[INFO] [stdout] 4 | use tokio::fs::File;
[INFO] [stdout]   |     ^^^^^ use of undeclared crate or module `tokio`
[INFO] [stdout] 
[INFO] [stdout] error[E0432]: unresolved import `tokio`
[INFO] [stdout]  --> src/io/mod.rs:78:5
[INFO] [stdout]   |
[INFO] [stdout] 3 | use tokio::io::{self, BufReader, AsyncBufReadExt};
[INFO] [stdout]   |     ^^^^^ use of undeclared crate or module `tokio`
[INFO] [stdout] 
[INFO] [stdout] error[E0433]: failed to resolve: use of undeclared crate or module `tokio`
[INFO] [stdout]  --> src/io/mod.rs:81:3
[INFO] [stdout]   |
[INFO] [stdout] 6 | #[tokio::main]
[INFO] [stdout]   |   ^^^^^ use of undeclared crate or module `tokio`
[INFO] [stdout] 
[INFO] [stdout] error[E0433]: failed to resolve: use of undeclared type `File`
[INFO] [stdout]  --> src/io/mod.rs:83:13
[INFO] [stdout]   |
[INFO] [stdout] 8 |     let f = File::open("foo.txt").await?;
[INFO] [stdout]   |             ^^^^ not found in this scope
[INFO] [stdout]   |
[INFO] [stdout] help: consider importing this struct
[INFO] [stdout]   |
[INFO] [stdout] 3 | use std::fs::File;
[INFO] [stdout]   |
[INFO] [stdout] 
[INFO] [stdout] error[E0433]: failed to resolve: use of undeclared type `BufReader`
[INFO] [stdout]  --> src/io/mod.rs:84:22
[INFO] [stdout]   |
[INFO] [stdout] 9 |     let mut reader = BufReader::new(f);
[INFO] [stdout]   |                      ^^^^^^^^^ not found in this scope
[INFO] [stdout]   |
[INFO] [stdout] help: consider importing one of these items
[INFO] [stdout]   |
[INFO] [stdout] 3 | use futures::io::BufReader;
[INFO] [stdout]   |
[INFO] [stdout] 3 | use std::io::BufReader;
[INFO] [stdout]   |
[INFO] [stdout] 
[INFO] [stdout] error[E0752]: `main` function is not allowed to be `async`
[INFO] [stdout]  --> src/io/mod.rs:82:1
[INFO] [stdout]   |
[INFO] [stdout] 7 | async fn main() -> io::Result<()> {
[INFO] [stdout]   | ^^^^^^^^^^^^^^^^^^^^^^^^^^^^^^^^^ `main` function is not allowed to be `async`
[INFO] [stdout] 
[INFO] [stdout] error: aborting due to 7 previous errors
[INFO] [stdout] 
[INFO] [stdout] Some errors have detailed explanations: E0432, E0433, E0752.
[INFO] [stdout] For more information about an error, try `rustc --explain E0432`.
[INFO] [stdout] Couldn't compile the test.
[INFO] [stdout] ---- src/runtime/mod.rs - runtime::Runtime::handle (line 431) stdout ----
[INFO] [stdout] error[E0433]: failed to resolve: use of undeclared crate or module `tokio`
[INFO] [stdout]  --> src/runtime/mod.rs:432:5
[INFO] [stdout]   |
[INFO] [stdout] 4 | use tokio::runtime::Runtime;
[INFO] [stdout]   |     ^^^^^ use of undeclared crate or module `tokio`
[INFO] [stdout] 
[INFO] [stdout] error[E0433]: failed to resolve: use of undeclared type `Runtime`
[INFO] [stdout]  --> src/runtime/mod.rs:434:10
[INFO] [stdout]   |
[INFO] [stdout] 6 | let rt = Runtime::new()
[INFO] [stdout]   |          ^^^^^^^ not found in this scope
[INFO] [stdout]   |
[INFO] [stdout] help: consider importing this struct
[INFO] [stdout]   |
[INFO] [stdout] 3 | use broker_tokio::runtime::Runtime;
[INFO] [stdout]   |
[INFO] [stdout] 
[INFO] [stdout] error: aborting due to 2 previous errors
[INFO] [stdout] 
[INFO] [stdout] For more information about this error, try `rustc --explain E0433`.
[INFO] [stdout] Couldn't compile the test.
[INFO] [stdout] ---- src/io/mod.rs - io (line 98) stdout ----
[INFO] [stdout] error[E0433]: failed to resolve: use of undeclared crate or module `tokio`
[INFO] [stdout]  --> src/io/mod.rs:99:5
[INFO] [stdout]   |
[INFO] [stdout] 3 | use tokio::io::{self, BufWriter, AsyncWriteExt};
[INFO] [stdout]   |     ^^^^^ use of undeclared crate or module `tokio`
[INFO] [stdout] 
[INFO] [stdout] error[E0433]: failed to resolve: use of undeclared crate or module `tokio`
[INFO] [stdout]  --> src/io/mod.rs:100:5
[INFO] [stdout]   |
[INFO] [stdout] 4 | use tokio::fs::File;
[INFO] [stdout]   |     ^^^^^ use of undeclared crate or module `tokio`
[INFO] [stdout] 
[INFO] [stdout] error[E0432]: unresolved import `tokio`
[INFO] [stdout]  --> src/io/mod.rs:99:5
[INFO] [stdout]   |
[INFO] [stdout] 3 | use tokio::io::{self, BufWriter, AsyncWriteExt};
[INFO] [stdout]   |     ^^^^^ use of undeclared crate or module `tokio`
[INFO] [stdout] 
[INFO] [stdout] error[E0433]: failed to resolve: use of undeclared crate or module `tokio`
[INFO] [stdout]  --> src/io/mod.rs:102:3
[INFO] [stdout]   |
[INFO] [stdout] 6 | #[tokio::main]
[INFO] [stdout]   |   ^^^^^ use of undeclared crate or module `tokio`
[INFO] [stdout] 
[INFO] [stdout] error[E0433]: failed to resolve: use of undeclared type `File`
[INFO] [stdout]  --> src/io/mod.rs:104:13
[INFO] [stdout]   |
[INFO] [stdout] 8 |     let f = File::create("foo.txt").await?;
[INFO] [stdout]   |             ^^^^ not found in this scope
[INFO] [stdout]   |
[INFO] [stdout] help: consider importing this struct
[INFO] [stdout]   |
[INFO] [stdout] 3 | use std::fs::File;
[INFO] [stdout]   |
[INFO] [stdout] 
[INFO] [stdout] error[E0433]: failed to resolve: use of undeclared type `BufWriter`
[INFO] [stdout]   --> src/io/mod.rs:106:26
[INFO] [stdout]    |
[INFO] [stdout] 10 |         let mut writer = BufWriter::new(f);
[INFO] [stdout]    |                          ^^^^^^^^^ not found in this scope
[INFO] [stdout]    |
[INFO] [stdout] help: consider importing one of these items
[INFO] [stdout]    |
[INFO] [stdout] 3  | use futures::io::BufWriter;
[INFO] [stdout]    |
[INFO] [stdout] 3  | use std::io::BufWriter;
[INFO] [stdout]    |
[INFO] [stdout] 
[INFO] [stdout] error[E0752]: `main` function is not allowed to be `async`
[INFO] [stdout]  --> src/io/mod.rs:103:1
[INFO] [stdout]   |
[INFO] [stdout] 7 | async fn main() -> io::Result<()> {
[INFO] [stdout]   | ^^^^^^^^^^^^^^^^^^^^^^^^^^^^^^^^^ `main` function is not allowed to be `async`
[INFO] [stdout] 
[INFO] [stdout] error: aborting due to 7 previous errors
[INFO] [stdout] 
[INFO] [stdout] Some errors have detailed explanations: E0432, E0433, E0752.
[INFO] [stdout] For more information about an error, try `rustc --explain E0432`.
[INFO] [stdout] Couldn't compile the test.
[INFO] [stdout] ---- src/runtime/mod.rs - runtime (line 65) stdout ----
[INFO] [stdout] error[E0433]: failed to resolve: use of undeclared crate or module `tokio`
[INFO] [stdout]  --> src/runtime/mod.rs:67:5
[INFO] [stdout]   |
[INFO] [stdout] 4 | use tokio::prelude::*;
[INFO] [stdout]   |     ^^^^^ use of undeclared crate or module `tokio`
[INFO] [stdout] 
[INFO] [stdout] error[E0433]: failed to resolve: use of undeclared crate or module `tokio`
[INFO] [stdout]  --> src/runtime/mod.rs:66:5
[INFO] [stdout]   |
[INFO] [stdout] 3 | use tokio::net::TcpListener;
[INFO] [stdout]   |     ^^^^^ use of undeclared crate or module `tokio`
[INFO] [stdout] 
[INFO] [stdout] error[E0433]: failed to resolve: use of undeclared crate or module `tokio`
[INFO] [stdout]  --> src/runtime/mod.rs:68:5
[INFO] [stdout]   |
[INFO] [stdout] 5 | use tokio::runtime::Runtime;
[INFO] [stdout]   |     ^^^^^ use of undeclared crate or module `tokio`
[INFO] [stdout] 
[INFO] [stdout] error[E0432]: unresolved imports `tokio::net::TcpListener`, `tokio::runtime::Runtime`
[INFO] [stdout]  --> src/runtime/mod.rs:66:5
[INFO] [stdout]   |
[INFO] [stdout] 3 | use tokio::net::TcpListener;
[INFO] [stdout]   |     ^^^^^^^^^^^^^^^^^^^^^^^
[INFO] [stdout] 4 | use tokio::prelude::*;
[INFO] [stdout] 5 | use tokio::runtime::Runtime;
[INFO] [stdout]   |     ^^^^^^^^^^^^^^^^^^^^^^^
[INFO] [stdout] 
[INFO] [stdout] error[E0433]: failed to resolve: use of undeclared crate or module `tokio`
[INFO] [stdout]   --> src/runtime/mod.rs:81:13
[INFO] [stdout]    |
[INFO] [stdout] 18 |             tokio::spawn(async move {
[INFO] [stdout]    |             ^^^^^ use of undeclared crate or module `tokio`
[INFO] [stdout] 
[INFO] [stdout] error[E0433]: failed to resolve: use of undeclared type `Runtime`
[INFO] [stdout]  --> src/runtime/mod.rs:72:18
[INFO] [stdout]   |
[INFO] [stdout] 9 |     let mut rt = Runtime::new()?;
[INFO] [stdout]   |                  ^^^^^^^ not found in this scope
[INFO] [stdout]   |
[INFO] [stdout] help: consider importing this struct
[INFO] [stdout]   |
[INFO] [stdout] 3 | use broker_tokio::runtime::Runtime;
[INFO] [stdout]   |
[INFO] [stdout] 
[INFO] [stdout] error[E0433]: failed to resolve: use of undeclared type `TcpListener`
[INFO] [stdout]   --> src/runtime/mod.rs:76:28
[INFO] [stdout]    |
[INFO] [stdout] 13 |         let mut listener = TcpListener::bind("127.0.0.1:8080").await?;
[INFO] [stdout]    |                            ^^^^^^^^^^^ not found in this scope
[INFO] [stdout]    |
[INFO] [stdout] help: consider importing this struct
[INFO] [stdout]    |
[INFO] [stdout] 3  | use std::net::TcpListener;
[INFO] [stdout]    |
[INFO] [stdout] 
[INFO] [stdout] error: aborting due to 7 previous errors
[INFO] [stdout] 
[INFO] [stdout] Some errors have detailed explanations: E0432, E0433.
[INFO] [stdout] For more information about an error, try `rustc --explain E0432`.
[INFO] [stdout] Couldn't compile the test.
[INFO] [stdout] ---- src/io/mod.rs - io (line 40) stdout ----
[INFO] [stdout] error[E0433]: failed to resolve: use of undeclared crate or module `tokio`
[INFO] [stdout]  --> src/io/mod.rs:41:5
[INFO] [stdout]   |
[INFO] [stdout] 3 | use tokio::io::{self, AsyncReadExt};
[INFO] [stdout]   |     ^^^^^ use of undeclared crate or module `tokio`
[INFO] [stdout] 
[INFO] [stdout] error[E0433]: failed to resolve: use of undeclared crate or module `tokio`
[INFO] [stdout]  --> src/io/mod.rs:42:5
[INFO] [stdout]   |
[INFO] [stdout] 4 | use tokio::fs::File;
[INFO] [stdout]   |     ^^^^^ use of undeclared crate or module `tokio`
[INFO] [stdout] 
[INFO] [stdout] error[E0432]: unresolved import `tokio`
[INFO] [stdout]  --> src/io/mod.rs:41:5
[INFO] [stdout]   |
[INFO] [stdout] 3 | use tokio::io::{self, AsyncReadExt};
[INFO] [stdout]   |     ^^^^^ use of undeclared crate or module `tokio`
[INFO] [stdout] 
[INFO] [stdout] error[E0433]: failed to resolve: use of undeclared crate or module `tokio`
[INFO] [stdout]  --> src/io/mod.rs:44:3
[INFO] [stdout]   |
[INFO] [stdout] 6 | #[tokio::main]
[INFO] [stdout]   |   ^^^^^ use of undeclared crate or module `tokio`
[INFO] [stdout] 
[INFO] [stdout] error[E0433]: failed to resolve: use of undeclared type `File`
[INFO] [stdout]  --> src/io/mod.rs:46:17
[INFO] [stdout]   |
[INFO] [stdout] 8 |     let mut f = File::open("foo.txt").await?;
[INFO] [stdout]   |                 ^^^^ not found in this scope
[INFO] [stdout]   |
[INFO] [stdout] help: consider importing this struct
[INFO] [stdout]   |
[INFO] [stdout] 3 | use std::fs::File;
[INFO] [stdout]   |
[INFO] [stdout] 
[INFO] [stdout] error[E0752]: `main` function is not allowed to be `async`
[INFO] [stdout]  --> src/io/mod.rs:45:1
[INFO] [stdout]   |
[INFO] [stdout] 7 | async fn main() -> io::Result<()> {
[INFO] [stdout]   | ^^^^^^^^^^^^^^^^^^^^^^^^^^^^^^^^^ `main` function is not allowed to be `async`
[INFO] [stdout] 
[INFO] [stdout] error: aborting due to 6 previous errors
[INFO] [stdout] 
[INFO] [stdout] Some errors have detailed explanations: E0432, E0433, E0752.
[INFO] [stdout] For more information about an error, try `rustc --explain E0432`.
[INFO] [stdout] Couldn't compile the test.
[INFO] [stdout] ---- src/runtime/mod.rs - runtime (line 22) stdout ----
[INFO] [stdout] error[E0433]: failed to resolve: use of undeclared crate or module `tokio`
[INFO] [stdout]  --> src/runtime/mod.rs:24:5
[INFO] [stdout]   |
[INFO] [stdout] 4 | use tokio::prelude::*;
[INFO] [stdout]   |     ^^^^^ use of undeclared crate or module `tokio`
[INFO] [stdout] 
[INFO] [stdout] error[E0433]: failed to resolve: use of undeclared crate or module `tokio`
[INFO] [stdout]  --> src/runtime/mod.rs:23:5
[INFO] [stdout]   |
[INFO] [stdout] 3 | use tokio::net::TcpListener;
[INFO] [stdout]   |     ^^^^^ use of undeclared crate or module `tokio`
[INFO] [stdout] 
[INFO] [stdout] error[E0432]: unresolved import `tokio::net::TcpListener`
[INFO] [stdout]  --> src/runtime/mod.rs:23:5
[INFO] [stdout]   |
[INFO] [stdout] 3 | use tokio::net::TcpListener;
[INFO] [stdout]   |     ^^^^^^^^^^^^^^^^^^^^^^^
[INFO] [stdout] 
[INFO] [stdout] error[E0433]: failed to resolve: use of undeclared crate or module `tokio`
[INFO] [stdout]  --> src/runtime/mod.rs:26:3
[INFO] [stdout]   |
[INFO] [stdout] 6 | #[tokio::main]
[INFO] [stdout]   |   ^^^^^ use of undeclared crate or module `tokio`
[INFO] [stdout] 
[INFO] [stdout] error[E0433]: failed to resolve: use of undeclared crate or module `tokio`
[INFO] [stdout]   --> src/runtime/mod.rs:33:9
[INFO] [stdout]    |
[INFO] [stdout] 13 |         tokio::spawn(async move {
[INFO] [stdout]    |         ^^^^^ use of undeclared crate or module `tokio`
[INFO] [stdout] 
[INFO] [stdout] error[E0433]: failed to resolve: use of undeclared type `TcpListener`
[INFO] [stdout]  --> src/runtime/mod.rs:28:24
[INFO] [stdout]   |
[INFO] [stdout] 8 |     let mut listener = TcpListener::bind("127.0.0.1:8080").await?;
[INFO] [stdout]   |                        ^^^^^^^^^^^ not found in this scope
[INFO] [stdout]   |
[INFO] [stdout] help: consider importing this struct
[INFO] [stdout]   |
[INFO] [stdout] 3 | use std::net::TcpListener;
[INFO] [stdout]   |
[INFO] [stdout] 
[INFO] [stdout] error[E0752]: `main` function is not allowed to be `async`
[INFO] [stdout]  --> src/runtime/mod.rs:27:1
[INFO] [stdout]   |
[INFO] [stdout] 7 | async fn main() -> Result<(), Box<dyn std::error::Error>> {
[INFO] [stdout]   | ^^^^^^^^^^^^^^^^^^^^^^^^^^^^^^^^^^^^^^^^^^^^^^^^^^^^^^^^^ `main` function is not allowed to be `async`
[INFO] [stdout] 
[INFO] [stdout] error: aborting due to 7 previous errors
[INFO] [stdout] 
[INFO] [stdout] Some errors have detailed explanations: E0432, E0433, E0752.
[INFO] [stdout] For more information about an error, try `rustc --explain E0432`.
[INFO] [stdout] Couldn't compile the test.
[INFO] [stdout] ---- src/lib.rs - (line 248) stdout ----
[INFO] [stdout] error[E0433]: failed to resolve: use of undeclared crate or module `tokio`
[INFO] [stdout]  --> src/lib.rs:250:5
[INFO] [stdout]   |
[INFO] [stdout] 4 | use tokio::prelude::*;
[INFO] [stdout]   |     ^^^^^ use of undeclared crate or module `tokio`
[INFO] [stdout] 
[INFO] [stdout] error[E0433]: failed to resolve: use of undeclared crate or module `tokio`
[INFO] [stdout]  --> src/lib.rs:249:5
[INFO] [stdout]   |
[INFO] [stdout] 3 | use tokio::net::TcpListener;
[INFO] [stdout]   |     ^^^^^ use of undeclared crate or module `tokio`
[INFO] [stdout] 
[INFO] [stdout] error[E0432]: unresolved import `tokio::net::TcpListener`
[INFO] [stdout]  --> src/lib.rs:249:5
[INFO] [stdout]   |
[INFO] [stdout] 3 | use tokio::net::TcpListener;
[INFO] [stdout]   |     ^^^^^^^^^^^^^^^^^^^^^^^
[INFO] [stdout] 
[INFO] [stdout] error[E0433]: failed to resolve: use of undeclared crate or module `tokio`
[INFO] [stdout]  --> src/lib.rs:252:3
[INFO] [stdout]   |
[INFO] [stdout] 6 | #[tokio::main]
[INFO] [stdout]   |   ^^^^^ use of undeclared crate or module `tokio`
[INFO] [stdout] 
[INFO] [stdout] error[E0433]: failed to resolve: use of undeclared crate or module `tokio`
[INFO] [stdout]   --> src/lib.rs:259:9
[INFO] [stdout]    |
[INFO] [stdout] 13 |         tokio::spawn(async move {
[INFO] [stdout]    |         ^^^^^ use of undeclared crate or module `tokio`
[INFO] [stdout] 
[INFO] [stdout] error[E0433]: failed to resolve: use of undeclared type `TcpListener`
[INFO] [stdout]  --> src/lib.rs:254:24
[INFO] [stdout]   |
[INFO] [stdout] 8 |     let mut listener = TcpListener::bind("127.0.0.1:8080").await?;
[INFO] [stdout]   |                        ^^^^^^^^^^^ not found in this scope
[INFO] [stdout]   |
[INFO] [stdout] help: consider importing this struct
[INFO] [stdout]   |
[INFO] [stdout] 3 | use std::net::TcpListener;
[INFO] [stdout]   |
[INFO] [stdout] 
[INFO] [stdout] error[E0752]: `main` function is not allowed to be `async`
[INFO] [stdout]  --> src/lib.rs:253:1
[INFO] [stdout]   |
[INFO] [stdout] 7 | async fn main() -> Result<(), Box<dyn std::error::Error>> {
[INFO] [stdout]   | ^^^^^^^^^^^^^^^^^^^^^^^^^^^^^^^^^^^^^^^^^^^^^^^^^^^^^^^^^ `main` function is not allowed to be `async`
[INFO] [stdout] 
[INFO] [stdout] error: aborting due to 7 previous errors
[INFO] [stdout] 
[INFO] [stdout] Some errors have detailed explanations: E0432, E0433, E0752.
[INFO] [stdout] For more information about an error, try `rustc --explain E0432`.
[INFO] [stdout] Couldn't compile the test.
[INFO] [stdout] 
[INFO] [stdout] failures:
[INFO] [stdout]     src/io/mod.rs - io (line 40)
[INFO] [stdout]     src/io/mod.rs - io (line 77)
[INFO] [stdout]     src/io/mod.rs - io (line 98)
[INFO] [stdout]     src/lib.rs - (line 248)
[INFO] [stdout]     src/prelude.rs - prelude (line 9)
[INFO] [stdout]     src/runtime/builder.rs - runtime::builder::Builder (line 24)
[INFO] [stdout]     src/runtime/builder.rs - runtime::builder::Builder::build (line 298)
[INFO] [stdout]     src/runtime/builder.rs - runtime::builder::Builder::core_threads (line 161)
[INFO] [stdout]     src/runtime/builder.rs - runtime::builder::Builder::enable_all (line 121)
[INFO] [stdout]     src/runtime/builder.rs - runtime::builder::Builder::on_thread_start (line 246)
[INFO] [stdout]     src/runtime/builder.rs - runtime::builder::Builder::on_thread_stop (line 272)
[INFO] [stdout]     src/runtime/builder.rs - runtime::builder::Builder::thread_name (line 201)
[INFO] [stdout]     src/runtime/builder.rs - runtime::builder::Builder::thread_stack_size (line 225)
[INFO] [stdout]     src/runtime/handle.rs - runtime::handle::Handle::current (line 47)
[INFO] [stdout]     src/runtime/mod.rs - runtime (line 120)
[INFO] [stdout]     src/runtime/mod.rs - runtime (line 140)
[INFO] [stdout]     src/runtime/mod.rs - runtime (line 22)
[INFO] [stdout]     src/runtime/mod.rs - runtime (line 65)
[INFO] [stdout]     src/runtime/mod.rs - runtime::Runtime::handle (line 431)
[INFO] [stdout]     src/runtime/mod.rs - runtime::Runtime::new (line 321)
[INFO] [stdout] 
[INFO] [stdout] test result: FAILED. 0 passed; 20 failed; 0 ignored; 0 measured; 0 filtered out; finished in 0.25s
[INFO] [stdout] 
[INFO] [stderr] error: test failed, to rerun pass '--doc'
[INFO] running `Command { std: "docker" "inspect" "dbfd97d5a8350fdb85a7ab8bdc3cc374e3f70e88dbbd61887f89b69243417164", kill_on_drop: false }`
[INFO] running `Command { std: "docker" "rm" "-f" "dbfd97d5a8350fdb85a7ab8bdc3cc374e3f70e88dbbd61887f89b69243417164", kill_on_drop: false }`
[INFO] [stdout] dbfd97d5a8350fdb85a7ab8bdc3cc374e3f70e88dbbd61887f89b69243417164
