[INFO] fetching crate broken-md-links 1.2.0...
[INFO] testing broken-md-links-1.2.0 against beta-2021-08-01 for beta-1.55-1
[INFO] extracting crate broken-md-links 1.2.0 into /workspace/builds/worker-76/source
[INFO] validating manifest of crates.io crate broken-md-links 1.2.0 on toolchain beta-2021-08-01
[INFO] running `Command { std: "/workspace/cargo-home/bin/cargo" "+beta-2021-08-01" "metadata" "--manifest-path" "Cargo.toml" "--no-deps", kill_on_drop: false }`
[INFO] started tweaking crates.io crate broken-md-links 1.2.0
[INFO] finished tweaking crates.io crate broken-md-links 1.2.0
[INFO] tweaked toml for crates.io crate broken-md-links 1.2.0 written to /workspace/builds/worker-76/source/Cargo.toml
[INFO] crate crates.io crate broken-md-links 1.2.0 already has a lockfile, it will not be regenerated
[INFO] running `Command { std: "/workspace/cargo-home/bin/cargo" "+beta-2021-08-01" "fetch" "--manifest-path" "Cargo.toml", kill_on_drop: false }`
[INFO] [stderr]     Blocking waiting for file lock on package cache
[INFO] [stderr]     Blocking waiting for file lock on package cache
[INFO] running `Command { std: "docker" "create" "-v" "/var/lib/crater-agent-workspace/builds/worker-76/target:/opt/rustwide/target:rw,Z" "-v" "/var/lib/crater-agent-workspace/builds/worker-76/source:/opt/rustwide/workdir:ro,Z" "-v" "/var/lib/crater-agent-workspace/cargo-home:/opt/rustwide/cargo-home:ro,Z" "-v" "/var/lib/crater-agent-workspace/rustup-home:/opt/rustwide/rustup-home:ro,Z" "-e" "SOURCE_DIR=/opt/rustwide/workdir" "-e" "CARGO_TARGET_DIR=/opt/rustwide/target" "-e" "CARGO_HOME=/opt/rustwide/cargo-home" "-e" "RUSTUP_HOME=/opt/rustwide/rustup-home" "-w" "/opt/rustwide/workdir" "-m" "1610612736" "--user" "0:0" "--network" "none" "ghcr.io/rust-lang/crates-build-env/linux@sha256:34b6a614d2c27851fe6cbf88fbd1137609cefab8b10d0615aaeb6fd47975d74e" "/opt/rustwide/cargo-home/bin/cargo" "+beta-2021-08-01" "metadata" "--no-deps" "--format-version=1", kill_on_drop: false }`
[INFO] [stdout] ce5403df92e018f3d3727ecf5db386117fd9db29e0d5d7aa5df8f56b36403111
[INFO] running `Command { std: "docker" "start" "-a" "ce5403df92e018f3d3727ecf5db386117fd9db29e0d5d7aa5df8f56b36403111", kill_on_drop: false }`
[INFO] running `Command { std: "docker" "inspect" "ce5403df92e018f3d3727ecf5db386117fd9db29e0d5d7aa5df8f56b36403111", kill_on_drop: false }`
[INFO] running `Command { std: "docker" "rm" "-f" "ce5403df92e018f3d3727ecf5db386117fd9db29e0d5d7aa5df8f56b36403111", kill_on_drop: false }`
[INFO] [stdout] ce5403df92e018f3d3727ecf5db386117fd9db29e0d5d7aa5df8f56b36403111
[INFO] running `Command { std: "docker" "create" "-v" "/var/lib/crater-agent-workspace/builds/worker-76/target:/opt/rustwide/target:rw,Z" "-v" "/var/lib/crater-agent-workspace/builds/worker-76/source:/opt/rustwide/workdir:ro,Z" "-v" "/var/lib/crater-agent-workspace/cargo-home:/opt/rustwide/cargo-home:ro,Z" "-v" "/var/lib/crater-agent-workspace/rustup-home:/opt/rustwide/rustup-home:ro,Z" "-e" "SOURCE_DIR=/opt/rustwide/workdir" "-e" "CARGO_TARGET_DIR=/opt/rustwide/target" "-e" "CARGO_INCREMENTAL=0" "-e" "RUST_BACKTRACE=full" "-e" "RUSTFLAGS=--cap-lints=warn" "-e" "CARGO_HOME=/opt/rustwide/cargo-home" "-e" "RUSTUP_HOME=/opt/rustwide/rustup-home" "-w" "/opt/rustwide/workdir" "-m" "1610612736" "--user" "0:0" "--network" "none" "ghcr.io/rust-lang/crates-build-env/linux@sha256:34b6a614d2c27851fe6cbf88fbd1137609cefab8b10d0615aaeb6fd47975d74e" "/opt/rustwide/cargo-home/bin/cargo" "+beta-2021-08-01" "build" "--frozen" "--message-format=json", kill_on_drop: false }`
[INFO] [stdout] 825d2027a8173f53cca23e2ceb8c92593569345fbc3b7ffcbd3307f6d3d52470
[INFO] running `Command { std: "docker" "start" "-a" "825d2027a8173f53cca23e2ceb8c92593569345fbc3b7ffcbd3307f6d3d52470", kill_on_drop: false }`
[INFO] [stderr]    Compiling proc-macro2 v1.0.24
[INFO] [stderr]    Compiling libc v0.2.89
[INFO] [stderr]    Compiling unicode-xid v0.2.1
[INFO] [stderr]    Compiling syn v1.0.64
[INFO] [stderr]    Compiling memchr v2.3.4
[INFO] [stderr]    Compiling unicode-segmentation v1.7.1
[INFO] [stderr]    Compiling pulldown-cmark v0.8.0
[INFO] [stderr]    Compiling hashbrown v0.9.1
[INFO] [stderr]    Compiling regex-syntax v0.6.23
[INFO] [stderr]    Compiling os_str_bytes v2.4.0
[INFO] [stderr]    Compiling strsim v0.10.0
[INFO] [stderr]    Compiling proc-macro-error-attr v1.0.4
[INFO] [stderr]    Compiling proc-macro-error v1.0.4
[INFO] [stderr]    Compiling unicase v2.6.0
[INFO] [stderr]    Compiling indexmap v1.6.2
[INFO] [stderr]    Compiling textwrap v0.12.1
[INFO] [stderr]    Compiling heck v0.3.2
[INFO] [stderr]    Compiling aho-corasick v0.7.15
[INFO] [stderr]    Compiling quote v1.0.9
[INFO] [stderr]    Compiling atty v0.2.14
[INFO] [stderr]    Compiling colored v1.9.3
[INFO] [stderr]    Compiling colored v2.0.0
[INFO] [stderr]    Compiling regex v1.4.5
[INFO] [stderr]    Compiling fern v0.6.0
[INFO] [stderr]    Compiling clap_derive v3.0.0-beta.2
[INFO] [stderr]    Compiling clap v3.0.0-beta.2
[INFO] [stderr]    Compiling broken-md-links v1.2.0 (/opt/rustwide/workdir)
[INFO] [stderr]     Finished dev [unoptimized + debuginfo] target(s) in 21.70s
[INFO] running `Command { std: "docker" "inspect" "825d2027a8173f53cca23e2ceb8c92593569345fbc3b7ffcbd3307f6d3d52470", kill_on_drop: false }`
[INFO] running `Command { std: "docker" "rm" "-f" "825d2027a8173f53cca23e2ceb8c92593569345fbc3b7ffcbd3307f6d3d52470", kill_on_drop: false }`
[INFO] [stdout] 825d2027a8173f53cca23e2ceb8c92593569345fbc3b7ffcbd3307f6d3d52470
[INFO] running `Command { std: "docker" "create" "-v" "/var/lib/crater-agent-workspace/builds/worker-76/target:/opt/rustwide/target:rw,Z" "-v" "/var/lib/crater-agent-workspace/builds/worker-76/source:/opt/rustwide/workdir:ro,Z" "-v" "/var/lib/crater-agent-workspace/cargo-home:/opt/rustwide/cargo-home:ro,Z" "-v" "/var/lib/crater-agent-workspace/rustup-home:/opt/rustwide/rustup-home:ro,Z" "-e" "SOURCE_DIR=/opt/rustwide/workdir" "-e" "CARGO_TARGET_DIR=/opt/rustwide/target" "-e" "CARGO_INCREMENTAL=0" "-e" "RUST_BACKTRACE=full" "-e" "RUSTFLAGS=--cap-lints=warn" "-e" "CARGO_HOME=/opt/rustwide/cargo-home" "-e" "RUSTUP_HOME=/opt/rustwide/rustup-home" "-w" "/opt/rustwide/workdir" "-m" "1610612736" "--user" "0:0" "--network" "none" "ghcr.io/rust-lang/crates-build-env/linux@sha256:34b6a614d2c27851fe6cbf88fbd1137609cefab8b10d0615aaeb6fd47975d74e" "/opt/rustwide/cargo-home/bin/cargo" "+beta-2021-08-01" "test" "--frozen" "--no-run" "--message-format=json", kill_on_drop: false }`
[INFO] [stdout] 9914def057fb4c66110d387485639440a0797237b39f6c8d6f081ffc52bc44bd
[INFO] running `Command { std: "docker" "start" "-a" "9914def057fb4c66110d387485639440a0797237b39f6c8d6f081ffc52bc44bd", kill_on_drop: false }`
[INFO] [stderr]    Compiling broken-md-links v1.2.0 (/opt/rustwide/workdir)
[INFO] [stderr]     Finished test [unoptimized + debuginfo] target(s) in 1.27s
[INFO] running `Command { std: "docker" "inspect" "9914def057fb4c66110d387485639440a0797237b39f6c8d6f081ffc52bc44bd", kill_on_drop: false }`
[INFO] running `Command { std: "docker" "rm" "-f" "9914def057fb4c66110d387485639440a0797237b39f6c8d6f081ffc52bc44bd", kill_on_drop: false }`
[INFO] [stdout] 9914def057fb4c66110d387485639440a0797237b39f6c8d6f081ffc52bc44bd
[INFO] running `Command { std: "docker" "create" "-v" "/var/lib/crater-agent-workspace/builds/worker-76/target:/opt/rustwide/target:rw,Z" "-v" "/var/lib/crater-agent-workspace/builds/worker-76/source:/opt/rustwide/workdir:ro,Z" "-v" "/var/lib/crater-agent-workspace/cargo-home:/opt/rustwide/cargo-home:ro,Z" "-v" "/var/lib/crater-agent-workspace/rustup-home:/opt/rustwide/rustup-home:ro,Z" "-e" "SOURCE_DIR=/opt/rustwide/workdir" "-e" "CARGO_TARGET_DIR=/opt/rustwide/target" "-e" "CARGO_INCREMENTAL=0" "-e" "RUST_BACKTRACE=full" "-e" "RUSTFLAGS=--cap-lints=warn" "-e" "CARGO_HOME=/opt/rustwide/cargo-home" "-e" "RUSTUP_HOME=/opt/rustwide/rustup-home" "-w" "/opt/rustwide/workdir" "-m" "1610612736" "--user" "0:0" "--network" "none" "ghcr.io/rust-lang/crates-build-env/linux@sha256:34b6a614d2c27851fe6cbf88fbd1137609cefab8b10d0615aaeb6fd47975d74e" "/opt/rustwide/cargo-home/bin/cargo" "+beta-2021-08-01" "test" "--frozen", kill_on_drop: false }`
[INFO] [stdout] 5f68f94d72a54223d284a4129555fb0adf20c03321205bbaaed8ba55e66ea2f2
[INFO] running `Command { std: "docker" "start" "-a" "5f68f94d72a54223d284a4129555fb0adf20c03321205bbaaed8ba55e66ea2f2", kill_on_drop: false }`
[INFO] [stderr]     Finished test [unoptimized + debuginfo] target(s) in 0.06s
[INFO] [stderr]      Running unittests (/opt/rustwide/target/debug/deps/broken_md_links-91e77f75fff28ce1)
[INFO] [stdout] 
[INFO] [stdout] running 0 tests
[INFO] [stdout] 
[INFO] [stdout] test result: ok. 0 passed; 0 failed; 0 ignored; 0 measured; 0 filtered out; finished in 0.00s
[INFO] [stdout] 
[INFO] [stderr]      Running unittests (/opt/rustwide/target/debug/deps/broken_md_links-06fb8f0291553773)
[INFO] [stdout] 
[INFO] [stdout] running 0 tests
[INFO] [stdout] 
[INFO] [stdout] test result: ok. 0 passed; 0 failed; 0 ignored; 0 measured; 0 filtered out; finished in 0.00s
[INFO] [stdout] 
[INFO] [stderr]    Doc-tests broken-md-links
[INFO] [stdout] 
[INFO] [stdout] running 4 tests
[INFO] [stdout] test src/lib.rs - (line 35) ... FAILED
[INFO] [stdout] test src/lib.rs - safe_canonicalize (line 67) ... ok
[INFO] [stdout] test src/lib.rs - slugify (line 112) ... ok
[INFO] [stdout] test src/lib.rs - check_broken_links (line 247) ... FAILED
[INFO] [stdout] 
[INFO] [stdout] failures:
[INFO] [stdout] 
[INFO] [stdout] ---- src/lib.rs - (line 35) stdout ----
[INFO] [stdout] error[E0433]: failed to resolve: use of undeclared type `Path`
[INFO] [stdout]  --> src/lib.rs:38:26
[INFO] [stdout]   |
[INFO] [stdout] 6 | match check_broken_links(Path::new("file.md"), false, false, false, &mut HashMap::new()) {
[INFO] [stdout]   |                          ^^^^ not found in this scope
[INFO] [stdout]   |
[INFO] [stdout] help: consider importing this struct
[INFO] [stdout]   |
[INFO] [stdout] 3 | use std::path::Path;
[INFO] [stdout]   |
[INFO] [stdout] 
[INFO] [stdout] error[E0433]: failed to resolve: use of undeclared type `HashMap`
[INFO] [stdout]  --> src/lib.rs:38:74
[INFO] [stdout]   |
[INFO] [stdout] 6 | match check_broken_links(Path::new("file.md"), false, false, false, &mut HashMap::new()) {
[INFO] [stdout]   |                                                                          ^^^^^^^ not found in this scope
[INFO] [stdout]   |
[INFO] [stdout] help: consider importing this struct
[INFO] [stdout]   |
[INFO] [stdout] 3 | use std::collections::HashMap;
[INFO] [stdout]   |
[INFO] [stdout] 
[INFO] [stdout] error[E0061]: this function takes 6 arguments but 5 arguments were supplied
[INFO] [stdout]    --> src/lib.rs:38:7
[INFO] [stdout]     |
[INFO] [stdout] 6   | match check_broken_links(Path::new("file.md"), false, false, false, &mut HashMap::new()) {
[INFO] [stdout]     |       ^^^^^^^^^^^^^^^^^^ --------------------  -----  -----  -----  ------------------- supplied 5 arguments
[INFO] [stdout]     |       |
[INFO] [stdout]     |       expected 6 arguments
[INFO] [stdout]     |
[INFO] [stdout] note: function defined here
[INFO] [stdout]    --> /opt/rustwide/workdir/src/lib.rs:257:8
[INFO] [stdout]     |
[INFO] [stdout] 257 | pub fn check_broken_links(
[INFO] [stdout]     |        ^^^^^^^^^^^^^^^^^^
[INFO] [stdout] 
[INFO] [stdout] error: aborting due to 3 previous errors
[INFO] [stdout] 
[INFO] [stdout] Some errors have detailed explanations: E0061, E0433.
[INFO] [stdout] For more information about an error, try `rustc --explain E0061`.
[INFO] [stdout] Couldn't compile the test.
[INFO] [stdout] ---- src/lib.rs - check_broken_links (line 247) stdout ----
[INFO] [stdout] Test executable failed (exit code 101).
[INFO] [stdout] 
[INFO] [stdout] stderr:
[INFO] [stdout] thread 'main' panicked at 'assertion failed: `(left == right)`
[INFO] [stdout]   left: `Err("Failed to read file at 'file.md': No such file or directory (os error 2)")`,
[INFO] [stdout]  right: `Ok(0)`', src/lib.rs:9:1
[INFO] [stdout] stack backtrace:
[INFO] [stdout]    0:     0x55a979e7ec10 - std::backtrace_rs::backtrace::libunwind::trace::hff4d1766e93f64f1
[INFO] [stdout]                                at /rustc/53fd98ca776cb875bc9e5514f56b52eb74f9e7a9/library/std/src/../../backtrace/src/backtrace/libunwind.rs:90:5
[INFO] [stdout]    1:     0x55a979e7ec10 - std::backtrace_rs::backtrace::trace_unsynchronized::h56bbc8eb78770bcb
[INFO] [stdout]                                at /rustc/53fd98ca776cb875bc9e5514f56b52eb74f9e7a9/library/std/src/../../backtrace/src/backtrace/mod.rs:66:5
[INFO] [stdout]    2:     0x55a979e7ec10 - std::sys_common::backtrace::_print_fmt::h5c8e75464faca780
[INFO] [stdout]                                at /rustc/53fd98ca776cb875bc9e5514f56b52eb74f9e7a9/library/std/src/sys_common/backtrace.rs:67:5
[INFO] [stdout]    3:     0x55a979e7ec10 - <std::sys_common::backtrace::_print::DisplayBacktrace as core::fmt::Display>::fmt::h48b88277def8b362
[INFO] [stdout]                                at /rustc/53fd98ca776cb875bc9e5514f56b52eb74f9e7a9/library/std/src/sys_common/backtrace.rs:46:22
[INFO] [stdout]    4:     0x55a979e9a2ac - core::fmt::write::h3381b3176fe2b3d3
[INFO] [stdout]                                at /rustc/53fd98ca776cb875bc9e5514f56b52eb74f9e7a9/library/core/src/fmt/mod.rs:1115:17
[INFO] [stdout]    5:     0x55a979e7ccc5 - std::io::Write::write_fmt::hd42607e5d8e44db0
[INFO] [stdout]                                at /rustc/53fd98ca776cb875bc9e5514f56b52eb74f9e7a9/library/std/src/io/mod.rs:1665:15
[INFO] [stdout]    6:     0x55a979e80adb - std::sys_common::backtrace::_print::ha537687d6c17dd0d
[INFO] [stdout]                                at /rustc/53fd98ca776cb875bc9e5514f56b52eb74f9e7a9/library/std/src/sys_common/backtrace.rs:49:5
[INFO] [stdout]    7:     0x55a979e80adb - std::sys_common::backtrace::print::h61376ae57d131d72
[INFO] [stdout]                                at /rustc/53fd98ca776cb875bc9e5514f56b52eb74f9e7a9/library/std/src/sys_common/backtrace.rs:36:9
[INFO] [stdout]    8:     0x55a979e80adb - std::panicking::default_hook::{{closure}}::h0f7208c0b9644a54
[INFO] [stdout]                                at /rustc/53fd98ca776cb875bc9e5514f56b52eb74f9e7a9/library/std/src/panicking.rs:208:50
[INFO] [stdout]    9:     0x55a979e805b1 - std::panicking::default_hook::hdac7fc06578c14ce
[INFO] [stdout]                                at /rustc/53fd98ca776cb875bc9e5514f56b52eb74f9e7a9/library/std/src/panicking.rs:225:9
[INFO] [stdout]   10:     0x55a979e811a4 - std::panicking::rust_panic_with_hook::h72b21c283da3d1ef
[INFO] [stdout]                                at /rustc/53fd98ca776cb875bc9e5514f56b52eb74f9e7a9/library/std/src/panicking.rs:622:17
[INFO] [stdout]   11:     0x55a979e80c87 - std::panicking::begin_panic_handler::{{closure}}::he5778f1729cff84a
[INFO] [stdout]                                at /rustc/53fd98ca776cb875bc9e5514f56b52eb74f9e7a9/library/std/src/panicking.rs:519:13
[INFO] [stdout]   12:     0x55a979e7f0ec - std::sys_common::backtrace::__rust_end_short_backtrace::h2d11ca8b453b4b1d
[INFO] [stdout]                                at /rustc/53fd98ca776cb875bc9e5514f56b52eb74f9e7a9/library/std/src/sys_common/backtrace.rs:141:18
[INFO] [stdout]   13:     0x55a979e80be9 - rust_begin_unwind
[INFO] [stdout]                                at /rustc/53fd98ca776cb875bc9e5514f56b52eb74f9e7a9/library/std/src/panicking.rs:515:5
[INFO] [stdout]   14:     0x55a979c4b3c1 - core::panicking::panic_fmt::hf9de31d4acbce4db
[INFO] [stdout]                                at /rustc/53fd98ca776cb875bc9e5514f56b52eb74f9e7a9/library/core/src/panicking.rs:92:14
[INFO] [stdout]   15:     0x55a979e99478 - core::panicking::assert_failed_inner::h62e8cb2847a6e7ec
[INFO] [stdout]   16:     0x55a979c4c136 - core::panicking::assert_failed::h27cc84293f119dcd
[INFO] [stdout]   17:     0x55a979c4c795 - rust_out::main::_doctest_main_src_lib_rs_247_0::h8bc24662b2be793a
[INFO] [stdout]   18:     0x55a979c4c656 - rust_out::main::h61823b600df25383
[INFO] [stdout]   19:     0x55a979c4bf23 - core::ops::function::FnOnce::call_once::h3d07824a44777914
[INFO] [stdout]   20:     0x55a979c4bce9 - std::sys_common::backtrace::__rust_begin_short_backtrace::h1ee1ba859d3174aa
[INFO] [stdout]   21:     0x55a979c4be29 - std::rt::lang_start::{{closure}}::hee9719d6b6efb7fa
[INFO] [stdout]   22:     0x55a979e816aa - core::ops::function::impls::<impl core::ops::function::FnOnce<A> for &F>::call_once::ha88a7d1a4d24e549
[INFO] [stdout]                                at /rustc/53fd98ca776cb875bc9e5514f56b52eb74f9e7a9/library/core/src/ops/function.rs:259:13
[INFO] [stdout]   23:     0x55a979e816aa - std::panicking::try::do_call::hd3b1d7740607ccc7
[INFO] [stdout]                                at /rustc/53fd98ca776cb875bc9e5514f56b52eb74f9e7a9/library/std/src/panicking.rs:401:40
[INFO] [stdout]   24:     0x55a979e816aa - std::panicking::try::h0ee8c65ac7461507
[INFO] [stdout]                                at /rustc/53fd98ca776cb875bc9e5514f56b52eb74f9e7a9/library/std/src/panicking.rs:365:19
[INFO] [stdout]   25:     0x55a979e816aa - std::panic::catch_unwind::head47f0de4ccd838
[INFO] [stdout]                                at /rustc/53fd98ca776cb875bc9e5514f56b52eb74f9e7a9/library/std/src/panic.rs:434:14
[INFO] [stdout]   26:     0x55a979e816aa - std::rt::lang_start_internal::{{closure}}::hbc7de8ec820ac085
[INFO] [stdout]                                at /rustc/53fd98ca776cb875bc9e5514f56b52eb74f9e7a9/library/std/src/rt.rs:45:48
[INFO] [stdout]   27:     0x55a979e816aa - std::panicking::try::do_call::h2609e52e8bad4a7b
[INFO] [stdout]                                at /rustc/53fd98ca776cb875bc9e5514f56b52eb74f9e7a9/library/std/src/panicking.rs:401:40
[INFO] [stdout]   28:     0x55a979e816aa - std::panicking::try::hd0929f0b603e0389
[INFO] [stdout]                                at /rustc/53fd98ca776cb875bc9e5514f56b52eb74f9e7a9/library/std/src/panicking.rs:365:19
[INFO] [stdout]   29:     0x55a979e816aa - std::panic::catch_unwind::h27902b81c3e47571
[INFO] [stdout]                                at /rustc/53fd98ca776cb875bc9e5514f56b52eb74f9e7a9/library/std/src/panic.rs:434:14
[INFO] [stdout]   30:     0x55a979e816aa - std::rt::lang_start_internal::h3fb2d794dd391e3e
[INFO] [stdout]                                at /rustc/53fd98ca776cb875bc9e5514f56b52eb74f9e7a9/library/std/src/rt.rs:45:20
[INFO] [stdout]   31:     0x55a979c4be01 - std::rt::lang_start::h0745d281d96e0cdb
[INFO] [stdout]   32:     0x55a979c4c933 - main
[INFO] [stdout]   33:     0x7fd7387b10b3 - __libc_start_main
[INFO] [stdout]   34:     0x55a979c4bb5e - _start
[INFO] [stdout]   35:                0x0 - <unknown>
[INFO] [stdout] 
[INFO] [stdout] 
[INFO] [stdout] 
[INFO] [stdout] failures:
[INFO] [stdout]     src/lib.rs - (line 35)
[INFO] [stdout]     src/lib.rs - check_broken_links (line 247)
[INFO] [stdout] 
[INFO] [stdout] test result: FAILED. 2 passed; 2 failed; 0 ignored; 0 measured; 0 filtered out; finished in 1.97s
[INFO] [stdout] 
[INFO] [stderr] error: test failed, to rerun pass '--doc'
[INFO] running `Command { std: "docker" "inspect" "5f68f94d72a54223d284a4129555fb0adf20c03321205bbaaed8ba55e66ea2f2", kill_on_drop: false }`
[INFO] running `Command { std: "docker" "rm" "-f" "5f68f94d72a54223d284a4129555fb0adf20c03321205bbaaed8ba55e66ea2f2", kill_on_drop: false }`
[INFO] [stdout] 5f68f94d72a54223d284a4129555fb0adf20c03321205bbaaed8ba55e66ea2f2
