[INFO] fetching crate broccoli 2.0.5...
[INFO] testing broccoli-2.0.5 against beta-2021-08-01 for beta-1.55-1
[INFO] extracting crate broccoli 2.0.5 into /workspace/builds/worker-105/source
[INFO] validating manifest of crates.io crate broccoli 2.0.5 on toolchain beta-2021-08-01
[INFO] running `Command { std: "/workspace/cargo-home/bin/cargo" "+beta-2021-08-01" "metadata" "--manifest-path" "Cargo.toml" "--no-deps", kill_on_drop: false }`
[INFO] started tweaking crates.io crate broccoli 2.0.5
[INFO] finished tweaking crates.io crate broccoli 2.0.5
[INFO] tweaked toml for crates.io crate broccoli 2.0.5 written to /workspace/builds/worker-105/source/Cargo.toml
[INFO] crate crates.io crate broccoli 2.0.5 already has a lockfile, it will not be regenerated
[INFO] running `Command { std: "/workspace/cargo-home/bin/cargo" "+beta-2021-08-01" "fetch" "--manifest-path" "Cargo.toml", kill_on_drop: false }`
[INFO] [stderr]     Blocking waiting for file lock on package cache
[INFO] [stderr]     Blocking waiting for file lock on package cache
[INFO] [stderr]  Downloading crates ...
[INFO] [stderr]   Downloaded partial-min-max v0.4.0
[INFO] [stderr]   Downloaded axgeom v1.9.3
[INFO] [stderr]   Downloaded compt v1.10.1
[INFO] [stderr]   Downloaded twounordered v0.6.3
[INFO] running `Command { std: "docker" "create" "-v" "/var/lib/crater-agent-workspace/builds/worker-105/target:/opt/rustwide/target:rw,Z" "-v" "/var/lib/crater-agent-workspace/builds/worker-105/source:/opt/rustwide/workdir:ro,Z" "-v" "/var/lib/crater-agent-workspace/cargo-home:/opt/rustwide/cargo-home:ro,Z" "-v" "/var/lib/crater-agent-workspace/rustup-home:/opt/rustwide/rustup-home:ro,Z" "-e" "SOURCE_DIR=/opt/rustwide/workdir" "-e" "CARGO_TARGET_DIR=/opt/rustwide/target" "-e" "CARGO_HOME=/opt/rustwide/cargo-home" "-e" "RUSTUP_HOME=/opt/rustwide/rustup-home" "-w" "/opt/rustwide/workdir" "-m" "1610612736" "--user" "0:0" "--network" "none" "ghcr.io/rust-lang/crates-build-env/linux@sha256:34b6a614d2c27851fe6cbf88fbd1137609cefab8b10d0615aaeb6fd47975d74e" "/opt/rustwide/cargo-home/bin/cargo" "+beta-2021-08-01" "metadata" "--no-deps" "--format-version=1", kill_on_drop: false }`
[INFO] [stdout] 3799c0764c036bbb340fc060334ecf678846b36c3801604d68fc96173b104646
[INFO] running `Command { std: "docker" "start" "-a" "3799c0764c036bbb340fc060334ecf678846b36c3801604d68fc96173b104646", kill_on_drop: false }`
[INFO] running `Command { std: "docker" "inspect" "3799c0764c036bbb340fc060334ecf678846b36c3801604d68fc96173b104646", kill_on_drop: false }`
[INFO] running `Command { std: "docker" "rm" "-f" "3799c0764c036bbb340fc060334ecf678846b36c3801604d68fc96173b104646", kill_on_drop: false }`
[INFO] [stdout] 3799c0764c036bbb340fc060334ecf678846b36c3801604d68fc96173b104646
[INFO] running `Command { std: "docker" "create" "-v" "/var/lib/crater-agent-workspace/builds/worker-105/target:/opt/rustwide/target:rw,Z" "-v" "/var/lib/crater-agent-workspace/builds/worker-105/source:/opt/rustwide/workdir:ro,Z" "-v" "/var/lib/crater-agent-workspace/cargo-home:/opt/rustwide/cargo-home:ro,Z" "-v" "/var/lib/crater-agent-workspace/rustup-home:/opt/rustwide/rustup-home:ro,Z" "-e" "SOURCE_DIR=/opt/rustwide/workdir" "-e" "CARGO_TARGET_DIR=/opt/rustwide/target" "-e" "CARGO_INCREMENTAL=0" "-e" "RUST_BACKTRACE=full" "-e" "RUSTFLAGS=--cap-lints=warn" "-e" "CARGO_HOME=/opt/rustwide/cargo-home" "-e" "RUSTUP_HOME=/opt/rustwide/rustup-home" "-w" "/opt/rustwide/workdir" "-m" "1610612736" "--user" "0:0" "--network" "none" "ghcr.io/rust-lang/crates-build-env/linux@sha256:34b6a614d2c27851fe6cbf88fbd1137609cefab8b10d0615aaeb6fd47975d74e" "/opt/rustwide/cargo-home/bin/cargo" "+beta-2021-08-01" "build" "--frozen" "--message-format=json", kill_on_drop: false }`
[INFO] [stdout] d2e7d3e085dbed5304352519cdae8c958319ee7093c35ea82a89bbbdad99759e
[INFO] running `Command { std: "docker" "start" "-a" "d2e7d3e085dbed5304352519cdae8c958319ee7093c35ea82a89bbbdad99759e", kill_on_drop: false }`
[INFO] [stderr]    Compiling autocfg v1.0.1
[INFO] [stderr]    Compiling proc-macro2 v1.0.27
[INFO] [stderr]    Compiling crossbeam-utils v0.8.5
[INFO] [stderr]    Compiling syn v1.0.73
[INFO] [stderr]    Compiling crossbeam-epoch v0.9.5
[INFO] [stderr]    Compiling serde_derive v1.0.126
[INFO] [stderr]    Compiling scopeguard v1.1.0
[INFO] [stderr]    Compiling serde v1.0.126
[INFO] [stderr]    Compiling rayon-core v1.9.1
[INFO] [stderr]    Compiling partial-min-max v0.4.0
[INFO] [stderr]    Compiling either v1.6.1
[INFO] [stderr]    Compiling twounordered v0.6.3
[INFO] [stderr]    Compiling compt v1.10.1
[INFO] [stderr]    Compiling num_cpus v1.13.0
[INFO] [stderr]    Compiling itertools v0.10.1
[INFO] [stderr]    Compiling memoffset v0.6.4
[INFO] [stderr]    Compiling num-traits v0.2.14
[INFO] [stderr]    Compiling crossbeam-channel v0.5.1
[INFO] [stderr]    Compiling quote v1.0.9
[INFO] [stderr]    Compiling crossbeam-deque v0.8.0
[INFO] [stderr]    Compiling axgeom v1.9.3
[INFO] [stderr]    Compiling broccoli v2.0.5 (/opt/rustwide/workdir)
[INFO] [stderr]     Finished dev [unoptimized + debuginfo] target(s) in 18.91s
[INFO] running `Command { std: "docker" "inspect" "d2e7d3e085dbed5304352519cdae8c958319ee7093c35ea82a89bbbdad99759e", kill_on_drop: false }`
[INFO] running `Command { std: "docker" "rm" "-f" "d2e7d3e085dbed5304352519cdae8c958319ee7093c35ea82a89bbbdad99759e", kill_on_drop: false }`
[INFO] [stdout] d2e7d3e085dbed5304352519cdae8c958319ee7093c35ea82a89bbbdad99759e
[INFO] running `Command { std: "docker" "create" "-v" "/var/lib/crater-agent-workspace/builds/worker-105/target:/opt/rustwide/target:rw,Z" "-v" "/var/lib/crater-agent-workspace/builds/worker-105/source:/opt/rustwide/workdir:ro,Z" "-v" "/var/lib/crater-agent-workspace/cargo-home:/opt/rustwide/cargo-home:ro,Z" "-v" "/var/lib/crater-agent-workspace/rustup-home:/opt/rustwide/rustup-home:ro,Z" "-e" "SOURCE_DIR=/opt/rustwide/workdir" "-e" "CARGO_TARGET_DIR=/opt/rustwide/target" "-e" "CARGO_INCREMENTAL=0" "-e" "RUST_BACKTRACE=full" "-e" "RUSTFLAGS=--cap-lints=warn" "-e" "CARGO_HOME=/opt/rustwide/cargo-home" "-e" "RUSTUP_HOME=/opt/rustwide/rustup-home" "-w" "/opt/rustwide/workdir" "-m" "1610612736" "--user" "0:0" "--network" "none" "ghcr.io/rust-lang/crates-build-env/linux@sha256:34b6a614d2c27851fe6cbf88fbd1137609cefab8b10d0615aaeb6fd47975d74e" "/opt/rustwide/cargo-home/bin/cargo" "+beta-2021-08-01" "test" "--frozen" "--no-run" "--message-format=json", kill_on_drop: false }`
[INFO] [stdout] b9f44e22b5a8706b6c3ffeeab6e526b78ffbb03b8b5eb3919a9ea239dcd637af
[INFO] running `Command { std: "docker" "start" "-a" "b9f44e22b5a8706b6c3ffeeab6e526b78ffbb03b8b5eb3919a9ea239dcd637af", kill_on_drop: false }`
[INFO] [stderr]     Blocking waiting for file lock on package cache
[INFO] [stderr]    Compiling broccoli v2.0.5 (/opt/rustwide/workdir)
[INFO] [stderr]     Finished test [unoptimized + debuginfo] target(s) in 3.99s
[INFO] running `Command { std: "docker" "inspect" "b9f44e22b5a8706b6c3ffeeab6e526b78ffbb03b8b5eb3919a9ea239dcd637af", kill_on_drop: false }`
[INFO] running `Command { std: "docker" "rm" "-f" "b9f44e22b5a8706b6c3ffeeab6e526b78ffbb03b8b5eb3919a9ea239dcd637af", kill_on_drop: false }`
[INFO] [stdout] b9f44e22b5a8706b6c3ffeeab6e526b78ffbb03b8b5eb3919a9ea239dcd637af
[INFO] running `Command { std: "docker" "create" "-v" "/var/lib/crater-agent-workspace/builds/worker-105/target:/opt/rustwide/target:rw,Z" "-v" "/var/lib/crater-agent-workspace/builds/worker-105/source:/opt/rustwide/workdir:ro,Z" "-v" "/var/lib/crater-agent-workspace/cargo-home:/opt/rustwide/cargo-home:ro,Z" "-v" "/var/lib/crater-agent-workspace/rustup-home:/opt/rustwide/rustup-home:ro,Z" "-e" "SOURCE_DIR=/opt/rustwide/workdir" "-e" "CARGO_TARGET_DIR=/opt/rustwide/target" "-e" "CARGO_INCREMENTAL=0" "-e" "RUST_BACKTRACE=full" "-e" "RUSTFLAGS=--cap-lints=warn" "-e" "CARGO_HOME=/opt/rustwide/cargo-home" "-e" "RUSTUP_HOME=/opt/rustwide/rustup-home" "-w" "/opt/rustwide/workdir" "-m" "1610612736" "--user" "0:0" "--network" "none" "ghcr.io/rust-lang/crates-build-env/linux@sha256:34b6a614d2c27851fe6cbf88fbd1137609cefab8b10d0615aaeb6fd47975d74e" "/opt/rustwide/cargo-home/bin/cargo" "+beta-2021-08-01" "test" "--frozen", kill_on_drop: false }`
[INFO] [stdout] 301beacf923239aeeaf18660ed0ff07de5527c2748cc22216c5033efe4f6c03d
[INFO] running `Command { std: "docker" "start" "-a" "301beacf923239aeeaf18660ed0ff07de5527c2748cc22216c5033efe4f6c03d", kill_on_drop: false }`
[INFO] [stderr]     Finished test [unoptimized + debuginfo] target(s) in 0.10s
[INFO] [stderr]      Running unittests (/opt/rustwide/target/debug/deps/broccoli-209869d1a8c8af79)
[INFO] [stdout] 
[INFO] [stdout] running 4 tests
[INFO] [stdout] test queries::tools::test_section ... ok
[INFO] [stdout] test queries::colfind::oned::test_parallel ... ok
[INFO] [stdout] test util::prevec::test_prevec ... ok
[INFO] [stdout] test tests::test ... ok
[INFO] [stdout] 
[INFO] [stdout] test result: ok. 4 passed; 0 failed; 0 ignored; 0 measured; 0 filtered out; finished in 0.00s
[INFO] [stdout] 
[INFO] [stderr]    Doc-tests broccoli
[INFO] [stdout] 
[INFO] [stdout] running 38 tests
[INFO] [stdout] test src/queries/colfind/builder.rs - queries::colfind::builder::QueryBuilder::query_par_ext (line 234) ... FAILED
[INFO] [stdout] test src/container/tree_ind.rs - container::tree_ind::TreeInd::collect_colliding_pairs_par (line 235) ... FAILED
[INFO] [stdout] test src/lib.rs - Tree::find_colliding_pairs_mut_par (line 514) ... FAILED
[INFO] [stdout] test src/container/tree_ind.rs - container::tree_ind::TreeInd::collect_colliding_pairs (line 175) ... FAILED
[INFO] [stdout] test src/lib.rs - Tree::k_nearest_mut (line 665) ... FAILED
[INFO] [stdout] test src/lib.rs - Tree::new_colfind_builder (line 542) ... FAILED
[INFO] [stdout] test src/container/owned.rs - container::owned::TreeIndOwned (line 5) ... FAILED
[INFO] [stdout] test src/container/tree_ind.rs - container::tree_ind::TreeIndBase::build_par (line 86) ... FAILED
[INFO] [stdout] test src/lib.rs - Tree::new_par (line 275) ... FAILED
[INFO] [stdout] test src/lib.rs - Tree::raycast_mut (line 747) ... FAILED
[INFO] [stdout] test src/lib.rs - Tree::find_colliding_pairs_mut (line 493) ... FAILED
[INFO] [stdout] test src/lib.rs - new_par (line 246) ... FAILED
[INFO] [stdout] test src/pmut.rs - pmut (line 5) ... FAILED
[INFO] [stdout] test src/lib.rs - Tree::intersect_with_mut (line 613) ... FAILED
[INFO] [stdout] test src/lib.rs - Tree::for_all_intersect_rect (line 787) ... FAILED
[INFO] [stdout] test src/lib.rs - Tree::vistr (line 410) ... FAILED
[INFO] [stdout] test src/lib.rs - Tree::get_elements_mut (line 431) ... FAILED
[INFO] [stdout] test src/lib.rs - Tree::multi_rect (line 907) ... FAILED
[INFO] [stdout] test src/lib.rs - Tree::vistr_mut (line 392) ... FAILED
[INFO] [stdout] test src/lib.rs - Tree::get_elements (line 464) ... FAILED
[INFO] [stdout] test src/lib.rs - Tree::get_nodes_mut (line 378) ... FAILED
[INFO] [stdout] test src/container/owned.rs - container::owned::TreeOwned (line 90) ... FAILED
[INFO] [stdout] test src/lib.rs - Tree::for_all_in_rect_mut (line 848) ... FAILED
[INFO] [stdout] test src/lib.rs - Tree::draw_divider (line 565) ... FAILED
[INFO] [stdout] test src/lib.rs - Tree::for_all_intersect_rect_mut (line 805) ... FAILED
[INFO] [stdout] test src/container/tree_ind.rs - container::tree_ind::TreeInd::collect_all (line 127) ... FAILED
[INFO] [stdout] test src/lib.rs - Tree::into_inner (line 307) ... FAILED
[INFO] [stdout] test src/lib.rs - Tree::get_height (line 290) ... ok
[INFO] [stdout] test src/lib.rs - Tree::for_all_not_in_rect_mut (line 871) ... FAILED
[INFO] [stdout] test src/container/tree_ind.rs - container::tree_ind::TreeIndBase::into_inner (line 45) ... ok
[INFO] [stdout] test src/lib.rs - Tree::num_nodes (line 347) ... FAILED
[INFO] [stdout] test src/lib.rs - Tree::from_raw_parts (line 324) ... ok
[INFO] [stdout] test src/lib.rs - Tree::new (line 263) ... FAILED
[INFO] [stdout] test src/container/tree_ind.rs - container::tree_ind::TreeIndBase::build (line 65) ... FAILED
[INFO] [stdout] test src/lib.rs - new (line 233) ... FAILED
[INFO] [stdout] test src/container/tree_ind.rs - container::tree_ind::TreeIndBase::new (line 17) ... FAILED
[INFO] [stdout] test src/lib.rs - Tree::for_all_in_rect (line 831) ... FAILED
[INFO] [stdout] test src/lib.rs - Tree::get_nodes (line 364) ... FAILED
[INFO] [stdout] 
[INFO] [stdout] failures:
[INFO] [stdout] 
[INFO] [stdout] ---- src/queries/colfind/builder.rs - queries::colfind::builder::QueryBuilder::query_par_ext (line 234) stdout ----
[INFO] [stdout] Couldn't compile the test.
[INFO] [stdout] ---- src/container/tree_ind.rs - container::tree_ind::TreeInd::collect_colliding_pairs_par (line 235) stdout ----
[INFO] [stdout] Couldn't compile the test.
[INFO] [stdout] ---- src/lib.rs - Tree::find_colliding_pairs_mut_par (line 514) stdout ----
[INFO] [stdout] Couldn't compile the test.
[INFO] [stdout] ---- src/container/tree_ind.rs - container::tree_ind::TreeInd::collect_colliding_pairs (line 175) stdout ----
[INFO] [stdout] Couldn't compile the test.
[INFO] [stdout] ---- src/lib.rs - Tree::k_nearest_mut (line 665) stdout ----
[INFO] [stdout] Couldn't compile the test.
[INFO] [stdout] ---- src/lib.rs - Tree::new_colfind_builder (line 542) stdout ----
[INFO] [stdout] Couldn't compile the test.
[INFO] [stdout] ---- src/container/owned.rs - container::owned::TreeIndOwned (line 5) stdout ----
[INFO] [stdout] Couldn't compile the test.
[INFO] [stdout] ---- src/container/tree_ind.rs - container::tree_ind::TreeIndBase::build_par (line 86) stdout ----
[INFO] [stdout] Couldn't compile the test.
[INFO] [stdout] ---- src/lib.rs - Tree::new_par (line 275) stdout ----
[INFO] [stdout] Couldn't compile the test.
[INFO] [stdout] ---- src/lib.rs - Tree::raycast_mut (line 747) stdout ----
[INFO] [stdout] Couldn't compile the test.
[INFO] [stdout] ---- src/lib.rs - Tree::find_colliding_pairs_mut (line 493) stdout ----
[INFO] [stdout] Couldn't compile the test.
[INFO] [stdout] ---- src/lib.rs - new_par (line 246) stdout ----
[INFO] [stdout] Couldn't compile the test.
[INFO] [stdout] ---- src/pmut.rs - pmut (line 5) stdout ----
[INFO] [stdout] Couldn't compile the test.
[INFO] [stdout] ---- src/lib.rs - Tree::intersect_with_mut (line 613) stdout ----
[INFO] [stdout] Couldn't compile the test.
[INFO] [stdout] ---- src/lib.rs - Tree::for_all_intersect_rect (line 787) stdout ----
[INFO] [stdout] Couldn't compile the test.
[INFO] [stdout] ---- src/lib.rs - Tree::vistr (line 410) stdout ----
[INFO] [stdout] Couldn't compile the test.
[INFO] [stdout] ---- src/lib.rs - Tree::get_elements_mut (line 431) stdout ----
[INFO] [stdout] Couldn't compile the test.
[INFO] [stdout] ---- src/lib.rs - Tree::multi_rect (line 907) stdout ----
[INFO] [stdout] Couldn't compile the test.
[INFO] [stdout] ---- src/lib.rs - Tree::vistr_mut (line 392) stdout ----
[INFO] [stdout] Couldn't compile the test.
[INFO] [stdout] ---- src/lib.rs - Tree::get_elements (line 464) stdout ----
[INFO] [stdout] Couldn't compile the test.
[INFO] [stdout] ---- src/lib.rs - Tree::get_nodes_mut (line 378) stdout ----
[INFO] [stdout] Couldn't compile the test.
[INFO] [stdout] ---- src/container/owned.rs - container::owned::TreeOwned (line 90) stdout ----
[INFO] [stdout] Couldn't compile the test.
[INFO] [stdout] ---- src/lib.rs - Tree::for_all_in_rect_mut (line 848) stdout ----
[INFO] [stdout] Couldn't compile the test.
[INFO] [stdout] ---- src/lib.rs - Tree::draw_divider (line 565) stdout ----
[INFO] [stdout] Couldn't compile the test.
[INFO] [stdout] ---- src/lib.rs - Tree::for_all_intersect_rect_mut (line 805) stdout ----
[INFO] [stdout] Couldn't compile the test.
[INFO] [stdout] ---- src/container/tree_ind.rs - container::tree_ind::TreeInd::collect_all (line 127) stdout ----
[INFO] [stdout] Couldn't compile the test.
[INFO] [stdout] ---- src/lib.rs - Tree::into_inner (line 307) stdout ----
[INFO] [stdout] Couldn't compile the test.
[INFO] [stdout] ---- src/lib.rs - Tree::for_all_not_in_rect_mut (line 871) stdout ----
[INFO] [stdout] Couldn't compile the test.
[INFO] [stdout] ---- src/lib.rs - Tree::num_nodes (line 347) stdout ----
[INFO] [stdout] Couldn't compile the test.
[INFO] [stdout] ---- src/lib.rs - Tree::new (line 263) stdout ----
[INFO] [stdout] Couldn't compile the test.
[INFO] [stdout] ---- src/container/tree_ind.rs - container::tree_ind::TreeIndBase::build (line 65) stdout ----
[INFO] [stdout] Couldn't compile the test.
[INFO] [stdout] ---- src/lib.rs - new (line 233) stdout ----
[INFO] [stdout] Couldn't compile the test.
[INFO] [stdout] ---- src/container/tree_ind.rs - container::tree_ind::TreeIndBase::new (line 17) stdout ----
[INFO] [stdout] Couldn't compile the test.
[INFO] [stdout] ---- src/lib.rs - Tree::for_all_in_rect (line 831) stdout ----
[INFO] [stdout] Couldn't compile the test.
[INFO] [stdout] ---- src/lib.rs - Tree::get_nodes (line 364) stdout ----
[INFO] [stdout] Couldn't compile the test.
[INFO] [stdout] 
[INFO] [stdout] failures:
[INFO] [stdout]     src/container/owned.rs - container::owned::TreeIndOwned (line 5)
[INFO] [stdout]     src/container/owned.rs - container::owned::TreeOwned (line 90)
[INFO] [stdout]     src/container/tree_ind.rs - container::tree_ind::TreeInd::collect_all (line 127)
[INFO] [stdout]     src/container/tree_ind.rs - container::tree_ind::TreeInd::collect_colliding_pairs (line 175)
[INFO] [stdout]     src/container/tree_ind.rs - container::tree_ind::TreeInd::collect_colliding_pairs_par (line 235)
[INFO] [stdout]     src/container/tree_ind.rs - container::tree_ind::TreeIndBase::build (line 65)
[INFO] [stdout]     src/container/tree_ind.rs - container::tree_ind::TreeIndBase::build_par (line 86)
[INFO] [stdout]     src/container/tree_ind.rs - container::tree_ind::TreeIndBase::new (line 17)
[INFO] [stdout]     src/lib.rs - Tree::draw_divider (line 565)
[INFO] [stdout]     src/lib.rs - Tree::find_colliding_pairs_mut (line 493)
[INFO] [stdout]     src/lib.rs - Tree::find_colliding_pairs_mut_par (line 514)
[INFO] [stdout]     src/lib.rs - Tree::for_all_in_rect (line 831)
[INFO] [stdout]     src/lib.rs - Tree::for_all_in_rect_mut (line 848)
[INFO] [stdout]     src/lib.rs - Tree::for_all_intersect_rect (line 787)
[INFO] [stdout]     src/lib.rs - Tree::for_all_intersect_rect_mut (line 805)
[INFO] [stdout]     src/lib.rs - Tree::for_all_not_in_rect_mut (line 871)
[INFO] [stdout]     src/lib.rs - Tree::get_elements (line 464)
[INFO] [stdout]     src/lib.rs - Tree::get_elements_mut (line 431)
[INFO] [stdout]     src/lib.rs - Tree::get_nodes (line 364)
[INFO] [stdout]     src/lib.rs - Tree::get_nodes_mut (line 378)
[INFO] [stdout]     src/lib.rs - Tree::intersect_with_mut (line 613)
[INFO] [stdout]     src/lib.rs - Tree::into_inner (line 307)
[INFO] [stdout]     src/lib.rs - Tree::k_nearest_mut (line 665)
[INFO] [stdout]     src/lib.rs - Tree::multi_rect (line 907)
[INFO] [stdout]     src/lib.rs - Tree::new (line 263)
[INFO] [stdout]     src/lib.rs - Tree::new_colfind_builder (line 542)
[INFO] [stdout]     src/lib.rs - Tree::new_par (line 275)
[INFO] [stdout]     src/lib.rs - Tree::num_nodes (line 347)
[INFO] [stdout]     src/lib.rs - Tree::raycast_mut (line 747)
[INFO] [stdout]     src/lib.rs - Tree::vistr (line 410)
[INFO] [stdout]     src/lib.rs - Tree::vistr_mut (line 392)
[INFO] [stdout]     src/lib.rs - new (line 233)
[INFO] [stdout]     src/lib.rs - new_par (line 246)
[INFO] [stdout]     src/pmut.rs - pmut (line 5)
[INFO] [stdout]     src/queries/colfind/builder.rs - queries::colfind::builder::QueryBuilder::query_par_ext (line 234)
[INFO] [stdout] 
[INFO] [stdout] test result: FAILED. 3 passed; 35 failed; 0 ignored; 0 measured; 0 filtered out; finished in 2.78s
[INFO] [stdout] 
[INFO] [stderr] error: test failed, to rerun pass '--doc'
[INFO] running `Command { std: "docker" "inspect" "301beacf923239aeeaf18660ed0ff07de5527c2748cc22216c5033efe4f6c03d", kill_on_drop: false }`
[INFO] running `Command { std: "docker" "rm" "-f" "301beacf923239aeeaf18660ed0ff07de5527c2748cc22216c5033efe4f6c03d", kill_on_drop: false }`
[INFO] [stdout] 301beacf923239aeeaf18660ed0ff07de5527c2748cc22216c5033efe4f6c03d
