[INFO] fetching crate brawl_sun 0.3.0...
[INFO] testing brawl_sun-0.3.0 against 1.54.0 for beta-1.55-1
[INFO] extracting crate brawl_sun 0.3.0 into /workspace/builds/worker-98/source
[INFO] validating manifest of crates.io crate brawl_sun 0.3.0 on toolchain 1.54.0
[INFO] running `Command { std: "/workspace/cargo-home/bin/cargo" "+1.54.0" "metadata" "--manifest-path" "Cargo.toml" "--no-deps", kill_on_drop: false }`
[INFO] started tweaking crates.io crate brawl_sun 0.3.0
[INFO] finished tweaking crates.io crate brawl_sun 0.3.0
[INFO] tweaked toml for crates.io crate brawl_sun 0.3.0 written to /workspace/builds/worker-98/source/Cargo.toml
[INFO] running `Command { std: "/workspace/cargo-home/bin/cargo" "+1.54.0" "generate-lockfile" "--manifest-path" "Cargo.toml" "-Zno-index-update", kill_on_drop: false }`
[INFO] [stderr]     Blocking waiting for file lock on package cache
[INFO] running `Command { std: "/workspace/cargo-home/bin/cargo" "+1.54.0" "fetch" "--manifest-path" "Cargo.toml", kill_on_drop: false }`
[INFO] [stderr] warning: only one of `license` or `license-file` is necessary
[INFO] [stderr]     Blocking waiting for file lock on package cache
[INFO] [stderr]     Blocking waiting for file lock on package cache
[INFO] running `Command { std: "docker" "create" "-v" "/var/lib/crater-agent-workspace/builds/worker-98/target:/opt/rustwide/target:rw,Z" "-v" "/var/lib/crater-agent-workspace/builds/worker-98/source:/opt/rustwide/workdir:ro,Z" "-v" "/var/lib/crater-agent-workspace/cargo-home:/opt/rustwide/cargo-home:ro,Z" "-v" "/var/lib/crater-agent-workspace/rustup-home:/opt/rustwide/rustup-home:ro,Z" "-e" "SOURCE_DIR=/opt/rustwide/workdir" "-e" "CARGO_TARGET_DIR=/opt/rustwide/target" "-e" "CARGO_HOME=/opt/rustwide/cargo-home" "-e" "RUSTUP_HOME=/opt/rustwide/rustup-home" "-w" "/opt/rustwide/workdir" "-m" "1610612736" "--user" "0:0" "--network" "none" "ghcr.io/rust-lang/crates-build-env/linux@sha256:34b6a614d2c27851fe6cbf88fbd1137609cefab8b10d0615aaeb6fd47975d74e" "/opt/rustwide/cargo-home/bin/cargo" "+1.54.0" "metadata" "--no-deps" "--format-version=1", kill_on_drop: false }`
[INFO] [stdout] 7805444e4708691a10cd42e74ec39a2d1aafab14bf3d7b700981815b39a82563
[INFO] running `Command { std: "docker" "start" "-a" "7805444e4708691a10cd42e74ec39a2d1aafab14bf3d7b700981815b39a82563", kill_on_drop: false }`
[INFO] running `Command { std: "docker" "inspect" "7805444e4708691a10cd42e74ec39a2d1aafab14bf3d7b700981815b39a82563", kill_on_drop: false }`
[INFO] running `Command { std: "docker" "rm" "-f" "7805444e4708691a10cd42e74ec39a2d1aafab14bf3d7b700981815b39a82563", kill_on_drop: false }`
[INFO] [stdout] 7805444e4708691a10cd42e74ec39a2d1aafab14bf3d7b700981815b39a82563
[INFO] running `Command { std: "docker" "create" "-v" "/var/lib/crater-agent-workspace/builds/worker-98/target:/opt/rustwide/target:rw,Z" "-v" "/var/lib/crater-agent-workspace/builds/worker-98/source:/opt/rustwide/workdir:ro,Z" "-v" "/var/lib/crater-agent-workspace/cargo-home:/opt/rustwide/cargo-home:ro,Z" "-v" "/var/lib/crater-agent-workspace/rustup-home:/opt/rustwide/rustup-home:ro,Z" "-e" "SOURCE_DIR=/opt/rustwide/workdir" "-e" "CARGO_TARGET_DIR=/opt/rustwide/target" "-e" "CARGO_INCREMENTAL=0" "-e" "RUST_BACKTRACE=full" "-e" "RUSTFLAGS=--cap-lints=warn" "-e" "CARGO_HOME=/opt/rustwide/cargo-home" "-e" "RUSTUP_HOME=/opt/rustwide/rustup-home" "-w" "/opt/rustwide/workdir" "-m" "1610612736" "--user" "0:0" "--network" "none" "ghcr.io/rust-lang/crates-build-env/linux@sha256:34b6a614d2c27851fe6cbf88fbd1137609cefab8b10d0615aaeb6fd47975d74e" "/opt/rustwide/cargo-home/bin/cargo" "+1.54.0" "build" "--frozen" "--message-format=json", kill_on_drop: false }`
[INFO] [stdout] 871e55b5226e71116f933eaa04ce0f5ed1fdbbd099a8928dfeff7de1bb54c6f5
[INFO] running `Command { std: "docker" "start" "-a" "871e55b5226e71116f933eaa04ce0f5ed1fdbbd099a8928dfeff7de1bb54c6f5", kill_on_drop: false }`
[INFO] [stderr] warning: only one of `license` or `license-file` is necessary
[INFO] [stderr]    Compiling autocfg v1.0.1
[INFO] [stderr]    Compiling libc v0.2.98
[INFO] [stderr]    Compiling log v0.4.14
[INFO] [stderr]    Compiling syn v1.0.74
[INFO] [stderr]    Compiling futures-core v0.3.16
[INFO] [stderr]    Compiling cc v1.0.69
[INFO] [stderr]    Compiling pkg-config v0.3.19
[INFO] [stderr]    Compiling memchr v2.4.0
[INFO] [stderr]    Compiling slab v0.4.4
[INFO] [stderr]    Compiling fnv v1.0.7
[INFO] [stderr]    Compiling itoa v0.4.7
[INFO] [stderr]    Compiling bytes v0.5.6
[INFO] [stderr]    Compiling futures-task v0.3.16
[INFO] [stderr]    Compiling pin-project-lite v0.2.7
[INFO] [stderr]    Compiling pin-project-lite v0.1.12
[INFO] [stderr]    Compiling bytes v1.0.1
[INFO] [stderr]    Compiling foreign-types-shared v0.1.1
[INFO] [stderr]    Compiling serde_derive v1.0.127
[INFO] [stderr]    Compiling matches v0.1.8
[INFO] [stderr]    Compiling openssl v0.10.35
[INFO] [stderr]    Compiling httparse v1.4.1
[INFO] [stderr]    Compiling tinyvec_macros v0.1.0
[INFO] [stderr]    Compiling pin-utils v0.1.0
[INFO] [stderr]    Compiling ryu v1.0.5
[INFO] [stderr]    Compiling hashbrown v0.11.2
[INFO] [stderr]    Compiling futures-io v0.3.16
[INFO] [stderr]    Compiling futures-channel v0.3.16
[INFO] [stderr]    Compiling serde v1.0.127
[INFO] [stderr]    Compiling once_cell v1.8.0
[INFO] [stderr]    Compiling native-tls v0.2.7
[INFO] [stderr]    Compiling futures-sink v0.3.16
[INFO] [stderr]    Compiling openssl-probe v0.1.4
[INFO] [stderr]    Compiling percent-encoding v2.1.0
[INFO] [stderr]    Compiling try-lock v0.2.3
[INFO] [stderr]    Compiling tower-service v0.3.1
[INFO] [stderr]    Compiling encoding_rs v0.8.28
[INFO] [stderr]    Compiling httpdate v0.3.2
[INFO] [stderr]    Compiling serde_json v1.0.66
[INFO] [stderr]    Compiling mime v0.3.16
[INFO] [stderr]    Compiling base64 v0.13.0
[INFO] [stderr]    Compiling ipnet v2.3.1
[INFO] [stderr]    Compiling tracing-core v0.1.18
[INFO] [stderr]    Compiling unicase v2.6.0
[INFO] [stderr]    Compiling unicode-bidi v0.3.5
[INFO] [stderr]    Compiling tinyvec v1.3.1
[INFO] [stderr]    Compiling foreign-types v0.3.2
[INFO] [stderr]    Compiling form_urlencoded v1.0.1
[INFO] [stderr]    Compiling indexmap v1.7.0
[INFO] [stderr]    Compiling futures-util v0.3.16
[INFO] [stderr]    Compiling http v0.2.4
[INFO] [stderr]    Compiling want v0.3.0
[INFO] [stderr]    Compiling tracing v0.1.26
[INFO] [stderr]    Compiling mime_guess v2.0.3
[INFO] [stderr]    Compiling openssl-sys v0.9.65
[INFO] [stderr]    Compiling iovec v0.1.4
[INFO] [stderr]    Compiling net2 v0.2.37
[INFO] [stderr]    Compiling num_cpus v1.13.0
[INFO] [stderr]    Compiling socket2 v0.3.19
[INFO] [stderr]    Compiling mio v0.6.23
[INFO] [stderr]    Compiling unicode-normalization v0.1.19
[INFO] [stderr]    Compiling tokio v0.2.25
[INFO] [stderr]    Compiling http-body v0.3.1
[INFO] [stderr]    Compiling idna v0.2.3
[INFO] [stderr]    Compiling url v2.2.2
[INFO] [stderr]    Compiling tokio-util v0.3.1
[INFO] [stderr]    Compiling tokio-tls v0.3.1
[INFO] [stderr]    Compiling pin-project-internal v1.0.8
[INFO] [stderr]    Compiling pin-project v1.0.8
[INFO] [stderr]    Compiling tracing-futures v0.2.5
[INFO] [stderr]    Compiling h2 v0.2.7
[INFO] [stderr]    Compiling hyper v0.13.10
[INFO] [stderr]    Compiling serde_urlencoded v0.7.0
[INFO] [stderr]    Compiling hyper-tls v0.4.3
[INFO] [stderr]    Compiling reqwest v0.10.10
[INFO] [stderr]    Compiling brawl_sun v0.3.0 (/opt/rustwide/workdir)
[INFO] [stdout] warning: structure field `starPowers` should have a snake case name
[INFO] [stdout]   --> src/model/structs.rs:16:6
[INFO] [stdout]    |
[INFO] [stdout] 16 |     pub starPowers: Vec<Ability>
[INFO] [stdout]    |         ^^^^^^^^^^ help: convert the identifier to snake case: `star_powers`
[INFO] [stdout]    |
[INFO] [stdout]    = note: `#[warn(non_snake_case)]` on by default
[INFO] [stdout] 
[INFO] [stdout] 
[INFO] [stdout] warning: structure field `nameColor` should have a snake case name
[INFO] [stdout]   --> src/model/structs.rs:66:6
[INFO] [stdout]    |
[INFO] [stdout] 66 |     pub nameColor: String,
[INFO] [stdout]    |         ^^^^^^^^^ help: convert the identifier to snake case: `name_color`
[INFO] [stdout] 
[INFO] [stdout] 
[INFO] [stdout] warning: structure field `requiredTrophies` should have a snake case name
[INFO] [stdout]   --> src/model/structs.rs:76:6
[INFO] [stdout]    |
[INFO] [stdout] 76 |     pub requiredTrophies: u16,
[INFO] [stdout]    |         ^^^^^^^^^^^^^^^^ help: convert the identifier to snake case: `required_trophies`
[INFO] [stdout] 
[INFO] [stdout] 
[INFO] [stdout] warning: 3 warnings emitted
[INFO] [stdout] 
[INFO] [stdout] 
[INFO] [stderr]     Finished dev [unoptimized + debuginfo] target(s) in 41.41s
[INFO] running `Command { std: "docker" "inspect" "871e55b5226e71116f933eaa04ce0f5ed1fdbbd099a8928dfeff7de1bb54c6f5", kill_on_drop: false }`
[INFO] running `Command { std: "docker" "rm" "-f" "871e55b5226e71116f933eaa04ce0f5ed1fdbbd099a8928dfeff7de1bb54c6f5", kill_on_drop: false }`
[INFO] [stdout] 871e55b5226e71116f933eaa04ce0f5ed1fdbbd099a8928dfeff7de1bb54c6f5
[INFO] running `Command { std: "docker" "create" "-v" "/var/lib/crater-agent-workspace/builds/worker-98/target:/opt/rustwide/target:rw,Z" "-v" "/var/lib/crater-agent-workspace/builds/worker-98/source:/opt/rustwide/workdir:ro,Z" "-v" "/var/lib/crater-agent-workspace/cargo-home:/opt/rustwide/cargo-home:ro,Z" "-v" "/var/lib/crater-agent-workspace/rustup-home:/opt/rustwide/rustup-home:ro,Z" "-e" "SOURCE_DIR=/opt/rustwide/workdir" "-e" "CARGO_TARGET_DIR=/opt/rustwide/target" "-e" "CARGO_INCREMENTAL=0" "-e" "RUST_BACKTRACE=full" "-e" "RUSTFLAGS=--cap-lints=warn" "-e" "CARGO_HOME=/opt/rustwide/cargo-home" "-e" "RUSTUP_HOME=/opt/rustwide/rustup-home" "-w" "/opt/rustwide/workdir" "-m" "1610612736" "--user" "0:0" "--network" "none" "ghcr.io/rust-lang/crates-build-env/linux@sha256:34b6a614d2c27851fe6cbf88fbd1137609cefab8b10d0615aaeb6fd47975d74e" "/opt/rustwide/cargo-home/bin/cargo" "+1.54.0" "test" "--frozen" "--no-run" "--message-format=json", kill_on_drop: false }`
[INFO] [stdout] fc4857bbdf5a30276d0802e26707bb1803b41c8b6e92b455bee978232df19b14
[INFO] running `Command { std: "docker" "start" "-a" "fc4857bbdf5a30276d0802e26707bb1803b41c8b6e92b455bee978232df19b14", kill_on_drop: false }`
[INFO] [stderr] warning: only one of `license` or `license-file` is necessary
[INFO] [stderr]    Compiling brawl_sun v0.3.0 (/opt/rustwide/workdir)
[INFO] [stdout] warning: structure field `starPowers` should have a snake case name
[INFO] [stdout]   --> src/model/structs.rs:16:6
[INFO] [stdout]    |
[INFO] [stdout] 16 |     pub starPowers: Vec<Ability>
[INFO] [stdout]    |         ^^^^^^^^^^ help: convert the identifier to snake case: `star_powers`
[INFO] [stdout]    |
[INFO] [stdout]    = note: `#[warn(non_snake_case)]` on by default
[INFO] [stdout] 
[INFO] [stdout] 
[INFO] [stdout] warning: structure field `nameColor` should have a snake case name
[INFO] [stdout]   --> src/model/structs.rs:66:6
[INFO] [stdout]    |
[INFO] [stdout] 66 |     pub nameColor: String,
[INFO] [stdout]    |         ^^^^^^^^^ help: convert the identifier to snake case: `name_color`
[INFO] [stdout] 
[INFO] [stdout] 
[INFO] [stdout] warning: structure field `requiredTrophies` should have a snake case name
[INFO] [stdout]   --> src/model/structs.rs:76:6
[INFO] [stdout]    |
[INFO] [stdout] 76 |     pub requiredTrophies: u16,
[INFO] [stdout]    |         ^^^^^^^^^^^^^^^^ help: convert the identifier to snake case: `required_trophies`
[INFO] [stdout] 
[INFO] [stdout] 
[INFO] [stdout] warning: 3 warnings emitted
[INFO] [stdout] 
[INFO] [stdout] 
[INFO] [stdout] warning: unused variable: `player`
[INFO] [stdout]   --> tests/players.rs:10:6
[INFO] [stdout]    |
[INFO] [stdout] 10 |     let player = client.get_player("#28CLCJG");
[INFO] [stdout]    |         ^^^^^^ help: if this is intentional, prefix it with an underscore: `_player`
[INFO] [stdout]    |
[INFO] [stdout]    = note: `#[warn(unused_variables)]` on by default
[INFO] [stdout] 
[INFO] [stdout] 
[INFO] [stdout] warning: structure field `starPowers` should have a snake case name
[INFO] [stdout]   --> src/model/structs.rs:16:6
[INFO] [stdout]    |
[INFO] [stdout] 16 |     pub starPowers: Vec<Ability>
[INFO] [stdout]    |         ^^^^^^^^^^ help: convert the identifier to snake case: `star_powers`
[INFO] [stdout]    |
[INFO] [stdout]    = note: `#[warn(non_snake_case)]` on by default
[INFO] [stdout] 
[INFO] [stdout] 
[INFO] [stdout] warning: structure field `nameColor` should have a snake case name
[INFO] [stdout]   --> src/model/structs.rs:66:6
[INFO] [stdout]    |
[INFO] [stdout] 66 |     pub nameColor: String,
[INFO] [stdout]    |         ^^^^^^^^^ help: convert the identifier to snake case: `name_color`
[INFO] [stdout] 
[INFO] [stdout] 
[INFO] [stdout] warning: structure field `requiredTrophies` should have a snake case name
[INFO] [stdout]   --> src/model/structs.rs:76:6
[INFO] [stdout]    |
[INFO] [stdout] 76 |     pub requiredTrophies: u16,
[INFO] [stdout]    |         ^^^^^^^^^^^^^^^^ help: convert the identifier to snake case: `required_trophies`
[INFO] [stdout] 
[INFO] [stdout] 
[INFO] [stdout] warning: 3 warnings emitted
[INFO] [stdout] 
[INFO] [stdout] 
[INFO] [stdout] warning: 1 warning emitted
[INFO] [stdout] 
[INFO] [stdout] 
[INFO] [stderr]     Finished test [unoptimized + debuginfo] target(s) in 5.60s
[INFO] running `Command { std: "docker" "inspect" "fc4857bbdf5a30276d0802e26707bb1803b41c8b6e92b455bee978232df19b14", kill_on_drop: false }`
[INFO] running `Command { std: "docker" "rm" "-f" "fc4857bbdf5a30276d0802e26707bb1803b41c8b6e92b455bee978232df19b14", kill_on_drop: false }`
[INFO] [stdout] fc4857bbdf5a30276d0802e26707bb1803b41c8b6e92b455bee978232df19b14
[INFO] running `Command { std: "docker" "create" "-v" "/var/lib/crater-agent-workspace/builds/worker-98/target:/opt/rustwide/target:rw,Z" "-v" "/var/lib/crater-agent-workspace/builds/worker-98/source:/opt/rustwide/workdir:ro,Z" "-v" "/var/lib/crater-agent-workspace/cargo-home:/opt/rustwide/cargo-home:ro,Z" "-v" "/var/lib/crater-agent-workspace/rustup-home:/opt/rustwide/rustup-home:ro,Z" "-e" "SOURCE_DIR=/opt/rustwide/workdir" "-e" "CARGO_TARGET_DIR=/opt/rustwide/target" "-e" "CARGO_INCREMENTAL=0" "-e" "RUST_BACKTRACE=full" "-e" "RUSTFLAGS=--cap-lints=warn" "-e" "CARGO_HOME=/opt/rustwide/cargo-home" "-e" "RUSTUP_HOME=/opt/rustwide/rustup-home" "-w" "/opt/rustwide/workdir" "-m" "1610612736" "--user" "0:0" "--network" "none" "ghcr.io/rust-lang/crates-build-env/linux@sha256:34b6a614d2c27851fe6cbf88fbd1137609cefab8b10d0615aaeb6fd47975d74e" "/opt/rustwide/cargo-home/bin/cargo" "+1.54.0" "test" "--frozen", kill_on_drop: false }`
[INFO] [stdout] b474cf629ccf89637931622d0bc9e27301987608415a055281868000d71265f8
[INFO] running `Command { std: "docker" "start" "-a" "b474cf629ccf89637931622d0bc9e27301987608415a055281868000d71265f8", kill_on_drop: false }`
[INFO] [stderr] warning: only one of `license` or `license-file` is necessary
[INFO] [stderr] warning: structure field `starPowers` should have a snake case name
[INFO] [stderr]   --> src/model/structs.rs:16:6
[INFO] [stderr]    |
[INFO] [stderr] 16 |     pub starPowers: Vec<Ability>
[INFO] [stderr]    |         ^^^^^^^^^^ help: convert the identifier to snake case: `star_powers`
[INFO] [stderr]    |
[INFO] [stderr]    = note: `#[warn(non_snake_case)]` on by default
[INFO] [stderr] 
[INFO] [stderr] warning: structure field `nameColor` should have a snake case name
[INFO] [stderr]   --> src/model/structs.rs:66:6
[INFO] [stderr]    |
[INFO] [stderr] 66 |     pub nameColor: String,
[INFO] [stderr]    |         ^^^^^^^^^ help: convert the identifier to snake case: `name_color`
[INFO] [stderr] 
[INFO] [stderr] warning: structure field `requiredTrophies` should have a snake case name
[INFO] [stderr]   --> src/model/structs.rs:76:6
[INFO] [stderr]    |
[INFO] [stderr] 76 |     pub requiredTrophies: u16,
[INFO] [stderr]    |         ^^^^^^^^^^^^^^^^ help: convert the identifier to snake case: `required_trophies`
[INFO] [stderr] 
[INFO] [stderr] warning: 3 warnings emitted
[INFO] [stderr] 
[INFO] [stderr] warning: structure field `starPowers` should have a snake case name
[INFO] [stderr]   --> src/model/structs.rs:16:6
[INFO] [stderr]    |
[INFO] [stderr] 16 |     pub starPowers: Vec<Ability>
[INFO] [stderr]    |         ^^^^^^^^^^ help: convert the identifier to snake case: `star_powers`
[INFO] [stderr]    |
[INFO] [stderr]    = note: `#[warn(non_snake_case)]` on by default
[INFO] [stderr] 
[INFO] [stderr] warning: structure field `nameColor` should have a snake case name
[INFO] [stderr]   --> src/model/structs.rs:66:6
[INFO] [stderr]    |
[INFO] [stderr] 66 |     pub nameColor: String,
[INFO] [stderr]    |         ^^^^^^^^^ help: convert the identifier to snake case: `name_color`
[INFO] [stderr] 
[INFO] [stderr] warning: structure field `requiredTrophies` should have a snake case name
[INFO] [stderr]   --> src/model/structs.rs:76:6
[INFO] [stderr]    |
[INFO] [stderr] 76 |     pub requiredTrophies: u16,
[INFO] [stderr]    |         ^^^^^^^^^^^^^^^^ help: convert the identifier to snake case: `required_trophies`
[INFO] [stderr] 
[INFO] [stderr] warning: 3 warnings emitted
[INFO] [stderr] 
[INFO] [stderr] warning: unused variable: `player`
[INFO] [stderr]   --> tests/players.rs:10:6
[INFO] [stderr]    |
[INFO] [stderr] 10 |     let player = client.get_player("#28CLCJG");
[INFO] [stderr]    |         ^^^^^^ help: if this is intentional, prefix it with an underscore: `_player`
[INFO] [stderr]    |
[INFO] [stderr]    = note: `#[warn(unused_variables)]` on by default
[INFO] [stderr] 
[INFO] [stderr] warning: 1 warning emitted
[INFO] [stderr] 
[INFO] [stderr]     Finished test [unoptimized + debuginfo] target(s) in 0.15s
[INFO] [stderr]      Running unittests (/opt/rustwide/target/debug/deps/brawl_sun-76d6a03092659e1a)
[INFO] [stdout] 
[INFO] [stdout] running 0 tests
[INFO] [stdout] 
[INFO] [stdout] test result: ok. 0 passed; 0 failed; 0 ignored; 0 measured; 0 filtered out; finished in 0.00s
[INFO] [stdout] 
[INFO] [stderr]      Running tests/brawlers.rs (/opt/rustwide/target/debug/deps/brawlers-3a3273ab5cc7c390)
[INFO] [stdout] 
[INFO] [stdout] running 1 test
[INFO] [stdout] test test_get_brawlers ... FAILED
[INFO] [stdout] 
[INFO] [stdout] failures:
[INFO] [stdout] 
[INFO] [stdout] ---- test_get_brawlers stdout ----
[INFO] [stdout] thread 'test_get_brawlers' panicked at 'Unable to read file: Os { code: 2, kind: NotFound, message: "No such file or directory" }', tests/brawlers.rs:8:10
[INFO] [stdout] stack backtrace:
[INFO] [stdout]    0:     0x561844bb0bc0 - std::backtrace_rs::backtrace::libunwind::trace::h34055254b57d8e79
[INFO] [stdout]                                at /rustc/a178d0322ce20e33eac124758e837cbd80a6f633/library/std/src/../../backtrace/src/backtrace/libunwind.rs:90:5
[INFO] [stdout]    1:     0x561844bb0bc0 - std::backtrace_rs::backtrace::trace_unsynchronized::h8f1e3fbd9afff6ec
[INFO] [stdout]                                at /rustc/a178d0322ce20e33eac124758e837cbd80a6f633/library/std/src/../../backtrace/src/backtrace/mod.rs:66:5
[INFO] [stdout]    2:     0x561844bb0bc0 - std::sys_common::backtrace::_print_fmt::h3a99a796b770c360
[INFO] [stdout]                                at /rustc/a178d0322ce20e33eac124758e837cbd80a6f633/library/std/src/sys_common/backtrace.rs:67:5
[INFO] [stdout]    3:     0x561844bb0bc0 - <std::sys_common::backtrace::_print::DisplayBacktrace as core::fmt::Display>::fmt::h32d1f94a80615d18
[INFO] [stdout]                                at /rustc/a178d0322ce20e33eac124758e837cbd80a6f633/library/std/src/sys_common/backtrace.rs:46:22
[INFO] [stdout]    4:     0x561844bd42bc - core::fmt::write::h306731c068f7162c
[INFO] [stdout]                                at /rustc/a178d0322ce20e33eac124758e837cbd80a6f633/library/core/src/fmt/mod.rs:1110:17
[INFO] [stdout]    5:     0x561844baa665 - std::io::Write::write_fmt::h87f19b0a2cd190bc
[INFO] [stdout]                                at /rustc/a178d0322ce20e33eac124758e837cbd80a6f633/library/std/src/io/mod.rs:1588:15
[INFO] [stdout]    6:     0x561844bb2d9b - std::sys_common::backtrace::_print::h5abaa2601a852287
[INFO] [stdout]                                at /rustc/a178d0322ce20e33eac124758e837cbd80a6f633/library/std/src/sys_common/backtrace.rs:49:5
[INFO] [stdout]    7:     0x561844bb2d9b - std::sys_common::backtrace::print::h8d81445442bb638f
[INFO] [stdout]                                at /rustc/a178d0322ce20e33eac124758e837cbd80a6f633/library/std/src/sys_common/backtrace.rs:36:9
[INFO] [stdout]    8:     0x561844bb2d9b - std::panicking::default_hook::{{closure}}::hcfe804496a9fa747
[INFO] [stdout]                                at /rustc/a178d0322ce20e33eac124758e837cbd80a6f633/library/std/src/panicking.rs:208:50
[INFO] [stdout]    9:     0x561844bb28ac - std::panicking::default_hook::hbea8e3ccf2ba8901
[INFO] [stdout]                                at /rustc/a178d0322ce20e33eac124758e837cbd80a6f633/library/std/src/panicking.rs:222:9
[INFO] [stdout]   10:     0x561844bb3464 - std::panicking::rust_panic_with_hook::h7ee9e1a2d0f8975a
[INFO] [stdout]                                at /rustc/a178d0322ce20e33eac124758e837cbd80a6f633/library/std/src/panicking.rs:622:17
[INFO] [stdout]   11:     0x561844bb2f47 - std::panicking::begin_panic_handler::{{closure}}::h8ab3b4491718b2c7
[INFO] [stdout]                                at /rustc/a178d0322ce20e33eac124758e837cbd80a6f633/library/std/src/panicking.rs:519:13
[INFO] [stdout]   12:     0x561844bb10bc - std::sys_common::backtrace::__rust_end_short_backtrace::hd489062ffa586a9f
[INFO] [stdout]                                at /rustc/a178d0322ce20e33eac124758e837cbd80a6f633/library/std/src/sys_common/backtrace.rs:141:18
[INFO] [stdout]   13:     0x561844bb2ea9 - rust_begin_unwind
[INFO] [stdout]                                at /rustc/a178d0322ce20e33eac124758e837cbd80a6f633/library/std/src/panicking.rs:515:5
[INFO] [stdout]   14:     0x561844642c81 - core::panicking::panic_fmt::hca6330e3e14086b4
[INFO] [stdout]                                at /rustc/a178d0322ce20e33eac124758e837cbd80a6f633/library/core/src/panicking.rs:92:14
[INFO] [stdout]   15:     0x561844642d73 - core::result::unwrap_failed::h6160d2b4bfbb0e87
[INFO] [stdout]                                at /rustc/a178d0322ce20e33eac124758e837cbd80a6f633/library/core/src/result.rs:1355:5
[INFO] [stdout]   16:     0x561844644126 - core::result::Result<T,E>::expect::h5af86b6d44391639
[INFO] [stdout]                                at /rustc/a178d0322ce20e33eac124758e837cbd80a6f633/library/core/src/result.rs:997:23
[INFO] [stdout]   17:     0x561844643cbf - brawlers::test_get_brawlers::h8d8686f62e1d37e6
[INFO] [stdout]                                at /opt/rustwide/workdir/tests/brawlers.rs:7:15
[INFO] [stdout]   18:     0x561844643c6a - brawlers::test_get_brawlers::{{closure}}::h325e7d137c511fa7
[INFO] [stdout]                                at /opt/rustwide/workdir/tests/brawlers.rs:6:1
[INFO] [stdout]   19:     0x561844643a2e - core::ops::function::FnOnce::call_once::h65d172f9f2c3a2a1
[INFO] [stdout]                                at /rustc/a178d0322ce20e33eac124758e837cbd80a6f633/library/core/src/ops/function.rs:227:5
[INFO] [stdout]   20:     0x56184466c303 - core::ops::function::FnOnce::call_once::h152e7e439ff59e19
[INFO] [stdout]                                at /rustc/a178d0322ce20e33eac124758e837cbd80a6f633/library/core/src/ops/function.rs:227:5
[INFO] [stdout]   21:     0x56184466c303 - test::__rust_begin_short_backtrace::h0908f3b1fdbb72ab
[INFO] [stdout]                                at /rustc/a178d0322ce20e33eac124758e837cbd80a6f633/library/test/src/lib.rs:577:5
[INFO] [stdout]   22:     0x56184466adc0 - <alloc::boxed::Box<F,A> as core::ops::function::FnOnce<Args>>::call_once::hf6d2a51e5587546c
[INFO] [stdout]                                at /rustc/a178d0322ce20e33eac124758e837cbd80a6f633/library/alloc/src/boxed.rs:1575:9
[INFO] [stdout]   23:     0x56184466adc0 - <std::panic::AssertUnwindSafe<F> as core::ops::function::FnOnce<()>>::call_once::h8af660f3a89ef593
[INFO] [stdout]                                at /rustc/a178d0322ce20e33eac124758e837cbd80a6f633/library/std/src/panic.rs:347:9
[INFO] [stdout]   24:     0x56184466adc0 - std::panicking::try::do_call::hd36aef60f84b6d36
[INFO] [stdout]                                at /rustc/a178d0322ce20e33eac124758e837cbd80a6f633/library/std/src/panicking.rs:401:40
[INFO] [stdout]   25:     0x56184466adc0 - std::panicking::try::h9932b4480e69817c
[INFO] [stdout]                                at /rustc/a178d0322ce20e33eac124758e837cbd80a6f633/library/std/src/panicking.rs:365:19
[INFO] [stdout]   26:     0x56184466adc0 - std::panic::catch_unwind::h6aa177099cfff5f8
[INFO] [stdout]                                at /rustc/a178d0322ce20e33eac124758e837cbd80a6f633/library/std/src/panic.rs:434:14
[INFO] [stdout]   27:     0x56184466adc0 - test::run_test_in_process::h5884d6f2d99e20c3
[INFO] [stdout]                                at /rustc/a178d0322ce20e33eac124758e837cbd80a6f633/library/test/src/lib.rs:600:18
[INFO] [stdout]   28:     0x56184466adc0 - test::run_test::run_test_inner::{{closure}}::h6fdc58c6d5f5b6e3
[INFO] [stdout]                                at /rustc/a178d0322ce20e33eac124758e837cbd80a6f633/library/test/src/lib.rs:492:39
[INFO] [stdout]   29:     0x561844644472 - test::run_test::run_test_inner::{{closure}}::h408365d67a78ade8
[INFO] [stdout]                                at /rustc/a178d0322ce20e33eac124758e837cbd80a6f633/library/test/src/lib.rs:519:37
[INFO] [stdout]   30:     0x561844644472 - std::sys_common::backtrace::__rust_begin_short_backtrace::hb560b77c4f701523
[INFO] [stdout]                                at /rustc/a178d0322ce20e33eac124758e837cbd80a6f633/library/std/src/sys_common/backtrace.rs:125:18
[INFO] [stdout]   31:     0x561844648028 - std::thread::Builder::spawn_unchecked::{{closure}}::{{closure}}::hf2e7831dad93c597
[INFO] [stdout]                                at /rustc/a178d0322ce20e33eac124758e837cbd80a6f633/library/std/src/thread/mod.rs:481:17
[INFO] [stdout]   32:     0x561844648028 - <std::panic::AssertUnwindSafe<F> as core::ops::function::FnOnce<()>>::call_once::hd2e08783d8be4d02
[INFO] [stdout]                                at /rustc/a178d0322ce20e33eac124758e837cbd80a6f633/library/std/src/panic.rs:347:9
[INFO] [stdout]   33:     0x561844648028 - std::panicking::try::do_call::h062597b7acfd6b82
[INFO] [stdout]                                at /rustc/a178d0322ce20e33eac124758e837cbd80a6f633/library/std/src/panicking.rs:401:40
[INFO] [stdout]   34:     0x561844648028 - std::panicking::try::h0d7b79db04c14552
[INFO] [stdout]                                at /rustc/a178d0322ce20e33eac124758e837cbd80a6f633/library/std/src/panicking.rs:365:19
[INFO] [stdout]   35:     0x561844648028 - std::panic::catch_unwind::hb01a0b5e7c8cd43b
[INFO] [stdout]                                at /rustc/a178d0322ce20e33eac124758e837cbd80a6f633/library/std/src/panic.rs:434:14
[INFO] [stdout]   36:     0x561844648028 - std::thread::Builder::spawn_unchecked::{{closure}}::h5bde48cc887e0d1e
[INFO] [stdout]                                at /rustc/a178d0322ce20e33eac124758e837cbd80a6f633/library/std/src/thread/mod.rs:480:30
[INFO] [stdout]   37:     0x561844648028 - core::ops::function::FnOnce::call_once{{vtable.shim}}::h745ea30807a29e55
[INFO] [stdout]                                at /rustc/a178d0322ce20e33eac124758e837cbd80a6f633/library/core/src/ops/function.rs:227:5
[INFO] [stdout]   38:     0x561844bb8827 - <alloc::boxed::Box<F,A> as core::ops::function::FnOnce<Args>>::call_once::h7ece6cfefaff1005
[INFO] [stdout]                                at /rustc/a178d0322ce20e33eac124758e837cbd80a6f633/library/alloc/src/boxed.rs:1575:9
[INFO] [stdout]   39:     0x561844bb8827 - <alloc::boxed::Box<F,A> as core::ops::function::FnOnce<Args>>::call_once::hb8b48e55c21f193e
[INFO] [stdout]                                at /rustc/a178d0322ce20e33eac124758e837cbd80a6f633/library/alloc/src/boxed.rs:1575:9
[INFO] [stdout]   40:     0x561844bb8827 - std::sys::unix::thread::Thread::new::thread_start::h8c7c4450dba62914
[INFO] [stdout]                                at /rustc/a178d0322ce20e33eac124758e837cbd80a6f633/library/std/src/sys/unix/thread.rs:71:17
[INFO] [stdout]   41:     0x7fe367118609 - start_thread
[INFO] [stdout]   42:     0x7fe366ee8293 - clone
[INFO] [stdout]   43:                0x0 - <unknown>
[INFO] [stdout] 
[INFO] [stdout] 
[INFO] [stdout] failures:
[INFO] [stdout]     test_get_brawlers
[INFO] [stdout] 
[INFO] [stdout] test result: FAILED. 0 passed; 1 failed; 0 ignored; 0 measured; 0 filtered out; finished in 0.03s
[INFO] [stdout] 
[INFO] [stderr] error: test failed, to rerun pass '--test brawlers'
[INFO] running `Command { std: "docker" "inspect" "b474cf629ccf89637931622d0bc9e27301987608415a055281868000d71265f8", kill_on_drop: false }`
[INFO] running `Command { std: "docker" "rm" "-f" "b474cf629ccf89637931622d0bc9e27301987608415a055281868000d71265f8", kill_on_drop: false }`
[INFO] [stdout] b474cf629ccf89637931622d0bc9e27301987608415a055281868000d71265f8
