[INFO] fetching crate boxx 0.0.3-beta...
[INFO] testing boxx-0.0.3-beta against beta-2021-08-01 for beta-1.55-1
[INFO] extracting crate boxx 0.0.3-beta into /workspace/builds/worker-64/source
[INFO] validating manifest of crates.io crate boxx 0.0.3-beta on toolchain beta-2021-08-01
[INFO] running `Command { std: "/workspace/cargo-home/bin/cargo" "+beta-2021-08-01" "metadata" "--manifest-path" "Cargo.toml" "--no-deps", kill_on_drop: false }`
[INFO] started tweaking crates.io crate boxx 0.0.3-beta
[INFO] removed 0 missing examples
[INFO] finished tweaking crates.io crate boxx 0.0.3-beta
[INFO] tweaked toml for crates.io crate boxx 0.0.3-beta written to /workspace/builds/worker-64/source/Cargo.toml
[INFO] crate crates.io crate boxx 0.0.3-beta already has a lockfile, it will not be regenerated
[INFO] running `Command { std: "/workspace/cargo-home/bin/cargo" "+beta-2021-08-01" "fetch" "--manifest-path" "Cargo.toml", kill_on_drop: false }`
[INFO] [stderr]     Blocking waiting for file lock on package cache
[INFO] running `Command { std: "docker" "create" "-v" "/var/lib/crater-agent-workspace/builds/worker-64/target:/opt/rustwide/target:rw,Z" "-v" "/var/lib/crater-agent-workspace/builds/worker-64/source:/opt/rustwide/workdir:ro,Z" "-v" "/var/lib/crater-agent-workspace/cargo-home:/opt/rustwide/cargo-home:ro,Z" "-v" "/var/lib/crater-agent-workspace/rustup-home:/opt/rustwide/rustup-home:ro,Z" "-e" "SOURCE_DIR=/opt/rustwide/workdir" "-e" "CARGO_TARGET_DIR=/opt/rustwide/target" "-e" "CARGO_HOME=/opt/rustwide/cargo-home" "-e" "RUSTUP_HOME=/opt/rustwide/rustup-home" "-w" "/opt/rustwide/workdir" "-m" "1610612736" "--user" "0:0" "--network" "none" "ghcr.io/rust-lang/crates-build-env/linux@sha256:34b6a614d2c27851fe6cbf88fbd1137609cefab8b10d0615aaeb6fd47975d74e" "/opt/rustwide/cargo-home/bin/cargo" "+beta-2021-08-01" "metadata" "--no-deps" "--format-version=1", kill_on_drop: false }`
[INFO] [stdout] ac6f9325104cf580744e9cace83f1a7683775cdebfdff04ef26cead3670b8baa
[INFO] running `Command { std: "docker" "start" "-a" "ac6f9325104cf580744e9cace83f1a7683775cdebfdff04ef26cead3670b8baa", kill_on_drop: false }`
[INFO] running `Command { std: "docker" "inspect" "ac6f9325104cf580744e9cace83f1a7683775cdebfdff04ef26cead3670b8baa", kill_on_drop: false }`
[INFO] running `Command { std: "docker" "rm" "-f" "ac6f9325104cf580744e9cace83f1a7683775cdebfdff04ef26cead3670b8baa", kill_on_drop: false }`
[INFO] [stdout] ac6f9325104cf580744e9cace83f1a7683775cdebfdff04ef26cead3670b8baa
[INFO] running `Command { std: "docker" "create" "-v" "/var/lib/crater-agent-workspace/builds/worker-64/target:/opt/rustwide/target:rw,Z" "-v" "/var/lib/crater-agent-workspace/builds/worker-64/source:/opt/rustwide/workdir:ro,Z" "-v" "/var/lib/crater-agent-workspace/cargo-home:/opt/rustwide/cargo-home:ro,Z" "-v" "/var/lib/crater-agent-workspace/rustup-home:/opt/rustwide/rustup-home:ro,Z" "-e" "SOURCE_DIR=/opt/rustwide/workdir" "-e" "CARGO_TARGET_DIR=/opt/rustwide/target" "-e" "CARGO_INCREMENTAL=0" "-e" "RUST_BACKTRACE=full" "-e" "RUSTFLAGS=--cap-lints=warn" "-e" "CARGO_HOME=/opt/rustwide/cargo-home" "-e" "RUSTUP_HOME=/opt/rustwide/rustup-home" "-w" "/opt/rustwide/workdir" "-m" "1610612736" "--user" "0:0" "--network" "none" "ghcr.io/rust-lang/crates-build-env/linux@sha256:34b6a614d2c27851fe6cbf88fbd1137609cefab8b10d0615aaeb6fd47975d74e" "/opt/rustwide/cargo-home/bin/cargo" "+beta-2021-08-01" "build" "--frozen" "--message-format=json", kill_on_drop: false }`
[INFO] [stdout] ebff6b99ecdeff4b1f926374eda5073984bd5b5e1af5829648e264942766bab3
[INFO] running `Command { std: "docker" "start" "-a" "ebff6b99ecdeff4b1f926374eda5073984bd5b5e1af5829648e264942766bab3", kill_on_drop: false }`
[INFO] [stderr]    Compiling proc-macro2 v1.0.9
[INFO] [stderr]    Compiling libc v0.2.67
[INFO] [stderr]    Compiling memchr v2.3.3
[INFO] [stderr]    Compiling syn v1.0.16
[INFO] [stderr]    Compiling utf8parse v0.1.1
[INFO] [stderr]    Compiling regex-syntax v0.6.16
[INFO] [stderr]    Compiling unicode-width v0.1.7
[INFO] [stderr]    Compiling thread_local v1.0.1
[INFO] [stderr]    Compiling vte v0.3.3
[INFO] [stderr]    Compiling strip-ansi-escapes v0.1.0
[INFO] [stderr]    Compiling aho-corasick v0.7.9
[INFO] [stderr]    Compiling clicolors-control v1.0.1
[INFO] [stderr]    Compiling termios v0.3.1
[INFO] [stderr]    Compiling term_size v0.3.1
[INFO] [stderr]    Compiling quote v1.0.3
[INFO] [stderr]    Compiling regex v1.3.4
[INFO] [stderr]    Compiling console v0.9.2
[INFO] [stderr]    Compiling thiserror-impl v1.0.11
[INFO] [stderr]    Compiling thiserror v1.0.11
[INFO] [stderr]    Compiling boxx v0.0.3-beta (/opt/rustwide/workdir)
[INFO] [stderr]     Finished dev [unoptimized + debuginfo] target(s) in 9.99s
[INFO] running `Command { std: "docker" "inspect" "ebff6b99ecdeff4b1f926374eda5073984bd5b5e1af5829648e264942766bab3", kill_on_drop: false }`
[INFO] running `Command { std: "docker" "rm" "-f" "ebff6b99ecdeff4b1f926374eda5073984bd5b5e1af5829648e264942766bab3", kill_on_drop: false }`
[INFO] [stdout] ebff6b99ecdeff4b1f926374eda5073984bd5b5e1af5829648e264942766bab3
[INFO] running `Command { std: "docker" "create" "-v" "/var/lib/crater-agent-workspace/builds/worker-64/target:/opt/rustwide/target:rw,Z" "-v" "/var/lib/crater-agent-workspace/builds/worker-64/source:/opt/rustwide/workdir:ro,Z" "-v" "/var/lib/crater-agent-workspace/cargo-home:/opt/rustwide/cargo-home:ro,Z" "-v" "/var/lib/crater-agent-workspace/rustup-home:/opt/rustwide/rustup-home:ro,Z" "-e" "SOURCE_DIR=/opt/rustwide/workdir" "-e" "CARGO_TARGET_DIR=/opt/rustwide/target" "-e" "CARGO_INCREMENTAL=0" "-e" "RUST_BACKTRACE=full" "-e" "RUSTFLAGS=--cap-lints=warn" "-e" "CARGO_HOME=/opt/rustwide/cargo-home" "-e" "RUSTUP_HOME=/opt/rustwide/rustup-home" "-w" "/opt/rustwide/workdir" "-m" "1610612736" "--user" "0:0" "--network" "none" "ghcr.io/rust-lang/crates-build-env/linux@sha256:34b6a614d2c27851fe6cbf88fbd1137609cefab8b10d0615aaeb6fd47975d74e" "/opt/rustwide/cargo-home/bin/cargo" "+beta-2021-08-01" "test" "--frozen" "--no-run" "--message-format=json", kill_on_drop: false }`
[INFO] [stdout] eeec5051d0346e9b26a4c6cae9003d91fba283964cbe91faabaea8303968987d
[INFO] running `Command { std: "docker" "start" "-a" "eeec5051d0346e9b26a4c6cae9003d91fba283964cbe91faabaea8303968987d", kill_on_drop: false }`
[INFO] [stderr]    Compiling version_check v0.9.1
[INFO] [stderr]    Compiling proc-macro2 v0.4.30
[INFO] [stderr]    Compiling smallvec v1.2.0
[INFO] [stderr]    Compiling matches v0.1.8
[INFO] [stderr]    Compiling unicode-xid v0.1.0
[INFO] [stderr]    Compiling serde v1.0.104
[INFO] [stderr]    Compiling syn v0.15.44
[INFO] [stderr]    Compiling pulldown-cmark v0.4.1
[INFO] [stderr]    Compiling either v1.5.3
[INFO] [stderr]    Compiling percent-encoding v1.0.1
[INFO] [stderr]    Compiling semver-parser v0.9.0
[INFO] [stderr]    Compiling unicode-bidi v0.3.4
[INFO] [stderr]    Compiling unicode-normalization v0.1.12
[INFO] [stderr]    Compiling itertools v0.8.2
[INFO] [stderr]    Compiling unicase v2.6.0
[INFO] [stderr]    Compiling idna v0.1.5
[INFO] [stderr]    Compiling quote v0.6.13
[INFO] [stderr]    Compiling url v1.7.2
[INFO] [stderr]    Compiling toml v0.5.6
[INFO] [stderr]    Compiling version-sync v0.8.1
[INFO] [stderr]    Compiling boxx v0.0.3-beta (/opt/rustwide/workdir)
[INFO] [stdout] warning: panic message is not a string literal
[INFO] [stdout]  --> tests/mod.rs:3:5
[INFO] [stdout]   |
[INFO] [stdout] 3 |     version_sync::assert_markdown_deps_updated!("README.md");
[INFO] [stdout]   |     ^^^^^^^^^^^^^^^^^^^^^^^^^^^^^^^^^^^^^^^^^^^^^^^^^^^^^^^^^
[INFO] [stdout]   |
[INFO] [stdout]   = note: `#[warn(non_fmt_panics)]` on by default
[INFO] [stdout]   = note: this usage of panic!() is deprecated; it will be a hard error in Rust 2021
[INFO] [stdout]   = note: for more information, see <https://doc.rust-lang.org/nightly/edition-guide/rust-2021/panic-macro-consistency.html>
[INFO] [stdout]   = note: this warning originates in the macro `version_sync::assert_markdown_deps_updated` (in Nightly builds, run with -Z macro-backtrace for more info)
[INFO] [stdout] 
[INFO] [stdout] 
[INFO] [stdout] warning: panic message is not a string literal
[INFO] [stdout]  --> tests/mod.rs:8:5
[INFO] [stdout]   |
[INFO] [stdout] 8 |     version_sync::assert_html_root_url_updated!("src/lib.rs");
[INFO] [stdout]   |     ^^^^^^^^^^^^^^^^^^^^^^^^^^^^^^^^^^^^^^^^^^^^^^^^^^^^^^^^^^
[INFO] [stdout]   |
[INFO] [stdout]   = note: this usage of panic!() is deprecated; it will be a hard error in Rust 2021
[INFO] [stdout]   = note: for more information, see <https://doc.rust-lang.org/nightly/edition-guide/rust-2021/panic-macro-consistency.html>
[INFO] [stdout]   = note: this warning originates in the macro `version_sync::assert_html_root_url_updated` (in Nightly builds, run with -Z macro-backtrace for more info)
[INFO] [stdout] 
[INFO] [stdout] 
[INFO] [stdout] warning: 2 warnings emitted
[INFO] [stdout] 
[INFO] [stdout] 
[INFO] [stderr]     Finished test [unoptimized + debuginfo] target(s) in 12.84s
[INFO] running `Command { std: "docker" "inspect" "eeec5051d0346e9b26a4c6cae9003d91fba283964cbe91faabaea8303968987d", kill_on_drop: false }`
[INFO] running `Command { std: "docker" "rm" "-f" "eeec5051d0346e9b26a4c6cae9003d91fba283964cbe91faabaea8303968987d", kill_on_drop: false }`
[INFO] [stdout] eeec5051d0346e9b26a4c6cae9003d91fba283964cbe91faabaea8303968987d
[INFO] running `Command { std: "docker" "create" "-v" "/var/lib/crater-agent-workspace/builds/worker-64/target:/opt/rustwide/target:rw,Z" "-v" "/var/lib/crater-agent-workspace/builds/worker-64/source:/opt/rustwide/workdir:ro,Z" "-v" "/var/lib/crater-agent-workspace/cargo-home:/opt/rustwide/cargo-home:ro,Z" "-v" "/var/lib/crater-agent-workspace/rustup-home:/opt/rustwide/rustup-home:ro,Z" "-e" "SOURCE_DIR=/opt/rustwide/workdir" "-e" "CARGO_TARGET_DIR=/opt/rustwide/target" "-e" "CARGO_INCREMENTAL=0" "-e" "RUST_BACKTRACE=full" "-e" "RUSTFLAGS=--cap-lints=warn" "-e" "CARGO_HOME=/opt/rustwide/cargo-home" "-e" "RUSTUP_HOME=/opt/rustwide/rustup-home" "-w" "/opt/rustwide/workdir" "-m" "1610612736" "--user" "0:0" "--network" "none" "ghcr.io/rust-lang/crates-build-env/linux@sha256:34b6a614d2c27851fe6cbf88fbd1137609cefab8b10d0615aaeb6fd47975d74e" "/opt/rustwide/cargo-home/bin/cargo" "+beta-2021-08-01" "test" "--frozen", kill_on_drop: false }`
[INFO] [stdout] a623adbd9fa134d2e897a429ffe7ae28d151f7827239596b697b324bb643377c
[INFO] running `Command { std: "docker" "start" "-a" "a623adbd9fa134d2e897a429ffe7ae28d151f7827239596b697b324bb643377c", kill_on_drop: false }`
[INFO] [stderr]     Blocking waiting for file lock on package cache
[INFO] [stderr]     Blocking waiting for file lock on package cache
[INFO] [stderr] warning: panic message is not a string literal
[INFO] [stderr]  --> tests/mod.rs:3:5
[INFO] [stderr]   |
[INFO] [stderr] 3 |     version_sync::assert_markdown_deps_updated!("README.md");
[INFO] [stderr]   |     ^^^^^^^^^^^^^^^^^^^^^^^^^^^^^^^^^^^^^^^^^^^^^^^^^^^^^^^^^
[INFO] [stderr]   |
[INFO] [stderr]   = note: `#[warn(non_fmt_panics)]` on by default
[INFO] [stderr]   = note: this usage of panic!() is deprecated; it will be a hard error in Rust 2021
[INFO] [stderr]   = note: for more information, see <https://doc.rust-lang.org/nightly/edition-guide/rust-2021/panic-macro-consistency.html>
[INFO] [stderr]   = note: this warning originates in the macro `version_sync::assert_markdown_deps_updated` (in Nightly builds, run with -Z macro-backtrace for more info)
[INFO] [stderr] 
[INFO] [stderr] warning: panic message is not a string literal
[INFO] [stderr]  --> tests/mod.rs:8:5
[INFO] [stderr]   |
[INFO] [stderr] 8 |     version_sync::assert_html_root_url_updated!("src/lib.rs");
[INFO] [stderr]   |     ^^^^^^^^^^^^^^^^^^^^^^^^^^^^^^^^^^^^^^^^^^^^^^^^^^^^^^^^^^
[INFO] [stderr]   |
[INFO] [stderr]   = note: this usage of panic!() is deprecated; it will be a hard error in Rust 2021
[INFO] [stderr]   = note: for more information, see <https://doc.rust-lang.org/nightly/edition-guide/rust-2021/panic-macro-consistency.html>
[INFO] [stderr]   = note: this warning originates in the macro `version_sync::assert_html_root_url_updated` (in Nightly builds, run with -Z macro-backtrace for more info)
[INFO] [stderr] 
[INFO] [stderr] warning: `boxx` (test "mod") generated 2 warnings
[INFO] [stderr]     Finished test [unoptimized + debuginfo] target(s) in 0.72s
[INFO] [stderr]      Running unittests (/opt/rustwide/target/debug/deps/boxx-1f0a1213570e5fc4)
[INFO] [stdout] 
[INFO] [stderr]      Running tests/mod.rs (/opt/rustwide/target/debug/deps/mod-e6a180fbbed86957)
[INFO] [stdout] running 0 tests
[INFO] [stdout] 
[INFO] [stdout] test result: ok. 0 passed; 0 failed; 0 ignored; 0 measured; 0 filtered out; finished in 0.00s
[INFO] [stdout] 
[INFO] [stdout] 
[INFO] [stdout] running 2 tests
[INFO] [stdout] test test_readme_deps ... ok
[INFO] [stderr]    Doc-tests boxx
[INFO] [stdout] test test_html_root_url ... ok
[INFO] [stdout] 
[INFO] [stdout] test result: ok. 2 passed; 0 failed; 0 ignored; 0 measured; 0 filtered out; finished in 0.05s
[INFO] [stdout] 
[INFO] [stdout] 
[INFO] [stdout] running 5 tests
[INFO] [stdout] test src/lib.rs - Boxx::as_str (line 97) ... FAILED
[INFO] [stdout] test src/lib.rs - Boxx::builder (line 63) ... ok
[INFO] [stdout] test src/lib.rs - Boxx::new (line 49) ... ok
[INFO] [stdout] test src/lib.rs - Boxx::display (line 84) ... ok
[INFO] [stdout] test src/lib.rs - Boxx::default (line 36) ... ok
[INFO] [stdout] 
[INFO] [stdout] failures:
[INFO] [stdout] 
[INFO] [stdout] ---- src/lib.rs - Boxx::as_str (line 97) stdout ----
[INFO] [stdout] error[E0277]: the `?` operator can only be used in a function that returns `Result` or `Option` (or another type that implements `FromResidual`)
[INFO] [stdout]    --> src/lib.rs:100:53
[INFO] [stdout]     |
[INFO] [stdout] 3   |   fn main() { #[allow(non_snake_case)] fn _doctest_main_src_lib_rs_97_0() {
[INFO] [stdout]     |  ______________________________________-
[INFO] [stdout] 4   | | use boxx::Boxx;
[INFO] [stdout] 5   | |
[INFO] [stdout] 6   | | let result = Boxx::default().as_str("Hello, World!")?;
[INFO] [stdout]     | |                                                     ^ cannot use the `?` operator in a function that returns `()`
[INFO] [stdout] 7   | | println!("{}", result);
[INFO] [stdout] 8   | | } _doctest_main_src_lib_rs_97_0() }
[INFO] [stdout]     | |_- this function should return `Result` or `Option` to accept `?`
[INFO] [stdout]     |
[INFO] [stdout]     = help: the trait `FromResidual<Result<Infallible, boxx::visual::VisualWidthError>>` is not implemented for `()`
[INFO] [stdout] note: required by `from_residual`
[INFO] [stdout] 
[INFO] [stdout] error: aborting due to previous error
[INFO] [stdout] 
[INFO] [stdout] For more information about this error, try `rustc --explain E0277`.
[INFO] [stdout] Couldn't compile the test.
[INFO] [stdout] 
[INFO] [stdout] failures:
[INFO] [stdout]     src/lib.rs - Boxx::as_str (line 97)
[INFO] [stdout] 
[INFO] [stdout] test result: FAILED. 4 passed; 1 failed; 0 ignored; 0 measured; 0 filtered out; finished in 1.20s
[INFO] [stdout] 
[INFO] [stderr] error: test failed, to rerun pass '--doc'
[INFO] running `Command { std: "docker" "inspect" "a623adbd9fa134d2e897a429ffe7ae28d151f7827239596b697b324bb643377c", kill_on_drop: false }`
[INFO] running `Command { std: "docker" "rm" "-f" "a623adbd9fa134d2e897a429ffe7ae28d151f7827239596b697b324bb643377c", kill_on_drop: false }`
[INFO] [stdout] a623adbd9fa134d2e897a429ffe7ae28d151f7827239596b697b324bb643377c
