[INFO] fetching crate bool_ext 0.5.1...
[INFO] testing bool_ext-0.5.1 against beta-2021-08-01 for beta-1.55-1
[INFO] extracting crate bool_ext 0.5.1 into /workspace/builds/worker-8/source
[INFO] validating manifest of crates.io crate bool_ext 0.5.1 on toolchain beta-2021-08-01
[INFO] running `Command { std: "/workspace/cargo-home/bin/cargo" "+beta-2021-08-01" "metadata" "--manifest-path" "Cargo.toml" "--no-deps", kill_on_drop: false }`
[INFO] removed /workspace/builds/worker-8/source/rust-toolchain
[INFO] started tweaking crates.io crate bool_ext 0.5.1
[INFO] finished tweaking crates.io crate bool_ext 0.5.1
[INFO] tweaked toml for crates.io crate bool_ext 0.5.1 written to /workspace/builds/worker-8/source/Cargo.toml
[INFO] running `Command { std: "/workspace/cargo-home/bin/cargo" "+beta-2021-08-01" "generate-lockfile" "--manifest-path" "Cargo.toml" "-Zno-index-update", kill_on_drop: false }`
[INFO] [stderr]     Blocking waiting for file lock on package cache
[INFO] running `Command { std: "/workspace/cargo-home/bin/cargo" "+beta-2021-08-01" "fetch" "--manifest-path" "Cargo.toml", kill_on_drop: false }`
[INFO] [stderr]     Blocking waiting for file lock on package cache
[INFO] [stderr]     Blocking waiting for file lock on package cache
[INFO] running `Command { std: "docker" "create" "-v" "/var/lib/crater-agent-workspace/builds/worker-8/target:/opt/rustwide/target:rw,Z" "-v" "/var/lib/crater-agent-workspace/builds/worker-8/source:/opt/rustwide/workdir:ro,Z" "-v" "/var/lib/crater-agent-workspace/cargo-home:/opt/rustwide/cargo-home:ro,Z" "-v" "/var/lib/crater-agent-workspace/rustup-home:/opt/rustwide/rustup-home:ro,Z" "-e" "SOURCE_DIR=/opt/rustwide/workdir" "-e" "CARGO_TARGET_DIR=/opt/rustwide/target" "-e" "CARGO_HOME=/opt/rustwide/cargo-home" "-e" "RUSTUP_HOME=/opt/rustwide/rustup-home" "-w" "/opt/rustwide/workdir" "-m" "1610612736" "--user" "0:0" "--network" "none" "ghcr.io/rust-lang/crates-build-env/linux@sha256:34b6a614d2c27851fe6cbf88fbd1137609cefab8b10d0615aaeb6fd47975d74e" "/opt/rustwide/cargo-home/bin/cargo" "+beta-2021-08-01" "metadata" "--no-deps" "--format-version=1", kill_on_drop: false }`
[INFO] [stdout] 4a1b3334b3e82cf7cb09d9db15deab5276853e7ec46f7687aa231ce8d1c5ea8d
[INFO] running `Command { std: "docker" "start" "-a" "4a1b3334b3e82cf7cb09d9db15deab5276853e7ec46f7687aa231ce8d1c5ea8d", kill_on_drop: false }`
[INFO] running `Command { std: "docker" "inspect" "4a1b3334b3e82cf7cb09d9db15deab5276853e7ec46f7687aa231ce8d1c5ea8d", kill_on_drop: false }`
[INFO] running `Command { std: "docker" "rm" "-f" "4a1b3334b3e82cf7cb09d9db15deab5276853e7ec46f7687aa231ce8d1c5ea8d", kill_on_drop: false }`
[INFO] [stdout] 4a1b3334b3e82cf7cb09d9db15deab5276853e7ec46f7687aa231ce8d1c5ea8d
[INFO] running `Command { std: "docker" "create" "-v" "/var/lib/crater-agent-workspace/builds/worker-8/target:/opt/rustwide/target:rw,Z" "-v" "/var/lib/crater-agent-workspace/builds/worker-8/source:/opt/rustwide/workdir:ro,Z" "-v" "/var/lib/crater-agent-workspace/cargo-home:/opt/rustwide/cargo-home:ro,Z" "-v" "/var/lib/crater-agent-workspace/rustup-home:/opt/rustwide/rustup-home:ro,Z" "-e" "SOURCE_DIR=/opt/rustwide/workdir" "-e" "CARGO_TARGET_DIR=/opt/rustwide/target" "-e" "CARGO_INCREMENTAL=0" "-e" "RUST_BACKTRACE=full" "-e" "RUSTFLAGS=--cap-lints=warn" "-e" "CARGO_HOME=/opt/rustwide/cargo-home" "-e" "RUSTUP_HOME=/opt/rustwide/rustup-home" "-w" "/opt/rustwide/workdir" "-m" "1610612736" "--user" "0:0" "--network" "none" "ghcr.io/rust-lang/crates-build-env/linux@sha256:34b6a614d2c27851fe6cbf88fbd1137609cefab8b10d0615aaeb6fd47975d74e" "/opt/rustwide/cargo-home/bin/cargo" "+beta-2021-08-01" "build" "--frozen" "--message-format=json", kill_on_drop: false }`
[INFO] [stdout] 7d2e5983dd09fcc6ae2e47043956e3bc247e41436d8d8ce1e7210df7eb7fe5f6
[INFO] running `Command { std: "docker" "start" "-a" "7d2e5983dd09fcc6ae2e47043956e3bc247e41436d8d8ce1e7210df7eb7fe5f6", kill_on_drop: false }`
[INFO] [stderr]     Blocking waiting for file lock on package cache
[INFO] [stderr]    Compiling bool_ext v0.5.1 (/opt/rustwide/workdir)
[INFO] [stderr]     Finished dev [unoptimized + debuginfo] target(s) in 0.89s
[INFO] running `Command { std: "docker" "inspect" "7d2e5983dd09fcc6ae2e47043956e3bc247e41436d8d8ce1e7210df7eb7fe5f6", kill_on_drop: false }`
[INFO] running `Command { std: "docker" "rm" "-f" "7d2e5983dd09fcc6ae2e47043956e3bc247e41436d8d8ce1e7210df7eb7fe5f6", kill_on_drop: false }`
[INFO] [stdout] 7d2e5983dd09fcc6ae2e47043956e3bc247e41436d8d8ce1e7210df7eb7fe5f6
[INFO] running `Command { std: "docker" "create" "-v" "/var/lib/crater-agent-workspace/builds/worker-8/target:/opt/rustwide/target:rw,Z" "-v" "/var/lib/crater-agent-workspace/builds/worker-8/source:/opt/rustwide/workdir:ro,Z" "-v" "/var/lib/crater-agent-workspace/cargo-home:/opt/rustwide/cargo-home:ro,Z" "-v" "/var/lib/crater-agent-workspace/rustup-home:/opt/rustwide/rustup-home:ro,Z" "-e" "SOURCE_DIR=/opt/rustwide/workdir" "-e" "CARGO_TARGET_DIR=/opt/rustwide/target" "-e" "CARGO_INCREMENTAL=0" "-e" "RUST_BACKTRACE=full" "-e" "RUSTFLAGS=--cap-lints=warn" "-e" "CARGO_HOME=/opt/rustwide/cargo-home" "-e" "RUSTUP_HOME=/opt/rustwide/rustup-home" "-w" "/opt/rustwide/workdir" "-m" "1610612736" "--user" "0:0" "--network" "none" "ghcr.io/rust-lang/crates-build-env/linux@sha256:34b6a614d2c27851fe6cbf88fbd1137609cefab8b10d0615aaeb6fd47975d74e" "/opt/rustwide/cargo-home/bin/cargo" "+beta-2021-08-01" "test" "--frozen" "--no-run" "--message-format=json", kill_on_drop: false }`
[INFO] [stdout] 499b03a6def6b1702d9b61ce49ed90911fb1fcbec95d7b1c638f3a0e0166fa57
[INFO] running `Command { std: "docker" "start" "-a" "499b03a6def6b1702d9b61ce49ed90911fb1fcbec95d7b1c638f3a0e0166fa57", kill_on_drop: false }`
[INFO] [stderr]    Compiling semver v1.0.4
[INFO] [stderr]    Compiling syn v1.0.74
[INFO] [stderr]    Compiling yansi v0.5.0
[INFO] [stderr]    Compiling atty v0.2.14
[INFO] [stderr]    Compiling rustc_version v0.4.0
[INFO] [stderr]    Compiling assert2-macros v0.3.6
[INFO] [stderr]    Compiling assert2 v0.3.6
[INFO] [stderr]    Compiling bool_ext v0.5.1 (/opt/rustwide/workdir)
[INFO] [stderr]     Finished test [unoptimized + debuginfo] target(s) in 9.91s
[INFO] running `Command { std: "docker" "inspect" "499b03a6def6b1702d9b61ce49ed90911fb1fcbec95d7b1c638f3a0e0166fa57", kill_on_drop: false }`
[INFO] running `Command { std: "docker" "rm" "-f" "499b03a6def6b1702d9b61ce49ed90911fb1fcbec95d7b1c638f3a0e0166fa57", kill_on_drop: false }`
[INFO] [stdout] 499b03a6def6b1702d9b61ce49ed90911fb1fcbec95d7b1c638f3a0e0166fa57
[INFO] running `Command { std: "docker" "create" "-v" "/var/lib/crater-agent-workspace/builds/worker-8/target:/opt/rustwide/target:rw,Z" "-v" "/var/lib/crater-agent-workspace/builds/worker-8/source:/opt/rustwide/workdir:ro,Z" "-v" "/var/lib/crater-agent-workspace/cargo-home:/opt/rustwide/cargo-home:ro,Z" "-v" "/var/lib/crater-agent-workspace/rustup-home:/opt/rustwide/rustup-home:ro,Z" "-e" "SOURCE_DIR=/opt/rustwide/workdir" "-e" "CARGO_TARGET_DIR=/opt/rustwide/target" "-e" "CARGO_INCREMENTAL=0" "-e" "RUST_BACKTRACE=full" "-e" "RUSTFLAGS=--cap-lints=warn" "-e" "CARGO_HOME=/opt/rustwide/cargo-home" "-e" "RUSTUP_HOME=/opt/rustwide/rustup-home" "-w" "/opt/rustwide/workdir" "-m" "1610612736" "--user" "0:0" "--network" "none" "ghcr.io/rust-lang/crates-build-env/linux@sha256:34b6a614d2c27851fe6cbf88fbd1137609cefab8b10d0615aaeb6fd47975d74e" "/opt/rustwide/cargo-home/bin/cargo" "+beta-2021-08-01" "test" "--frozen", kill_on_drop: false }`
[INFO] [stdout] f878bae4beb535150bf8ffd3dcc9444d89e540218a36b60f658c4538509cf982
[INFO] running `Command { std: "docker" "start" "-a" "f878bae4beb535150bf8ffd3dcc9444d89e540218a36b60f658c4538509cf982", kill_on_drop: false }`
[INFO] [stderr]     Blocking waiting for file lock on package cache
[INFO] [stderr]     Blocking waiting for file lock on package cache
[INFO] [stderr]     Blocking waiting for file lock on package cache
[INFO] [stdout] 
[INFO] [stderr]     Finished test [unoptimized + debuginfo] target(s) in 0.30s
[INFO] [stdout] running 0 tests
[INFO] [stderr]      Running unittests (/opt/rustwide/target/debug/deps/bool_ext-79ed9fbc5c85d38b)
[INFO] [stdout] 
[INFO] [stderr]    Doc-tests bool_ext
[INFO] [stdout] test result: ok. 0 passed; 0 failed; 0 ignored; 0 measured; 0 filtered out; finished in 0.00s
[INFO] [stdout] 
[INFO] [stdout] 
[INFO] [stdout] running 32 tests
[INFO] [stdout] test src/lib.rs - BoolExt::map_or_default (line 425) ... FAILED
[INFO] [stdout] test src/lib.rs - BoolExt::map_or_default (line 411) ... FAILED
[INFO] [stdout] test src/lib.rs - BoolExt::map_or (line 392) ... FAILED
[INFO] [stdout] test src/lib.rs - BoolExt::map_or_else (line 461) ... ok
[INFO] [stdout] test src/lib.rs - BoolExt::err_with (line 247) ... ok
[INFO] [stdout] test src/lib.rs - BoolExt::ok_or_err (line 269) ... ok
[INFO] [stdout] test src/lib.rs - BoolExt::some_with (line 81) ... ok
[INFO] [stdout] test src/lib.rs - BoolExt::err (line 216) ... ok
[INFO] [stdout] test src/lib.rs - BoolExt::ok (line 140) ... ok
[INFO] [stdout] test src/lib.rs - BoolExt::or_do (line 497) ... ok
[INFO] [stdout] test src/lib.rs - BoolExt::expect (line 570) ... ok
[INFO] [stdout] test src/lib.rs - BoolExt::err_with (line 231) ... ok
[INFO] [stdout] test src/lib.rs - BoolExt::to_result (line 127) ... ok
[INFO] [stdout] test src/lib.rs - BoolExt::ok_or_err_with (line 318) ... ok
[INFO] [stdout] test src/lib.rs - BoolExt::ok (line 151) ... ok
[INFO] [stdout] test src/lib.rs - BoolExt::and_try_do (line 512) ... ok
[INFO] [stdout] test src/lib.rs - BoolExt::ok_with (line 167) ... ok
[INFO] [stdout] test src/lib.rs - BoolExt::to_option (line 33) ... ok
[INFO] [stdout] test src/lib.rs - BoolExt::some (line 66) ... ok
[INFO] [stdout] test src/lib.rs - BoolExt::some (line 55) ... ok
[INFO] [stdout] test src/lib.rs - BoolExt::to_option (line 41) ... ok
[INFO] [stdout] test src/lib.rs - BoolExt::ok_or_err_with (line 344) ... ok
[INFO] [stdout] test src/lib.rs - BoolExt::err (line 205) ... ok
[INFO] [stdout] test src/lib.rs - BoolExt::or_try_do (line 533) ... ok
[INFO] [stdout] test src/lib.rs - BoolExt::map_or (line 380) ... ok
[INFO] [stdout] test src/lib.rs - BoolExt::and_do (line 482) ... ok
[INFO] [stdout] test src/lib.rs - BoolExt::expect (line 555) ... ok
[INFO] [stdout] test src/lib.rs - BoolExt::to_result (line 119) ... ok
[INFO] [stdout] test src/lib.rs - BoolExt::ok_with (line 183) ... ok
[INFO] [stdout] test src/lib.rs - BoolExt::map_or_else (line 444) ... ok
[INFO] [stdout] test src/lib.rs - BoolExt::some_with (line 97) ... ok
[INFO] [stdout] test src/lib.rs - BoolExt::ok_or_err (line 292) ... ok
[INFO] [stdout] 
[INFO] [stdout] failures:
[INFO] [stdout] 
[INFO] [stdout] ---- src/lib.rs - BoolExt::map_or_default (line 425) stdout ----
[INFO] [stdout] error[E0774]: `derive` may only be applied to `struct`s, `enum`s and `union`s
[INFO] [stdout]   --> src/lib.rs:430:1
[INFO] [stdout]    |
[INFO] [stdout] 8  | #[derive(Debug, PartialEq)]
[INFO] [stdout]    | ^^^^^^^^^^^^^^^^^^^^^^^^^^^ not applicable here
[INFO] [stdout] 9  | 
[INFO] [stdout] 10 | let vec = vec![1, 2, 3];
[INFO] [stdout]    | ------------------------ not a `struct`, `enum` or `union`
[INFO] [stdout] 
[INFO] [stdout] error: aborting due to previous error
[INFO] [stdout] 
[INFO] [stdout] For more information about this error, try `rustc --explain E0774`.
[INFO] [stdout] Couldn't compile the test.
[INFO] [stdout] ---- src/lib.rs - BoolExt::map_or_default (line 411) stdout ----
[INFO] [stdout] error[E0774]: `derive` may only be applied to `struct`s, `enum`s and `union`s
[INFO] [stdout]   --> src/lib.rs:416:1
[INFO] [stdout]    |
[INFO] [stdout] 8  | #[derive(Debug, PartialEq)]
[INFO] [stdout]    | ^^^^^^^^^^^^^^^^^^^^^^^^^^^ not applicable here
[INFO] [stdout] 9  | 
[INFO] [stdout] 10 | let vec = vec![1, 2, 3];
[INFO] [stdout]    | ------------------------ not a `struct`, `enum` or `union`
[INFO] [stdout] 
[INFO] [stdout] error: aborting due to previous error
[INFO] [stdout] 
[INFO] [stdout] For more information about this error, try `rustc --explain E0774`.
[INFO] [stdout] Couldn't compile the test.
[INFO] [stdout] ---- src/lib.rs - BoolExt::map_or (line 392) stdout ----
[INFO] [stdout] error[E0774]: `derive` may only be applied to `struct`s, `enum`s and `union`s
[INFO] [stdout]   --> src/lib.rs:397:1
[INFO] [stdout]    |
[INFO] [stdout] 8  | #[derive(Debug, PartialEq)]
[INFO] [stdout]    | ^^^^^^^^^^^^^^^^^^^^^^^^^^^ not applicable here
[INFO] [stdout] 9  | 
[INFO] [stdout] 10 | let vec = vec![1, 2, 3];
[INFO] [stdout]    | ------------------------ not a `struct`, `enum` or `union`
[INFO] [stdout] 
[INFO] [stdout] error: aborting due to previous error
[INFO] [stdout] 
[INFO] [stdout] For more information about this error, try `rustc --explain E0774`.
[INFO] [stdout] Couldn't compile the test.
[INFO] [stdout] 
[INFO] [stdout] failures:
[INFO] [stdout]     src/lib.rs - BoolExt::map_or (line 392)
[INFO] [stdout]     src/lib.rs - BoolExt::map_or_default (line 411)
[INFO] [stdout]     src/lib.rs - BoolExt::map_or_default (line 425)
[INFO] [stdout] 
[INFO] [stdout] test result: FAILED. 29 passed; 3 failed; 0 ignored; 0 measured; 0 filtered out; finished in 1.19s
[INFO] [stdout] 
[INFO] [stderr] error: test failed, to rerun pass '--doc'
[INFO] running `Command { std: "docker" "inspect" "f878bae4beb535150bf8ffd3dcc9444d89e540218a36b60f658c4538509cf982", kill_on_drop: false }`
[INFO] running `Command { std: "docker" "rm" "-f" "f878bae4beb535150bf8ffd3dcc9444d89e540218a36b60f658c4538509cf982", kill_on_drop: false }`
[INFO] [stdout] f878bae4beb535150bf8ffd3dcc9444d89e540218a36b60f658c4538509cf982
