[INFO] fetching crate boo 0.1.1...
[INFO] testing boo-0.1.1 against 1.54.0 for beta-1.55-1
[INFO] extracting crate boo 0.1.1 into /workspace/builds/worker-94/source
[INFO] validating manifest of crates.io crate boo 0.1.1 on toolchain 1.54.0
[INFO] running `Command { std: "/workspace/cargo-home/bin/cargo" "+1.54.0" "metadata" "--manifest-path" "Cargo.toml" "--no-deps", kill_on_drop: false }`
[INFO] started tweaking crates.io crate boo 0.1.1
[INFO] finished tweaking crates.io crate boo 0.1.1
[INFO] tweaked toml for crates.io crate boo 0.1.1 written to /workspace/builds/worker-94/source/Cargo.toml
[INFO] running `Command { std: "/workspace/cargo-home/bin/cargo" "+1.54.0" "generate-lockfile" "--manifest-path" "Cargo.toml" "-Zno-index-update", kill_on_drop: false }`
[INFO] running `Command { std: "/workspace/cargo-home/bin/cargo" "+1.54.0" "fetch" "--manifest-path" "Cargo.toml", kill_on_drop: false }`
[INFO] running `Command { std: "docker" "create" "-v" "/var/lib/crater-agent-workspace/builds/worker-94/target:/opt/rustwide/target:rw,Z" "-v" "/var/lib/crater-agent-workspace/builds/worker-94/source:/opt/rustwide/workdir:ro,Z" "-v" "/var/lib/crater-agent-workspace/cargo-home:/opt/rustwide/cargo-home:ro,Z" "-v" "/var/lib/crater-agent-workspace/rustup-home:/opt/rustwide/rustup-home:ro,Z" "-e" "SOURCE_DIR=/opt/rustwide/workdir" "-e" "CARGO_TARGET_DIR=/opt/rustwide/target" "-e" "CARGO_HOME=/opt/rustwide/cargo-home" "-e" "RUSTUP_HOME=/opt/rustwide/rustup-home" "-w" "/opt/rustwide/workdir" "-m" "1610612736" "--user" "0:0" "--network" "none" "ghcr.io/rust-lang/crates-build-env/linux@sha256:34b6a614d2c27851fe6cbf88fbd1137609cefab8b10d0615aaeb6fd47975d74e" "/opt/rustwide/cargo-home/bin/cargo" "+1.54.0" "metadata" "--no-deps" "--format-version=1", kill_on_drop: false }`
[INFO] [stdout] 531b538852c6e0758cc9b663159dba139119f5bfbdfd8a098e5cd68c5270f2d2
[INFO] running `Command { std: "docker" "start" "-a" "531b538852c6e0758cc9b663159dba139119f5bfbdfd8a098e5cd68c5270f2d2", kill_on_drop: false }`
[INFO] running `Command { std: "docker" "inspect" "531b538852c6e0758cc9b663159dba139119f5bfbdfd8a098e5cd68c5270f2d2", kill_on_drop: false }`
[INFO] running `Command { std: "docker" "rm" "-f" "531b538852c6e0758cc9b663159dba139119f5bfbdfd8a098e5cd68c5270f2d2", kill_on_drop: false }`
[INFO] [stdout] 531b538852c6e0758cc9b663159dba139119f5bfbdfd8a098e5cd68c5270f2d2
[INFO] running `Command { std: "docker" "create" "-v" "/var/lib/crater-agent-workspace/builds/worker-94/target:/opt/rustwide/target:rw,Z" "-v" "/var/lib/crater-agent-workspace/builds/worker-94/source:/opt/rustwide/workdir:ro,Z" "-v" "/var/lib/crater-agent-workspace/cargo-home:/opt/rustwide/cargo-home:ro,Z" "-v" "/var/lib/crater-agent-workspace/rustup-home:/opt/rustwide/rustup-home:ro,Z" "-e" "SOURCE_DIR=/opt/rustwide/workdir" "-e" "CARGO_TARGET_DIR=/opt/rustwide/target" "-e" "CARGO_INCREMENTAL=0" "-e" "RUST_BACKTRACE=full" "-e" "RUSTFLAGS=--cap-lints=warn" "-e" "CARGO_HOME=/opt/rustwide/cargo-home" "-e" "RUSTUP_HOME=/opt/rustwide/rustup-home" "-w" "/opt/rustwide/workdir" "-m" "1610612736" "--user" "0:0" "--network" "none" "ghcr.io/rust-lang/crates-build-env/linux@sha256:34b6a614d2c27851fe6cbf88fbd1137609cefab8b10d0615aaeb6fd47975d74e" "/opt/rustwide/cargo-home/bin/cargo" "+1.54.0" "build" "--frozen" "--message-format=json", kill_on_drop: false }`
[INFO] [stdout] d698b4ef4aea733cfb81a4afb9b65bdfbb49fdd0e4a48453cc32dcc96a6f8d18
[INFO] running `Command { std: "docker" "start" "-a" "d698b4ef4aea733cfb81a4afb9b65bdfbb49fdd0e4a48453cc32dcc96a6f8d18", kill_on_drop: false }`
[INFO] [stderr]     Blocking waiting for file lock on package cache
[INFO] [stderr]    Compiling boo v0.1.1 (/opt/rustwide/workdir)
[INFO] [stderr]     Finished dev [unoptimized + debuginfo] target(s) in 0.66s
[INFO] running `Command { std: "docker" "inspect" "d698b4ef4aea733cfb81a4afb9b65bdfbb49fdd0e4a48453cc32dcc96a6f8d18", kill_on_drop: false }`
[INFO] running `Command { std: "docker" "rm" "-f" "d698b4ef4aea733cfb81a4afb9b65bdfbb49fdd0e4a48453cc32dcc96a6f8d18", kill_on_drop: false }`
[INFO] [stdout] d698b4ef4aea733cfb81a4afb9b65bdfbb49fdd0e4a48453cc32dcc96a6f8d18
[INFO] running `Command { std: "docker" "create" "-v" "/var/lib/crater-agent-workspace/builds/worker-94/target:/opt/rustwide/target:rw,Z" "-v" "/var/lib/crater-agent-workspace/builds/worker-94/source:/opt/rustwide/workdir:ro,Z" "-v" "/var/lib/crater-agent-workspace/cargo-home:/opt/rustwide/cargo-home:ro,Z" "-v" "/var/lib/crater-agent-workspace/rustup-home:/opt/rustwide/rustup-home:ro,Z" "-e" "SOURCE_DIR=/opt/rustwide/workdir" "-e" "CARGO_TARGET_DIR=/opt/rustwide/target" "-e" "CARGO_INCREMENTAL=0" "-e" "RUST_BACKTRACE=full" "-e" "RUSTFLAGS=--cap-lints=warn" "-e" "CARGO_HOME=/opt/rustwide/cargo-home" "-e" "RUSTUP_HOME=/opt/rustwide/rustup-home" "-w" "/opt/rustwide/workdir" "-m" "1610612736" "--user" "0:0" "--network" "none" "ghcr.io/rust-lang/crates-build-env/linux@sha256:34b6a614d2c27851fe6cbf88fbd1137609cefab8b10d0615aaeb6fd47975d74e" "/opt/rustwide/cargo-home/bin/cargo" "+1.54.0" "test" "--frozen" "--no-run" "--message-format=json", kill_on_drop: false }`
[INFO] [stdout] 67c5ec815363863e3ba0c553f5576085da64912ca08524bd2c8a5c3915141a78
[INFO] running `Command { std: "docker" "start" "-a" "67c5ec815363863e3ba0c553f5576085da64912ca08524bd2c8a5c3915141a78", kill_on_drop: false }`
[INFO] [stderr]    Compiling boo v0.1.1 (/opt/rustwide/workdir)
[INFO] [stderr]     Finished test [unoptimized + debuginfo] target(s) in 0.68s
[INFO] running `Command { std: "docker" "inspect" "67c5ec815363863e3ba0c553f5576085da64912ca08524bd2c8a5c3915141a78", kill_on_drop: false }`
[INFO] running `Command { std: "docker" "rm" "-f" "67c5ec815363863e3ba0c553f5576085da64912ca08524bd2c8a5c3915141a78", kill_on_drop: false }`
[INFO] [stdout] 67c5ec815363863e3ba0c553f5576085da64912ca08524bd2c8a5c3915141a78
[INFO] running `Command { std: "docker" "create" "-v" "/var/lib/crater-agent-workspace/builds/worker-94/target:/opt/rustwide/target:rw,Z" "-v" "/var/lib/crater-agent-workspace/builds/worker-94/source:/opt/rustwide/workdir:ro,Z" "-v" "/var/lib/crater-agent-workspace/cargo-home:/opt/rustwide/cargo-home:ro,Z" "-v" "/var/lib/crater-agent-workspace/rustup-home:/opt/rustwide/rustup-home:ro,Z" "-e" "SOURCE_DIR=/opt/rustwide/workdir" "-e" "CARGO_TARGET_DIR=/opt/rustwide/target" "-e" "CARGO_INCREMENTAL=0" "-e" "RUST_BACKTRACE=full" "-e" "RUSTFLAGS=--cap-lints=warn" "-e" "CARGO_HOME=/opt/rustwide/cargo-home" "-e" "RUSTUP_HOME=/opt/rustwide/rustup-home" "-w" "/opt/rustwide/workdir" "-m" "1610612736" "--user" "0:0" "--network" "none" "ghcr.io/rust-lang/crates-build-env/linux@sha256:34b6a614d2c27851fe6cbf88fbd1137609cefab8b10d0615aaeb6fd47975d74e" "/opt/rustwide/cargo-home/bin/cargo" "+1.54.0" "test" "--frozen", kill_on_drop: false }`
[INFO] [stdout] fa090f43dafe5b3c345a88a6f21bdf3356b22500401460a8d1dc63ffb0ba4d4f
[INFO] running `Command { std: "docker" "start" "-a" "fa090f43dafe5b3c345a88a6f21bdf3356b22500401460a8d1dc63ffb0ba4d4f", kill_on_drop: false }`
[INFO] [stderr]     Finished test [unoptimized + debuginfo] target(s) in 0.02s
[INFO] [stderr]      Running unittests (/opt/rustwide/target/debug/deps/boo-fe189b7ff2b4365c)
[INFO] [stdout] 
[INFO] [stdout] running 0 tests
[INFO] [stdout] 
[INFO] [stdout] test result: ok. 0 passed; 0 failed; 0 ignored; 0 measured; 0 filtered out; finished in 0.00s
[INFO] [stdout] 
[INFO] [stderr]    Doc-tests boo
[INFO] [stdout] 
[INFO] [stdout] running 5 tests
[INFO] [stdout] test src/lib.rs - Boo::into_owned (line 195) ... FAILED
[INFO] [stdout] test src/lib.rs - Boo::into_owned (line 181) - compile ... FAILED
[INFO] [stdout] test src/lib.rs - Boo (line 78) - compile ... FAILED
[INFO] [stdout] test src/lib.rs - Boo::to_mut (line 148) - compile ... FAILED
[INFO] [stdout] test src/lib.rs - ToOwned::to_owned (line 37) - compile ... ok
[INFO] [stdout] 
[INFO] [stdout] failures:
[INFO] [stdout] 
[INFO] [stdout] ---- src/lib.rs - Boo::into_owned (line 195) stdout ----
[INFO] [stdout] error[E0432]: unresolved import `std::borrow::Boo`
[INFO] [stdout]  --> src/lib.rs:196:5
[INFO] [stdout]   |
[INFO] [stdout] 3 | use std::borrow::Boo;
[INFO] [stdout]   |     ^^^^^^^^^^^^^^^^ no `Boo` in `borrow`
[INFO] [stdout] 
[INFO] [stdout] error: aborting due to previous error
[INFO] [stdout] 
[INFO] [stdout] For more information about this error, try `rustc --explain E0432`.
[INFO] [stdout] Couldn't compile the test.
[INFO] [stdout] ---- src/lib.rs - Boo::into_owned (line 181) stdout ----
[INFO] [stdout] error[E0432]: unresolved import `std::borrow::Boo`
[INFO] [stdout]  --> src/lib.rs:182:5
[INFO] [stdout]   |
[INFO] [stdout] 3 | use std::borrow::Boo;
[INFO] [stdout]   |     ^^^^^^^^^^^^^^^^ no `Boo` in `borrow`
[INFO] [stdout] 
[INFO] [stdout] error: aborting due to previous error
[INFO] [stdout] 
[INFO] [stdout] For more information about this error, try `rustc --explain E0432`.
[INFO] [stdout] Couldn't compile the test.
[INFO] [stdout] ---- src/lib.rs - Boo (line 78) stdout ----
[INFO] [stdout] error[E0432]: unresolved import `std::borrow::Boo`
[INFO] [stdout]  --> src/lib.rs:79:5
[INFO] [stdout]   |
[INFO] [stdout] 3 | use std::borrow::Boo;
[INFO] [stdout]   |     ^^^^^^^^^^^^^^^^ no `Boo` in `borrow`
[INFO] [stdout] 
[INFO] [stdout] error: aborting due to previous error
[INFO] [stdout] 
[INFO] [stdout] For more information about this error, try `rustc --explain E0432`.
[INFO] [stdout] Couldn't compile the test.
[INFO] [stdout] ---- src/lib.rs - Boo::to_mut (line 148) stdout ----
[INFO] [stdout] error[E0432]: unresolved import `std::borrow::Boo`
[INFO] [stdout]  --> src/lib.rs:149:5
[INFO] [stdout]   |
[INFO] [stdout] 3 | use std::borrow::Boo;
[INFO] [stdout]   |     ^^^^^^^^^^^^^^^^ no `Boo` in `borrow`
[INFO] [stdout] 
[INFO] [stdout] error: aborting due to previous error
[INFO] [stdout] 
[INFO] [stdout] For more information about this error, try `rustc --explain E0432`.
[INFO] [stdout] Couldn't compile the test.
[INFO] [stdout] 
[INFO] [stdout] failures:
[INFO] [stdout]     src/lib.rs - Boo (line 78)
[INFO] [stdout]     src/lib.rs - Boo::into_owned (line 181)
[INFO] [stdout]     src/lib.rs - Boo::into_owned (line 195)
[INFO] [stdout]     src/lib.rs - Boo::to_mut (line 148)
[INFO] [stdout] 
[INFO] [stdout] test result: FAILED. 1 passed; 4 failed; 0 ignored; 0 measured; 0 filtered out; finished in 0.34s
[INFO] [stdout] 
[INFO] [stderr] error: test failed, to rerun pass '--doc'
[INFO] running `Command { std: "docker" "inspect" "fa090f43dafe5b3c345a88a6f21bdf3356b22500401460a8d1dc63ffb0ba4d4f", kill_on_drop: false }`
[INFO] running `Command { std: "docker" "rm" "-f" "fa090f43dafe5b3c345a88a6f21bdf3356b22500401460a8d1dc63ffb0ba4d4f", kill_on_drop: false }`
[INFO] [stdout] fa090f43dafe5b3c345a88a6f21bdf3356b22500401460a8d1dc63ffb0ba4d4f
