[INFO] fetching crate bonnibel 2.3.0...
[INFO] testing bonnibel-2.3.0 against 1.54.0 for beta-1.55-1
[INFO] extracting crate bonnibel 2.3.0 into /workspace/builds/worker-9/source
[INFO] validating manifest of crates.io crate bonnibel 2.3.0 on toolchain 1.54.0
[INFO] running `Command { std: "/workspace/cargo-home/bin/cargo" "+1.54.0" "metadata" "--manifest-path" "Cargo.toml" "--no-deps", kill_on_drop: false }`
[INFO] started tweaking crates.io crate bonnibel 2.3.0
[INFO] finished tweaking crates.io crate bonnibel 2.3.0
[INFO] tweaked toml for crates.io crate bonnibel 2.3.0 written to /workspace/builds/worker-9/source/Cargo.toml
[INFO] crate crates.io crate bonnibel 2.3.0 already has a lockfile, it will not be regenerated
[INFO] running `Command { std: "/workspace/cargo-home/bin/cargo" "+1.54.0" "fetch" "--manifest-path" "Cargo.toml", kill_on_drop: false }`
[INFO] [stderr]     Blocking waiting for file lock on package cache
[INFO] [stderr]     Blocking waiting for file lock on package cache
[INFO] running `Command { std: "docker" "create" "-v" "/var/lib/crater-agent-workspace/builds/worker-9/target:/opt/rustwide/target:rw,Z" "-v" "/var/lib/crater-agent-workspace/builds/worker-9/source:/opt/rustwide/workdir:ro,Z" "-v" "/var/lib/crater-agent-workspace/cargo-home:/opt/rustwide/cargo-home:ro,Z" "-v" "/var/lib/crater-agent-workspace/rustup-home:/opt/rustwide/rustup-home:ro,Z" "-e" "SOURCE_DIR=/opt/rustwide/workdir" "-e" "CARGO_TARGET_DIR=/opt/rustwide/target" "-e" "CARGO_HOME=/opt/rustwide/cargo-home" "-e" "RUSTUP_HOME=/opt/rustwide/rustup-home" "-w" "/opt/rustwide/workdir" "-m" "1610612736" "--user" "0:0" "--network" "none" "ghcr.io/rust-lang/crates-build-env/linux@sha256:34b6a614d2c27851fe6cbf88fbd1137609cefab8b10d0615aaeb6fd47975d74e" "/opt/rustwide/cargo-home/bin/cargo" "+1.54.0" "metadata" "--no-deps" "--format-version=1", kill_on_drop: false }`
[INFO] [stdout] ba89676146332aa241bbfb8a9c0cb15274ad49beb4ff093c0262314eb93af292
[INFO] running `Command { std: "docker" "start" "-a" "ba89676146332aa241bbfb8a9c0cb15274ad49beb4ff093c0262314eb93af292", kill_on_drop: false }`
[INFO] running `Command { std: "docker" "inspect" "ba89676146332aa241bbfb8a9c0cb15274ad49beb4ff093c0262314eb93af292", kill_on_drop: false }`
[INFO] running `Command { std: "docker" "rm" "-f" "ba89676146332aa241bbfb8a9c0cb15274ad49beb4ff093c0262314eb93af292", kill_on_drop: false }`
[INFO] [stdout] ba89676146332aa241bbfb8a9c0cb15274ad49beb4ff093c0262314eb93af292
[INFO] running `Command { std: "docker" "create" "-v" "/var/lib/crater-agent-workspace/builds/worker-9/target:/opt/rustwide/target:rw,Z" "-v" "/var/lib/crater-agent-workspace/builds/worker-9/source:/opt/rustwide/workdir:ro,Z" "-v" "/var/lib/crater-agent-workspace/cargo-home:/opt/rustwide/cargo-home:ro,Z" "-v" "/var/lib/crater-agent-workspace/rustup-home:/opt/rustwide/rustup-home:ro,Z" "-e" "SOURCE_DIR=/opt/rustwide/workdir" "-e" "CARGO_TARGET_DIR=/opt/rustwide/target" "-e" "CARGO_INCREMENTAL=0" "-e" "RUST_BACKTRACE=full" "-e" "RUSTFLAGS=--cap-lints=warn" "-e" "CARGO_HOME=/opt/rustwide/cargo-home" "-e" "RUSTUP_HOME=/opt/rustwide/rustup-home" "-w" "/opt/rustwide/workdir" "-m" "1610612736" "--user" "0:0" "--network" "none" "ghcr.io/rust-lang/crates-build-env/linux@sha256:34b6a614d2c27851fe6cbf88fbd1137609cefab8b10d0615aaeb6fd47975d74e" "/opt/rustwide/cargo-home/bin/cargo" "+1.54.0" "build" "--frozen" "--message-format=json", kill_on_drop: false }`
[INFO] [stdout] e97cea89a6e23c88f996cb41a9c5cab38879262897efec7e01aab2469bc3148e
[INFO] running `Command { std: "docker" "start" "-a" "e97cea89a6e23c88f996cb41a9c5cab38879262897efec7e01aab2469bc3148e", kill_on_drop: false }`
[INFO] [stderr]    Compiling libc v0.2.59
[INFO] [stderr]    Compiling autocfg v0.1.4
[INFO] [stderr]    Compiling cfg-if v0.1.9
[INFO] [stderr]    Compiling spin v0.5.0
[INFO] [stderr]    Compiling cc v1.0.37
[INFO] [stderr]    Compiling rand_core v0.4.0
[INFO] [stderr]    Compiling smallvec v0.6.10
[INFO] [stderr]    Compiling proc-macro2 v0.4.30
[INFO] [stderr]    Compiling unicode-xid v0.1.0
[INFO] [stderr]    Compiling version_check v0.1.5
[INFO] [stderr]    Compiling syn v0.15.39
[INFO] [stderr]    Compiling pkg-config v0.3.14
[INFO] [stderr]    Compiling futures v0.1.28
[INFO] [stderr]    Compiling byteorder v1.3.2
[INFO] [stderr]    Compiling memchr v2.2.1
[INFO] [stderr]    Compiling fnv v1.0.6
[INFO] [stderr]    Compiling either v1.5.2
[INFO] [stderr]    Compiling ucd-util v0.1.3
[INFO] [stderr]    Compiling regex v1.1.9
[INFO] [stderr]    Compiling utf8-ranges v1.0.3
[INFO] [stderr]    Compiling scopeguard v0.3.3
[INFO] [stderr]    Compiling itoa v0.4.4
[INFO] [stderr]    Compiling bitflags v1.1.0
[INFO] [stderr]    Compiling stable_deref_trait v1.1.1
[INFO] [stderr]    Compiling arrayvec v0.4.11
[INFO] [stderr]    Compiling serde v1.0.94
[INFO] [stderr]    Compiling percent-encoding v1.0.1
[INFO] [stderr]    Compiling nodrop v0.1.13
[INFO] [stderr]    Compiling siphasher v0.2.3
[INFO] [stderr]    Compiling rustc-demangle v0.1.15
[INFO] [stderr]    Compiling memoffset v0.2.1
[INFO] [stderr]    Compiling failure_derive v0.1.5
[INFO] [stderr]    Compiling ryu v1.0.0
[INFO] [stderr]    Compiling unicode-width v0.1.5
[INFO] [stderr]    Compiling crc32fast v1.2.0
[INFO] [stderr]    Compiling openssl v0.10.24
[INFO] [stderr]    Compiling ucd-trie v0.1.1
[INFO] [stderr]    Compiling unicode-segmentation v1.3.0
[INFO] [stderr]    Compiling indexmap v1.0.2
[INFO] [stderr]    Compiling maplit v1.0.1
[INFO] [stderr]    Compiling ppv-lite86 v0.2.5
[INFO] [stderr]    Compiling unic-char-range v0.9.0
[INFO] [stderr]    Compiling adler32 v1.0.3
[INFO] [stderr]    Compiling unic-common v0.9.0
[INFO] [stderr]    Compiling same-file v1.0.4
[INFO] [stderr]    Compiling scopeguard v1.0.0
[INFO] [stderr]    Compiling try-lock v0.2.2
[INFO] [stderr]    Compiling native-tls v0.2.3
[INFO] [stderr]    Compiling vec_map v0.8.1
[INFO] [stderr]    Compiling ansi_term v0.11.0
[INFO] [stderr]    Compiling quick-error v1.2.2
[INFO] [stderr]    Compiling encoding_rs v0.8.17
[INFO] [stderr]    Compiling dtoa v0.4.4
[INFO] [stderr]    Compiling strsim v0.8.0
[INFO] [stderr]    Compiling termcolor v1.0.5
[INFO] [stderr]    Compiling linked-hash-map v0.5.2
[INFO] [stderr]    Compiling deunicode v0.4.3
[INFO] [stderr]    Compiling remove_dir_all v0.5.2
[INFO] [stderr]    Compiling humansize v1.1.0
[INFO] [stderr]    Compiling parking_lot_core v0.4.0
[INFO] [stderr]    Compiling parking_lot_core v0.5.0
[INFO] [stderr]    Compiling parking_lot v0.8.0
[INFO] [stderr]    Compiling hyper v0.12.33
[INFO] [stderr]    Compiling unicode-normalization v0.1.8
[INFO] [stderr]    Compiling log v0.4.6
[INFO] [stderr]    Compiling try_from v0.3.2
[INFO] [stderr]    Compiling miniz_oxide v0.2.2
[INFO] [stderr]    Compiling yaml-rust v0.4.3
[INFO] [stderr]    Compiling rand_core v0.3.1
[INFO] [stderr]    Compiling rand_jitter v0.1.4
[INFO] [stderr]    Compiling lazy_static v1.3.0
[INFO] [stderr]    Compiling unic-ucd-version v0.9.0
[INFO] [stderr]    Compiling unicase v1.4.2
[INFO] [stderr]    Compiling error-chain v0.12.1
[INFO] [stderr]    Compiling unicase v2.4.0
[INFO] [stderr]    Compiling slug v0.1.4
[INFO] [stderr]    Compiling rand_chacha v0.1.1
[INFO] [stderr]    Compiling rand_pcg v0.1.2
[INFO] [stderr]    Compiling rand v0.6.5
[INFO] [stderr]    Compiling num-traits v0.2.8
[INFO] [stderr]    Compiling num-integer v0.1.41
[INFO] [stderr]    Compiling rand_chacha v0.2.0
[INFO] [stderr]    Compiling pest v2.1.1
[INFO] [stderr]    Compiling lock_api v0.2.0
[INFO] [stderr]    Compiling unic-char-property v0.9.0
[INFO] [stderr]    Compiling humantime v1.2.0
[INFO] [stderr]    Compiling textwrap v0.11.0
[INFO] [stderr]    Compiling walkdir v2.2.8
[INFO] [stderr]    Compiling owning_ref v0.4.0
[INFO] [stderr]    Compiling regex-syntax v0.6.8
[INFO] [stderr]    Compiling heck v0.3.1
[INFO] [stderr]    Compiling backtrace-sys v0.1.30
[INFO] [stderr]    Compiling miniz_oxide_c_api v0.2.2
[INFO] [stderr]    Compiling openssl-sys v0.9.48
[INFO] [stderr]    Compiling libz-sys v1.0.25
[INFO] [stderr]    Compiling libssh2-sys v0.2.11
[INFO] [stderr]    Compiling libgit2-sys v0.8.1
[INFO] [stderr]    Compiling rand_isaac v0.1.1
[INFO] [stderr]    Compiling rand_hc v0.1.0
[INFO] [stderr]    Compiling rand_xorshift v0.1.1
[INFO] [stderr]    Compiling unic-ucd-segment v0.9.0
[INFO] [stderr]    Compiling crossbeam-utils v0.6.5
[INFO] [stderr]    Compiling thread_local v0.3.6
[INFO] [stderr]    Compiling c2-chacha v0.2.2
[INFO] [stderr]    Compiling tokio-sync v0.1.6
[INFO] [stderr]    Compiling want v0.2.0
[INFO] [stderr]    Compiling lock_api v0.1.5
[INFO] [stderr]    Compiling idna v0.1.5
[INFO] [stderr]    Compiling base64 v0.10.1
[INFO] [stderr]    Compiling unic-segment v0.9.0
[INFO] [stderr]    Compiling tokio-executor v0.1.8
[INFO] [stderr]    Compiling crossbeam-queue v0.1.2
[INFO] [stderr]    Compiling crossbeam-channel v0.3.8
[INFO] [stderr]    Compiling aho-corasick v0.7.4
[INFO] [stderr]    Compiling bstr v0.2.1
[INFO] [stderr]    Compiling quote v0.6.12
[INFO] [stderr]    Compiling phf_shared v0.7.24
[INFO] [stderr]    Compiling rand_os v0.1.3
[INFO] [stderr]    Compiling iovec v0.1.2
[INFO] [stderr]    Compiling num_cpus v1.10.1
[INFO] [stderr]    Compiling time v0.1.42
[INFO] [stderr]    Compiling net2 v0.2.33
[INFO] [stderr]    Compiling atty v0.2.11
[INFO] [stderr]    Compiling getrandom v0.1.6
[INFO] [stderr]    Compiling clicolors-control v1.0.0
[INFO] [stderr]    Compiling termios v0.3.1
[INFO] [stderr]    Compiling dirs-sys v0.3.3
[INFO] [stderr]    Compiling tokio-timer v0.2.11
[INFO] [stderr]    Compiling tokio-current-thread v0.1.6
[INFO] [stderr]    Compiling pest_meta v2.1.1
[INFO] [stderr]    Compiling phf v0.7.24
[INFO] [stderr]    Compiling crossbeam-epoch v0.7.1
[INFO] [stderr]    Compiling directories v2.0.1
[INFO] [stderr]    Compiling futures-cpupool v0.1.8
[INFO] [stderr]    Compiling bytes v0.4.12
[INFO] [stderr]    Compiling url v1.7.2
[INFO] [stderr]    Compiling rand_core v0.5.0
[INFO] [stderr]    Compiling clap v2.33.0
[INFO] [stderr]    Compiling mime v0.3.13
[INFO] [stderr]    Compiling flate2 v1.0.9
[INFO] [stderr]    Compiling mio v0.6.19
[INFO] [stderr]    Compiling cookie v0.12.0
[INFO] [stderr]    Compiling backtrace v0.3.32
[INFO] [stderr]    Compiling crossbeam-deque v0.7.1
[INFO] [stderr]    Compiling tokio-io v0.1.12
[INFO] [stderr]    Compiling http v0.1.17
[INFO] [stderr]    Compiling string v0.2.1
[INFO] [stderr]    Compiling tokio-buf v0.1.1
[INFO] [stderr]    Compiling phf_generator v0.7.24
[INFO] [stderr]    Compiling tokio-threadpool v0.1.15
[INFO] [stderr]    Compiling uuid v0.7.4
[INFO] [stderr]    Compiling rand v0.7.0
[INFO] [stderr]    Compiling phf_codegen v0.7.24
[INFO] [stderr]    Compiling number_prefix v0.2.8
[INFO] [stderr]    Compiling parking_lot v0.7.1
[INFO] [stderr]    Compiling mime_guess v2.0.0-alpha.6
[INFO] [stderr]    Compiling chrono v0.4.7
[INFO] [stderr]    Compiling tokio-reactor v0.1.9
[INFO] [stderr]    Compiling tokio-tcp v0.1.3
[INFO] [stderr]    Compiling tempfile v3.1.0
[INFO] [stderr]    Compiling synstructure v0.10.2
[INFO] [stderr]    Compiling pest_generator v2.1.0
[INFO] [stderr]    Compiling globset v0.4.4
[INFO] [stderr]    Compiling publicsuffix v1.5.2
[INFO] [stderr]    Compiling console v0.7.7
[INFO] [stderr]    Compiling env_logger v0.5.13
[INFO] [stderr]    Compiling tokio v0.1.22
[INFO] [stderr]    Compiling indicatif v0.11.0
[INFO] [stderr]    Compiling ignore v0.4.7
[INFO] [stderr]    Compiling h2 v0.1.25
[INFO] [stderr]    Compiling http-body v0.1.0
[INFO] [stderr]    Compiling serde_derive v1.0.94
[INFO] [stderr]    Compiling structopt-derive v0.2.18
[INFO] [stderr]    Compiling globwalk v0.7.1
[INFO] [stderr]    Compiling pest_derive v2.1.0
[INFO] [stderr]    Compiling failure v0.1.5
[INFO] [stderr]    Compiling exitfailure v0.5.1
[INFO] [stderr]    Compiling structopt v0.2.18
[INFO] [stderr]    Compiling clap-verbosity-flag v0.2.0
[INFO] [stderr]    Compiling hyper-tls v0.3.2
[INFO] [stderr]    Compiling serde_json v1.0.40
[INFO] [stderr]    Compiling serde_urlencoded v0.5.5
[INFO] [stderr]    Compiling serde_yaml v0.8.9
[INFO] [stderr]    Compiling cookie_store v0.7.0
[INFO] [stderr]    Compiling tera v1.0.0-beta.11
[INFO] [stderr]    Compiling reqwest v0.9.19
[INFO] [stderr]    Compiling git2 v0.9.1
[INFO] [stderr]    Compiling bonnibel v2.3.0 (/opt/rustwide/workdir)
[INFO] [stderr]     Finished dev [unoptimized + debuginfo] target(s) in 1m 06s
[INFO] running `Command { std: "docker" "inspect" "e97cea89a6e23c88f996cb41a9c5cab38879262897efec7e01aab2469bc3148e", kill_on_drop: false }`
[INFO] running `Command { std: "docker" "rm" "-f" "e97cea89a6e23c88f996cb41a9c5cab38879262897efec7e01aab2469bc3148e", kill_on_drop: false }`
[INFO] [stdout] e97cea89a6e23c88f996cb41a9c5cab38879262897efec7e01aab2469bc3148e
[INFO] running `Command { std: "docker" "create" "-v" "/var/lib/crater-agent-workspace/builds/worker-9/target:/opt/rustwide/target:rw,Z" "-v" "/var/lib/crater-agent-workspace/builds/worker-9/source:/opt/rustwide/workdir:ro,Z" "-v" "/var/lib/crater-agent-workspace/cargo-home:/opt/rustwide/cargo-home:ro,Z" "-v" "/var/lib/crater-agent-workspace/rustup-home:/opt/rustwide/rustup-home:ro,Z" "-e" "SOURCE_DIR=/opt/rustwide/workdir" "-e" "CARGO_TARGET_DIR=/opt/rustwide/target" "-e" "CARGO_INCREMENTAL=0" "-e" "RUST_BACKTRACE=full" "-e" "RUSTFLAGS=--cap-lints=warn" "-e" "CARGO_HOME=/opt/rustwide/cargo-home" "-e" "RUSTUP_HOME=/opt/rustwide/rustup-home" "-w" "/opt/rustwide/workdir" "-m" "1610612736" "--user" "0:0" "--network" "none" "ghcr.io/rust-lang/crates-build-env/linux@sha256:34b6a614d2c27851fe6cbf88fbd1137609cefab8b10d0615aaeb6fd47975d74e" "/opt/rustwide/cargo-home/bin/cargo" "+1.54.0" "test" "--frozen" "--no-run" "--message-format=json", kill_on_drop: false }`
[INFO] [stdout] d71aadd58cd9df355ada504ffd8fb71d3942ba6c02e920bb6c768141cfb1ee34
[INFO] running `Command { std: "docker" "start" "-a" "d71aadd58cd9df355ada504ffd8fb71d3942ba6c02e920bb6c768141cfb1ee34", kill_on_drop: false }`
[INFO] [stderr]    Compiling escargot v0.3.1
[INFO] [stderr]    Compiling predicates-core v1.0.0
[INFO] [stderr]    Compiling difference v2.0.0
[INFO] [stderr]    Compiling treeline v0.1.0
[INFO] [stderr]    Compiling normalize-line-endings v0.2.2
[INFO] [stderr]    Compiling float-cmp v0.4.0
[INFO] [stderr]    Compiling predicates-tree v1.0.0
[INFO] [stderr]    Compiling predicates v1.0.1
[INFO] [stderr]    Compiling assert_cmd v0.10.2
[INFO] [stderr]    Compiling bonnibel v2.3.0 (/opt/rustwide/workdir)
[INFO] [stderr]     Finished test [unoptimized + debuginfo] target(s) in 5.48s
[INFO] running `Command { std: "docker" "inspect" "d71aadd58cd9df355ada504ffd8fb71d3942ba6c02e920bb6c768141cfb1ee34", kill_on_drop: false }`
[INFO] running `Command { std: "docker" "rm" "-f" "d71aadd58cd9df355ada504ffd8fb71d3942ba6c02e920bb6c768141cfb1ee34", kill_on_drop: false }`
[INFO] [stdout] d71aadd58cd9df355ada504ffd8fb71d3942ba6c02e920bb6c768141cfb1ee34
[INFO] running `Command { std: "docker" "create" "-v" "/var/lib/crater-agent-workspace/builds/worker-9/target:/opt/rustwide/target:rw,Z" "-v" "/var/lib/crater-agent-workspace/builds/worker-9/source:/opt/rustwide/workdir:ro,Z" "-v" "/var/lib/crater-agent-workspace/cargo-home:/opt/rustwide/cargo-home:ro,Z" "-v" "/var/lib/crater-agent-workspace/rustup-home:/opt/rustwide/rustup-home:ro,Z" "-e" "SOURCE_DIR=/opt/rustwide/workdir" "-e" "CARGO_TARGET_DIR=/opt/rustwide/target" "-e" "CARGO_INCREMENTAL=0" "-e" "RUST_BACKTRACE=full" "-e" "RUSTFLAGS=--cap-lints=warn" "-e" "CARGO_HOME=/opt/rustwide/cargo-home" "-e" "RUSTUP_HOME=/opt/rustwide/rustup-home" "-w" "/opt/rustwide/workdir" "-m" "1610612736" "--user" "0:0" "--network" "none" "ghcr.io/rust-lang/crates-build-env/linux@sha256:34b6a614d2c27851fe6cbf88fbd1137609cefab8b10d0615aaeb6fd47975d74e" "/opt/rustwide/cargo-home/bin/cargo" "+1.54.0" "test" "--frozen", kill_on_drop: false }`
[INFO] [stdout] 300f4cd1025fad601515f2a12aaea027bf15b0bb75256b949f4638a375af70b0
[INFO] running `Command { std: "docker" "start" "-a" "300f4cd1025fad601515f2a12aaea027bf15b0bb75256b949f4638a375af70b0", kill_on_drop: false }`
[INFO] [stderr]     Finished test [unoptimized + debuginfo] target(s) in 0.60s
[INFO] [stderr]      Running unittests (/opt/rustwide/target/debug/deps/bonnibel-5e7605ab268abc75)
[INFO] [stdout] 
[INFO] [stderr]      Running unittests (/opt/rustwide/target/debug/deps/pb-cd627b4bbbebb1da)
[INFO] [stdout] running 0 tests
[INFO] [stderr]      Running tests/init.rs (/opt/rustwide/target/debug/deps/init-e671618f5af7478e)
[INFO] [stdout] 
[INFO] [stdout] test result: ok. 0 passed; 0 failed; 0 ignored; 0 measured; 0 filtered out; finished in 0.00s
[INFO] [stdout] 
[INFO] [stdout] 
[INFO] [stdout] running 1 test
[INFO] [stdout] test test_a_thing ... ok
[INFO] [stdout] 
[INFO] [stdout] test result: ok. 1 passed; 0 failed; 0 ignored; 0 measured; 0 filtered out; finished in 0.00s
[INFO] [stdout] 
[INFO] [stdout] 
[INFO] [stdout] running 1 test
[INFO] [stdout] test file_doesnt_exist ... FAILED
[INFO] [stdout] 
[INFO] [stdout] failures:
[INFO] [stdout] 
[INFO] [stdout] ---- file_doesnt_exist stdout ----
[INFO] [stdout] Error: CargoError { cause: Some(CargoError { kind: CommandFailed, context: Some("   Compiling libc v0.2.59\n   Compiling autocfg v0.1.4\n   Compiling cfg-if v0.1.9\n   Compiling spin v0.5.0\n   Compiling cc v1.0.37\n   Compiling smallvec v0.6.10\n   Compiling rand_core v0.4.0\n   Compiling version_check v0.1.5\n   Compiling semver-parser v0.7.0\n   Compiling proc-macro2 v0.4.30\n   Compiling unicode-xid v0.1.0\n   Compiling pkg-config v0.3.14\n   Compiling syn v0.15.39\n   Compiling futures v0.1.28\n   Compiling byteorder v1.3.2\n   Compiling memchr v2.2.1\n   Compiling fnv v1.0.6\n   Compiling ucd-util v0.1.3\n   Compiling either v1.5.2\n   Compiling regex v1.1.9\n   Compiling utf8-ranges v1.0.3\n   Compiling scopeguard v0.3.3\n   Compiling slab v0.4.2\n   Compiling matches v0.1.8\n   Compiling itoa v0.4.4\n   Compiling bitflags v1.1.0\n   Compiling stable_deref_trait v1.1.1\n   Compiling arrayvec v0.4.11\n   Compiling serde v1.0.94\n   Compiling nodrop v0.1.13\n   Compiling percent-encoding v1.0.1\n   Compiling rustc-demangle v0.1.15\n   Compiling siphasher v0.2.3\n   Compiling failure_derive v0.1.5\n   Compiling memoffset v0.2.1\n   Compiling ryu v1.0.0\n   Compiling unicode-width v0.1.5\n   Compiling ucd-trie v0.1.1\n   Compiling openssl v0.10.24\n   Compiling httparse v1.3.4\n   Compiling crc32fast v1.2.0\n   Compiling foreign-types-shared v0.1.1\n   Compiling unicode-segmentation v1.3.0\n   Compiling indexmap v1.0.2\n   Compiling native-tls v0.2.3\n   Compiling openssl-probe v0.1.2\n   Compiling same-file v1.0.4\n   Compiling unic-char-range v0.9.0\n   Compiling ppv-lite86 v0.2.5\n   Compiling try-lock v0.2.2\n   Compiling maplit v1.0.1\n   Compiling adler32 v1.0.3\n   Compiling scopeguard v1.0.0\n   Compiling unic-common v0.9.0\n   Compiling strsim v0.8.0\n   Compiling dtoa v0.4.4\n   Compiling encoding_rs v0.8.17\n   Compiling vec_map v0.8.1\n   Compiling quick-error v1.2.2\n   Compiling ansi_term v0.11.0\n   Compiling deunicode v0.4.3\n   Compiling linked-hash-map v0.5.2\n   Compiling termcolor v1.0.5\n   Compiling remove_dir_all v0.5.2\n   Compiling humansize v1.1.0\n   Compiling lazy_static v1.3.0\n   Compiling log v0.4.6\n   Compiling try_from v0.3.2\n   Compiling unic-char-property v0.9.0\n   Compiling regex-syntax v0.6.8\n   Compiling unicode-bidi v0.3.4\n   Compiling semver v0.9.0\n   Compiling rand_core v0.3.1\n   Compiling rand_jitter v0.1.4\n   Compiling unicode-normalization v0.1.8\n   Compiling humantime v1.2.0\n   Compiling slug v0.1.4\n   Compiling yaml-rust v0.4.3\n   Compiling lock_api v0.2.0\n   Compiling rand_isaac v0.1.1\n   Compiling rand_hc v0.1.0\n   Compiling rand_xorshift v0.1.1\n   Compiling foreign-types v0.3.2\n   Compiling owning_ref v0.4.0\n   Compiling textwrap v0.11.0\n   Compiling miniz_oxide v0.2.2\n   Compiling unic-ucd-version v0.9.0\n   Compiling walkdir v2.2.8\n   Compiling pest v2.1.1\n   Compiling rand_pcg v0.1.2\n   Compiling rand_chacha v0.1.1\n   Compiling rand v0.6.5\n   Compiling num-traits v0.2.8\n   Compiling rand_chacha v0.2.0\n   Compiling num-integer v0.1.41\n   Compiling crossbeam-utils v0.6.5\n   Compiling thread_local v0.3.6\n   Compiling unicase v1.4.2\n   Compiling error-chain v0.12.1\n   Compiling unicase v2.4.0\n   Compiling lock_api v0.1.5\n   Compiling rustc_version v0.2.3\nerror: could not compile `cc`\n\nCaused by:\n  process didn't exit successfully: `rustc --crate-name cc /opt/rustwide/cargo-home/registry/src/github.com-1ecc6299db9ec823/cc-1.0.37/src/lib.rs --error-format=json --json=diagnostic-rendered-ansi --crate-type lib --emit=dep-info,metadata,link -C embed-bitcode=no -C debuginfo=2 -C metadata=72ce7f44769ad047 -C extra-filename=-72ce7f44769ad047 --out-dir /opt/rustwide/target/debug/deps -L dependency=/opt/rustwide/target/debug/deps --cap-lints allow` (signal: 9, SIGKILL: kill)\nwarning: build failed, waiting for other jobs to finish...\nerror: build failed\n"), cause: None }) }
[INFO] [stdout] thread 'file_doesnt_exist' panicked at 'assertion failed: `(left == right)`
[INFO] [stdout]   left: `1`,
[INFO] [stdout]  right: `0`: the test returned a termination value with a non-zero status code (1) which indicates a failure', /rustc/a178d0322ce20e33eac124758e837cbd80a6f633/library/test/src/lib.rs:193:5
[INFO] [stdout] stack backtrace:
[INFO] [stdout]    0:     0x561bbc329590 - std::backtrace_rs::backtrace::libunwind::trace::h34055254b57d8e79
[INFO] [stdout]                                at /rustc/a178d0322ce20e33eac124758e837cbd80a6f633/library/std/src/../../backtrace/src/backtrace/libunwind.rs:90:5
[INFO] [stdout]    1:     0x561bbc329590 - std::backtrace_rs::backtrace::trace_unsynchronized::h8f1e3fbd9afff6ec
[INFO] [stdout]                                at /rustc/a178d0322ce20e33eac124758e837cbd80a6f633/library/std/src/../../backtrace/src/backtrace/mod.rs:66:5
[INFO] [stdout]    2:     0x561bbc329590 - std::sys_common::backtrace::_print_fmt::h3a99a796b770c360
[INFO] [stdout]                                at /rustc/a178d0322ce20e33eac124758e837cbd80a6f633/library/std/src/sys_common/backtrace.rs:67:5
[INFO] [stdout]    3:     0x561bbc329590 - <std::sys_common::backtrace::_print::DisplayBacktrace as core::fmt::Display>::fmt::h32d1f94a80615d18
[INFO] [stdout]                                at /rustc/a178d0322ce20e33eac124758e837cbd80a6f633/library/std/src/sys_common/backtrace.rs:46:22
[INFO] [stdout]    4:     0x561bbc34c24c - core::fmt::write::h306731c068f7162c
[INFO] [stdout]                                at /rustc/a178d0322ce20e33eac124758e837cbd80a6f633/library/core/src/fmt/mod.rs:1110:17
[INFO] [stdout]    5:     0x561bbc326495 - std::io::Write::write_fmt::h87f19b0a2cd190bc
[INFO] [stdout]                                at /rustc/a178d0322ce20e33eac124758e837cbd80a6f633/library/std/src/io/mod.rs:1588:15
[INFO] [stdout]    6:     0x561bbc32b6fb - std::sys_common::backtrace::_print::h5abaa2601a852287
[INFO] [stdout]                                at /rustc/a178d0322ce20e33eac124758e837cbd80a6f633/library/std/src/sys_common/backtrace.rs:49:5
[INFO] [stdout]    7:     0x561bbc32b6fb - std::sys_common::backtrace::print::h8d81445442bb638f
[INFO] [stdout]                                at /rustc/a178d0322ce20e33eac124758e837cbd80a6f633/library/std/src/sys_common/backtrace.rs:36:9
[INFO] [stdout]    8:     0x561bbc32b6fb - std::panicking::default_hook::{{closure}}::hcfe804496a9fa747
[INFO] [stdout]                                at /rustc/a178d0322ce20e33eac124758e837cbd80a6f633/library/std/src/panicking.rs:208:50
[INFO] [stdout]    9:     0x561bbc32b20c - std::panicking::default_hook::hbea8e3ccf2ba8901
[INFO] [stdout]                                at /rustc/a178d0322ce20e33eac124758e837cbd80a6f633/library/std/src/panicking.rs:222:9
[INFO] [stdout]   10:     0x561bbc32bdc4 - std::panicking::rust_panic_with_hook::h7ee9e1a2d0f8975a
[INFO] [stdout]                                at /rustc/a178d0322ce20e33eac124758e837cbd80a6f633/library/std/src/panicking.rs:622:17
[INFO] [stdout]   11:     0x561bbc32b8a7 - std::panicking::begin_panic_handler::{{closure}}::h8ab3b4491718b2c7
[INFO] [stdout]                                at /rustc/a178d0322ce20e33eac124758e837cbd80a6f633/library/std/src/panicking.rs:519:13
[INFO] [stdout]   12:     0x561bbc329a8c - std::sys_common::backtrace::__rust_end_short_backtrace::hd489062ffa586a9f
[INFO] [stdout]                                at /rustc/a178d0322ce20e33eac124758e837cbd80a6f633/library/std/src/sys_common/backtrace.rs:141:18
[INFO] [stdout]   13:     0x561bbc32b809 - rust_begin_unwind
[INFO] [stdout]                                at /rustc/a178d0322ce20e33eac124758e837cbd80a6f633/library/std/src/panicking.rs:515:5
[INFO] [stdout]   14:     0x561bbc28c651 - core::panicking::panic_fmt::hca6330e3e14086b4
[INFO] [stdout]                                at /rustc/a178d0322ce20e33eac124758e837cbd80a6f633/library/core/src/panicking.rs:92:14
[INFO] [stdout]   15:     0x561bbc34ac4e - core::panicking::assert_failed_inner::h33b45280069a80ed
[INFO] [stdout]   16:     0x561bbc28d8fa - core::panicking::assert_failed::hb0b76272102857f5
[INFO] [stdout]                                at /rustc/a178d0322ce20e33eac124758e837cbd80a6f633/library/core/src/panicking.rs:117:5
[INFO] [stdout]   17:     0x561bbc28de75 - test::assert_test_result::h6a51fb6bde0711d5
[INFO] [stdout]                                at /rustc/a178d0322ce20e33eac124758e837cbd80a6f633/library/test/src/lib.rs:193:5
[INFO] [stdout]   18:     0x561bbc28eaf5 - init::file_doesnt_exist::{{closure}}::hc87aeee94cdfd2aa
[INFO] [stdout]                                at /opt/rustwide/workdir/tests/init.rs:6:1
[INFO] [stdout]   19:     0x561bbc28d98e - core::ops::function::FnOnce::call_once::h7c420c1f14aaadff
[INFO] [stdout]                                at /rustc/a178d0322ce20e33eac124758e837cbd80a6f633/library/core/src/ops/function.rs:227:5
[INFO] [stdout]   20:     0x561bbc2b6ef3 - core::ops::function::FnOnce::call_once::h152e7e439ff59e19
[INFO] [stdout]                                at /rustc/a178d0322ce20e33eac124758e837cbd80a6f633/library/core/src/ops/function.rs:227:5
[INFO] [stdout]   21:     0x561bbc2b6ef3 - test::__rust_begin_short_backtrace::h0908f3b1fdbb72ab
[INFO] [stdout]                                at /rustc/a178d0322ce20e33eac124758e837cbd80a6f633/library/test/src/lib.rs:577:5
[INFO] [stdout]   22:     0x561bbc2b59b0 - <alloc::boxed::Box<F,A> as core::ops::function::FnOnce<Args>>::call_once::hf6d2a51e5587546c
[INFO] [stdout]                                at /rustc/a178d0322ce20e33eac124758e837cbd80a6f633/library/alloc/src/boxed.rs:1575:9
[INFO] [stdout]   23:     0x561bbc2b59b0 - <std::panic::AssertUnwindSafe<F> as core::ops::function::FnOnce<()>>::call_once::h8af660f3a89ef593
[INFO] [stdout]                                at /rustc/a178d0322ce20e33eac124758e837cbd80a6f633/library/std/src/panic.rs:347:9
[INFO] [stdout]   24:     0x561bbc2b59b0 - std::panicking::try::do_call::hd36aef60f84b6d36
[INFO] [stdout]                                at /rustc/a178d0322ce20e33eac124758e837cbd80a6f633/library/std/src/panicking.rs:401:40
[INFO] [stdout]   25:     0x561bbc2b59b0 - std::panicking::try::h9932b4480e69817c
[INFO] [stdout]                                at /rustc/a178d0322ce20e33eac124758e837cbd80a6f633/library/std/src/panicking.rs:365:19
[INFO] [stdout]   26:     0x561bbc2b59b0 - std::panic::catch_unwind::h6aa177099cfff5f8
[INFO] [stdout]                                at /rustc/a178d0322ce20e33eac124758e837cbd80a6f633/library/std/src/panic.rs:434:14
[INFO] [stdout]   27:     0x561bbc2b59b0 - test::run_test_in_process::h5884d6f2d99e20c3
[INFO] [stdout]                                at /rustc/a178d0322ce20e33eac124758e837cbd80a6f633/library/test/src/lib.rs:600:18
[INFO] [stdout]   28:     0x561bbc2b59b0 - test::run_test::run_test_inner::{{closure}}::h6fdc58c6d5f5b6e3
[INFO] [stdout]                                at /rustc/a178d0322ce20e33eac124758e837cbd80a6f633/library/test/src/lib.rs:492:39
[INFO] [stdout]   29:     0x561bbc28f062 - test::run_test::run_test_inner::{{closure}}::h408365d67a78ade8
[INFO] [stdout]                                at /rustc/a178d0322ce20e33eac124758e837cbd80a6f633/library/test/src/lib.rs:519:37
[INFO] [stdout]   30:     0x561bbc28f062 - std::sys_common::backtrace::__rust_begin_short_backtrace::hb560b77c4f701523
[INFO] [stdout]                                at /rustc/a178d0322ce20e33eac124758e837cbd80a6f633/library/std/src/sys_common/backtrace.rs:125:18
[INFO] [stdout]   31:     0x561bbc292c18 - std::thread::Builder::spawn_unchecked::{{closure}}::{{closure}}::hf2e7831dad93c597
[INFO] [stdout]                                at /rustc/a178d0322ce20e33eac124758e837cbd80a6f633/library/std/src/thread/mod.rs:481:17
[INFO] [stdout]   32:     0x561bbc292c18 - <std::panic::AssertUnwindSafe<F> as core::ops::function::FnOnce<()>>::call_once::hd2e08783d8be4d02
[INFO] [stdout]                                at /rustc/a178d0322ce20e33eac124758e837cbd80a6f633/library/std/src/panic.rs:347:9
[INFO] [stdout]   33:     0x561bbc292c18 - std::panicking::try::do_call::h062597b7acfd6b82
[INFO] [stdout]                                at /rustc/a178d0322ce20e33eac124758e837cbd80a6f633/library/std/src/panicking.rs:401:40
[INFO] [stdout]   34:     0x561bbc292c18 - std::panicking::try::h0d7b79db04c14552
[INFO] [stdout]                                at /rustc/a178d0322ce20e33eac124758e837cbd80a6f633/library/std/src/panicking.rs:365:19
[INFO] [stdout]   35:     0x561bbc292c18 - std::panic::catch_unwind::hb01a0b5e7c8cd43b
[INFO] [stdout]                                at /rustc/a178d0322ce20e33eac124758e837cbd80a6f633/library/std/src/panic.rs:434:14
[INFO] [stdout]   36:     0x561bbc292c18 - std::thread::Builder::spawn_unchecked::{{closure}}::h5bde48cc887e0d1e
[INFO] [stdout]                                at /rustc/a178d0322ce20e33eac124758e837cbd80a6f633/library/std/src/thread/mod.rs:480:30
[INFO] [stdout]   37:     0x561bbc292c18 - core::ops::function::FnOnce::call_once{{vtable.shim}}::h745ea30807a29e55
[INFO] [stdout]                                at /rustc/a178d0322ce20e33eac124758e837cbd80a6f633/library/core/src/ops/function.rs:227:5
[INFO] [stdout]   38:     0x561bbc330b57 - <alloc::boxed::Box<F,A> as core::ops::function::FnOnce<Args>>::call_once::h7ece6cfefaff1005
[INFO] [stdout]                                at /rustc/a178d0322ce20e33eac124758e837cbd80a6f633/library/alloc/src/boxed.rs:1575:9
[INFO] [stdout]   39:     0x561bbc330b57 - <alloc::boxed::Box<F,A> as core::ops::function::FnOnce<Args>>::call_once::hb8b48e55c21f193e
[INFO] [stdout]                                at /rustc/a178d0322ce20e33eac124758e837cbd80a6f633/library/alloc/src/boxed.rs:1575:9
[INFO] [stdout]   40:     0x561bbc330b57 - std::sys::unix::thread::Thread::new::thread_start::h8c7c4450dba62914
[INFO] [stdout]                                at /rustc/a178d0322ce20e33eac124758e837cbd80a6f633/library/std/src/sys/unix/thread.rs:71:17
[INFO] [stdout]   41:     0x7fd44a618609 - start_thread
[INFO] [stdout]   42:     0x7fd44a3ea293 - clone
[INFO] [stdout]   43:                0x0 - <unknown>
[INFO] [stdout] 
[INFO] [stdout] 
[INFO] [stdout] failures:
[INFO] [stdout]     file_doesnt_exist
[INFO] [stdout] 
[INFO] [stdout] test result: FAILED. 0 passed; 1 failed; 0 ignored; 0 measured; 0 filtered out; finished in 8.72s
[INFO] [stdout] 
[INFO] [stderr] error: test failed, to rerun pass '--test init'
[INFO] running `Command { std: "docker" "inspect" "300f4cd1025fad601515f2a12aaea027bf15b0bb75256b949f4638a375af70b0", kill_on_drop: false }`
[INFO] running `Command { std: "docker" "rm" "-f" "300f4cd1025fad601515f2a12aaea027bf15b0bb75256b949f4638a375af70b0", kill_on_drop: false }`
[INFO] [stdout] 300f4cd1025fad601515f2a12aaea027bf15b0bb75256b949f4638a375af70b0
