[INFO] fetching crate bno055 0.3.2...
[INFO] testing bno055-0.3.2 against beta-2021-08-01 for beta-1.55-1
[INFO] extracting crate bno055 0.3.2 into /workspace/builds/worker-1/source
[INFO] validating manifest of crates.io crate bno055 0.3.2 on toolchain beta-2021-08-01
[INFO] running `Command { std: "/workspace/cargo-home/bin/cargo" "+beta-2021-08-01" "metadata" "--manifest-path" "Cargo.toml" "--no-deps", kill_on_drop: false }`
[INFO] started tweaking crates.io crate bno055 0.3.2
[INFO] finished tweaking crates.io crate bno055 0.3.2
[INFO] tweaked toml for crates.io crate bno055 0.3.2 written to /workspace/builds/worker-1/source/Cargo.toml
[INFO] running `Command { std: "/workspace/cargo-home/bin/cargo" "+beta-2021-08-01" "generate-lockfile" "--manifest-path" "Cargo.toml" "-Zno-index-update", kill_on_drop: false }`
[INFO] running `Command { std: "/workspace/cargo-home/bin/cargo" "+beta-2021-08-01" "fetch" "--manifest-path" "Cargo.toml", kill_on_drop: false }`
[INFO] [stderr]     Blocking waiting for file lock on package cache
[INFO] running `Command { std: "docker" "create" "-v" "/var/lib/crater-agent-workspace/builds/worker-1/target:/opt/rustwide/target:rw,Z" "-v" "/var/lib/crater-agent-workspace/builds/worker-1/source:/opt/rustwide/workdir:ro,Z" "-v" "/var/lib/crater-agent-workspace/cargo-home:/opt/rustwide/cargo-home:ro,Z" "-v" "/var/lib/crater-agent-workspace/rustup-home:/opt/rustwide/rustup-home:ro,Z" "-e" "SOURCE_DIR=/opt/rustwide/workdir" "-e" "CARGO_TARGET_DIR=/opt/rustwide/target" "-e" "CARGO_HOME=/opt/rustwide/cargo-home" "-e" "RUSTUP_HOME=/opt/rustwide/rustup-home" "-w" "/opt/rustwide/workdir" "-m" "1610612736" "--user" "0:0" "--network" "none" "ghcr.io/rust-lang/crates-build-env/linux@sha256:34b6a614d2c27851fe6cbf88fbd1137609cefab8b10d0615aaeb6fd47975d74e" "/opt/rustwide/cargo-home/bin/cargo" "+beta-2021-08-01" "metadata" "--no-deps" "--format-version=1", kill_on_drop: false }`
[INFO] [stdout] b3b904629a151431dd1641f04af289e606c12b03d777c63d4fe790f0cdd49fd5
[INFO] running `Command { std: "docker" "start" "-a" "b3b904629a151431dd1641f04af289e606c12b03d777c63d4fe790f0cdd49fd5", kill_on_drop: false }`
[INFO] running `Command { std: "docker" "inspect" "b3b904629a151431dd1641f04af289e606c12b03d777c63d4fe790f0cdd49fd5", kill_on_drop: false }`
[INFO] running `Command { std: "docker" "rm" "-f" "b3b904629a151431dd1641f04af289e606c12b03d777c63d4fe790f0cdd49fd5", kill_on_drop: false }`
[INFO] [stdout] b3b904629a151431dd1641f04af289e606c12b03d777c63d4fe790f0cdd49fd5
[INFO] running `Command { std: "docker" "create" "-v" "/var/lib/crater-agent-workspace/builds/worker-1/target:/opt/rustwide/target:rw,Z" "-v" "/var/lib/crater-agent-workspace/builds/worker-1/source:/opt/rustwide/workdir:ro,Z" "-v" "/var/lib/crater-agent-workspace/cargo-home:/opt/rustwide/cargo-home:ro,Z" "-v" "/var/lib/crater-agent-workspace/rustup-home:/opt/rustwide/rustup-home:ro,Z" "-e" "SOURCE_DIR=/opt/rustwide/workdir" "-e" "CARGO_TARGET_DIR=/opt/rustwide/target" "-e" "CARGO_INCREMENTAL=0" "-e" "RUST_BACKTRACE=full" "-e" "RUSTFLAGS=--cap-lints=warn" "-e" "CARGO_HOME=/opt/rustwide/cargo-home" "-e" "RUSTUP_HOME=/opt/rustwide/rustup-home" "-w" "/opt/rustwide/workdir" "-m" "1610612736" "--user" "0:0" "--network" "none" "ghcr.io/rust-lang/crates-build-env/linux@sha256:34b6a614d2c27851fe6cbf88fbd1137609cefab8b10d0615aaeb6fd47975d74e" "/opt/rustwide/cargo-home/bin/cargo" "+beta-2021-08-01" "build" "--frozen" "--message-format=json", kill_on_drop: false }`
[INFO] [stdout] 57f75c06449aa316fe22becff1a420d9cef268a27dadd0b54db7c25e747bcf8b
[INFO] running `Command { std: "docker" "start" "-a" "57f75c06449aa316fe22becff1a420d9cef268a27dadd0b54db7c25e747bcf8b", kill_on_drop: false }`
[INFO] [stderr]    Compiling nb v1.0.0
[INFO] [stderr]    Compiling void v1.0.2
[INFO] [stderr]    Compiling byteorder v1.4.3
[INFO] [stderr]    Compiling mint v0.5.6
[INFO] [stderr]    Compiling nb v0.1.3
[INFO] [stderr]    Compiling embedded-hal v0.2.6
[INFO] [stderr]    Compiling bno055 v0.3.2 (/opt/rustwide/workdir)
[INFO] [stderr]     Finished dev [unoptimized + debuginfo] target(s) in 2.62s
[INFO] running `Command { std: "docker" "inspect" "57f75c06449aa316fe22becff1a420d9cef268a27dadd0b54db7c25e747bcf8b", kill_on_drop: false }`
[INFO] running `Command { std: "docker" "rm" "-f" "57f75c06449aa316fe22becff1a420d9cef268a27dadd0b54db7c25e747bcf8b", kill_on_drop: false }`
[INFO] [stdout] 57f75c06449aa316fe22becff1a420d9cef268a27dadd0b54db7c25e747bcf8b
[INFO] running `Command { std: "docker" "create" "-v" "/var/lib/crater-agent-workspace/builds/worker-1/target:/opt/rustwide/target:rw,Z" "-v" "/var/lib/crater-agent-workspace/builds/worker-1/source:/opt/rustwide/workdir:ro,Z" "-v" "/var/lib/crater-agent-workspace/cargo-home:/opt/rustwide/cargo-home:ro,Z" "-v" "/var/lib/crater-agent-workspace/rustup-home:/opt/rustwide/rustup-home:ro,Z" "-e" "SOURCE_DIR=/opt/rustwide/workdir" "-e" "CARGO_TARGET_DIR=/opt/rustwide/target" "-e" "CARGO_INCREMENTAL=0" "-e" "RUST_BACKTRACE=full" "-e" "RUSTFLAGS=--cap-lints=warn" "-e" "CARGO_HOME=/opt/rustwide/cargo-home" "-e" "RUSTUP_HOME=/opt/rustwide/rustup-home" "-w" "/opt/rustwide/workdir" "-m" "1610612736" "--user" "0:0" "--network" "none" "ghcr.io/rust-lang/crates-build-env/linux@sha256:34b6a614d2c27851fe6cbf88fbd1137609cefab8b10d0615aaeb6fd47975d74e" "/opt/rustwide/cargo-home/bin/cargo" "+beta-2021-08-01" "test" "--frozen" "--no-run" "--message-format=json", kill_on_drop: false }`
[INFO] [stdout] b582575994ca13023065d738c937f2ffe72f770129366edcfb1a6e62f3706b92
[INFO] running `Command { std: "docker" "start" "-a" "b582575994ca13023065d738c937f2ffe72f770129366edcfb1a6e62f3706b92", kill_on_drop: false }`
[INFO] [stderr]    Compiling bno055 v0.3.2 (/opt/rustwide/workdir)
[INFO] [stderr]     Finished test [unoptimized + debuginfo] target(s) in 0.66s
[INFO] running `Command { std: "docker" "inspect" "b582575994ca13023065d738c937f2ffe72f770129366edcfb1a6e62f3706b92", kill_on_drop: false }`
[INFO] running `Command { std: "docker" "rm" "-f" "b582575994ca13023065d738c937f2ffe72f770129366edcfb1a6e62f3706b92", kill_on_drop: false }`
[INFO] [stdout] b582575994ca13023065d738c937f2ffe72f770129366edcfb1a6e62f3706b92
[INFO] running `Command { std: "docker" "create" "-v" "/var/lib/crater-agent-workspace/builds/worker-1/target:/opt/rustwide/target:rw,Z" "-v" "/var/lib/crater-agent-workspace/builds/worker-1/source:/opt/rustwide/workdir:ro,Z" "-v" "/var/lib/crater-agent-workspace/cargo-home:/opt/rustwide/cargo-home:ro,Z" "-v" "/var/lib/crater-agent-workspace/rustup-home:/opt/rustwide/rustup-home:ro,Z" "-e" "SOURCE_DIR=/opt/rustwide/workdir" "-e" "CARGO_TARGET_DIR=/opt/rustwide/target" "-e" "CARGO_INCREMENTAL=0" "-e" "RUST_BACKTRACE=full" "-e" "RUSTFLAGS=--cap-lints=warn" "-e" "CARGO_HOME=/opt/rustwide/cargo-home" "-e" "RUSTUP_HOME=/opt/rustwide/rustup-home" "-w" "/opt/rustwide/workdir" "-m" "1610612736" "--user" "0:0" "--network" "none" "ghcr.io/rust-lang/crates-build-env/linux@sha256:34b6a614d2c27851fe6cbf88fbd1137609cefab8b10d0615aaeb6fd47975d74e" "/opt/rustwide/cargo-home/bin/cargo" "+beta-2021-08-01" "test" "--frozen", kill_on_drop: false }`
[INFO] [stdout] 8c29959d772f11ecee97a95bdc3a819b990f9aa4c6ee8067510ce4b3977a4d71
[INFO] running `Command { std: "docker" "start" "-a" "8c29959d772f11ecee97a95bdc3a819b990f9aa4c6ee8067510ce4b3977a4d71", kill_on_drop: false }`
[INFO] [stderr]     Finished test [unoptimized + debuginfo] target(s) in 0.01s
[INFO] [stderr]      Running unittests (/opt/rustwide/target/debug/deps/bno055-d02c1f6a63ac7519)
[INFO] [stdout] 
[INFO] [stdout] running 0 tests
[INFO] [stdout] 
[INFO] [stdout] test result: ok. 0 passed; 0 failed; 0 ignored; 0 measured; 0 filtered out; finished in 0.00s
[INFO] [stdout] 
[INFO] [stderr]    Doc-tests bno055
[INFO] [stdout] 
[INFO] [stdout] running 1 test
[INFO] [stdout] test src/lib.rs - Bno055<I>::init (line 72) ... FAILED
[INFO] [stdout] 
[INFO] [stdout] failures:
[INFO] [stdout] 
[INFO] [stdout] ---- src/lib.rs - Bno055<I>::init (line 72) stdout ----
[INFO] [stdout] error[E0432]: unresolved import `bno055::BNO055_ID`
[INFO] [stdout]  --> src/lib.rs:77:5
[INFO] [stdout]   |
[INFO] [stdout] 8 | use bno055::BNO055_ID;
[INFO] [stdout]   |     ^^^^^^^^^^^^^^^^^ no `BNO055_ID` in the root
[INFO] [stdout] 
[INFO] [stdout] error[E0277]: the trait bound `Delay: _embedded_hal_blocking_delay_DelayMs<u16>` is not satisfied
[INFO] [stdout]   --> src/lib.rs:96:13
[INFO] [stdout]    |
[INFO] [stdout] 27 | bno055.init(&mut delay)?;
[INFO] [stdout]    |             ^^^^^^^^^^ the trait `_embedded_hal_blocking_delay_DelayMs<u16>` is not implemented for `Delay`
[INFO] [stdout]    |
[INFO] [stdout]    = help: the following implementations were found:
[INFO] [stdout]              <Delay as _embedded_hal_blocking_delay_DelayMs<u8>>
[INFO] [stdout]    = note: required for the cast to the object type `dyn _embedded_hal_blocking_delay_DelayMs<u16>`
[INFO] [stdout] 
[INFO] [stdout] error: aborting due to 2 previous errors
[INFO] [stdout] 
[INFO] [stdout] Some errors have detailed explanations: E0277, E0432.
[INFO] [stdout] For more information about an error, try `rustc --explain E0277`.
[INFO] [stdout] Couldn't compile the test.
[INFO] [stdout] 
[INFO] [stdout] failures:
[INFO] [stdout]     src/lib.rs - Bno055<I>::init (line 72)
[INFO] [stdout] 
[INFO] [stdout] test result: FAILED. 0 passed; 1 failed; 0 ignored; 0 measured; 0 filtered out; finished in 0.13s
[INFO] [stdout] 
[INFO] [stderr] error: test failed, to rerun pass '--doc'
[INFO] running `Command { std: "docker" "inspect" "8c29959d772f11ecee97a95bdc3a819b990f9aa4c6ee8067510ce4b3977a4d71", kill_on_drop: false }`
[INFO] running `Command { std: "docker" "rm" "-f" "8c29959d772f11ecee97a95bdc3a819b990f9aa4c6ee8067510ce4b3977a4d71", kill_on_drop: false }`
[INFO] [stdout] 8c29959d772f11ecee97a95bdc3a819b990f9aa4c6ee8067510ce4b3977a4d71
