[INFO] fetching crate blake2b-rs 0.2.0...
[INFO] testing blake2b-rs-0.2.0 against 1.54.0 for beta-1.55-1
[INFO] extracting crate blake2b-rs 0.2.0 into /workspace/builds/worker-32/source
[INFO] validating manifest of crates.io crate blake2b-rs 0.2.0 on toolchain 1.54.0
[INFO] running `Command { std: "/workspace/cargo-home/bin/cargo" "+1.54.0" "metadata" "--manifest-path" "Cargo.toml" "--no-deps", kill_on_drop: false }`
[INFO] started tweaking crates.io crate blake2b-rs 0.2.0
[INFO] finished tweaking crates.io crate blake2b-rs 0.2.0
[INFO] tweaked toml for crates.io crate blake2b-rs 0.2.0 written to /workspace/builds/worker-32/source/Cargo.toml
[INFO] running `Command { std: "/workspace/cargo-home/bin/cargo" "+1.54.0" "generate-lockfile" "--manifest-path" "Cargo.toml" "-Zno-index-update", kill_on_drop: false }`
[INFO] [stderr]     Blocking waiting for file lock on package cache
[INFO] running `Command { std: "/workspace/cargo-home/bin/cargo" "+1.54.0" "fetch" "--manifest-path" "Cargo.toml", kill_on_drop: false }`
[INFO] [stderr]     Blocking waiting for file lock on package cache
[INFO] [stderr]     Blocking waiting for file lock on package cache
[INFO] running `Command { std: "docker" "create" "-v" "/var/lib/crater-agent-workspace/builds/worker-32/target:/opt/rustwide/target:rw,Z" "-v" "/var/lib/crater-agent-workspace/builds/worker-32/source:/opt/rustwide/workdir:ro,Z" "-v" "/var/lib/crater-agent-workspace/cargo-home:/opt/rustwide/cargo-home:ro,Z" "-v" "/var/lib/crater-agent-workspace/rustup-home:/opt/rustwide/rustup-home:ro,Z" "-e" "SOURCE_DIR=/opt/rustwide/workdir" "-e" "CARGO_TARGET_DIR=/opt/rustwide/target" "-e" "CARGO_HOME=/opt/rustwide/cargo-home" "-e" "RUSTUP_HOME=/opt/rustwide/rustup-home" "-w" "/opt/rustwide/workdir" "-m" "1610612736" "--user" "0:0" "--network" "none" "ghcr.io/rust-lang/crates-build-env/linux@sha256:34b6a614d2c27851fe6cbf88fbd1137609cefab8b10d0615aaeb6fd47975d74e" "/opt/rustwide/cargo-home/bin/cargo" "+1.54.0" "metadata" "--no-deps" "--format-version=1", kill_on_drop: false }`
[INFO] [stdout] 3cd478aa7b6de34800e2906ca84e8652a0415f48521ca848df1d48dda69499de
[INFO] running `Command { std: "docker" "start" "-a" "3cd478aa7b6de34800e2906ca84e8652a0415f48521ca848df1d48dda69499de", kill_on_drop: false }`
[INFO] running `Command { std: "docker" "inspect" "3cd478aa7b6de34800e2906ca84e8652a0415f48521ca848df1d48dda69499de", kill_on_drop: false }`
[INFO] running `Command { std: "docker" "rm" "-f" "3cd478aa7b6de34800e2906ca84e8652a0415f48521ca848df1d48dda69499de", kill_on_drop: false }`
[INFO] [stdout] 3cd478aa7b6de34800e2906ca84e8652a0415f48521ca848df1d48dda69499de
[INFO] running `Command { std: "docker" "create" "-v" "/var/lib/crater-agent-workspace/builds/worker-32/target:/opt/rustwide/target:rw,Z" "-v" "/var/lib/crater-agent-workspace/builds/worker-32/source:/opt/rustwide/workdir:ro,Z" "-v" "/var/lib/crater-agent-workspace/cargo-home:/opt/rustwide/cargo-home:ro,Z" "-v" "/var/lib/crater-agent-workspace/rustup-home:/opt/rustwide/rustup-home:ro,Z" "-e" "SOURCE_DIR=/opt/rustwide/workdir" "-e" "CARGO_TARGET_DIR=/opt/rustwide/target" "-e" "CARGO_INCREMENTAL=0" "-e" "RUST_BACKTRACE=full" "-e" "RUSTFLAGS=--cap-lints=warn" "-e" "CARGO_HOME=/opt/rustwide/cargo-home" "-e" "RUSTUP_HOME=/opt/rustwide/rustup-home" "-w" "/opt/rustwide/workdir" "-m" "1610612736" "--user" "0:0" "--network" "none" "ghcr.io/rust-lang/crates-build-env/linux@sha256:34b6a614d2c27851fe6cbf88fbd1137609cefab8b10d0615aaeb6fd47975d74e" "/opt/rustwide/cargo-home/bin/cargo" "+1.54.0" "build" "--frozen" "--message-format=json", kill_on_drop: false }`
[INFO] [stdout] 00e277c6253c7c3e83f71aa372622d5b1d207ce039c96f0287f17d2183222eb8
[INFO] running `Command { std: "docker" "start" "-a" "00e277c6253c7c3e83f71aa372622d5b1d207ce039c96f0287f17d2183222eb8", kill_on_drop: false }`
[INFO] [stderr]    Compiling cty v0.2.1
[INFO] [stderr]    Compiling blake2b-rs v0.2.0 (/opt/rustwide/workdir)
[INFO] [stderr]     Finished dev [unoptimized + debuginfo] target(s) in 3.49s
[INFO] running `Command { std: "docker" "inspect" "00e277c6253c7c3e83f71aa372622d5b1d207ce039c96f0287f17d2183222eb8", kill_on_drop: false }`
[INFO] running `Command { std: "docker" "rm" "-f" "00e277c6253c7c3e83f71aa372622d5b1d207ce039c96f0287f17d2183222eb8", kill_on_drop: false }`
[INFO] [stdout] 00e277c6253c7c3e83f71aa372622d5b1d207ce039c96f0287f17d2183222eb8
[INFO] running `Command { std: "docker" "create" "-v" "/var/lib/crater-agent-workspace/builds/worker-32/target:/opt/rustwide/target:rw,Z" "-v" "/var/lib/crater-agent-workspace/builds/worker-32/source:/opt/rustwide/workdir:ro,Z" "-v" "/var/lib/crater-agent-workspace/cargo-home:/opt/rustwide/cargo-home:ro,Z" "-v" "/var/lib/crater-agent-workspace/rustup-home:/opt/rustwide/rustup-home:ro,Z" "-e" "SOURCE_DIR=/opt/rustwide/workdir" "-e" "CARGO_TARGET_DIR=/opt/rustwide/target" "-e" "CARGO_INCREMENTAL=0" "-e" "RUST_BACKTRACE=full" "-e" "RUSTFLAGS=--cap-lints=warn" "-e" "CARGO_HOME=/opt/rustwide/cargo-home" "-e" "RUSTUP_HOME=/opt/rustwide/rustup-home" "-w" "/opt/rustwide/workdir" "-m" "1610612736" "--user" "0:0" "--network" "none" "ghcr.io/rust-lang/crates-build-env/linux@sha256:34b6a614d2c27851fe6cbf88fbd1137609cefab8b10d0615aaeb6fd47975d74e" "/opt/rustwide/cargo-home/bin/cargo" "+1.54.0" "test" "--frozen" "--no-run" "--message-format=json", kill_on_drop: false }`
[INFO] [stdout] 217571ed4bf33de788e30fedd6b8e9193ddcaa64e97c700c3f161fee39049c28
[INFO] running `Command { std: "docker" "start" "-a" "217571ed4bf33de788e30fedd6b8e9193ddcaa64e97c700c3f161fee39049c28", kill_on_drop: false }`
[INFO] [stderr]    Compiling semver v1.0.4
[INFO] [stderr]    Compiling memchr v2.4.0
[INFO] [stderr]    Compiling regex-automata v0.1.10
[INFO] [stderr]    Compiling arrayvec v0.4.12
[INFO] [stderr]    Compiling nodrop v0.1.14
[INFO] [stderr]    Compiling constant_time_eq v0.1.5
[INFO] [stderr]    Compiling faster-hex v0.3.1
[INFO] [stderr]    Compiling rand_core v0.3.1
[INFO] [stderr]    Compiling crossbeam-epoch v0.9.5
[INFO] [stderr]    Compiling serde_json v1.0.66
[INFO] [stderr]    Compiling clap v2.33.3
[INFO] [stderr]    Compiling rand_os v0.1.3
[INFO] [stderr]    Compiling rand_xoshiro v0.1.0
[INFO] [stderr]    Compiling crossbeam-deque v0.8.1
[INFO] [stderr]    Compiling rayon-core v1.9.1
[INFO] [stderr]    Compiling rustc_version v0.4.0
[INFO] [stderr]    Compiling csv-core v0.1.10
[INFO] [stderr]    Compiling bstr v0.2.16
[INFO] [stderr]    Compiling tinytemplate v1.2.1
[INFO] [stderr]    Compiling blake2-rfc v0.2.18
[INFO] [stderr]    Compiling rayon v1.5.1
[INFO] [stderr]    Compiling cast v0.2.7
[INFO] [stderr]    Compiling csv v1.1.6
[INFO] [stderr]    Compiling criterion-plot v0.3.1
[INFO] [stderr]    Compiling criterion v0.2.11
[INFO] [stderr]    Compiling blake2b-rs v0.2.0 (/opt/rustwide/workdir)
[INFO] [stdout] warning: reference to packed field is unaligned
[INFO] [stdout]    --> src/binding_layout_tests.rs:202:18
[INFO] [stdout]     |
[INFO] [stdout] 202 |         unsafe { &(*(::core::ptr::null::<blake2b_param__>())).leaf_length as *const _ as usize },
[INFO] [stdout]     |                  ^^^^^^^^^^^^^^^^^^^^^^^^^^^^^^^^^^^^^^^^^^^^^^^^^^^^^^^^
[INFO] [stdout]     |
[INFO] [stdout]     = note: `#[warn(unaligned_references)]` on by default
[INFO] [stdout]     = warning: this was previously accepted by the compiler but is being phased out; it will become a hard error in a future release!
[INFO] [stdout]     = note: for more information, see issue #82523 <https://github.com/rust-lang/rust/issues/82523>
[INFO] [stdout]     = note: fields of packed structs are not properly aligned, and creating a misaligned reference is undefined behavior (even if that reference is never dereferenced)
[INFO] [stdout] 
[INFO] [stdout] 
[INFO] [stdout] warning: reference to packed field is unaligned
[INFO] [stdout]    --> src/binding_layout_tests.rs:212:18
[INFO] [stdout]     |
[INFO] [stdout] 212 |         unsafe { &(*(::core::ptr::null::<blake2b_param__>())).node_offset as *const _ as usize },
[INFO] [stdout]     |                  ^^^^^^^^^^^^^^^^^^^^^^^^^^^^^^^^^^^^^^^^^^^^^^^^^^^^^^^^
[INFO] [stdout]     |
[INFO] [stdout]     = warning: this was previously accepted by the compiler but is being phased out; it will become a hard error in a future release!
[INFO] [stdout]     = note: for more information, see issue #82523 <https://github.com/rust-lang/rust/issues/82523>
[INFO] [stdout]     = note: fields of packed structs are not properly aligned, and creating a misaligned reference is undefined behavior (even if that reference is never dereferenced)
[INFO] [stdout] 
[INFO] [stdout] 
[INFO] [stdout] warning: reference to packed field is unaligned
[INFO] [stdout]    --> src/binding_layout_tests.rs:222:18
[INFO] [stdout]     |
[INFO] [stdout] 222 |         unsafe { &(*(::core::ptr::null::<blake2b_param__>())).xof_length as *const _ as usize },
[INFO] [stdout]     |                  ^^^^^^^^^^^^^^^^^^^^^^^^^^^^^^^^^^^^^^^^^^^^^^^^^^^^^^^
[INFO] [stdout]     |
[INFO] [stdout]     = warning: this was previously accepted by the compiler but is being phased out; it will become a hard error in a future release!
[INFO] [stdout]     = note: for more information, see issue #82523 <https://github.com/rust-lang/rust/issues/82523>
[INFO] [stdout]     = note: fields of packed structs are not properly aligned, and creating a misaligned reference is undefined behavior (even if that reference is never dereferenced)
[INFO] [stdout] 
[INFO] [stdout] 
[INFO] [stdout] warning: dereferencing a null pointer
[INFO] [stdout]   --> src/binding_layout_tests.rs:17:14
[INFO] [stdout]    |
[INFO] [stdout] 17 |             &(*(::core::ptr::null::<max_align_t>())).__clang_max_align_nonce1 as *const _ as usize
[INFO] [stdout]    |              ^^^^^^^^^^^^^^^^^^^^^^^^^^^^^^^^^^^^^^^ this code causes undefined behavior when executed
[INFO] [stdout]    |
[INFO] [stdout]    = note: `#[warn(deref_nullptr)]` on by default
[INFO] [stdout] 
[INFO] [stdout] 
[INFO] [stdout] warning: dereferencing a null pointer
[INFO] [stdout]   --> src/binding_layout_tests.rs:29:14
[INFO] [stdout]    |
[INFO] [stdout] 29 |             &(*(::core::ptr::null::<max_align_t>())).__clang_max_align_nonce2 as *const _ as usize
[INFO] [stdout]    |              ^^^^^^^^^^^^^^^^^^^^^^^^^^^^^^^^^^^^^^^ this code causes undefined behavior when executed
[INFO] [stdout] 
[INFO] [stdout] 
[INFO] [stdout] warning: dereferencing a null pointer
[INFO] [stdout]   --> src/binding_layout_tests.rs:54:19
[INFO] [stdout]    |
[INFO] [stdout] 54 |         unsafe { &(*(::core::ptr::null::<__fsid_t>())).__val as *const _ as usize },
[INFO] [stdout]    |                   ^^^^^^^^^^^^^^^^^^^^^^^^^^^^^^^^^^^^ this code causes undefined behavior when executed
[INFO] [stdout] 
[INFO] [stdout] 
[INFO] [stdout] warning: dereferencing a null pointer
[INFO] [stdout]   --> src/binding_layout_tests.rs:78:19
[INFO] [stdout]    |
[INFO] [stdout] 78 |         unsafe { &(*(::core::ptr::null::<blake2b_state__>())).h as *const _ as usize },
[INFO] [stdout]    |                   ^^^^^^^^^^^^^^^^^^^^^^^^^^^^^^^^^^^^^^^^^^^ this code causes undefined behavior when executed
[INFO] [stdout] 
[INFO] [stdout] 
[INFO] [stdout] warning: dereferencing a null pointer
[INFO] [stdout]   --> src/binding_layout_tests.rs:88:19
[INFO] [stdout]    |
[INFO] [stdout] 88 |         unsafe { &(*(::core::ptr::null::<blake2b_state__>())).t as *const _ as usize },
[INFO] [stdout]    |                   ^^^^^^^^^^^^^^^^^^^^^^^^^^^^^^^^^^^^^^^^^^^ this code causes undefined behavior when executed
[INFO] [stdout] 
[INFO] [stdout] 
[INFO] [stdout] warning: dereferencing a null pointer
[INFO] [stdout]   --> src/binding_layout_tests.rs:98:19
[INFO] [stdout]    |
[INFO] [stdout] 98 |         unsafe { &(*(::core::ptr::null::<blake2b_state__>())).f as *const _ as usize },
[INFO] [stdout]    |                   ^^^^^^^^^^^^^^^^^^^^^^^^^^^^^^^^^^^^^^^^^^^ this code causes undefined behavior when executed
[INFO] [stdout] 
[INFO] [stdout] 
[INFO] [stdout] warning: dereferencing a null pointer
[INFO] [stdout]    --> src/binding_layout_tests.rs:108:19
[INFO] [stdout]     |
[INFO] [stdout] 108 |         unsafe { &(*(::core::ptr::null::<blake2b_state__>())).buf as *const _ as usize },
[INFO] [stdout]     |                   ^^^^^^^^^^^^^^^^^^^^^^^^^^^^^^^^^^^^^^^^^^^ this code causes undefined behavior when executed
[INFO] [stdout] 
[INFO] [stdout] 
[INFO] [stdout] warning: dereferencing a null pointer
[INFO] [stdout]    --> src/binding_layout_tests.rs:118:19
[INFO] [stdout]     |
[INFO] [stdout] 118 |         unsafe { &(*(::core::ptr::null::<blake2b_state__>())).buflen as *const _ as usize },
[INFO] [stdout]     |                   ^^^^^^^^^^^^^^^^^^^^^^^^^^^^^^^^^^^^^^^^^^^ this code causes undefined behavior when executed
[INFO] [stdout] 
[INFO] [stdout] 
[INFO] [stdout] warning: dereferencing a null pointer
[INFO] [stdout]    --> src/binding_layout_tests.rs:128:19
[INFO] [stdout]     |
[INFO] [stdout] 128 |         unsafe { &(*(::core::ptr::null::<blake2b_state__>())).outlen as *const _ as usize },
[INFO] [stdout]     |                   ^^^^^^^^^^^^^^^^^^^^^^^^^^^^^^^^^^^^^^^^^^^ this code causes undefined behavior when executed
[INFO] [stdout] 
[INFO] [stdout] 
[INFO] [stdout] warning: dereferencing a null pointer
[INFO] [stdout]    --> src/binding_layout_tests.rs:138:19
[INFO] [stdout]     |
[INFO] [stdout] 138 |         unsafe { &(*(::core::ptr::null::<blake2b_state__>())).last_node as *const _ as usize },
[INFO] [stdout]     |                   ^^^^^^^^^^^^^^^^^^^^^^^^^^^^^^^^^^^^^^^^^^^ this code causes undefined behavior when executed
[INFO] [stdout] 
[INFO] [stdout] 
[INFO] [stdout] warning: dereferencing a null pointer
[INFO] [stdout]    --> src/binding_layout_tests.rs:162:19
[INFO] [stdout]     |
[INFO] [stdout] 162 |         unsafe { &(*(::core::ptr::null::<blake2b_param__>())).digest_length as *const _ as usize },
[INFO] [stdout]     |                   ^^^^^^^^^^^^^^^^^^^^^^^^^^^^^^^^^^^^^^^^^^^ this code causes undefined behavior when executed
[INFO] [stdout] 
[INFO] [stdout] 
[INFO] [stdout] warning: dereferencing a null pointer
[INFO] [stdout]    --> src/binding_layout_tests.rs:172:19
[INFO] [stdout]     |
[INFO] [stdout] 172 |         unsafe { &(*(::core::ptr::null::<blake2b_param__>())).key_length as *const _ as usize },
[INFO] [stdout]     |                   ^^^^^^^^^^^^^^^^^^^^^^^^^^^^^^^^^^^^^^^^^^^ this code causes undefined behavior when executed
[INFO] [stdout] 
[INFO] [stdout] 
[INFO] [stdout] warning: dereferencing a null pointer
[INFO] [stdout]    --> src/binding_layout_tests.rs:182:19
[INFO] [stdout]     |
[INFO] [stdout] 182 |         unsafe { &(*(::core::ptr::null::<blake2b_param__>())).fanout as *const _ as usize },
[INFO] [stdout]     |                   ^^^^^^^^^^^^^^^^^^^^^^^^^^^^^^^^^^^^^^^^^^^ this code causes undefined behavior when executed
[INFO] [stdout] 
[INFO] [stdout] 
[INFO] [stdout] warning: dereferencing a null pointer
[INFO] [stdout]    --> src/binding_layout_tests.rs:192:19
[INFO] [stdout]     |
[INFO] [stdout] 192 |         unsafe { &(*(::core::ptr::null::<blake2b_param__>())).depth as *const _ as usize },
[INFO] [stdout]     |                   ^^^^^^^^^^^^^^^^^^^^^^^^^^^^^^^^^^^^^^^^^^^ this code causes undefined behavior when executed
[INFO] [stdout] 
[INFO] [stdout] 
[INFO] [stdout] warning: dereferencing a null pointer
[INFO] [stdout]    --> src/binding_layout_tests.rs:202:19
[INFO] [stdout]     |
[INFO] [stdout] 202 |         unsafe { &(*(::core::ptr::null::<blake2b_param__>())).leaf_length as *const _ as usize },
[INFO] [stdout]     |                   ^^^^^^^^^^^^^^^^^^^^^^^^^^^^^^^^^^^^^^^^^^^ this code causes undefined behavior when executed
[INFO] [stdout] 
[INFO] [stdout] 
[INFO] [stdout] warning: dereferencing a null pointer
[INFO] [stdout]    --> src/binding_layout_tests.rs:212:19
[INFO] [stdout]     |
[INFO] [stdout] 212 |         unsafe { &(*(::core::ptr::null::<blake2b_param__>())).node_offset as *const _ as usize },
[INFO] [stdout]     |                   ^^^^^^^^^^^^^^^^^^^^^^^^^^^^^^^^^^^^^^^^^^^ this code causes undefined behavior when executed
[INFO] [stdout] 
[INFO] [stdout] 
[INFO] [stdout] warning: dereferencing a null pointer
[INFO] [stdout]    --> src/binding_layout_tests.rs:222:19
[INFO] [stdout]     |
[INFO] [stdout] 222 |         unsafe { &(*(::core::ptr::null::<blake2b_param__>())).xof_length as *const _ as usize },
[INFO] [stdout]     |                   ^^^^^^^^^^^^^^^^^^^^^^^^^^^^^^^^^^^^^^^^^^^ this code causes undefined behavior when executed
[INFO] [stdout] 
[INFO] [stdout] 
[INFO] [stdout] warning: dereferencing a null pointer
[INFO] [stdout]    --> src/binding_layout_tests.rs:232:19
[INFO] [stdout]     |
[INFO] [stdout] 232 |         unsafe { &(*(::core::ptr::null::<blake2b_param__>())).node_depth as *const _ as usize },
[INFO] [stdout]     |                   ^^^^^^^^^^^^^^^^^^^^^^^^^^^^^^^^^^^^^^^^^^^ this code causes undefined behavior when executed
[INFO] [stdout] 
[INFO] [stdout] 
[INFO] [stdout] warning: dereferencing a null pointer
[INFO] [stdout]    --> src/binding_layout_tests.rs:242:19
[INFO] [stdout]     |
[INFO] [stdout] 242 |         unsafe { &(*(::core::ptr::null::<blake2b_param__>())).inner_length as *const _ as usize },
[INFO] [stdout]     |                   ^^^^^^^^^^^^^^^^^^^^^^^^^^^^^^^^^^^^^^^^^^^ this code causes undefined behavior when executed
[INFO] [stdout] 
[INFO] [stdout] 
[INFO] [stdout] warning: dereferencing a null pointer
[INFO] [stdout]    --> src/binding_layout_tests.rs:252:19
[INFO] [stdout]     |
[INFO] [stdout] 252 |         unsafe { &(*(::core::ptr::null::<blake2b_param__>())).reserved as *const _ as usize },
[INFO] [stdout]     |                   ^^^^^^^^^^^^^^^^^^^^^^^^^^^^^^^^^^^^^^^^^^^ this code causes undefined behavior when executed
[INFO] [stdout] 
[INFO] [stdout] 
[INFO] [stdout] warning: dereferencing a null pointer
[INFO] [stdout]    --> src/binding_layout_tests.rs:262:19
[INFO] [stdout]     |
[INFO] [stdout] 262 |         unsafe { &(*(::core::ptr::null::<blake2b_param__>())).salt as *const _ as usize },
[INFO] [stdout]     |                   ^^^^^^^^^^^^^^^^^^^^^^^^^^^^^^^^^^^^^^^^^^^ this code causes undefined behavior when executed
[INFO] [stdout] 
[INFO] [stdout] 
[INFO] [stdout] warning: dereferencing a null pointer
[INFO] [stdout]    --> src/binding_layout_tests.rs:272:19
[INFO] [stdout]     |
[INFO] [stdout] 272 |         unsafe { &(*(::core::ptr::null::<blake2b_param__>())).personal as *const _ as usize },
[INFO] [stdout]     |                   ^^^^^^^^^^^^^^^^^^^^^^^^^^^^^^^^^^^^^^^^^^^ this code causes undefined behavior when executed
[INFO] [stdout] 
[INFO] [stdout] 
[INFO] [stdout] warning: 25 warnings emitted
[INFO] [stdout] 
[INFO] [stdout] 
[INFO] [stderr]     Finished test [unoptimized + debuginfo] target(s) in 15.16s
[INFO] running `Command { std: "docker" "inspect" "217571ed4bf33de788e30fedd6b8e9193ddcaa64e97c700c3f161fee39049c28", kill_on_drop: false }`
[INFO] running `Command { std: "docker" "rm" "-f" "217571ed4bf33de788e30fedd6b8e9193ddcaa64e97c700c3f161fee39049c28", kill_on_drop: false }`
[INFO] [stdout] 217571ed4bf33de788e30fedd6b8e9193ddcaa64e97c700c3f161fee39049c28
[INFO] running `Command { std: "docker" "create" "-v" "/var/lib/crater-agent-workspace/builds/worker-32/target:/opt/rustwide/target:rw,Z" "-v" "/var/lib/crater-agent-workspace/builds/worker-32/source:/opt/rustwide/workdir:ro,Z" "-v" "/var/lib/crater-agent-workspace/cargo-home:/opt/rustwide/cargo-home:ro,Z" "-v" "/var/lib/crater-agent-workspace/rustup-home:/opt/rustwide/rustup-home:ro,Z" "-e" "SOURCE_DIR=/opt/rustwide/workdir" "-e" "CARGO_TARGET_DIR=/opt/rustwide/target" "-e" "CARGO_INCREMENTAL=0" "-e" "RUST_BACKTRACE=full" "-e" "RUSTFLAGS=--cap-lints=warn" "-e" "CARGO_HOME=/opt/rustwide/cargo-home" "-e" "RUSTUP_HOME=/opt/rustwide/rustup-home" "-w" "/opt/rustwide/workdir" "-m" "1610612736" "--user" "0:0" "--network" "none" "ghcr.io/rust-lang/crates-build-env/linux@sha256:34b6a614d2c27851fe6cbf88fbd1137609cefab8b10d0615aaeb6fd47975d74e" "/opt/rustwide/cargo-home/bin/cargo" "+1.54.0" "test" "--frozen", kill_on_drop: false }`
[INFO] [stdout] 2919915a546a2e4e742fea78d9cb9c153d549cab36e7bc6d59404dac3557275a
[INFO] running `Command { std: "docker" "start" "-a" "2919915a546a2e4e742fea78d9cb9c153d549cab36e7bc6d59404dac3557275a", kill_on_drop: false }`
[INFO] [stderr] warning: reference to packed field is unaligned
[INFO] [stderr]    --> src/binding_layout_tests.rs:202:18
[INFO] [stderr]     |
[INFO] [stderr] 202 |         unsafe { &(*(::core::ptr::null::<blake2b_param__>())).leaf_length as *const _ as usize },
[INFO] [stderr]     |                  ^^^^^^^^^^^^^^^^^^^^^^^^^^^^^^^^^^^^^^^^^^^^^^^^^^^^^^^^
[INFO] [stderr]     |
[INFO] [stderr]     = note: `#[warn(unaligned_references)]` on by default
[INFO] [stderr]     = warning: this was previously accepted by the compiler but is being phased out; it will become a hard error in a future release!
[INFO] [stderr]     = note: for more information, see issue #82523 <https://github.com/rust-lang/rust/issues/82523>
[INFO] [stderr]     = note: fields of packed structs are not properly aligned, and creating a misaligned reference is undefined behavior (even if that reference is never dereferenced)
[INFO] [stderr] 
[INFO] [stderr] warning: reference to packed field is unaligned
[INFO] [stderr]    --> src/binding_layout_tests.rs:212:18
[INFO] [stderr]     |
[INFO] [stderr] 212 |         unsafe { &(*(::core::ptr::null::<blake2b_param__>())).node_offset as *const _ as usize },
[INFO] [stderr]     |                  ^^^^^^^^^^^^^^^^^^^^^^^^^^^^^^^^^^^^^^^^^^^^^^^^^^^^^^^^
[INFO] [stderr]     |
[INFO] [stderr]     = warning: this was previously accepted by the compiler but is being phased out; it will become a hard error in a future release!
[INFO] [stderr]     = note: for more information, see issue #82523 <https://github.com/rust-lang/rust/issues/82523>
[INFO] [stderr]     = note: fields of packed structs are not properly aligned, and creating a misaligned reference is undefined behavior (even if that reference is never dereferenced)
[INFO] [stderr] 
[INFO] [stderr] warning: reference to packed field is unaligned
[INFO] [stderr]    --> src/binding_layout_tests.rs:222:18
[INFO] [stderr]     |
[INFO] [stderr] 222 |         unsafe { &(*(::core::ptr::null::<blake2b_param__>())).xof_length as *const _ as usize },
[INFO] [stderr]     |                  ^^^^^^^^^^^^^^^^^^^^^^^^^^^^^^^^^^^^^^^^^^^^^^^^^^^^^^^
[INFO] [stderr]     |
[INFO] [stderr]     = warning: this was previously accepted by the compiler but is being phased out; it will become a hard error in a future release!
[INFO] [stderr]     = note: for more information, see issue #82523 <https://github.com/rust-lang/rust/issues/82523>
[INFO] [stderr]     = note: fields of packed structs are not properly aligned, and creating a misaligned reference is undefined behavior (even if that reference is never dereferenced)
[INFO] [stderr] 
[INFO] [stderr] warning: dereferencing a null pointer
[INFO] [stderr]   --> src/binding_layout_tests.rs:17:14
[INFO] [stderr]    |
[INFO] [stderr] 17 |             &(*(::core::ptr::null::<max_align_t>())).__clang_max_align_nonce1 as *const _ as usize
[INFO] [stderr]    |              ^^^^^^^^^^^^^^^^^^^^^^^^^^^^^^^^^^^^^^^ this code causes undefined behavior when executed
[INFO] [stderr]    |
[INFO] [stderr]    = note: `#[warn(deref_nullptr)]` on by default
[INFO] [stderr] 
[INFO] [stderr] warning: dereferencing a null pointer
[INFO] [stderr]   --> src/binding_layout_tests.rs:29:14
[INFO] [stderr]    |
[INFO] [stderr] 29 |             &(*(::core::ptr::null::<max_align_t>())).__clang_max_align_nonce2 as *const _ as usize
[INFO] [stderr]    |              ^^^^^^^^^^^^^^^^^^^^^^^^^^^^^^^^^^^^^^^ this code causes undefined behavior when executed
[INFO] [stderr] 
[INFO] [stderr] warning: dereferencing a null pointer
[INFO] [stderr]   --> src/binding_layout_tests.rs:54:19
[INFO] [stderr]    |
[INFO] [stderr] 54 |         unsafe { &(*(::core::ptr::null::<__fsid_t>())).__val as *const _ as usize },
[INFO] [stderr]    |                   ^^^^^^^^^^^^^^^^^^^^^^^^^^^^^^^^^^^^ this code causes undefined behavior when executed
[INFO] [stderr] 
[INFO] [stderr] warning: dereferencing a null pointer
[INFO] [stderr]   --> src/binding_layout_tests.rs:78:19
[INFO] [stderr]    |
[INFO] [stderr] 78 |         unsafe { &(*(::core::ptr::null::<blake2b_state__>())).h as *const _ as usize },
[INFO] [stderr]    |                   ^^^^^^^^^^^^^^^^^^^^^^^^^^^^^^^^^^^^^^^^^^^ this code causes undefined behavior when executed
[INFO] [stderr] 
[INFO] [stderr] warning: dereferencing a null pointer
[INFO] [stderr]   --> src/binding_layout_tests.rs:88:19
[INFO] [stderr]    |
[INFO] [stderr] 88 |         unsafe { &(*(::core::ptr::null::<blake2b_state__>())).t as *const _ as usize },
[INFO] [stderr]    |                   ^^^^^^^^^^^^^^^^^^^^^^^^^^^^^^^^^^^^^^^^^^^ this code causes undefined behavior when executed
[INFO] [stderr] 
[INFO] [stderr] warning: dereferencing a null pointer
[INFO] [stderr]   --> src/binding_layout_tests.rs:98:19
[INFO] [stderr]    |
[INFO] [stderr] 98 |         unsafe { &(*(::core::ptr::null::<blake2b_state__>())).f as *const _ as usize },
[INFO] [stderr]    |                   ^^^^^^^^^^^^^^^^^^^^^^^^^^^^^^^^^^^^^^^^^^^ this code causes undefined behavior when executed
[INFO] [stderr] 
[INFO] [stderr] warning: dereferencing a null pointer
[INFO] [stderr]    --> src/binding_layout_tests.rs:108:19
[INFO] [stderr]     |
[INFO] [stderr] 108 |         unsafe { &(*(::core::ptr::null::<blake2b_state__>())).buf as *const _ as usize },
[INFO] [stderr]     |                   ^^^^^^^^^^^^^^^^^^^^^^^^^^^^^^^^^^^^^^^^^^^ this code causes undefined behavior when executed
[INFO] [stderr] 
[INFO] [stderr] warning: dereferencing a null pointer
[INFO] [stderr]    --> src/binding_layout_tests.rs:118:19
[INFO] [stderr]     |
[INFO] [stderr] 118 |         unsafe { &(*(::core::ptr::null::<blake2b_state__>())).buflen as *const _ as usize },
[INFO] [stderr]     |                   ^^^^^^^^^^^^^^^^^^^^^^^^^^^^^^^^^^^^^^^^^^^ this code causes undefined behavior when executed
[INFO] [stderr] 
[INFO] [stderr] warning: dereferencing a null pointer
[INFO] [stderr]    --> src/binding_layout_tests.rs:128:19
[INFO] [stderr]     |
[INFO] [stderr] 128 |         unsafe { &(*(::core::ptr::null::<blake2b_state__>())).outlen as *const _ as usize },
[INFO] [stderr]     |                   ^^^^^^^^^^^^^^^^^^^^^^^^^^^^^^^^^^^^^^^^^^^ this code causes undefined behavior when executed
[INFO] [stderr] 
[INFO] [stderr] warning: dereferencing a null pointer
[INFO] [stderr]    --> src/binding_layout_tests.rs:138:19
[INFO] [stderr]     |
[INFO] [stderr] 138 |         unsafe { &(*(::core::ptr::null::<blake2b_state__>())).last_node as *const _ as usize },
[INFO] [stderr]     |                   ^^^^^^^^^^^^^^^^^^^^^^^^^^^^^^^^^^^^^^^^^^^ this code causes undefined behavior when executed
[INFO] [stderr] 
[INFO] [stderr] warning: dereferencing a null pointer
[INFO] [stderr]    --> src/binding_layout_tests.rs:162:19
[INFO] [stderr]     |
[INFO] [stderr] 162 |         unsafe { &(*(::core::ptr::null::<blake2b_param__>())).digest_length as *const _ as usize },
[INFO] [stderr]     |                   ^^^^^^^^^^^^^^^^^^^^^^^^^^^^^^^^^^^^^^^^^^^ this code causes undefined behavior when executed
[INFO] [stderr] 
[INFO] [stderr] warning: dereferencing a null pointer
[INFO] [stderr]    --> src/binding_layout_tests.rs:172:19
[INFO] [stderr]     |
[INFO] [stderr] 172 |         unsafe { &(*(::core::ptr::null::<blake2b_param__>())).key_length as *const _ as usize },
[INFO] [stderr]     |                   ^^^^^^^^^^^^^^^^^^^^^^^^^^^^^^^^^^^^^^^^^^^ this code causes undefined behavior when executed
[INFO] [stderr] 
[INFO] [stderr] warning: dereferencing a null pointer
[INFO] [stderr]    --> src/binding_layout_tests.rs:182:19
[INFO] [stderr]     |
[INFO] [stderr] 182 |         unsafe { &(*(::core::ptr::null::<blake2b_param__>())).fanout as *const _ as usize },
[INFO] [stderr]     |                   ^^^^^^^^^^^^^^^^^^^^^^^^^^^^^^^^^^^^^^^^^^^ this code causes undefined behavior when executed
[INFO] [stderr] 
[INFO] [stderr] warning: dereferencing a null pointer
[INFO] [stderr]    --> src/binding_layout_tests.rs:192:19
[INFO] [stderr]     |
[INFO] [stderr] 192 |         unsafe { &(*(::core::ptr::null::<blake2b_param__>())).depth as *const _ as usize },
[INFO] [stderr]     |                   ^^^^^^^^^^^^^^^^^^^^^^^^^^^^^^^^^^^^^^^^^^^ this code causes undefined behavior when executed
[INFO] [stderr] 
[INFO] [stderr] warning: dereferencing a null pointer
[INFO] [stderr]    --> src/binding_layout_tests.rs:202:19
[INFO] [stderr]     |
[INFO] [stderr] 202 |         unsafe { &(*(::core::ptr::null::<blake2b_param__>())).leaf_length as *const _ as usize },
[INFO] [stderr]     |                   ^^^^^^^^^^^^^^^^^^^^^^^^^^^^^^^^^^^^^^^^^^^ this code causes undefined behavior when executed
[INFO] [stderr] 
[INFO] [stderr] warning: dereferencing a null pointer
[INFO] [stderr]    --> src/binding_layout_tests.rs:212:19
[INFO] [stderr]     |
[INFO] [stderr] 212 |         unsafe { &(*(::core::ptr::null::<blake2b_param__>())).node_offset as *const _ as usize },
[INFO] [stderr]     |                   ^^^^^^^^^^^^^^^^^^^^^^^^^^^^^^^^^^^^^^^^^^^ this code causes undefined behavior when executed
[INFO] [stderr] 
[INFO] [stderr] warning: dereferencing a null pointer
[INFO] [stderr]    --> src/binding_layout_tests.rs:222:19
[INFO] [stderr]     |
[INFO] [stderr] 222 |         unsafe { &(*(::core::ptr::null::<blake2b_param__>())).xof_length as *const _ as usize },
[INFO] [stderr]     |                   ^^^^^^^^^^^^^^^^^^^^^^^^^^^^^^^^^^^^^^^^^^^ this code causes undefined behavior when executed
[INFO] [stderr] 
[INFO] [stderr] warning: dereferencing a null pointer
[INFO] [stderr]    --> src/binding_layout_tests.rs:232:19
[INFO] [stderr]     |
[INFO] [stderr] 232 |         unsafe { &(*(::core::ptr::null::<blake2b_param__>())).node_depth as *const _ as usize },
[INFO] [stderr]     |                   ^^^^^^^^^^^^^^^^^^^^^^^^^^^^^^^^^^^^^^^^^^^ this code causes undefined behavior when executed
[INFO] [stderr] 
[INFO] [stderr] warning: dereferencing a null pointer
[INFO] [stderr]    --> src/binding_layout_tests.rs:242:19
[INFO] [stderr]     |
[INFO] [stderr] 242 |         unsafe { &(*(::core::ptr::null::<blake2b_param__>())).inner_length as *const _ as usize },
[INFO] [stderr]     |                   ^^^^^^^^^^^^^^^^^^^^^^^^^^^^^^^^^^^^^^^^^^^ this code causes undefined behavior when executed
[INFO] [stderr] 
[INFO] [stderr] warning: dereferencing a null pointer
[INFO] [stderr]    --> src/binding_layout_tests.rs:252:19
[INFO] [stderr]     |
[INFO] [stderr] 252 |         unsafe { &(*(::core::ptr::null::<blake2b_param__>())).reserved as *const _ as usize },
[INFO] [stderr]     |                   ^^^^^^^^^^^^^^^^^^^^^^^^^^^^^^^^^^^^^^^^^^^ this code causes undefined behavior when executed
[INFO] [stderr] 
[INFO] [stderr] warning: dereferencing a null pointer
[INFO] [stderr]    --> src/binding_layout_tests.rs:262:19
[INFO] [stderr]     |
[INFO] [stderr] 262 |         unsafe { &(*(::core::ptr::null::<blake2b_param__>())).salt as *const _ as usize },
[INFO] [stderr]     |                   ^^^^^^^^^^^^^^^^^^^^^^^^^^^^^^^^^^^^^^^^^^^ this code causes undefined behavior when executed
[INFO] [stderr] 
[INFO] [stderr] warning: dereferencing a null pointer
[INFO] [stderr]    --> src/binding_layout_tests.rs:272:19
[INFO] [stderr]     |
[INFO] [stderr] 272 |         unsafe { &(*(::core::ptr::null::<blake2b_param__>())).personal as *const _ as usize },
[INFO] [stderr]     |                   ^^^^^^^^^^^^^^^^^^^^^^^^^^^^^^^^^^^^^^^^^^^ this code causes undefined behavior when executed
[INFO] [stderr] 
[INFO] [stderr] warning: 25 warnings emitted
[INFO] [stderr] 
[INFO] [stderr]     Finished test [unoptimized + debuginfo] target(s) in 0.12s
[INFO] [stderr]      Running unittests (/opt/rustwide/target/debug/deps/blake2b_rs-f8dfe44a5cf800b9)
[INFO] [stdout] 
[INFO] [stdout] running 5 tests
[INFO] [stdout] test binding_layout_tests::bindgen_test_layout___fsid_t ... ok
[INFO] [stdout] test binding_layout_tests::bindgen_test_layout_blake2b_param__ ... ok
[INFO] [stdout] test binding_layout_tests::bindgen_test_layout_blake2b_state__ ... ok
[INFO] [stdout] test binding_layout_tests::bindgen_test_layout_max_align_t ... ok
[INFO] [stdout] test blake2b::tests::test_full ... FAILED
[INFO] [stdout] 
[INFO] [stdout] failures:
[INFO] [stdout] 
[INFO] [stdout] ---- blake2b::tests::test_full stdout ----
[INFO] [stdout] thread 'blake2b::tests::test_full' panicked at 'called `Result::unwrap()` on an `Err` value: Os { code: 2, kind: NotFound, message: "No such file or directory" }', src/blake2b.rs:165:39
[INFO] [stdout] stack backtrace:
[INFO] [stdout]    0:     0x55cd7451c630 - std::backtrace_rs::backtrace::libunwind::trace::h34055254b57d8e79
[INFO] [stdout]                                at /rustc/a178d0322ce20e33eac124758e837cbd80a6f633/library/std/src/../../backtrace/src/backtrace/libunwind.rs:90:5
[INFO] [stdout]    1:     0x55cd7451c630 - std::backtrace_rs::backtrace::trace_unsynchronized::h8f1e3fbd9afff6ec
[INFO] [stdout]                                at /rustc/a178d0322ce20e33eac124758e837cbd80a6f633/library/std/src/../../backtrace/src/backtrace/mod.rs:66:5
[INFO] [stdout]    2:     0x55cd7451c630 - std::sys_common::backtrace::_print_fmt::h3a99a796b770c360
[INFO] [stdout]                                at /rustc/a178d0322ce20e33eac124758e837cbd80a6f633/library/std/src/sys_common/backtrace.rs:67:5
[INFO] [stdout]    3:     0x55cd7451c630 - <std::sys_common::backtrace::_print::DisplayBacktrace as core::fmt::Display>::fmt::h32d1f94a80615d18
[INFO] [stdout]                                at /rustc/a178d0322ce20e33eac124758e837cbd80a6f633/library/std/src/sys_common/backtrace.rs:46:22
[INFO] [stdout]    4:     0x55cd7453ee3c - core::fmt::write::h306731c068f7162c
[INFO] [stdout]                                at /rustc/a178d0322ce20e33eac124758e837cbd80a6f633/library/core/src/fmt/mod.rs:1110:17
[INFO] [stdout]    5:     0x55cd74519405 - std::io::Write::write_fmt::h87f19b0a2cd190bc
[INFO] [stdout]                                at /rustc/a178d0322ce20e33eac124758e837cbd80a6f633/library/std/src/io/mod.rs:1588:15
[INFO] [stdout]    6:     0x55cd7451e79b - std::sys_common::backtrace::_print::h5abaa2601a852287
[INFO] [stdout]                                at /rustc/a178d0322ce20e33eac124758e837cbd80a6f633/library/std/src/sys_common/backtrace.rs:49:5
[INFO] [stdout]    7:     0x55cd7451e79b - std::sys_common::backtrace::print::h8d81445442bb638f
[INFO] [stdout]                                at /rustc/a178d0322ce20e33eac124758e837cbd80a6f633/library/std/src/sys_common/backtrace.rs:36:9
[INFO] [stdout]    8:     0x55cd7451e79b - std::panicking::default_hook::{{closure}}::hcfe804496a9fa747
[INFO] [stdout]                                at /rustc/a178d0322ce20e33eac124758e837cbd80a6f633/library/std/src/panicking.rs:208:50
[INFO] [stdout]    9:     0x55cd7451e2ac - std::panicking::default_hook::hbea8e3ccf2ba8901
[INFO] [stdout]                                at /rustc/a178d0322ce20e33eac124758e837cbd80a6f633/library/std/src/panicking.rs:222:9
[INFO] [stdout]   10:     0x55cd7451ee64 - std::panicking::rust_panic_with_hook::h7ee9e1a2d0f8975a
[INFO] [stdout]                                at /rustc/a178d0322ce20e33eac124758e837cbd80a6f633/library/std/src/panicking.rs:622:17
[INFO] [stdout]   11:     0x55cd7451e947 - std::panicking::begin_panic_handler::{{closure}}::h8ab3b4491718b2c7
[INFO] [stdout]                                at /rustc/a178d0322ce20e33eac124758e837cbd80a6f633/library/std/src/panicking.rs:519:13
[INFO] [stdout]   12:     0x55cd7451cb2c - std::sys_common::backtrace::__rust_end_short_backtrace::hd489062ffa586a9f
[INFO] [stdout]                                at /rustc/a178d0322ce20e33eac124758e837cbd80a6f633/library/std/src/sys_common/backtrace.rs:141:18
[INFO] [stdout]   13:     0x55cd7451e8a9 - rust_begin_unwind
[INFO] [stdout]                                at /rustc/a178d0322ce20e33eac124758e837cbd80a6f633/library/std/src/panicking.rs:515:5
[INFO] [stdout]   14:     0x55cd7448ca41 - core::panicking::panic_fmt::hca6330e3e14086b4
[INFO] [stdout]                                at /rustc/a178d0322ce20e33eac124758e837cbd80a6f633/library/core/src/panicking.rs:92:14
[INFO] [stdout]   15:     0x55cd7448cb33 - core::result::unwrap_failed::h6160d2b4bfbb0e87
[INFO] [stdout]                                at /rustc/a178d0322ce20e33eac124758e837cbd80a6f633/library/core/src/result.rs:1355:5
[INFO] [stdout]   16:     0x55cd7449f68e - core::result::Result<T,E>::unwrap::h45b2af295fabd1ad
[INFO] [stdout]                                at /rustc/a178d0322ce20e33eac124758e837cbd80a6f633/library/core/src/result.rs:1037:23
[INFO] [stdout]   17:     0x55cd7449c043 - blake2b_rs::blake2b::tests::test_full::h876742594294a951
[INFO] [stdout]                                at /opt/rustwide/workdir/src/blake2b.rs:165:17
[INFO] [stdout]   18:     0x55cd7449bf7a - blake2b_rs::blake2b::tests::test_full::{{closure}}::h69abd10084950df8
[INFO] [stdout]                                at /opt/rustwide/workdir/src/blake2b.rs:162:5
[INFO] [stdout]   19:     0x55cd744a114e - core::ops::function::FnOnce::call_once::h669c2801f6f1ae38
[INFO] [stdout]                                at /rustc/a178d0322ce20e33eac124758e837cbd80a6f633/library/core/src/ops/function.rs:227:5
[INFO] [stdout]   20:     0x55cd744e8273 - core::ops::function::FnOnce::call_once::h152e7e439ff59e19
[INFO] [stdout]                                at /rustc/a178d0322ce20e33eac124758e837cbd80a6f633/library/core/src/ops/function.rs:227:5
[INFO] [stdout]   21:     0x55cd744e8273 - test::__rust_begin_short_backtrace::h0908f3b1fdbb72ab
[INFO] [stdout]                                at /rustc/a178d0322ce20e33eac124758e837cbd80a6f633/library/test/src/lib.rs:577:5
[INFO] [stdout]   22:     0x55cd744e6d30 - <alloc::boxed::Box<F,A> as core::ops::function::FnOnce<Args>>::call_once::hf6d2a51e5587546c
[INFO] [stdout]                                at /rustc/a178d0322ce20e33eac124758e837cbd80a6f633/library/alloc/src/boxed.rs:1575:9
[INFO] [stdout]   23:     0x55cd744e6d30 - <std::panic::AssertUnwindSafe<F> as core::ops::function::FnOnce<()>>::call_once::h8af660f3a89ef593
[INFO] [stdout]                                at /rustc/a178d0322ce20e33eac124758e837cbd80a6f633/library/std/src/panic.rs:347:9
[INFO] [stdout]   24:     0x55cd744e6d30 - std::panicking::try::do_call::hd36aef60f84b6d36
[INFO] [stdout]                                at /rustc/a178d0322ce20e33eac124758e837cbd80a6f633/library/std/src/panicking.rs:401:40
[INFO] [stdout]   25:     0x55cd744e6d30 - std::panicking::try::h9932b4480e69817c
[INFO] [stdout]                                at /rustc/a178d0322ce20e33eac124758e837cbd80a6f633/library/std/src/panicking.rs:365:19
[INFO] [stdout]   26:     0x55cd744e6d30 - std::panic::catch_unwind::h6aa177099cfff5f8
[INFO] [stdout]                                at /rustc/a178d0322ce20e33eac124758e837cbd80a6f633/library/std/src/panic.rs:434:14
[INFO] [stdout]   27:     0x55cd744e6d30 - test::run_test_in_process::h5884d6f2d99e20c3
[INFO] [stdout]                                at /rustc/a178d0322ce20e33eac124758e837cbd80a6f633/library/test/src/lib.rs:600:18
[INFO] [stdout]   28:     0x55cd744e6d30 - test::run_test::run_test_inner::{{closure}}::h6fdc58c6d5f5b6e3
[INFO] [stdout]                                at /rustc/a178d0322ce20e33eac124758e837cbd80a6f633/library/test/src/lib.rs:492:39
[INFO] [stdout]   29:     0x55cd744c03e2 - test::run_test::run_test_inner::{{closure}}::h408365d67a78ade8
[INFO] [stdout]                                at /rustc/a178d0322ce20e33eac124758e837cbd80a6f633/library/test/src/lib.rs:519:37
[INFO] [stdout]   30:     0x55cd744c03e2 - std::sys_common::backtrace::__rust_begin_short_backtrace::hb560b77c4f701523
[INFO] [stdout]                                at /rustc/a178d0322ce20e33eac124758e837cbd80a6f633/library/std/src/sys_common/backtrace.rs:125:18
[INFO] [stdout]   31:     0x55cd744c3f98 - std::thread::Builder::spawn_unchecked::{{closure}}::{{closure}}::hf2e7831dad93c597
[INFO] [stdout]                                at /rustc/a178d0322ce20e33eac124758e837cbd80a6f633/library/std/src/thread/mod.rs:481:17
[INFO] [stdout]   32:     0x55cd744c3f98 - <std::panic::AssertUnwindSafe<F> as core::ops::function::FnOnce<()>>::call_once::hd2e08783d8be4d02
[INFO] [stdout]                                at /rustc/a178d0322ce20e33eac124758e837cbd80a6f633/library/std/src/panic.rs:347:9
[INFO] [stdout]   33:     0x55cd744c3f98 - std::panicking::try::do_call::h062597b7acfd6b82
[INFO] [stdout]                                at /rustc/a178d0322ce20e33eac124758e837cbd80a6f633/library/std/src/panicking.rs:401:40
[INFO] [stdout]   34:     0x55cd744c3f98 - std::panicking::try::h0d7b79db04c14552
[INFO] [stdout]                                at /rustc/a178d0322ce20e33eac124758e837cbd80a6f633/library/std/src/panicking.rs:365:19
[INFO] [stdout]   35:     0x55cd744c3f98 - std::panic::catch_unwind::hb01a0b5e7c8cd43b
[INFO] [stdout]                                at /rustc/a178d0322ce20e33eac124758e837cbd80a6f633/library/std/src/panic.rs:434:14
[INFO] [stdout]   36:     0x55cd744c3f98 - std::thread::Builder::spawn_unchecked::{{closure}}::h5bde48cc887e0d1e
[INFO] [stdout]                                at /rustc/a178d0322ce20e33eac124758e837cbd80a6f633/library/std/src/thread/mod.rs:480:30
[INFO] [stdout]   37:     0x55cd744c3f98 - core::ops::function::FnOnce::call_once{{vtable.shim}}::h745ea30807a29e55
[INFO] [stdout]                                at /rustc/a178d0322ce20e33eac124758e837cbd80a6f633/library/core/src/ops/function.rs:227:5
[INFO] [stdout]   38:     0x55cd74523927 - <alloc::boxed::Box<F,A> as core::ops::function::FnOnce<Args>>::call_once::h7ece6cfefaff1005
[INFO] [stdout]                                at /rustc/a178d0322ce20e33eac124758e837cbd80a6f633/library/alloc/src/boxed.rs:1575:9
[INFO] [stdout]   39:     0x55cd74523927 - <alloc::boxed::Box<F,A> as core::ops::function::FnOnce<Args>>::call_once::hb8b48e55c21f193e
[INFO] [stdout]                                at /rustc/a178d0322ce20e33eac124758e837cbd80a6f633/library/alloc/src/boxed.rs:1575:9
[INFO] [stdout]   40:     0x55cd74523927 - std::sys::unix::thread::Thread::new::thread_start::h8c7c4450dba62914
[INFO] [stdout]                                at /rustc/a178d0322ce20e33eac124758e837cbd80a6f633/library/std/src/sys/unix/thread.rs:71:17
[INFO] [stdout]   41:     0x7fe9201f7609 - start_thread
[INFO] [stdout]   42:     0x7fe91ffc9293 - clone
[INFO] [stdout]   43:                0x0 - <unknown>
[INFO] [stdout] 
[INFO] [stdout] 
[INFO] [stdout] failures:
[INFO] [stdout]     blake2b::tests::test_full
[INFO] [stdout] 
[INFO] [stdout] test result: FAILED. 4 passed; 1 failed; 0 ignored; 0 measured; 0 filtered out; finished in 0.02s
[INFO] [stdout] 
[INFO] [stderr] error: test failed, to rerun pass '--lib'
[INFO] running `Command { std: "docker" "inspect" "2919915a546a2e4e742fea78d9cb9c153d549cab36e7bc6d59404dac3557275a", kill_on_drop: false }`
[INFO] running `Command { std: "docker" "rm" "-f" "2919915a546a2e4e742fea78d9cb9c153d549cab36e7bc6d59404dac3557275a", kill_on_drop: false }`
[INFO] [stdout] 2919915a546a2e4e742fea78d9cb9c153d549cab36e7bc6d59404dac3557275a
