[INFO] fetching crate blake2-rfc_bellman_edition 0.0.1...
[INFO] testing blake2-rfc_bellman_edition-0.0.1 against 1.54.0 for beta-1.55-1
[INFO] extracting crate blake2-rfc_bellman_edition 0.0.1 into /workspace/builds/worker-108/source
[INFO] validating manifest of crates.io crate blake2-rfc_bellman_edition 0.0.1 on toolchain 1.54.0
[INFO] running `Command { std: "/workspace/cargo-home/bin/cargo" "+1.54.0" "metadata" "--manifest-path" "Cargo.toml" "--no-deps", kill_on_drop: false }`
[INFO] started tweaking crates.io crate blake2-rfc_bellman_edition 0.0.1
[INFO] finished tweaking crates.io crate blake2-rfc_bellman_edition 0.0.1
[INFO] tweaked toml for crates.io crate blake2-rfc_bellman_edition 0.0.1 written to /workspace/builds/worker-108/source/Cargo.toml
[INFO] running `Command { std: "/workspace/cargo-home/bin/cargo" "+1.54.0" "generate-lockfile" "--manifest-path" "Cargo.toml" "-Zno-index-update", kill_on_drop: false }`
[INFO] running `Command { std: "/workspace/cargo-home/bin/cargo" "+1.54.0" "fetch" "--manifest-path" "Cargo.toml", kill_on_drop: false }`
[INFO] [stderr]     Blocking waiting for file lock on package cache
[INFO] running `Command { std: "docker" "create" "-v" "/var/lib/crater-agent-workspace/builds/worker-108/target:/opt/rustwide/target:rw,Z" "-v" "/var/lib/crater-agent-workspace/builds/worker-108/source:/opt/rustwide/workdir:ro,Z" "-v" "/var/lib/crater-agent-workspace/cargo-home:/opt/rustwide/cargo-home:ro,Z" "-v" "/var/lib/crater-agent-workspace/rustup-home:/opt/rustwide/rustup-home:ro,Z" "-e" "SOURCE_DIR=/opt/rustwide/workdir" "-e" "CARGO_TARGET_DIR=/opt/rustwide/target" "-e" "CARGO_HOME=/opt/rustwide/cargo-home" "-e" "RUSTUP_HOME=/opt/rustwide/rustup-home" "-w" "/opt/rustwide/workdir" "-m" "1610612736" "--user" "0:0" "--network" "none" "ghcr.io/rust-lang/crates-build-env/linux@sha256:34b6a614d2c27851fe6cbf88fbd1137609cefab8b10d0615aaeb6fd47975d74e" "/opt/rustwide/cargo-home/bin/cargo" "+1.54.0" "metadata" "--no-deps" "--format-version=1", kill_on_drop: false }`
[INFO] [stdout] 2fa393e2944629a89b0818586f56d8e8ccff494badf211ade50f917ff7a89523
[INFO] running `Command { std: "docker" "start" "-a" "2fa393e2944629a89b0818586f56d8e8ccff494badf211ade50f917ff7a89523", kill_on_drop: false }`
[INFO] running `Command { std: "docker" "inspect" "2fa393e2944629a89b0818586f56d8e8ccff494badf211ade50f917ff7a89523", kill_on_drop: false }`
[INFO] running `Command { std: "docker" "rm" "-f" "2fa393e2944629a89b0818586f56d8e8ccff494badf211ade50f917ff7a89523", kill_on_drop: false }`
[INFO] [stdout] 2fa393e2944629a89b0818586f56d8e8ccff494badf211ade50f917ff7a89523
[INFO] running `Command { std: "docker" "create" "-v" "/var/lib/crater-agent-workspace/builds/worker-108/target:/opt/rustwide/target:rw,Z" "-v" "/var/lib/crater-agent-workspace/builds/worker-108/source:/opt/rustwide/workdir:ro,Z" "-v" "/var/lib/crater-agent-workspace/cargo-home:/opt/rustwide/cargo-home:ro,Z" "-v" "/var/lib/crater-agent-workspace/rustup-home:/opt/rustwide/rustup-home:ro,Z" "-e" "SOURCE_DIR=/opt/rustwide/workdir" "-e" "CARGO_TARGET_DIR=/opt/rustwide/target" "-e" "CARGO_INCREMENTAL=0" "-e" "RUST_BACKTRACE=full" "-e" "RUSTFLAGS=--cap-lints=warn" "-e" "CARGO_HOME=/opt/rustwide/cargo-home" "-e" "RUSTUP_HOME=/opt/rustwide/rustup-home" "-w" "/opt/rustwide/workdir" "-m" "1610612736" "--user" "0:0" "--network" "none" "ghcr.io/rust-lang/crates-build-env/linux@sha256:34b6a614d2c27851fe6cbf88fbd1137609cefab8b10d0615aaeb6fd47975d74e" "/opt/rustwide/cargo-home/bin/cargo" "+1.54.0" "build" "--frozen" "--message-format=json", kill_on_drop: false }`
[INFO] [stdout] 73272579f20b6d081797961230bdc72b8d4efca9eb4aa6a169c607721d7dc7fc
[INFO] running `Command { std: "docker" "start" "-a" "73272579f20b6d081797961230bdc72b8d4efca9eb4aa6a169c607721d7dc7fc", kill_on_drop: false }`
[INFO] [stderr]     Blocking waiting for file lock on package cache
[INFO] [stderr]    Compiling arrayvec v0.4.12
[INFO] [stderr]    Compiling nodrop v0.1.14
[INFO] [stderr]    Compiling byteorder v1.4.3
[INFO] [stderr]    Compiling blake2-rfc_bellman_edition v0.0.1 (/opt/rustwide/workdir)
[INFO] [stderr]     Finished dev [unoptimized + debuginfo] target(s) in 6.03s
[INFO] running `Command { std: "docker" "inspect" "73272579f20b6d081797961230bdc72b8d4efca9eb4aa6a169c607721d7dc7fc", kill_on_drop: false }`
[INFO] running `Command { std: "docker" "rm" "-f" "73272579f20b6d081797961230bdc72b8d4efca9eb4aa6a169c607721d7dc7fc", kill_on_drop: false }`
[INFO] [stdout] 73272579f20b6d081797961230bdc72b8d4efca9eb4aa6a169c607721d7dc7fc
[INFO] running `Command { std: "docker" "create" "-v" "/var/lib/crater-agent-workspace/builds/worker-108/target:/opt/rustwide/target:rw,Z" "-v" "/var/lib/crater-agent-workspace/builds/worker-108/source:/opt/rustwide/workdir:ro,Z" "-v" "/var/lib/crater-agent-workspace/cargo-home:/opt/rustwide/cargo-home:ro,Z" "-v" "/var/lib/crater-agent-workspace/rustup-home:/opt/rustwide/rustup-home:ro,Z" "-e" "SOURCE_DIR=/opt/rustwide/workdir" "-e" "CARGO_TARGET_DIR=/opt/rustwide/target" "-e" "CARGO_INCREMENTAL=0" "-e" "RUST_BACKTRACE=full" "-e" "RUSTFLAGS=--cap-lints=warn" "-e" "CARGO_HOME=/opt/rustwide/cargo-home" "-e" "RUSTUP_HOME=/opt/rustwide/rustup-home" "-w" "/opt/rustwide/workdir" "-m" "1610612736" "--user" "0:0" "--network" "none" "ghcr.io/rust-lang/crates-build-env/linux@sha256:34b6a614d2c27851fe6cbf88fbd1137609cefab8b10d0615aaeb6fd47975d74e" "/opt/rustwide/cargo-home/bin/cargo" "+1.54.0" "test" "--frozen" "--no-run" "--message-format=json", kill_on_drop: false }`
[INFO] [stdout] a382e4615c29b0a97b468a19781eb2207726acb13ba65e0294b04185f7429987
[INFO] running `Command { std: "docker" "start" "-a" "a382e4615c29b0a97b468a19781eb2207726acb13ba65e0294b04185f7429987", kill_on_drop: false }`
[INFO] [stderr]     Blocking waiting for file lock on package cache
[INFO] [stderr]    Compiling data-encoding v2.3.2
[INFO] [stderr]    Compiling blake2-rfc_bellman_edition v0.0.1 (/opt/rustwide/workdir)
[INFO] [stderr]     Finished test [unoptimized + debuginfo] target(s) in 6.24s
[INFO] running `Command { std: "docker" "inspect" "a382e4615c29b0a97b468a19781eb2207726acb13ba65e0294b04185f7429987", kill_on_drop: false }`
[INFO] running `Command { std: "docker" "rm" "-f" "a382e4615c29b0a97b468a19781eb2207726acb13ba65e0294b04185f7429987", kill_on_drop: false }`
[INFO] [stdout] a382e4615c29b0a97b468a19781eb2207726acb13ba65e0294b04185f7429987
[INFO] running `Command { std: "docker" "create" "-v" "/var/lib/crater-agent-workspace/builds/worker-108/target:/opt/rustwide/target:rw,Z" "-v" "/var/lib/crater-agent-workspace/builds/worker-108/source:/opt/rustwide/workdir:ro,Z" "-v" "/var/lib/crater-agent-workspace/cargo-home:/opt/rustwide/cargo-home:ro,Z" "-v" "/var/lib/crater-agent-workspace/rustup-home:/opt/rustwide/rustup-home:ro,Z" "-e" "SOURCE_DIR=/opt/rustwide/workdir" "-e" "CARGO_TARGET_DIR=/opt/rustwide/target" "-e" "CARGO_INCREMENTAL=0" "-e" "RUST_BACKTRACE=full" "-e" "RUSTFLAGS=--cap-lints=warn" "-e" "CARGO_HOME=/opt/rustwide/cargo-home" "-e" "RUSTUP_HOME=/opt/rustwide/rustup-home" "-w" "/opt/rustwide/workdir" "-m" "1610612736" "--user" "0:0" "--network" "none" "ghcr.io/rust-lang/crates-build-env/linux@sha256:34b6a614d2c27851fe6cbf88fbd1137609cefab8b10d0615aaeb6fd47975d74e" "/opt/rustwide/cargo-home/bin/cargo" "+1.54.0" "test" "--frozen", kill_on_drop: false }`
[INFO] [stdout] c9ba85d05dff4c19c52303b70c8c71381fdfd5358291a4e15bd056eeefbf647f
[INFO] running `Command { std: "docker" "start" "-a" "c9ba85d05dff4c19c52303b70c8c71381fdfd5358291a4e15bd056eeefbf647f", kill_on_drop: false }`
[INFO] [stderr]     Finished test [unoptimized + debuginfo] target(s) in 0.06s
[INFO] [stdout] 
[INFO] [stderr]      Running unittests (/opt/rustwide/target/debug/deps/blake2_rfc_bellman_edition-5b494f151f33210d)
[INFO] [stdout] running 13 tests
[INFO] [stdout] test blake2b::tests::test_4g ... ignored
[INFO] [stdout] test blake2b::tests::test_empty ... ok
[INFO] [stdout] test blake2b::tests::test_default ... ok
[INFO] [stdout] test blake2b::tests::test_split ... ok
[INFO] [stdout] test blake2b::tests::selftest ... ok
[INFO] [stdout] test blake2s::tests::test_4g ... ignored
[INFO] [stdout] test blake2s::tests::test_empty ... ok
[INFO] [stdout] test blake2s::tests::test_persona ... ok
[INFO] [stdout] test blake2s::tests::test_write ... ok
[INFO] [stdout] test blake2b::tests::test_write ... ok
[INFO] [stdout] test blake2s::tests::test_default ... ok
[INFO] [stdout] test blake2s::tests::selftest ... ok
[INFO] [stdout] test blake2s::tests::test_split ... ok
[INFO] [stdout] 
[INFO] [stdout] test result: ok. 11 passed; 0 failed; 2 ignored; 0 measured; 0 filtered out; finished in 0.03s
[INFO] [stdout] 
[INFO] [stderr]    Doc-tests blake2-rfc_bellman_edition
[INFO] [stdout] 
[INFO] [stdout] running 2 tests
[INFO] [stdout] test src/blake2b.rs - blake2b (line 13) ... FAILED
[INFO] [stdout] test src/blake2s.rs - blake2s (line 13) ... FAILED
[INFO] [stdout] 
[INFO] [stdout] failures:
[INFO] [stdout] 
[INFO] [stdout] ---- src/blake2b.rs - blake2b (line 13) stdout ----
[INFO] [stdout] error[E0433]: failed to resolve: maybe a missing crate `blake2_rfc`?
[INFO] [stdout]  --> src/blake2b.rs:14:5
[INFO] [stdout]   |
[INFO] [stdout] 3 | use blake2_rfc::blake2b::{Blake2b, blake2b};
[INFO] [stdout]   |     ^^^^^^^^^^ maybe a missing crate `blake2_rfc`?
[INFO] [stdout] 
[INFO] [stdout] error[E0433]: failed to resolve: use of undeclared type `Blake2b`
[INFO] [stdout]  --> src/blake2b.rs:20:19
[INFO] [stdout]   |
[INFO] [stdout] 9 | let mut context = Blake2b::new(64);
[INFO] [stdout]   |                   ^^^^^^^ use of undeclared type `Blake2b`
[INFO] [stdout] 
[INFO] [stdout] error[E0433]: failed to resolve: use of undeclared type `Blake2b`
[INFO] [stdout]   --> src/blake2b.rs:28:19
[INFO] [stdout]    |
[INFO] [stdout] 17 | let mut context = Blake2b::with_key(64, b"key");
[INFO] [stdout]    |                   ^^^^^^^ use of undeclared type `Blake2b`
[INFO] [stdout] 
[INFO] [stdout] error[E0425]: cannot find function `blake2b` in this scope
[INFO] [stdout]  --> src/blake2b.rs:17:12
[INFO] [stdout]   |
[INFO] [stdout] 6 | let hash = blake2b(64, &[], b"The quick brown fox jumps over the lazy dog");
[INFO] [stdout]   |            ^^^^^^^ not found in this scope
[INFO] [stdout] 
[INFO] [stdout] error[E0425]: cannot find function `blake2b` in this scope
[INFO] [stdout]   --> src/blake2b.rs:25:12
[INFO] [stdout]    |
[INFO] [stdout] 14 | let hash = blake2b(64, b"key", b"The quick brown fox jumps over the lazy dog");
[INFO] [stdout]    |            ^^^^^^^ not found in this scope
[INFO] [stdout] 
[INFO] [stdout] error: aborting due to 5 previous errors
[INFO] [stdout] 
[INFO] [stdout] Some errors have detailed explanations: E0425, E0433.
[INFO] [stdout] For more information about an error, try `rustc --explain E0425`.
[INFO] [stdout] Couldn't compile the test.
[INFO] [stdout] ---- src/blake2s.rs - blake2s (line 13) stdout ----
[INFO] [stdout] error[E0433]: failed to resolve: maybe a missing crate `blake2_rfc`?
[INFO] [stdout]  --> src/blake2s.rs:14:5
[INFO] [stdout]   |
[INFO] [stdout] 3 | use blake2_rfc::blake2s::{Blake2s, blake2s};
[INFO] [stdout]   |     ^^^^^^^^^^ maybe a missing crate `blake2_rfc`?
[INFO] [stdout] 
[INFO] [stdout] error[E0433]: failed to resolve: use of undeclared type `Blake2s`
[INFO] [stdout]  --> src/blake2s.rs:20:19
[INFO] [stdout]   |
[INFO] [stdout] 9 | let mut context = Blake2s::new(32);
[INFO] [stdout]   |                   ^^^^^^^ use of undeclared type `Blake2s`
[INFO] [stdout] 
[INFO] [stdout] error[E0433]: failed to resolve: use of undeclared type `Blake2s`
[INFO] [stdout]   --> src/blake2s.rs:28:19
[INFO] [stdout]    |
[INFO] [stdout] 17 | let mut context = Blake2s::with_key(32, b"key");
[INFO] [stdout]    |                   ^^^^^^^ use of undeclared type `Blake2s`
[INFO] [stdout] 
[INFO] [stdout] error[E0425]: cannot find function `blake2s` in this scope
[INFO] [stdout]  --> src/blake2s.rs:17:12
[INFO] [stdout]   |
[INFO] [stdout] 6 | let hash = blake2s(32, &[], b"The quick brown fox jumps over the lazy dog");
[INFO] [stdout]   |            ^^^^^^^ not found in this scope
[INFO] [stdout] 
[INFO] [stdout] error[E0425]: cannot find function `blake2s` in this scope
[INFO] [stdout]   --> src/blake2s.rs:25:12
[INFO] [stdout]    |
[INFO] [stdout] 14 | let hash = blake2s(32, b"key", b"The quick brown fox jumps over the lazy dog");
[INFO] [stdout]    |            ^^^^^^^ not found in this scope
[INFO] [stdout] 
[INFO] [stdout] error: aborting due to 5 previous errors
[INFO] [stdout] 
[INFO] [stdout] Some errors have detailed explanations: E0425, E0433.
[INFO] [stdout] For more information about an error, try `rustc --explain E0425`.
[INFO] [stdout] Couldn't compile the test.
[INFO] [stdout] 
[INFO] [stdout] failures:
[INFO] [stdout]     src/blake2b.rs - blake2b (line 13)
[INFO] [stdout]     src/blake2s.rs - blake2s (line 13)
[INFO] [stdout] 
[INFO] [stdout] test result: FAILED. 0 passed; 2 failed; 0 ignored; 0 measured; 0 filtered out; finished in 0.15s
[INFO] [stdout] 
[INFO] [stderr] error: test failed, to rerun pass '--doc'
[INFO] running `Command { std: "docker" "inspect" "c9ba85d05dff4c19c52303b70c8c71381fdfd5358291a4e15bd056eeefbf647f", kill_on_drop: false }`
[INFO] running `Command { std: "docker" "rm" "-f" "c9ba85d05dff4c19c52303b70c8c71381fdfd5358291a4e15bd056eeefbf647f", kill_on_drop: false }`
[INFO] [stdout] c9ba85d05dff4c19c52303b70c8c71381fdfd5358291a4e15bd056eeefbf647f
