[INFO] fetching crate bits128 0.1.3...
[INFO] testing bits128-0.1.3 against beta-2021-08-01 for beta-1.55-1
[INFO] extracting crate bits128 0.1.3 into /workspace/builds/worker-97/source
[INFO] validating manifest of crates.io crate bits128 0.1.3 on toolchain beta-2021-08-01
[INFO] running `Command { std: "/workspace/cargo-home/bin/cargo" "+beta-2021-08-01" "metadata" "--manifest-path" "Cargo.toml" "--no-deps", kill_on_drop: false }`
[INFO] started tweaking crates.io crate bits128 0.1.3
[INFO] finished tweaking crates.io crate bits128 0.1.3
[INFO] tweaked toml for crates.io crate bits128 0.1.3 written to /workspace/builds/worker-97/source/Cargo.toml
[INFO] running `Command { std: "/workspace/cargo-home/bin/cargo" "+beta-2021-08-01" "generate-lockfile" "--manifest-path" "Cargo.toml" "-Zno-index-update", kill_on_drop: false }`
[INFO] running `Command { std: "/workspace/cargo-home/bin/cargo" "+beta-2021-08-01" "fetch" "--manifest-path" "Cargo.toml", kill_on_drop: false }`
[INFO] running `Command { std: "docker" "create" "-v" "/var/lib/crater-agent-workspace/builds/worker-97/target:/opt/rustwide/target:rw,Z" "-v" "/var/lib/crater-agent-workspace/builds/worker-97/source:/opt/rustwide/workdir:ro,Z" "-v" "/var/lib/crater-agent-workspace/cargo-home:/opt/rustwide/cargo-home:ro,Z" "-v" "/var/lib/crater-agent-workspace/rustup-home:/opt/rustwide/rustup-home:ro,Z" "-e" "SOURCE_DIR=/opt/rustwide/workdir" "-e" "CARGO_TARGET_DIR=/opt/rustwide/target" "-e" "CARGO_HOME=/opt/rustwide/cargo-home" "-e" "RUSTUP_HOME=/opt/rustwide/rustup-home" "-w" "/opt/rustwide/workdir" "-m" "1610612736" "--user" "0:0" "--network" "none" "ghcr.io/rust-lang/crates-build-env/linux@sha256:34b6a614d2c27851fe6cbf88fbd1137609cefab8b10d0615aaeb6fd47975d74e" "/opt/rustwide/cargo-home/bin/cargo" "+beta-2021-08-01" "metadata" "--no-deps" "--format-version=1", kill_on_drop: false }`
[INFO] [stdout] 44a5bbffbaae2ca53eec04729037ea44057d6637212cb786333859c5084ee348
[INFO] running `Command { std: "docker" "start" "-a" "44a5bbffbaae2ca53eec04729037ea44057d6637212cb786333859c5084ee348", kill_on_drop: false }`
[INFO] running `Command { std: "docker" "inspect" "44a5bbffbaae2ca53eec04729037ea44057d6637212cb786333859c5084ee348", kill_on_drop: false }`
[INFO] running `Command { std: "docker" "rm" "-f" "44a5bbffbaae2ca53eec04729037ea44057d6637212cb786333859c5084ee348", kill_on_drop: false }`
[INFO] [stdout] 44a5bbffbaae2ca53eec04729037ea44057d6637212cb786333859c5084ee348
[INFO] running `Command { std: "docker" "create" "-v" "/var/lib/crater-agent-workspace/builds/worker-97/target:/opt/rustwide/target:rw,Z" "-v" "/var/lib/crater-agent-workspace/builds/worker-97/source:/opt/rustwide/workdir:ro,Z" "-v" "/var/lib/crater-agent-workspace/cargo-home:/opt/rustwide/cargo-home:ro,Z" "-v" "/var/lib/crater-agent-workspace/rustup-home:/opt/rustwide/rustup-home:ro,Z" "-e" "SOURCE_DIR=/opt/rustwide/workdir" "-e" "CARGO_TARGET_DIR=/opt/rustwide/target" "-e" "CARGO_INCREMENTAL=0" "-e" "RUST_BACKTRACE=full" "-e" "RUSTFLAGS=--cap-lints=warn" "-e" "CARGO_HOME=/opt/rustwide/cargo-home" "-e" "RUSTUP_HOME=/opt/rustwide/rustup-home" "-w" "/opt/rustwide/workdir" "-m" "1610612736" "--user" "0:0" "--network" "none" "ghcr.io/rust-lang/crates-build-env/linux@sha256:34b6a614d2c27851fe6cbf88fbd1137609cefab8b10d0615aaeb6fd47975d74e" "/opt/rustwide/cargo-home/bin/cargo" "+beta-2021-08-01" "build" "--frozen" "--message-format=json", kill_on_drop: false }`
[INFO] [stdout] 02f89e63502fc98d4f68e1cad123039baed0ef0552c0b47688c133abfc0f7a2d
[INFO] running `Command { std: "docker" "start" "-a" "02f89e63502fc98d4f68e1cad123039baed0ef0552c0b47688c133abfc0f7a2d", kill_on_drop: false }`
[INFO] [stderr]    Compiling bits128 v0.1.3 (/opt/rustwide/workdir)
[INFO] [stderr]     Finished dev [unoptimized + debuginfo] target(s) in 0.23s
[INFO] running `Command { std: "docker" "inspect" "02f89e63502fc98d4f68e1cad123039baed0ef0552c0b47688c133abfc0f7a2d", kill_on_drop: false }`
[INFO] running `Command { std: "docker" "rm" "-f" "02f89e63502fc98d4f68e1cad123039baed0ef0552c0b47688c133abfc0f7a2d", kill_on_drop: false }`
[INFO] [stdout] 02f89e63502fc98d4f68e1cad123039baed0ef0552c0b47688c133abfc0f7a2d
[INFO] running `Command { std: "docker" "create" "-v" "/var/lib/crater-agent-workspace/builds/worker-97/target:/opt/rustwide/target:rw,Z" "-v" "/var/lib/crater-agent-workspace/builds/worker-97/source:/opt/rustwide/workdir:ro,Z" "-v" "/var/lib/crater-agent-workspace/cargo-home:/opt/rustwide/cargo-home:ro,Z" "-v" "/var/lib/crater-agent-workspace/rustup-home:/opt/rustwide/rustup-home:ro,Z" "-e" "SOURCE_DIR=/opt/rustwide/workdir" "-e" "CARGO_TARGET_DIR=/opt/rustwide/target" "-e" "CARGO_INCREMENTAL=0" "-e" "RUST_BACKTRACE=full" "-e" "RUSTFLAGS=--cap-lints=warn" "-e" "CARGO_HOME=/opt/rustwide/cargo-home" "-e" "RUSTUP_HOME=/opt/rustwide/rustup-home" "-w" "/opt/rustwide/workdir" "-m" "1610612736" "--user" "0:0" "--network" "none" "ghcr.io/rust-lang/crates-build-env/linux@sha256:34b6a614d2c27851fe6cbf88fbd1137609cefab8b10d0615aaeb6fd47975d74e" "/opt/rustwide/cargo-home/bin/cargo" "+beta-2021-08-01" "test" "--frozen" "--no-run" "--message-format=json", kill_on_drop: false }`
[INFO] [stdout] 66cabd1d664cde78b78ec76b9aaa2a0ef2ac645531f2a3b0ad34cd7dc5a8671a
[INFO] running `Command { std: "docker" "start" "-a" "66cabd1d664cde78b78ec76b9aaa2a0ef2ac645531f2a3b0ad34cd7dc5a8671a", kill_on_drop: false }`
[INFO] [stderr]     Blocking waiting for file lock on package cache
[INFO] [stderr]    Compiling bits128 v0.1.3 (/opt/rustwide/workdir)
[INFO] [stderr]     Finished test [unoptimized + debuginfo] target(s) in 0.81s
[INFO] running `Command { std: "docker" "inspect" "66cabd1d664cde78b78ec76b9aaa2a0ef2ac645531f2a3b0ad34cd7dc5a8671a", kill_on_drop: false }`
[INFO] running `Command { std: "docker" "rm" "-f" "66cabd1d664cde78b78ec76b9aaa2a0ef2ac645531f2a3b0ad34cd7dc5a8671a", kill_on_drop: false }`
[INFO] [stdout] 66cabd1d664cde78b78ec76b9aaa2a0ef2ac645531f2a3b0ad34cd7dc5a8671a
[INFO] running `Command { std: "docker" "create" "-v" "/var/lib/crater-agent-workspace/builds/worker-97/target:/opt/rustwide/target:rw,Z" "-v" "/var/lib/crater-agent-workspace/builds/worker-97/source:/opt/rustwide/workdir:ro,Z" "-v" "/var/lib/crater-agent-workspace/cargo-home:/opt/rustwide/cargo-home:ro,Z" "-v" "/var/lib/crater-agent-workspace/rustup-home:/opt/rustwide/rustup-home:ro,Z" "-e" "SOURCE_DIR=/opt/rustwide/workdir" "-e" "CARGO_TARGET_DIR=/opt/rustwide/target" "-e" "CARGO_INCREMENTAL=0" "-e" "RUST_BACKTRACE=full" "-e" "RUSTFLAGS=--cap-lints=warn" "-e" "CARGO_HOME=/opt/rustwide/cargo-home" "-e" "RUSTUP_HOME=/opt/rustwide/rustup-home" "-w" "/opt/rustwide/workdir" "-m" "1610612736" "--user" "0:0" "--network" "none" "ghcr.io/rust-lang/crates-build-env/linux@sha256:34b6a614d2c27851fe6cbf88fbd1137609cefab8b10d0615aaeb6fd47975d74e" "/opt/rustwide/cargo-home/bin/cargo" "+beta-2021-08-01" "test" "--frozen", kill_on_drop: false }`
[INFO] [stdout] 79376cbd95b3c1026ced38cedff46d3242a3809b69580ad78be36c7029d9e76b
[INFO] running `Command { std: "docker" "start" "-a" "79376cbd95b3c1026ced38cedff46d3242a3809b69580ad78be36c7029d9e76b", kill_on_drop: false }`
[INFO] [stderr]     Blocking waiting for file lock on package cache
[INFO] [stderr]     Finished test [unoptimized + debuginfo] target(s) in 0.07s
[INFO] [stdout] 
[INFO] [stderr]      Running unittests (/opt/rustwide/target/debug/deps/bits128-679a55489a492934)
[INFO] [stdout] running 3 tests
[INFO] [stderr]    Doc-tests bits128
[INFO] [stdout] test tests::test_at ... ok
[INFO] [stdout] test tests::test_flip ... ok
[INFO] [stdout] test tests::test_last ... ok
[INFO] [stdout] 
[INFO] [stdout] test result: ok. 3 passed; 0 failed; 0 ignored; 0 measured; 0 filtered out; finished in 0.03s
[INFO] [stdout] 
[INFO] [stdout] 
[INFO] [stdout] running 7 tests
[INFO] [stdout] test src/lib.rs - (line 9) ... FAILED
[INFO] [stdout] test src/lib.rs - Bits128::first_bit (line 58) ... ok
[INFO] [stdout] test src/lib.rs - Bits128::last_bit (line 47) ... ok
[INFO] [stdout] test src/lib.rs - Bits128::at (line 69) ... ok
[INFO] [stdout] test src/lib.rs - Bits128::flip (line 80) ... ok
[INFO] [stdout] test src/lib.rs - Bits128::len (line 94) ... ok
[INFO] [stdout] test src/lib.rs - Bits128::from_dec (line 36) ... ok
[INFO] [stdout] 
[INFO] [stdout] failures:
[INFO] [stdout] 
[INFO] [stdout] ---- src/lib.rs - (line 9) stdout ----
[INFO] [stdout] error: mismatched closing delimiter: `]`
[INFO] [stdout]  --> src/lib.rs:15:5
[INFO] [stdout]   |
[INFO] [stdout] 7 |     if bit {
[INFO] [stdout]   |            - unclosed delimiter
[INFO] [stdout] 8 |         println!("the {}th bit is on", bit);
[INFO] [stdout] 9 |     ]
[INFO] [stdout]   |     ^ mismatched closing delimiter
[INFO] [stdout] 
[INFO] [stdout] error[E0599]: no method named `enumarate` found for struct `Bits128` in the current scope
[INFO] [stdout]  --> src/lib.rs:12:22
[INFO] [stdout]   |
[INFO] [stdout] 6 | for (bit, c) in bits.enumarate() {
[INFO] [stdout]   |                      ^^^^^^^^^ method not found in `Bits128`
[INFO] [stdout] 
[INFO] [stdout] error: aborting due to 2 previous errors
[INFO] [stdout] 
[INFO] [stdout] For more information about this error, try `rustc --explain E0599`.
[INFO] [stdout] Couldn't compile the test.
[INFO] [stdout] 
[INFO] [stdout] failures:
[INFO] [stdout]     src/lib.rs - (line 9)
[INFO] [stdout] 
[INFO] [stdout] test result: FAILED. 6 passed; 1 failed; 0 ignored; 0 measured; 0 filtered out; finished in 0.42s
[INFO] [stdout] 
[INFO] [stderr] error: test failed, to rerun pass '--doc'
[INFO] running `Command { std: "docker" "inspect" "79376cbd95b3c1026ced38cedff46d3242a3809b69580ad78be36c7029d9e76b", kill_on_drop: false }`
[INFO] running `Command { std: "docker" "rm" "-f" "79376cbd95b3c1026ced38cedff46d3242a3809b69580ad78be36c7029d9e76b", kill_on_drop: false }`
[INFO] [stdout] 79376cbd95b3c1026ced38cedff46d3242a3809b69580ad78be36c7029d9e76b
