[INFO] fetching crate bitconch-jsonrpc-core 0.1.0...
[INFO] testing bitconch-jsonrpc-core-0.1.0 against beta-2021-08-01 for beta-1.55-1
[INFO] extracting crate bitconch-jsonrpc-core 0.1.0 into /workspace/builds/worker-45/source
[INFO] validating manifest of crates.io crate bitconch-jsonrpc-core 0.1.0 on toolchain beta-2021-08-01
[INFO] running `Command { std: "/workspace/cargo-home/bin/cargo" "+beta-2021-08-01" "metadata" "--manifest-path" "Cargo.toml" "--no-deps", kill_on_drop: false }`
[INFO] started tweaking crates.io crate bitconch-jsonrpc-core 0.1.0
[INFO] finished tweaking crates.io crate bitconch-jsonrpc-core 0.1.0
[INFO] tweaked toml for crates.io crate bitconch-jsonrpc-core 0.1.0 written to /workspace/builds/worker-45/source/Cargo.toml
[INFO] running `Command { std: "/workspace/cargo-home/bin/cargo" "+beta-2021-08-01" "generate-lockfile" "--manifest-path" "Cargo.toml" "-Zno-index-update", kill_on_drop: false }`
[INFO] [stderr]     Blocking waiting for file lock on package cache
[INFO] running `Command { std: "/workspace/cargo-home/bin/cargo" "+beta-2021-08-01" "fetch" "--manifest-path" "Cargo.toml", kill_on_drop: false }`
[INFO] [stderr]     Blocking waiting for file lock on package cache
[INFO] running `Command { std: "docker" "create" "-v" "/var/lib/crater-agent-workspace/builds/worker-45/target:/opt/rustwide/target:rw,Z" "-v" "/var/lib/crater-agent-workspace/builds/worker-45/source:/opt/rustwide/workdir:ro,Z" "-v" "/var/lib/crater-agent-workspace/cargo-home:/opt/rustwide/cargo-home:ro,Z" "-v" "/var/lib/crater-agent-workspace/rustup-home:/opt/rustwide/rustup-home:ro,Z" "-e" "SOURCE_DIR=/opt/rustwide/workdir" "-e" "CARGO_TARGET_DIR=/opt/rustwide/target" "-e" "CARGO_HOME=/opt/rustwide/cargo-home" "-e" "RUSTUP_HOME=/opt/rustwide/rustup-home" "-w" "/opt/rustwide/workdir" "-m" "1610612736" "--user" "0:0" "--network" "none" "ghcr.io/rust-lang/crates-build-env/linux@sha256:34b6a614d2c27851fe6cbf88fbd1137609cefab8b10d0615aaeb6fd47975d74e" "/opt/rustwide/cargo-home/bin/cargo" "+beta-2021-08-01" "metadata" "--no-deps" "--format-version=1", kill_on_drop: false }`
[INFO] [stdout] f8621f68a86b58fb414ce8d768e99a434bd889964472bf534b208bbd326eb6cd
[INFO] running `Command { std: "docker" "start" "-a" "f8621f68a86b58fb414ce8d768e99a434bd889964472bf534b208bbd326eb6cd", kill_on_drop: false }`
[INFO] running `Command { std: "docker" "inspect" "f8621f68a86b58fb414ce8d768e99a434bd889964472bf534b208bbd326eb6cd", kill_on_drop: false }`
[INFO] running `Command { std: "docker" "rm" "-f" "f8621f68a86b58fb414ce8d768e99a434bd889964472bf534b208bbd326eb6cd", kill_on_drop: false }`
[INFO] [stdout] f8621f68a86b58fb414ce8d768e99a434bd889964472bf534b208bbd326eb6cd
[INFO] running `Command { std: "docker" "create" "-v" "/var/lib/crater-agent-workspace/builds/worker-45/target:/opt/rustwide/target:rw,Z" "-v" "/var/lib/crater-agent-workspace/builds/worker-45/source:/opt/rustwide/workdir:ro,Z" "-v" "/var/lib/crater-agent-workspace/cargo-home:/opt/rustwide/cargo-home:ro,Z" "-v" "/var/lib/crater-agent-workspace/rustup-home:/opt/rustwide/rustup-home:ro,Z" "-e" "SOURCE_DIR=/opt/rustwide/workdir" "-e" "CARGO_TARGET_DIR=/opt/rustwide/target" "-e" "CARGO_INCREMENTAL=0" "-e" "RUST_BACKTRACE=full" "-e" "RUSTFLAGS=--cap-lints=warn" "-e" "CARGO_HOME=/opt/rustwide/cargo-home" "-e" "RUSTUP_HOME=/opt/rustwide/rustup-home" "-w" "/opt/rustwide/workdir" "-m" "1610612736" "--user" "0:0" "--network" "none" "ghcr.io/rust-lang/crates-build-env/linux@sha256:34b6a614d2c27851fe6cbf88fbd1137609cefab8b10d0615aaeb6fd47975d74e" "/opt/rustwide/cargo-home/bin/cargo" "+beta-2021-08-01" "build" "--frozen" "--message-format=json", kill_on_drop: false }`
[INFO] [stdout] 53113211c4696fdc5f4d7189243bc78056cb76db0d2dd9789990682043ef4d2d
[INFO] running `Command { std: "docker" "start" "-a" "53113211c4696fdc5f4d7189243bc78056cb76db0d2dd9789990682043ef4d2d", kill_on_drop: false }`
[INFO] [stderr]     Blocking waiting for file lock on package cache
[INFO] [stderr]    Compiling serde v1.0.127
[INFO] [stderr]    Compiling futures v0.1.31
[INFO] [stderr]    Compiling serde_json v1.0.66
[INFO] [stderr]    Compiling bitconch-jsonrpc-core v0.1.0 (/opt/rustwide/workdir)
[INFO] [stdout] warning: trait objects without an explicit `dyn` are deprecated
[INFO] [stdout]   --> src/calls.rs:44:13
[INFO] [stdout]    |
[INFO] [stdout] 44 |     Method(Arc<RpcMethod<T>>),
[INFO] [stdout]    |                ^^^^^^^^^^^^ help: use `dyn`: `dyn RpcMethod<T>`
[INFO] [stdout]    |
[INFO] [stdout]    = note: `#[warn(bare_trait_objects)]` on by default
[INFO] [stdout]    = warning: this is accepted in the current edition (Rust 2015) but is a hard error in Rust 2021!
[INFO] [stdout]    = note: for more information, see issue #80165 <https://github.com/rust-lang/rust/issues/80165>
[INFO] [stdout] 
[INFO] [stdout] 
[INFO] [stdout] warning: trait objects without an explicit `dyn` are deprecated
[INFO] [stdout]   --> src/calls.rs:46:19
[INFO] [stdout]    |
[INFO] [stdout] 46 |     Notification(Arc<RpcNotification<T>>),
[INFO] [stdout]    |                      ^^^^^^^^^^^^^^^^^^ help: use `dyn`: `dyn RpcNotification<T>`
[INFO] [stdout]    |
[INFO] [stdout]    = warning: this is accepted in the current edition (Rust 2015) but is a hard error in Rust 2021!
[INFO] [stdout]    = note: for more information, see issue #80165 <https://github.com/rust-lang/rust/issues/80165>
[INFO] [stdout] 
[INFO] [stdout] 
[INFO] [stdout] warning: trait objects without an explicit `dyn` are deprecated
[INFO] [stdout]   --> src/io.rs:14:31
[INFO] [stdout]    |
[INFO] [stdout] 14 | pub type FutureResponse = Box<Future<Item=Option<Response>, Error=()> + Send>;
[INFO] [stdout]    |                               ^^^^^^^^^^^^^^^^^^^^^^^^^^^^^^^^^^^^^^^^^^^^^^ help: use `dyn`: `dyn Future<Item=Option<Response>, Error=()> + Send`
[INFO] [stdout]    |
[INFO] [stdout]    = warning: this is accepted in the current edition (Rust 2015) but is a hard error in Rust 2021!
[INFO] [stdout]    = note: for more information, see issue #80165 <https://github.com/rust-lang/rust/issues/80165>
[INFO] [stdout] 
[INFO] [stdout] 
[INFO] [stdout] warning: trait objects without an explicit `dyn` are deprecated
[INFO] [stdout]   --> src/io.rs:24:6
[INFO] [stdout]    |
[INFO] [stdout] 24 |     Box<Future<Item=Option<Output>, Error=()> + Send>,
[INFO] [stdout]    |         ^^^^^^^^^^^^^^^^^^^^^^^^^^^^^^^^^^^^^^^^^^^^ help: use `dyn`: `dyn Future<Item=Option<Output>, Error=()> + Send`
[INFO] [stdout]    |
[INFO] [stdout]    = warning: this is accepted in the current edition (Rust 2015) but is a hard error in Rust 2021!
[INFO] [stdout]    = note: for more information, see issue #80165 <https://github.com/rust-lang/rust/issues/80165>
[INFO] [stdout] 
[INFO] [stdout] 
[INFO] [stdout] warning: trait objects without an explicit `dyn` are deprecated
[INFO] [stdout]    --> src/io.rs:246:37
[INFO] [stdout]     |
[INFO] [stdout] 246 |                 let call_method = |method: &Arc<RpcMethod<T>>| {
[INFO] [stdout]     |                                                 ^^^^^^^^^^^^ help: use `dyn`: `dyn RpcMethod<T>`
[INFO] [stdout]     |
[INFO] [stdout]     = warning: this is accepted in the current edition (Rust 2015) but is a hard error in Rust 2021!
[INFO] [stdout]     = note: for more information, see issue #80165 <https://github.com/rust-lang/rust/issues/80165>
[INFO] [stdout] 
[INFO] [stdout] 
[INFO] [stdout] warning: trait objects without an explicit `dyn` are deprecated
[INFO] [stdout]   --> src/middleware.rs:24:20
[INFO] [stdout]    |
[INFO] [stdout] 24 |     type Future = Box<Future<Item=Option<Response>, Error=()> + Send>;
[INFO] [stdout]    |                       ^^^^^^^^^^^^^^^^^^^^^^^^^^^^^^^^^^^^^^^^^^^^^^ help: use `dyn`: `dyn Future<Item=Option<Response>, Error=()> + Send`
[INFO] [stdout]    |
[INFO] [stdout]    = warning: this is accepted in the current edition (Rust 2015) but is a hard error in Rust 2021!
[INFO] [stdout]    = note: for more information, see issue #80165 <https://github.com/rust-lang/rust/issues/80165>
[INFO] [stdout] 
[INFO] [stdout] 
[INFO] [stdout] warning: use of deprecated macro `try`: use the `?` operator instead
[INFO] [stdout]   --> src/types/error.rs:67:19
[INFO] [stdout]    |
[INFO] [stdout] 67 |         let code: i64 = try!(Deserialize::deserialize(deserializer));
[INFO] [stdout]    |                         ^^^
[INFO] [stdout]    |
[INFO] [stdout]    = note: `#[warn(deprecated)]` on by default
[INFO] [stdout] 
[INFO] [stdout] 
[INFO] [stdout] warning: trait objects without an explicit `dyn` are deprecated
[INFO] [stdout]   --> src/lib.rs:42:29
[INFO] [stdout]    |
[INFO] [stdout] 42 | pub type BoxFuture<T> = Box<futures::Future<Item = T, Error = Error> + Send>;
[INFO] [stdout]    |                             ^^^^^^^^^^^^^^^^^^^^^^^^^^^^^^^^^^^^^^^^^^^^^^^ help: use `dyn`: `dyn futures::Future<Item = T, Error = Error> + Send`
[INFO] [stdout]    |
[INFO] [stdout]    = warning: this is accepted in the current edition (Rust 2015) but is a hard error in Rust 2021!
[INFO] [stdout]    = note: for more information, see issue #80165 <https://github.com/rust-lang/rust/issues/80165>
[INFO] [stdout] 
[INFO] [stdout] 
[INFO] [stdout] warning: 8 warnings emitted
[INFO] [stdout] 
[INFO] [stdout] 
[INFO] [stderr]     Finished dev [unoptimized + debuginfo] target(s) in 11.83s
[INFO] running `Command { std: "docker" "inspect" "53113211c4696fdc5f4d7189243bc78056cb76db0d2dd9789990682043ef4d2d", kill_on_drop: false }`
[INFO] running `Command { std: "docker" "rm" "-f" "53113211c4696fdc5f4d7189243bc78056cb76db0d2dd9789990682043ef4d2d", kill_on_drop: false }`
[INFO] [stdout] 53113211c4696fdc5f4d7189243bc78056cb76db0d2dd9789990682043ef4d2d
[INFO] running `Command { std: "docker" "create" "-v" "/var/lib/crater-agent-workspace/builds/worker-45/target:/opt/rustwide/target:rw,Z" "-v" "/var/lib/crater-agent-workspace/builds/worker-45/source:/opt/rustwide/workdir:ro,Z" "-v" "/var/lib/crater-agent-workspace/cargo-home:/opt/rustwide/cargo-home:ro,Z" "-v" "/var/lib/crater-agent-workspace/rustup-home:/opt/rustwide/rustup-home:ro,Z" "-e" "SOURCE_DIR=/opt/rustwide/workdir" "-e" "CARGO_TARGET_DIR=/opt/rustwide/target" "-e" "CARGO_INCREMENTAL=0" "-e" "RUST_BACKTRACE=full" "-e" "RUSTFLAGS=--cap-lints=warn" "-e" "CARGO_HOME=/opt/rustwide/cargo-home" "-e" "RUSTUP_HOME=/opt/rustwide/rustup-home" "-w" "/opt/rustwide/workdir" "-m" "1610612736" "--user" "0:0" "--network" "none" "ghcr.io/rust-lang/crates-build-env/linux@sha256:34b6a614d2c27851fe6cbf88fbd1137609cefab8b10d0615aaeb6fd47975d74e" "/opt/rustwide/cargo-home/bin/cargo" "+beta-2021-08-01" "test" "--frozen" "--no-run" "--message-format=json", kill_on_drop: false }`
[INFO] [stdout] d9e33ba0840abe758b85669798fc988699d003144a4a916634b0dd987c77ba13
[INFO] running `Command { std: "docker" "start" "-a" "d9e33ba0840abe758b85669798fc988699d003144a4a916634b0dd987c77ba13", kill_on_drop: false }`
[INFO] [stderr]    Compiling bitconch-jsonrpc-core v0.1.0 (/opt/rustwide/workdir)
[INFO] [stdout] warning: trait objects without an explicit `dyn` are deprecated
[INFO] [stdout]   --> src/calls.rs:44:13
[INFO] [stdout]    |
[INFO] [stdout] 44 |     Method(Arc<RpcMethod<T>>),
[INFO] [stdout]    |                ^^^^^^^^^^^^ help: use `dyn`: `dyn RpcMethod<T>`
[INFO] [stdout]    |
[INFO] [stdout]    = note: `#[warn(bare_trait_objects)]` on by default
[INFO] [stdout]    = warning: this is accepted in the current edition (Rust 2015) but is a hard error in Rust 2021!
[INFO] [stdout]    = note: for more information, see issue #80165 <https://github.com/rust-lang/rust/issues/80165>
[INFO] [stdout] 
[INFO] [stdout] 
[INFO] [stdout] warning: trait objects without an explicit `dyn` are deprecated
[INFO] [stdout]   --> src/calls.rs:46:19
[INFO] [stdout]    |
[INFO] [stdout] 46 |     Notification(Arc<RpcNotification<T>>),
[INFO] [stdout]    |                      ^^^^^^^^^^^^^^^^^^ help: use `dyn`: `dyn RpcNotification<T>`
[INFO] [stdout]    |
[INFO] [stdout]    = warning: this is accepted in the current edition (Rust 2015) but is a hard error in Rust 2021!
[INFO] [stdout]    = note: for more information, see issue #80165 <https://github.com/rust-lang/rust/issues/80165>
[INFO] [stdout] 
[INFO] [stdout] 
[INFO] [stdout] warning: trait objects without an explicit `dyn` are deprecated
[INFO] [stdout]   --> src/io.rs:14:31
[INFO] [stdout]    |
[INFO] [stdout] 14 | pub type FutureResponse = Box<Future<Item=Option<Response>, Error=()> + Send>;
[INFO] [stdout]    |                               ^^^^^^^^^^^^^^^^^^^^^^^^^^^^^^^^^^^^^^^^^^^^^^ help: use `dyn`: `dyn Future<Item=Option<Response>, Error=()> + Send`
[INFO] [stdout]    |
[INFO] [stdout]    = warning: this is accepted in the current edition (Rust 2015) but is a hard error in Rust 2021!
[INFO] [stdout]    = note: for more information, see issue #80165 <https://github.com/rust-lang/rust/issues/80165>
[INFO] [stdout] 
[INFO] [stdout] 
[INFO] [stdout] warning: trait objects without an explicit `dyn` are deprecated
[INFO] [stdout]   --> src/io.rs:24:6
[INFO] [stdout]    |
[INFO] [stdout] 24 |     Box<Future<Item=Option<Output>, Error=()> + Send>,
[INFO] [stdout]    |         ^^^^^^^^^^^^^^^^^^^^^^^^^^^^^^^^^^^^^^^^^^^^ help: use `dyn`: `dyn Future<Item=Option<Output>, Error=()> + Send`
[INFO] [stdout]    |
[INFO] [stdout]    = warning: this is accepted in the current edition (Rust 2015) but is a hard error in Rust 2021!
[INFO] [stdout]    = note: for more information, see issue #80165 <https://github.com/rust-lang/rust/issues/80165>
[INFO] [stdout] 
[INFO] [stdout] 
[INFO] [stdout] warning: trait objects without an explicit `dyn` are deprecated
[INFO] [stdout]    --> src/io.rs:246:37
[INFO] [stdout]     |
[INFO] [stdout] 246 |                 let call_method = |method: &Arc<RpcMethod<T>>| {
[INFO] [stdout]     |                                                 ^^^^^^^^^^^^ help: use `dyn`: `dyn RpcMethod<T>`
[INFO] [stdout]     |
[INFO] [stdout]     = warning: this is accepted in the current edition (Rust 2015) but is a hard error in Rust 2021!
[INFO] [stdout]     = note: for more information, see issue #80165 <https://github.com/rust-lang/rust/issues/80165>
[INFO] [stdout] 
[INFO] [stdout] 
[INFO] [stdout] warning: trait objects without an explicit `dyn` are deprecated
[INFO] [stdout]   --> src/middleware.rs:24:20
[INFO] [stdout]    |
[INFO] [stdout] 24 |     type Future = Box<Future<Item=Option<Response>, Error=()> + Send>;
[INFO] [stdout]    |                       ^^^^^^^^^^^^^^^^^^^^^^^^^^^^^^^^^^^^^^^^^^^^^^ help: use `dyn`: `dyn Future<Item=Option<Response>, Error=()> + Send`
[INFO] [stdout]    |
[INFO] [stdout]    = warning: this is accepted in the current edition (Rust 2015) but is a hard error in Rust 2021!
[INFO] [stdout]    = note: for more information, see issue #80165 <https://github.com/rust-lang/rust/issues/80165>
[INFO] [stdout] 
[INFO] [stdout] 
[INFO] [stdout] warning: use of deprecated macro `try`: use the `?` operator instead
[INFO] [stdout]   --> src/types/error.rs:67:19
[INFO] [stdout]    |
[INFO] [stdout] 67 |         let code: i64 = try!(Deserialize::deserialize(deserializer));
[INFO] [stdout]    |                         ^^^
[INFO] [stdout]    |
[INFO] [stdout]    = note: `#[warn(deprecated)]` on by default
[INFO] [stdout] 
[INFO] [stdout] 
[INFO] [stdout] warning: trait objects without an explicit `dyn` are deprecated
[INFO] [stdout]   --> src/lib.rs:42:29
[INFO] [stdout]    |
[INFO] [stdout] 42 | pub type BoxFuture<T> = Box<futures::Future<Item = T, Error = Error> + Send>;
[INFO] [stdout]    |                             ^^^^^^^^^^^^^^^^^^^^^^^^^^^^^^^^^^^^^^^^^^^^^^^ help: use `dyn`: `dyn futures::Future<Item = T, Error = Error> + Send`
[INFO] [stdout]    |
[INFO] [stdout]    = warning: this is accepted in the current edition (Rust 2015) but is a hard error in Rust 2021!
[INFO] [stdout]    = note: for more information, see issue #80165 <https://github.com/rust-lang/rust/issues/80165>
[INFO] [stdout] 
[INFO] [stdout] 
[INFO] [stdout] warning: 8 warnings emitted
[INFO] [stdout] 
[INFO] [stdout] 
[INFO] [stdout] warning: trait objects without an explicit `dyn` are deprecated
[INFO] [stdout]   --> src/calls.rs:44:13
[INFO] [stdout]    |
[INFO] [stdout] 44 |     Method(Arc<RpcMethod<T>>),
[INFO] [stdout]    |                ^^^^^^^^^^^^ help: use `dyn`: `dyn RpcMethod<T>`
[INFO] [stdout]    |
[INFO] [stdout]    = note: `#[warn(bare_trait_objects)]` on by default
[INFO] [stdout]    = warning: this is accepted in the current edition (Rust 2015) but is a hard error in Rust 2021!
[INFO] [stdout]    = note: for more information, see issue #80165 <https://github.com/rust-lang/rust/issues/80165>
[INFO] [stdout] 
[INFO] [stdout] 
[INFO] [stdout] warning: trait objects without an explicit `dyn` are deprecated
[INFO] [stdout]   --> src/calls.rs:46:19
[INFO] [stdout]    |
[INFO] [stdout] 46 |     Notification(Arc<RpcNotification<T>>),
[INFO] [stdout]    |                      ^^^^^^^^^^^^^^^^^^ help: use `dyn`: `dyn RpcNotification<T>`
[INFO] [stdout]    |
[INFO] [stdout]    = warning: this is accepted in the current edition (Rust 2015) but is a hard error in Rust 2021!
[INFO] [stdout]    = note: for more information, see issue #80165 <https://github.com/rust-lang/rust/issues/80165>
[INFO] [stdout] 
[INFO] [stdout] 
[INFO] [stdout] warning: trait objects without an explicit `dyn` are deprecated
[INFO] [stdout]   --> src/io.rs:14:31
[INFO] [stdout]    |
[INFO] [stdout] 14 | pub type FutureResponse = Box<Future<Item=Option<Response>, Error=()> + Send>;
[INFO] [stdout]    |                               ^^^^^^^^^^^^^^^^^^^^^^^^^^^^^^^^^^^^^^^^^^^^^^ help: use `dyn`: `dyn Future<Item=Option<Response>, Error=()> + Send`
[INFO] [stdout]    |
[INFO] [stdout]    = warning: this is accepted in the current edition (Rust 2015) but is a hard error in Rust 2021!
[INFO] [stdout]    = note: for more information, see issue #80165 <https://github.com/rust-lang/rust/issues/80165>
[INFO] [stdout] 
[INFO] [stdout] 
[INFO] [stdout] warning: trait objects without an explicit `dyn` are deprecated
[INFO] [stdout]   --> src/io.rs:24:6
[INFO] [stdout]    |
[INFO] [stdout] 24 |     Box<Future<Item=Option<Output>, Error=()> + Send>,
[INFO] [stdout]    |         ^^^^^^^^^^^^^^^^^^^^^^^^^^^^^^^^^^^^^^^^^^^^ help: use `dyn`: `dyn Future<Item=Option<Output>, Error=()> + Send`
[INFO] [stdout]    |
[INFO] [stdout]    = warning: this is accepted in the current edition (Rust 2015) but is a hard error in Rust 2021!
[INFO] [stdout]    = note: for more information, see issue #80165 <https://github.com/rust-lang/rust/issues/80165>
[INFO] [stdout] 
[INFO] [stdout] 
[INFO] [stdout] warning: trait objects without an explicit `dyn` are deprecated
[INFO] [stdout]    --> src/io.rs:246:37
[INFO] [stdout]     |
[INFO] [stdout] 246 |                 let call_method = |method: &Arc<RpcMethod<T>>| {
[INFO] [stdout]     |                                                 ^^^^^^^^^^^^ help: use `dyn`: `dyn RpcMethod<T>`
[INFO] [stdout]     |
[INFO] [stdout]     = warning: this is accepted in the current edition (Rust 2015) but is a hard error in Rust 2021!
[INFO] [stdout]     = note: for more information, see issue #80165 <https://github.com/rust-lang/rust/issues/80165>
[INFO] [stdout] 
[INFO] [stdout] 
[INFO] [stdout] warning: trait objects without an explicit `dyn` are deprecated
[INFO] [stdout]   --> src/middleware.rs:24:20
[INFO] [stdout]    |
[INFO] [stdout] 24 |     type Future = Box<Future<Item=Option<Response>, Error=()> + Send>;
[INFO] [stdout]    |                       ^^^^^^^^^^^^^^^^^^^^^^^^^^^^^^^^^^^^^^^^^^^^^^ help: use `dyn`: `dyn Future<Item=Option<Response>, Error=()> + Send`
[INFO] [stdout]    |
[INFO] [stdout]    = warning: this is accepted in the current edition (Rust 2015) but is a hard error in Rust 2021!
[INFO] [stdout]    = note: for more information, see issue #80165 <https://github.com/rust-lang/rust/issues/80165>
[INFO] [stdout] 
[INFO] [stdout] 
[INFO] [stdout] warning: use of deprecated macro `try`: use the `?` operator instead
[INFO] [stdout]   --> src/types/error.rs:67:19
[INFO] [stdout]    |
[INFO] [stdout] 67 |         let code: i64 = try!(Deserialize::deserialize(deserializer));
[INFO] [stdout]    |                         ^^^
[INFO] [stdout]    |
[INFO] [stdout]    = note: `#[warn(deprecated)]` on by default
[INFO] [stdout] 
[INFO] [stdout] 
[INFO] [stdout] warning: trait objects without an explicit `dyn` are deprecated
[INFO] [stdout]   --> src/lib.rs:42:29
[INFO] [stdout]    |
[INFO] [stdout] 42 | pub type BoxFuture<T> = Box<futures::Future<Item = T, Error = Error> + Send>;
[INFO] [stdout]    |                             ^^^^^^^^^^^^^^^^^^^^^^^^^^^^^^^^^^^^^^^^^^^^^^^ help: use `dyn`: `dyn futures::Future<Item = T, Error = Error> + Send`
[INFO] [stdout]    |
[INFO] [stdout]    = warning: this is accepted in the current edition (Rust 2015) but is a hard error in Rust 2021!
[INFO] [stdout]    = note: for more information, see issue #80165 <https://github.com/rust-lang/rust/issues/80165>
[INFO] [stdout] 
[INFO] [stdout] 
[INFO] [stdout] warning: 8 warnings emitted
[INFO] [stdout] 
[INFO] [stdout] 
[INFO] [stderr]     Finished test [unoptimized + debuginfo] target(s) in 4.73s
[INFO] running `Command { std: "docker" "inspect" "d9e33ba0840abe758b85669798fc988699d003144a4a916634b0dd987c77ba13", kill_on_drop: false }`
[INFO] running `Command { std: "docker" "rm" "-f" "d9e33ba0840abe758b85669798fc988699d003144a4a916634b0dd987c77ba13", kill_on_drop: false }`
[INFO] [stdout] d9e33ba0840abe758b85669798fc988699d003144a4a916634b0dd987c77ba13
[INFO] running `Command { std: "docker" "create" "-v" "/var/lib/crater-agent-workspace/builds/worker-45/target:/opt/rustwide/target:rw,Z" "-v" "/var/lib/crater-agent-workspace/builds/worker-45/source:/opt/rustwide/workdir:ro,Z" "-v" "/var/lib/crater-agent-workspace/cargo-home:/opt/rustwide/cargo-home:ro,Z" "-v" "/var/lib/crater-agent-workspace/rustup-home:/opt/rustwide/rustup-home:ro,Z" "-e" "SOURCE_DIR=/opt/rustwide/workdir" "-e" "CARGO_TARGET_DIR=/opt/rustwide/target" "-e" "CARGO_INCREMENTAL=0" "-e" "RUST_BACKTRACE=full" "-e" "RUSTFLAGS=--cap-lints=warn" "-e" "CARGO_HOME=/opt/rustwide/cargo-home" "-e" "RUSTUP_HOME=/opt/rustwide/rustup-home" "-w" "/opt/rustwide/workdir" "-m" "1610612736" "--user" "0:0" "--network" "none" "ghcr.io/rust-lang/crates-build-env/linux@sha256:34b6a614d2c27851fe6cbf88fbd1137609cefab8b10d0615aaeb6fd47975d74e" "/opt/rustwide/cargo-home/bin/cargo" "+beta-2021-08-01" "test" "--frozen", kill_on_drop: false }`
[INFO] [stdout] b4749238a03a8383b39aec48616469b1988c59d020515fb098e0e760d67c6d66
[INFO] running `Command { std: "docker" "start" "-a" "b4749238a03a8383b39aec48616469b1988c59d020515fb098e0e760d67c6d66", kill_on_drop: false }`
[INFO] [stderr] warning: trait objects without an explicit `dyn` are deprecated
[INFO] [stderr]   --> src/calls.rs:44:13
[INFO] [stderr]    |
[INFO] [stderr] 44 |     Method(Arc<RpcMethod<T>>),
[INFO] [stderr]    |                ^^^^^^^^^^^^ help: use `dyn`: `dyn RpcMethod<T>`
[INFO] [stderr]    |
[INFO] [stderr]    = note: `#[warn(bare_trait_objects)]` on by default
[INFO] [stderr]    = warning: this is accepted in the current edition (Rust 2015) but is a hard error in Rust 2021!
[INFO] [stderr]    = note: for more information, see issue #80165 <https://github.com/rust-lang/rust/issues/80165>
[INFO] [stderr] 
[INFO] [stderr] warning: trait objects without an explicit `dyn` are deprecated
[INFO] [stderr]   --> src/calls.rs:46:19
[INFO] [stderr]    |
[INFO] [stderr] 46 |     Notification(Arc<RpcNotification<T>>),
[INFO] [stderr]    |                      ^^^^^^^^^^^^^^^^^^ help: use `dyn`: `dyn RpcNotification<T>`
[INFO] [stderr]    |
[INFO] [stderr]    = warning: this is accepted in the current edition (Rust 2015) but is a hard error in Rust 2021!
[INFO] [stderr]    = note: for more information, see issue #80165 <https://github.com/rust-lang/rust/issues/80165>
[INFO] [stderr] 
[INFO] [stderr] warning: trait objects without an explicit `dyn` are deprecated
[INFO] [stderr]   --> src/io.rs:14:31
[INFO] [stderr]    |
[INFO] [stderr] 14 | pub type FutureResponse = Box<Future<Item=Option<Response>, Error=()> + Send>;
[INFO] [stderr]    |                               ^^^^^^^^^^^^^^^^^^^^^^^^^^^^^^^^^^^^^^^^^^^^^^ help: use `dyn`: `dyn Future<Item=Option<Response>, Error=()> + Send`
[INFO] [stderr]    |
[INFO] [stderr]    = warning: this is accepted in the current edition (Rust 2015) but is a hard error in Rust 2021!
[INFO] [stderr]    = note: for more information, see issue #80165 <https://github.com/rust-lang/rust/issues/80165>
[INFO] [stderr] 
[INFO] [stderr] warning: trait objects without an explicit `dyn` are deprecated
[INFO] [stderr]   --> src/io.rs:24:6
[INFO] [stderr]    |
[INFO] [stderr] 24 |     Box<Future<Item=Option<Output>, Error=()> + Send>,
[INFO] [stderr]    |         ^^^^^^^^^^^^^^^^^^^^^^^^^^^^^^^^^^^^^^^^^^^^ help: use `dyn`: `dyn Future<Item=Option<Output>, Error=()> + Send`
[INFO] [stderr]    |
[INFO] [stderr]    = warning: this is accepted in the current edition (Rust 2015) but is a hard error in Rust 2021!
[INFO] [stderr]    = note: for more information, see issue #80165 <https://github.com/rust-lang/rust/issues/80165>
[INFO] [stderr] 
[INFO] [stderr] warning: trait objects without an explicit `dyn` are deprecated
[INFO] [stderr]    --> src/io.rs:246:37
[INFO] [stderr]     |
[INFO] [stderr] 246 |                 let call_method = |method: &Arc<RpcMethod<T>>| {
[INFO] [stderr]     |                                                 ^^^^^^^^^^^^ help: use `dyn`: `dyn RpcMethod<T>`
[INFO] [stderr]     |
[INFO] [stderr]     = warning: this is accepted in the current edition (Rust 2015) but is a hard error in Rust 2021!
[INFO] [stderr]     = note: for more information, see issue #80165 <https://github.com/rust-lang/rust/issues/80165>
[INFO] [stderr] 
[INFO] [stderr] warning: trait objects without an explicit `dyn` are deprecated
[INFO] [stderr]   --> src/middleware.rs:24:20
[INFO] [stderr]    |
[INFO] [stderr] 24 |     type Future = Box<Future<Item=Option<Response>, Error=()> + Send>;
[INFO] [stderr]    |                       ^^^^^^^^^^^^^^^^^^^^^^^^^^^^^^^^^^^^^^^^^^^^^^ help: use `dyn`: `dyn Future<Item=Option<Response>, Error=()> + Send`
[INFO] [stderr]    |
[INFO] [stderr]    = warning: this is accepted in the current edition (Rust 2015) but is a hard error in Rust 2021!
[INFO] [stderr]    = note: for more information, see issue #80165 <https://github.com/rust-lang/rust/issues/80165>
[INFO] [stderr] 
[INFO] [stderr] warning: use of deprecated macro `try`: use the `?` operator instead
[INFO] [stderr]   --> src/types/error.rs:67:19
[INFO] [stderr]    |
[INFO] [stderr] 67 |         let code: i64 = try!(Deserialize::deserialize(deserializer));
[INFO] [stderr]    |                         ^^^
[INFO] [stderr]    |
[INFO] [stderr]    = note: `#[warn(deprecated)]` on by default
[INFO] [stderr] 
[INFO] [stderr] warning: trait objects without an explicit `dyn` are deprecated
[INFO] [stderr]   --> src/lib.rs:42:29
[INFO] [stderr]    |
[INFO] [stderr] 42 | pub type BoxFuture<T> = Box<futures::Future<Item = T, Error = Error> + Send>;
[INFO] [stderr]    |                             ^^^^^^^^^^^^^^^^^^^^^^^^^^^^^^^^^^^^^^^^^^^^^^^ help: use `dyn`: `dyn futures::Future<Item = T, Error = Error> + Send`
[INFO] [stderr]    |
[INFO] [stderr]    = warning: this is accepted in the current edition (Rust 2015) but is a hard error in Rust 2021!
[INFO] [stderr]    = note: for more information, see issue #80165 <https://github.com/rust-lang/rust/issues/80165>
[INFO] [stderr] 
[INFO] [stderr] warning: `bitconch-jsonrpc-core` (lib) generated 8 warnings
[INFO] [stderr] warning: `bitconch-jsonrpc-core` (lib test) generated 8 warnings (8 duplicates)
[INFO] [stderr]     Finished test [unoptimized + debuginfo] target(s) in 0.36s
[INFO] [stderr]      Running unittests (/opt/rustwide/target/debug/deps/bitconch_jsonrpc_core-22dc7f79122a559b)
[INFO] [stdout] 
[INFO] [stdout] running 27 tests
[INFO] [stdout] test io::tests::test_async_io_handler ... ok
[INFO] [stdout] test io::tests::test_method_alias ... ok
[INFO] [stdout] test io::tests::test_io_handler ... ok
[INFO] [stdout] test io::tests::test_io_handler_1dot0 ... ok
[INFO] [stdout] test io::tests::test_method_not_found ... ok
[INFO] [stdout] test io::tests::test_notification ... ok
[INFO] [stdout] test io::tests::test_notification_alias ... ok
[INFO] [stdout] test types::request::tests::request_invalid_returns_id ... ok
[INFO] [stdout] test types::response::batch_response_deserialize ... ok
[INFO] [stdout] test types::response::failure_output_deserialize ... ok
[INFO] [stdout] test types::request::tests::request_serialize_batch ... ok
[INFO] [stdout] test types::response::success_output_serialize ... ok
[INFO] [stdout] test types::response::success_output_deserialize ... ok
[INFO] [stdout] test types::id::tests::id_deserialization ... ok
[INFO] [stdout] test io::tests::test_send_sync ... ok
[INFO] [stdout] test types::request::tests::call_serialize ... ok
[INFO] [stdout] test types::request::tests::call_deserialize ... ok
[INFO] [stdout] test types::params::tests::should_return_meaningful_error_when_deserialization_fails ... ok
[INFO] [stdout] test types::response::failure_output_serialize_jsonrpc_1 ... ok
[INFO] [stdout] test types::request::tests::notification_serialize ... ok
[INFO] [stdout] test types::request::tests::request_deserialize_batch ... ok
[INFO] [stdout] test types::request::tests::method_call_serialize ... ok
[INFO] [stdout] test types::params::tests::params_deserialization ... ok
[INFO] [stdout] test types::response::failure_output_serialize ... ok
[INFO] [stdout] test types::request::tests::notification_deserialize ... ok
[INFO] [stdout] test types::id::tests::id_serialization ... ok
[INFO] [stderr]    Doc-tests bitconch-jsonrpc-core
[INFO] [stdout] test types::response::single_response_deserialize ... ok
[INFO] [stdout] 
[INFO] [stdout] test result: ok. 27 passed; 0 failed; 0 ignored; 0 measured; 0 filtered out; finished in 0.06s
[INFO] [stdout] 
[INFO] [stdout] 
[INFO] [stdout] running 1 test
[INFO] [stderr] error: test failed, to rerun pass '--doc'
[INFO] [stdout] test src/lib.rs - (line 5) ... FAILED
[INFO] [stdout] 
[INFO] [stdout] failures:
[INFO] [stdout] 
[INFO] [stdout] ---- src/lib.rs - (line 5) stdout ----
[INFO] [stdout] error[E0463]: can't find crate for `solana_jsonrpc_core`
[INFO] [stdout]  --> src/lib.rs:6:1
[INFO] [stdout]   |
[INFO] [stdout] 2 | extern crate solana_jsonrpc_core as jsonrpc_core;
[INFO] [stdout]   | ^^^^^^^^^^^^^^^^^^^^^^^^^^^^^^^^^^^^^^^^^^^^^^^^^ can't find crate
[INFO] [stdout] 
[INFO] [stdout] error: aborting due to previous error
[INFO] [stdout] 
[INFO] [stdout] For more information about this error, try `rustc --explain E0463`.
[INFO] [stdout] Couldn't compile the test.
[INFO] [stdout] 
[INFO] [stdout] failures:
[INFO] [stdout]     src/lib.rs - (line 5)
[INFO] [stdout] 
[INFO] [stdout] test result: FAILED. 0 passed; 1 failed; 0 ignored; 0 measured; 0 filtered out; finished in 0.07s
[INFO] [stdout] 
[INFO] running `Command { std: "docker" "inspect" "b4749238a03a8383b39aec48616469b1988c59d020515fb098e0e760d67c6d66", kill_on_drop: false }`
[INFO] running `Command { std: "docker" "rm" "-f" "b4749238a03a8383b39aec48616469b1988c59d020515fb098e0e760d67c6d66", kill_on_drop: false }`
[INFO] [stdout] b4749238a03a8383b39aec48616469b1988c59d020515fb098e0e760d67c6d66
