[INFO] fetching crate bip38 1.1.0...
[INFO] testing bip38-1.1.0 against beta-2021-08-01 for beta-1.55-1
[INFO] extracting crate bip38 1.1.0 into /workspace/builds/worker-27/source
[INFO] validating manifest of crates.io crate bip38 1.1.0 on toolchain beta-2021-08-01
[INFO] running `Command { std: "/workspace/cargo-home/bin/cargo" "+beta-2021-08-01" "metadata" "--manifest-path" "Cargo.toml" "--no-deps", kill_on_drop: false }`
[INFO] started tweaking crates.io crate bip38 1.1.0
[INFO] finished tweaking crates.io crate bip38 1.1.0
[INFO] tweaked toml for crates.io crate bip38 1.1.0 written to /workspace/builds/worker-27/source/Cargo.toml
[INFO] running `Command { std: "/workspace/cargo-home/bin/cargo" "+beta-2021-08-01" "generate-lockfile" "--manifest-path" "Cargo.toml" "-Zno-index-update", kill_on_drop: false }`
[INFO] [stderr]     Blocking waiting for file lock on package cache
[INFO] running `Command { std: "/workspace/cargo-home/bin/cargo" "+beta-2021-08-01" "fetch" "--manifest-path" "Cargo.toml", kill_on_drop: false }`
[INFO] [stderr]     Blocking waiting for file lock on package cache
[INFO] [stderr]     Blocking waiting for file lock on package cache
[INFO] running `Command { std: "docker" "create" "-v" "/var/lib/crater-agent-workspace/builds/worker-27/target:/opt/rustwide/target:rw,Z" "-v" "/var/lib/crater-agent-workspace/builds/worker-27/source:/opt/rustwide/workdir:ro,Z" "-v" "/var/lib/crater-agent-workspace/cargo-home:/opt/rustwide/cargo-home:ro,Z" "-v" "/var/lib/crater-agent-workspace/rustup-home:/opt/rustwide/rustup-home:ro,Z" "-e" "SOURCE_DIR=/opt/rustwide/workdir" "-e" "CARGO_TARGET_DIR=/opt/rustwide/target" "-e" "CARGO_HOME=/opt/rustwide/cargo-home" "-e" "RUSTUP_HOME=/opt/rustwide/rustup-home" "-w" "/opt/rustwide/workdir" "-m" "1610612736" "--user" "0:0" "--network" "none" "ghcr.io/rust-lang/crates-build-env/linux@sha256:34b6a614d2c27851fe6cbf88fbd1137609cefab8b10d0615aaeb6fd47975d74e" "/opt/rustwide/cargo-home/bin/cargo" "+beta-2021-08-01" "metadata" "--no-deps" "--format-version=1", kill_on_drop: false }`
[INFO] [stdout] a559a4d770ab0ef244318ba8c954b1886265555f3377d457e090cbe1e996ab2a
[INFO] running `Command { std: "docker" "start" "-a" "a559a4d770ab0ef244318ba8c954b1886265555f3377d457e090cbe1e996ab2a", kill_on_drop: false }`
[INFO] running `Command { std: "docker" "inspect" "a559a4d770ab0ef244318ba8c954b1886265555f3377d457e090cbe1e996ab2a", kill_on_drop: false }`
[INFO] running `Command { std: "docker" "rm" "-f" "a559a4d770ab0ef244318ba8c954b1886265555f3377d457e090cbe1e996ab2a", kill_on_drop: false }`
[INFO] [stdout] a559a4d770ab0ef244318ba8c954b1886265555f3377d457e090cbe1e996ab2a
[INFO] running `Command { std: "docker" "create" "-v" "/var/lib/crater-agent-workspace/builds/worker-27/target:/opt/rustwide/target:rw,Z" "-v" "/var/lib/crater-agent-workspace/builds/worker-27/source:/opt/rustwide/workdir:ro,Z" "-v" "/var/lib/crater-agent-workspace/cargo-home:/opt/rustwide/cargo-home:ro,Z" "-v" "/var/lib/crater-agent-workspace/rustup-home:/opt/rustwide/rustup-home:ro,Z" "-e" "SOURCE_DIR=/opt/rustwide/workdir" "-e" "CARGO_TARGET_DIR=/opt/rustwide/target" "-e" "CARGO_INCREMENTAL=0" "-e" "RUST_BACKTRACE=full" "-e" "RUSTFLAGS=--cap-lints=warn" "-e" "CARGO_HOME=/opt/rustwide/cargo-home" "-e" "RUSTUP_HOME=/opt/rustwide/rustup-home" "-w" "/opt/rustwide/workdir" "-m" "1610612736" "--user" "0:0" "--network" "none" "ghcr.io/rust-lang/crates-build-env/linux@sha256:34b6a614d2c27851fe6cbf88fbd1137609cefab8b10d0615aaeb6fd47975d74e" "/opt/rustwide/cargo-home/bin/cargo" "+beta-2021-08-01" "build" "--frozen" "--message-format=json", kill_on_drop: false }`
[INFO] [stdout] ad8f24a0c2d17a892c68e2a5b651ce6eceb8d549df0b18bd2da60e210d9ce0b5
[INFO] running `Command { std: "docker" "start" "-a" "ad8f24a0c2d17a892c68e2a5b651ce6eceb8d549df0b18bd2da60e210d9ce0b5", kill_on_drop: false }`
[INFO] [stderr]    Compiling version_check v0.9.3
[INFO] [stderr]    Compiling opaque-debug v0.3.0
[INFO] [stderr]    Compiling subtle v2.4.1
[INFO] [stderr]    Compiling cc v1.0.69
[INFO] [stderr]    Compiling cpufeatures v0.1.5
[INFO] [stderr]    Compiling ppv-lite86 v0.2.10
[INFO] [stderr]    Compiling tinyvec_macros v0.1.0
[INFO] [stderr]    Compiling bs58 v0.4.0
[INFO] [stderr]    Compiling getrandom v0.2.3
[INFO] [stderr]    Compiling tinyvec v1.3.1
[INFO] [stderr]    Compiling rand_core v0.6.3
[INFO] [stderr]    Compiling generic-array v0.14.4
[INFO] [stderr]    Compiling rand_chacha v0.3.1
[INFO] [stderr]    Compiling rand v0.8.4
[INFO] [stderr]    Compiling unicode-normalization v0.1.19
[INFO] [stderr]    Compiling secp256k1-sys v0.4.1
[INFO] [stderr]    Compiling digest v0.9.0
[INFO] [stderr]    Compiling cipher v0.3.0
[INFO] [stderr]    Compiling crypto-mac v0.11.1
[INFO] [stderr]    Compiling block-buffer v0.9.0
[INFO] [stderr]    Compiling pbkdf2 v0.8.0
[INFO] [stderr]    Compiling salsa20 v0.8.1
[INFO] [stderr]    Compiling aes v0.7.4
[INFO] [stderr]    Compiling hmac v0.11.0
[INFO] [stderr]    Compiling sha2 v0.9.5
[INFO] [stderr]    Compiling ripemd160 v0.9.1
[INFO] [stderr]    Compiling scrypt v0.7.0
[INFO] [stderr]    Compiling secp256k1 v0.20.3
[INFO] [stderr]    Compiling bip38 v1.1.0 (/opt/rustwide/workdir)
[INFO] [stderr]     Finished dev [unoptimized + debuginfo] target(s) in 9.87s
[INFO] running `Command { std: "docker" "inspect" "ad8f24a0c2d17a892c68e2a5b651ce6eceb8d549df0b18bd2da60e210d9ce0b5", kill_on_drop: false }`
[INFO] running `Command { std: "docker" "rm" "-f" "ad8f24a0c2d17a892c68e2a5b651ce6eceb8d549df0b18bd2da60e210d9ce0b5", kill_on_drop: false }`
[INFO] [stdout] ad8f24a0c2d17a892c68e2a5b651ce6eceb8d549df0b18bd2da60e210d9ce0b5
[INFO] running `Command { std: "docker" "create" "-v" "/var/lib/crater-agent-workspace/builds/worker-27/target:/opt/rustwide/target:rw,Z" "-v" "/var/lib/crater-agent-workspace/builds/worker-27/source:/opt/rustwide/workdir:ro,Z" "-v" "/var/lib/crater-agent-workspace/cargo-home:/opt/rustwide/cargo-home:ro,Z" "-v" "/var/lib/crater-agent-workspace/rustup-home:/opt/rustwide/rustup-home:ro,Z" "-e" "SOURCE_DIR=/opt/rustwide/workdir" "-e" "CARGO_TARGET_DIR=/opt/rustwide/target" "-e" "CARGO_INCREMENTAL=0" "-e" "RUST_BACKTRACE=full" "-e" "RUSTFLAGS=--cap-lints=warn" "-e" "CARGO_HOME=/opt/rustwide/cargo-home" "-e" "RUSTUP_HOME=/opt/rustwide/rustup-home" "-w" "/opt/rustwide/workdir" "-m" "1610612736" "--user" "0:0" "--network" "none" "ghcr.io/rust-lang/crates-build-env/linux@sha256:34b6a614d2c27851fe6cbf88fbd1137609cefab8b10d0615aaeb6fd47975d74e" "/opt/rustwide/cargo-home/bin/cargo" "+beta-2021-08-01" "test" "--frozen" "--no-run" "--message-format=json", kill_on_drop: false }`
[INFO] [stdout] 7557038c8b471c1d22ac91ec023e64df2b38aee0f917273ee609ffa7d062c01b
[INFO] running `Command { std: "docker" "start" "-a" "7557038c8b471c1d22ac91ec023e64df2b38aee0f917273ee609ffa7d062c01b", kill_on_drop: false }`
[INFO] [stderr]    Compiling bip38 v1.1.0 (/opt/rustwide/workdir)
[INFO] [stderr]     Finished test [unoptimized + debuginfo] target(s) in 1.37s
[INFO] running `Command { std: "docker" "inspect" "7557038c8b471c1d22ac91ec023e64df2b38aee0f917273ee609ffa7d062c01b", kill_on_drop: false }`
[INFO] running `Command { std: "docker" "rm" "-f" "7557038c8b471c1d22ac91ec023e64df2b38aee0f917273ee609ffa7d062c01b", kill_on_drop: false }`
[INFO] [stdout] 7557038c8b471c1d22ac91ec023e64df2b38aee0f917273ee609ffa7d062c01b
[INFO] running `Command { std: "docker" "create" "-v" "/var/lib/crater-agent-workspace/builds/worker-27/target:/opt/rustwide/target:rw,Z" "-v" "/var/lib/crater-agent-workspace/builds/worker-27/source:/opt/rustwide/workdir:ro,Z" "-v" "/var/lib/crater-agent-workspace/cargo-home:/opt/rustwide/cargo-home:ro,Z" "-v" "/var/lib/crater-agent-workspace/rustup-home:/opt/rustwide/rustup-home:ro,Z" "-e" "SOURCE_DIR=/opt/rustwide/workdir" "-e" "CARGO_TARGET_DIR=/opt/rustwide/target" "-e" "CARGO_INCREMENTAL=0" "-e" "RUST_BACKTRACE=full" "-e" "RUSTFLAGS=--cap-lints=warn" "-e" "CARGO_HOME=/opt/rustwide/cargo-home" "-e" "RUSTUP_HOME=/opt/rustwide/rustup-home" "-w" "/opt/rustwide/workdir" "-m" "1610612736" "--user" "0:0" "--network" "none" "ghcr.io/rust-lang/crates-build-env/linux@sha256:34b6a614d2c27851fe6cbf88fbd1137609cefab8b10d0615aaeb6fd47975d74e" "/opt/rustwide/cargo-home/bin/cargo" "+beta-2021-08-01" "test" "--frozen", kill_on_drop: false }`
[INFO] [stdout] c34c020cd9caa8556246a6e81c6db72b4d609584ec16600cad3d05649658b7ac
[INFO] running `Command { std: "docker" "start" "-a" "c34c020cd9caa8556246a6e81c6db72b4d609584ec16600cad3d05649658b7ac", kill_on_drop: false }`
[INFO] [stderr]     Finished test [unoptimized + debuginfo] target(s) in 0.40s
[INFO] [stderr]      Running unittests (/opt/rustwide/target/debug/deps/bip38-051cd4b7d1e66233)
[INFO] [stdout] 
[INFO] [stdout] running 12 tests
[INFO] [stdout] test tests::test_decode_wif ... ok
[INFO] [stdout] test tests::test_hash256 ... ok
[INFO] [stdout] test tests::test_wif ... ok
[INFO] [stdout] test tests::test_hash160 ... ok
[INFO] [stdout] test tests::test_p2wpkh ... ok
[INFO] [stdout] test tests::test_encode_base58ck ... ok
[INFO] [stdout] test tests::test_public ... ok
[INFO] [stdout] test tests::test_decrypt has been running for over 60 seconds
[INFO] [stdout] test tests::test_decrypt_to_wif has been running for over 60 seconds
[INFO] [stdout] test tests::test_encrypt has been running for over 60 seconds
[INFO] [stdout] test tests::test_encrypt_wif has been running for over 60 seconds
[INFO] [stdout] test tests::test_generate has been running for over 60 seconds
[INFO] [stdout] test tests::test_encrypt ... ok
[INFO] [stdout] test tests::test_encrypt_wif ... ok
[INFO] [stdout] test tests::test_generate ... ok
[INFO] [stdout] test tests::test_decrypt_to_wif ... ok
[INFO] [stdout] test tests::test_decrypt ... ok
[INFO] [stdout] 
[INFO] [stdout] test result: ok. 12 passed; 0 failed; 0 ignored; 0 measured; 0 filtered out; finished in 638.35s
[INFO] [stdout] 
[INFO] [stderr]    Doc-tests bip38
[INFO] [stdout] 
[INFO] [stdout] running 21 tests
[INFO] [stdout] test src/lib.rs - EncryptWif::encrypt_wif (line 511) ... FAILED
[INFO] [stdout] test src/lib.rs - (line 72) ... FAILED
[INFO] [stdout] test src/lib.rs - EncryptWif::encrypt_wif (line 540) ... FAILED
[INFO] [stdout] test src/lib.rs - Encrypt::encrypt (line 456) ... FAILED
[INFO] [stdout] test src/lib.rs - Generate::generate (line 597) ... FAILED
[INFO] [stdout] test src/lib.rs - Generate::generate (line 622) ... FAILED
[INFO] [stdout] test src/lib.rs - (line 123) ... FAILED
[INFO] [stdout] test src/lib.rs - Encrypt::encrypt (line 476) ... ok
[INFO] [stdout] test src/lib.rs - (line 11) has been running for over 60 seconds
[INFO] [stdout] test src/lib.rs - (line 141) has been running for over 60 seconds
[INFO] [stdout] test src/lib.rs - (line 161) has been running for over 60 seconds
[INFO] [stdout] test src/lib.rs - (line 41) has been running for over 60 seconds
[INFO] [stdout] test src/lib.rs - (line 97) has been running for over 60 seconds
[INFO] [stdout] test src/lib.rs - Decrypt::decrypt (line 286) has been running for over 60 seconds
[INFO] [stdout] test src/lib.rs - Decrypt::decrypt (line 319) has been running for over 60 seconds
[INFO] [stdout] test src/lib.rs - Decrypt::decrypt (line 348) has been running for over 60 seconds
[INFO] [stdout] test src/lib.rs - Decrypt::decrypt_to_wif (line 368) has been running for over 60 seconds
[INFO] [stdout] test src/lib.rs - Decrypt::decrypt_to_wif (line 403) has been running for over 60 seconds
[INFO] [stdout] test src/lib.rs - Decrypt::decrypt_to_wif (line 433) has been running for over 60 seconds
[INFO] [stdout] test src/lib.rs - Encrypt::encrypt (line 487) has been running for over 60 seconds
[INFO] [stdout] test src/lib.rs - EncryptWif::encrypt_wif (line 569) has been running for over 60 seconds
[INFO] [stdout] test src/lib.rs - EncryptWif::encrypt_wif (line 569) ... ok
[INFO] [stdout] test src/lib.rs - (line 161) ... ok
[INFO] [stdout] test src/lib.rs - Encrypt::encrypt (line 487) ... ok
[INFO] [stdout] test src/lib.rs - Decrypt::decrypt (line 348) ... ok
[INFO] [stdout] test src/lib.rs - Decrypt::decrypt_to_wif (line 433) ... ok
[INFO] [stdout] test src/lib.rs - (line 141) ... ok
[INFO] [stdout] test src/lib.rs - Decrypt::decrypt_to_wif (line 403) ... ok
[INFO] [stdout] test src/lib.rs - (line 97) ... ok
[INFO] [stdout] test src/lib.rs - Decrypt::decrypt (line 319) ... ok
[INFO] [stdout] test src/lib.rs - Decrypt::decrypt (line 286) ... ok
[INFO] [stdout] test src/lib.rs - (line 11) ... ok
[INFO] [stdout] test src/lib.rs - Decrypt::decrypt_to_wif (line 368) ... ok
[ERROR] error running command: command timed out after 900 seconds
[INFO] running `Command { std: "docker" "inspect" "c34c020cd9caa8556246a6e81c6db72b4d609584ec16600cad3d05649658b7ac", kill_on_drop: false }`
[INFO] running `Command { std: "docker" "rm" "-f" "c34c020cd9caa8556246a6e81c6db72b4d609584ec16600cad3d05649658b7ac", kill_on_drop: false }`
[INFO] [stdout] c34c020cd9caa8556246a6e81c6db72b4d609584ec16600cad3d05649658b7ac
