[INFO] fetching crate biodivine-lib-bdd 0.2.1...
[INFO] testing biodivine-lib-bdd-0.2.1 against 1.54.0 for beta-1.55-1
[INFO] extracting crate biodivine-lib-bdd 0.2.1 into /workspace/builds/worker-91/source
[INFO] validating manifest of crates.io crate biodivine-lib-bdd 0.2.1 on toolchain 1.54.0
[INFO] running `Command { std: "/workspace/cargo-home/bin/cargo" "+1.54.0" "metadata" "--manifest-path" "Cargo.toml" "--no-deps", kill_on_drop: false }`
[INFO] started tweaking crates.io crate biodivine-lib-bdd 0.2.1
[INFO] finished tweaking crates.io crate biodivine-lib-bdd 0.2.1
[INFO] tweaked toml for crates.io crate biodivine-lib-bdd 0.2.1 written to /workspace/builds/worker-91/source/Cargo.toml
[INFO] running `Command { std: "/workspace/cargo-home/bin/cargo" "+1.54.0" "generate-lockfile" "--manifest-path" "Cargo.toml" "-Zno-index-update", kill_on_drop: false }`
[INFO] running `Command { std: "/workspace/cargo-home/bin/cargo" "+1.54.0" "fetch" "--manifest-path" "Cargo.toml", kill_on_drop: false }`
[INFO] [stderr]     Blocking waiting for file lock on package cache
[INFO] running `Command { std: "docker" "create" "-v" "/var/lib/crater-agent-workspace/builds/worker-91/target:/opt/rustwide/target:rw,Z" "-v" "/var/lib/crater-agent-workspace/builds/worker-91/source:/opt/rustwide/workdir:ro,Z" "-v" "/var/lib/crater-agent-workspace/cargo-home:/opt/rustwide/cargo-home:ro,Z" "-v" "/var/lib/crater-agent-workspace/rustup-home:/opt/rustwide/rustup-home:ro,Z" "-e" "SOURCE_DIR=/opt/rustwide/workdir" "-e" "CARGO_TARGET_DIR=/opt/rustwide/target" "-e" "CARGO_HOME=/opt/rustwide/cargo-home" "-e" "RUSTUP_HOME=/opt/rustwide/rustup-home" "-w" "/opt/rustwide/workdir" "-m" "1610612736" "--user" "0:0" "--network" "none" "ghcr.io/rust-lang/crates-build-env/linux@sha256:34b6a614d2c27851fe6cbf88fbd1137609cefab8b10d0615aaeb6fd47975d74e" "/opt/rustwide/cargo-home/bin/cargo" "+1.54.0" "metadata" "--no-deps" "--format-version=1", kill_on_drop: false }`
[INFO] [stdout] bf9233ff46130afd650d931a213cf47837a8adbc4be2862a0a9fe27fd7d8595b
[INFO] running `Command { std: "docker" "start" "-a" "bf9233ff46130afd650d931a213cf47837a8adbc4be2862a0a9fe27fd7d8595b", kill_on_drop: false }`
[INFO] running `Command { std: "docker" "inspect" "bf9233ff46130afd650d931a213cf47837a8adbc4be2862a0a9fe27fd7d8595b", kill_on_drop: false }`
[INFO] running `Command { std: "docker" "rm" "-f" "bf9233ff46130afd650d931a213cf47837a8adbc4be2862a0a9fe27fd7d8595b", kill_on_drop: false }`
[INFO] [stdout] bf9233ff46130afd650d931a213cf47837a8adbc4be2862a0a9fe27fd7d8595b
[INFO] running `Command { std: "docker" "create" "-v" "/var/lib/crater-agent-workspace/builds/worker-91/target:/opt/rustwide/target:rw,Z" "-v" "/var/lib/crater-agent-workspace/builds/worker-91/source:/opt/rustwide/workdir:ro,Z" "-v" "/var/lib/crater-agent-workspace/cargo-home:/opt/rustwide/cargo-home:ro,Z" "-v" "/var/lib/crater-agent-workspace/rustup-home:/opt/rustwide/rustup-home:ro,Z" "-e" "SOURCE_DIR=/opt/rustwide/workdir" "-e" "CARGO_TARGET_DIR=/opt/rustwide/target" "-e" "CARGO_INCREMENTAL=0" "-e" "RUST_BACKTRACE=full" "-e" "RUSTFLAGS=--cap-lints=warn" "-e" "CARGO_HOME=/opt/rustwide/cargo-home" "-e" "RUSTUP_HOME=/opt/rustwide/rustup-home" "-w" "/opt/rustwide/workdir" "-m" "1610612736" "--user" "0:0" "--network" "none" "ghcr.io/rust-lang/crates-build-env/linux@sha256:34b6a614d2c27851fe6cbf88fbd1137609cefab8b10d0615aaeb6fd47975d74e" "/opt/rustwide/cargo-home/bin/cargo" "+1.54.0" "build" "--frozen" "--message-format=json", kill_on_drop: false }`
[INFO] [stdout] b2749878d62081f31ca6c330b9070d7eb2601599fcdd1a2acfb9dfd2ef9f0af7
[INFO] running `Command { std: "docker" "start" "-a" "b2749878d62081f31ca6c330b9070d7eb2601599fcdd1a2acfb9dfd2ef9f0af7", kill_on_drop: false }`
[INFO] [stderr]    Compiling fxhash v0.2.1
[INFO] [stderr]    Compiling biodivine-lib-bdd v0.2.1 (/opt/rustwide/workdir)
[INFO] [stdout] warning: unnecessary trailing semicolon
[INFO] [stdout]    --> src/_impl_bdd/_impl_boolean_ops.rs:160:6
[INFO] [stdout]     |
[INFO] [stdout] 160 |     };
[INFO] [stdout]     |      ^ help: remove this semicolon
[INFO] [stdout]     |
[INFO] [stdout]     = note: `#[warn(redundant_semicolons)]` on by default
[INFO] [stdout] 
[INFO] [stdout] 
[INFO] [stdout] warning: 1 warning emitted
[INFO] [stdout] 
[INFO] [stdout] 
[INFO] [stderr]     Finished dev [unoptimized + debuginfo] target(s) in 1.96s
[INFO] running `Command { std: "docker" "inspect" "b2749878d62081f31ca6c330b9070d7eb2601599fcdd1a2acfb9dfd2ef9f0af7", kill_on_drop: false }`
[INFO] running `Command { std: "docker" "rm" "-f" "b2749878d62081f31ca6c330b9070d7eb2601599fcdd1a2acfb9dfd2ef9f0af7", kill_on_drop: false }`
[INFO] [stdout] b2749878d62081f31ca6c330b9070d7eb2601599fcdd1a2acfb9dfd2ef9f0af7
[INFO] running `Command { std: "docker" "create" "-v" "/var/lib/crater-agent-workspace/builds/worker-91/target:/opt/rustwide/target:rw,Z" "-v" "/var/lib/crater-agent-workspace/builds/worker-91/source:/opt/rustwide/workdir:ro,Z" "-v" "/var/lib/crater-agent-workspace/cargo-home:/opt/rustwide/cargo-home:ro,Z" "-v" "/var/lib/crater-agent-workspace/rustup-home:/opt/rustwide/rustup-home:ro,Z" "-e" "SOURCE_DIR=/opt/rustwide/workdir" "-e" "CARGO_TARGET_DIR=/opt/rustwide/target" "-e" "CARGO_INCREMENTAL=0" "-e" "RUST_BACKTRACE=full" "-e" "RUSTFLAGS=--cap-lints=warn" "-e" "CARGO_HOME=/opt/rustwide/cargo-home" "-e" "RUSTUP_HOME=/opt/rustwide/rustup-home" "-w" "/opt/rustwide/workdir" "-m" "1610612736" "--user" "0:0" "--network" "none" "ghcr.io/rust-lang/crates-build-env/linux@sha256:34b6a614d2c27851fe6cbf88fbd1137609cefab8b10d0615aaeb6fd47975d74e" "/opt/rustwide/cargo-home/bin/cargo" "+1.54.0" "test" "--frozen" "--no-run" "--message-format=json", kill_on_drop: false }`
[INFO] [stdout] 23f5ba1aa969505285a20520f61d165e18f628aa698759c0d7863827d1742b4f
[INFO] running `Command { std: "docker" "start" "-a" "23f5ba1aa969505285a20520f61d165e18f628aa698759c0d7863827d1742b4f", kill_on_drop: false }`
[INFO] [stderr]    Compiling libc v0.2.98
[INFO] [stderr]    Compiling getrandom v0.1.16
[INFO] [stdout] warning: unnecessary trailing semicolon
[INFO] [stdout]    --> src/_impl_bdd/_impl_boolean_ops.rs:160:6
[INFO] [stdout]     |
[INFO] [stdout] 160 |     };
[INFO] [stdout]     |      ^ help: remove this semicolon
[INFO] [stdout]     |
[INFO] [stdout]     = note: `#[warn(redundant_semicolons)]` on by default
[INFO] [stdout] 
[INFO] [stdout] 
[INFO] [stdout] warning: 1 warning emitted
[INFO] [stdout] 
[INFO] [stdout] 
[INFO] [stderr]    Compiling rand_core v0.5.1
[INFO] [stderr]    Compiling rand_chacha v0.2.2
[INFO] [stderr]    Compiling rand v0.7.3
[INFO] [stderr]    Compiling biodivine-lib-bdd v0.2.1 (/opt/rustwide/workdir)
[INFO] [stdout] warning: unnecessary trailing semicolon
[INFO] [stdout]    --> src/_impl_bdd/_impl_boolean_ops.rs:160:6
[INFO] [stdout]     |
[INFO] [stdout] 160 |     };
[INFO] [stdout]     |      ^ help: remove this semicolon
[INFO] [stdout]     |
[INFO] [stdout]     = note: `#[warn(redundant_semicolons)]` on by default
[INFO] [stdout] 
[INFO] [stdout] 
[INFO] [stdout] warning: 1 warning emitted
[INFO] [stdout] 
[INFO] [stdout] 
[INFO] [stderr]     Finished test [unoptimized + debuginfo] target(s) in 7.79s
[INFO] running `Command { std: "docker" "inspect" "23f5ba1aa969505285a20520f61d165e18f628aa698759c0d7863827d1742b4f", kill_on_drop: false }`
[INFO] running `Command { std: "docker" "rm" "-f" "23f5ba1aa969505285a20520f61d165e18f628aa698759c0d7863827d1742b4f", kill_on_drop: false }`
[INFO] [stdout] 23f5ba1aa969505285a20520f61d165e18f628aa698759c0d7863827d1742b4f
[INFO] running `Command { std: "docker" "create" "-v" "/var/lib/crater-agent-workspace/builds/worker-91/target:/opt/rustwide/target:rw,Z" "-v" "/var/lib/crater-agent-workspace/builds/worker-91/source:/opt/rustwide/workdir:ro,Z" "-v" "/var/lib/crater-agent-workspace/cargo-home:/opt/rustwide/cargo-home:ro,Z" "-v" "/var/lib/crater-agent-workspace/rustup-home:/opt/rustwide/rustup-home:ro,Z" "-e" "SOURCE_DIR=/opt/rustwide/workdir" "-e" "CARGO_TARGET_DIR=/opt/rustwide/target" "-e" "CARGO_INCREMENTAL=0" "-e" "RUST_BACKTRACE=full" "-e" "RUSTFLAGS=--cap-lints=warn" "-e" "CARGO_HOME=/opt/rustwide/cargo-home" "-e" "RUSTUP_HOME=/opt/rustwide/rustup-home" "-w" "/opt/rustwide/workdir" "-m" "1610612736" "--user" "0:0" "--network" "none" "ghcr.io/rust-lang/crates-build-env/linux@sha256:34b6a614d2c27851fe6cbf88fbd1137609cefab8b10d0615aaeb6fd47975d74e" "/opt/rustwide/cargo-home/bin/cargo" "+1.54.0" "test" "--frozen", kill_on_drop: false }`
[INFO] [stdout] ca0d520133583a05195a53301fd73f410fa0d05b6c6fcfc428a4fab91d7646a9
[INFO] running `Command { std: "docker" "start" "-a" "ca0d520133583a05195a53301fd73f410fa0d05b6c6fcfc428a4fab91d7646a9", kill_on_drop: false }`
[INFO] [stderr]     Blocking waiting for file lock on package cache
[INFO] [stderr] warning: unnecessary trailing semicolon
[INFO] [stderr]    --> src/_impl_bdd/_impl_boolean_ops.rs:160:6
[INFO] [stderr]     |
[INFO] [stderr] 160 |     };
[INFO] [stderr]     |      ^ help: remove this semicolon
[INFO] [stderr]     |
[INFO] [stderr]     = note: `#[warn(redundant_semicolons)]` on by default
[INFO] [stderr] 
[INFO] [stderr] warning: 1 warning emitted
[INFO] [stderr] 
[INFO] [stderr] warning: unnecessary trailing semicolon
[INFO] [stderr]    --> src/_impl_bdd/_impl_boolean_ops.rs:160:6
[INFO] [stderr]     |
[INFO] [stderr] 160 |     };
[INFO] [stderr]     |      ^ help: remove this semicolon
[INFO] [stderr]     |
[INFO] [stderr]     = note: `#[warn(redundant_semicolons)]` on by default
[INFO] [stderr] 
[INFO] [stderr] warning: 1 warning emitted
[INFO] [stderr] 
[INFO] [stderr]     Finished test [unoptimized + debuginfo] target(s) in 1.59s
[INFO] [stderr]      Running unittests (/opt/rustwide/target/debug/deps/biodivine_lib_bdd-46d055b77b24e414)
[INFO] [stdout] 
[INFO] [stdout] running 74 tests
[INFO] [stdout] test _impl_bdd::_impl_export_dot::tests::bdd_to_dot ... ok
[INFO] [stdout] test _impl_bdd::_impl_export_dot::tests::bdd_to_dot_pruned ... ok
[INFO] [stdout] test _impl_bdd::_impl_export_dot::tests::bdd_universe_bdd_to_dot ... ok
[INFO] [stdout] test _impl_bdd::_impl_serialisation::tests::bdd_from_string ... ok
[INFO] [stdout] test _impl_bdd::_impl_export_dot::tests::bdd_universe_bdd_to_dot_pruned ... ok
[INFO] [stdout] test _impl_bdd::_impl_serialisation::tests::bdd_to_bytes ... ok
[INFO] [stdout] test _impl_bdd::_impl_serialisation::tests::bdd_to_string ... ok
[INFO] [stdout] test _impl_bdd::_impl_util::tests::bdd_cardinality ... ok
[INFO] [stdout] test _impl_bdd::_impl_util::tests::bdd_impl ... ok
[INFO] [stdout] test _impl_bdd::_impl_util::tests::bdd_sat_witness_basic ... ok
[INFO] [stdout] test _impl_bdd::_impl_util::tests::bdd_sat_witness_advanced ... ok
[INFO] [stdout] test _impl_bdd_node::tests::bdd_node_create ... ok
[INFO] [stdout] test _impl_bdd_node::tests::bdd_node_one ... ok
[INFO] [stdout] test _impl_bdd::_impl_util::tests::bdd_to_formula ... ok
[INFO] [stdout] test _impl_bdd_node::tests::bdd_node_zero ... ok
[INFO] [stdout] test _impl_bdd_valuation::tests::bdd_universe_eval ... ok
[INFO] [stdout] test _impl_bdd_valuation::tests::bdd_universe_eval_invalid - should panic ... FAILED
[INFO] [stdout] test _impl_bdd_satisfying_valuations::tests::bdd_sat_valuations_trivial ... ok
[INFO] [stdout] test _impl_bdd_satisfying_valuations::tests::bdd_sat_valuations ... ok
[INFO] [stdout] test _impl_bdd_valuation::tests::bdd_valuation_iterator_empty ... ok
[INFO] [stdout] test _impl_bdd_valuation::tests::bdd_valuation_print ... ok
[INFO] [stdout] test _impl_bdd_variable_set::tests::bdd_universe_anonymous ... ok
[INFO] [stdout] test _impl_bdd_variable_set::tests::bdd_universe_mk_const ... ok
[INFO] [stdout] test _impl_bdd_variable_set::tests::bdd_universe_mk_not_var_invalid_id - should panic ... FAILED
[INFO] [stdout] test _impl_bdd_variable_set::tests::bdd_universe_mk_var_invalid_id - should panic ... FAILED
[INFO] [stdout] test _impl_bdd_variable_set_builder::tests::bdd_variables_builder ... ok
[INFO] [stdout] test _impl_bdd_variable_set_builder::tests::bdd_variables_builder_batch ... ok
[INFO] [stdout] test _test_bdd::_test_bdd_logic_basic::bdd_constants ... ok
[INFO] [stdout] test _macro_bdd::tests::bdd_macro_test ... ok
[INFO] [stdout] test _test_bdd::_test_bdd_logic_basic::bdd_de_morgan ... ok
[INFO] [stdout] test _test_bdd::_test_bdd_logic_basic::bdd_flip_preserves_equivalence ... ok
[INFO] [stdout] test _test_bdd::_test_bdd_logic_basic::bdd_mk_and_not ... ok
[INFO] [stdout] test _test_bdd::_test_bdd_logic_basic::bdd_mk_and ... ok
[INFO] [stdout] test _test_bdd::_test_bdd_logic_basic::bdd_mk_iff ... ok
[INFO] [stdout] test _test_bdd::_test_bdd_logic_basic::bdd_mk_not ... ok
[INFO] [stdout] test _test_bdd::_test_bdd_logic_basic::bdd_mk_imp ... ok
[INFO] [stdout] test _test_bdd::_test_bdd_logic_basic::bdd_mk_or ... ok
[INFO] [stdout] test _test_bdd::_test_bdd_logic_basic::bdd_mk_xor ... ok
[INFO] [stdout] test _test_bdd::_test_bdd_logic_basic::bdd_not_preserves_equivalence ... ok
[INFO] [stdout] test _test_bdd::_test_bdd_logic_basic::invert_input ... ok
[INFO] [stdout] test _test_bdd::_test_bdd_logic_basic::simple_identities_syntactic ... ok
[INFO] [stdout] test _test_bdd::_test_bdd_logic_basic::nontrivial_identity_syntactic ... ok
[INFO] [stdout] test _test_bdd::_test_bdd_relation_ops::bdd_projection_trivial ... ok
[INFO] [stdout] test _test_bdd::_test_bdd_relation_ops::bdd_pick_trivial ... ok
[INFO] [stdout] test _test_bdd::_test_bdd_relation_ops::bdd_select ... ok
[INFO] [stdout] test _test_bdd::_test_bdd_relation_ops::bdd_var_projection ... ok
[INFO] [stdout] test boolean_expression::_impl_parser::tests::parse_boolean_formula_basic ... ok
[INFO] [stdout] test _test_bdd::_test_bdd_relation_ops::bdd_var_select ... ok
[INFO] [stdout] test boolean_expression::_impl_boolean_expression::tests::bdd_universe_eval_boolean_formula ... ok
[INFO] [stdout] test _test_bdd::_test_bdd_relation_ops::bdd_projection_simple ... ok
[INFO] [stdout] test _test_bdd::_test_bdd_relation_ops::bdd_var_pick ... ok
[INFO] [stdout] test boolean_expression::_impl_parser::tests::parse_boolean_formula_operator_associativity ... ok
[INFO] [stdout] test boolean_expression::_impl_parser::tests::parse_boolean_formula_complex ... ok
[INFO] [stdout] test boolean_expression::_impl_parser::tests::parse_boolean_formula_operator_priority ... ok
[INFO] [stdout] test _test_bdd::_test_bdd_relation_ops::bdd_pick_simple ... ok
[INFO] [stdout] test _impl_bdd_variable_set::tests::bdd_universe_mk_not_var_by_name_invalid_name - should panic ... ok
[INFO] [stdout] test _impl_bdd_variable_set::tests::bdd_universe_mk_var_by_name_invalid_name - should panic ... ok
[INFO] [stdout] test _impl_bdd_variable_set_builder::tests::bdd_variables_builder_duplicate_variable - should panic ... ok
[INFO] [stdout] test _impl_bdd_variable_set_builder::tests::bdd_variables_builder_invalid_name - should panic ... ok
[INFO] [stdout] test boolean_expression::_impl_parser::tests::parse_boolean_formula_invalid_formula_1 - should panic ... ok
[INFO] [stdout] test boolean_expression::_impl_parser::tests::parse_boolean_formula_invalid_formula_2 - should panic ... ok
[INFO] [stdout] test boolean_expression::_impl_parser::tests::parse_boolean_formula_invalid_parentheses_3 - should panic ... ok
[INFO] [stdout] test boolean_expression::_impl_parser::tests::parse_boolean_formula_invalid_parentheses_4 - should panic ... ok
[INFO] [stdout] test boolean_expression::_impl_parser::tests::parse_boolean_formula_invalid_token_1 - should panic ... ok
[INFO] [stdout] test boolean_expression::_impl_parser::tests::parse_boolean_formula_invalid_token_2 - should panic ... ok
[INFO] [stdout] test boolean_expression::_impl_parser::tests::parse_boolean_formula_invalid_token_3 - should panic ... ok
[INFO] [stdout] test boolean_expression::_impl_parser::tests::parse_boolean_formula_invalid_parentheses_1 - should panic ... ok
[INFO] [stdout] test boolean_expression::_impl_parser::tests::parse_boolean_formula_invalid_token_4 - should panic ... ok
[INFO] [stdout] test boolean_expression::_impl_parser::tests::parse_boolean_formula_invalid_parentheses_2 - should panic ... ok
[INFO] [stdout] test _test_bdd::_test_bdd_logic_fuzzing::fuzz_var_2 ... ok
[INFO] [stdout] test _test_bdd::_test_bdd_logic_fuzzing::fuzz_var_4 ... ok
[INFO] [stdout] test _impl_bdd_variable_set_builder::tests::bdd_variables_builder_too_large - should panic ... ok
[INFO] [stdout] test _test_bdd::_test_bdd_logic_fuzzing::fuzz_var_8 ... ok
[INFO] [stdout] test _test_bdd::_test_bdd_logic_fuzzing::fuzz_var_12 ... ok
[INFO] [stderr] error: test failed, to rerun pass '--lib'
[INFO] [stdout] 
[INFO] [stdout] failures:
[INFO] [stdout] 
[INFO] [stdout] ---- _impl_bdd_valuation::tests::bdd_universe_eval_invalid stdout ----
[INFO] [stdout] note: test did not panic as expected
[INFO] [stdout] ---- _impl_bdd_variable_set::tests::bdd_universe_mk_not_var_invalid_id stdout ----
[INFO] [stdout] note: test did not panic as expected
[INFO] [stdout] ---- _impl_bdd_variable_set::tests::bdd_universe_mk_var_invalid_id stdout ----
[INFO] [stdout] note: test did not panic as expected
[INFO] [stdout] 
[INFO] [stdout] failures:
[INFO] [stdout]     _impl_bdd_valuation::tests::bdd_universe_eval_invalid
[INFO] [stdout]     _impl_bdd_variable_set::tests::bdd_universe_mk_not_var_invalid_id
[INFO] [stdout]     _impl_bdd_variable_set::tests::bdd_universe_mk_var_invalid_id
[INFO] [stdout] 
[INFO] [stdout] test result: FAILED. 71 passed; 3 failed; 0 ignored; 0 measured; 0 filtered out; finished in 19.76s
[INFO] [stdout] 
[INFO] running `Command { std: "docker" "inspect" "ca0d520133583a05195a53301fd73f410fa0d05b6c6fcfc428a4fab91d7646a9", kill_on_drop: false }`
[INFO] running `Command { std: "docker" "rm" "-f" "ca0d520133583a05195a53301fd73f410fa0d05b6c6fcfc428a4fab91d7646a9", kill_on_drop: false }`
[INFO] [stdout] ca0d520133583a05195a53301fd73f410fa0d05b6c6fcfc428a4fab91d7646a9
