[INFO] fetching crate binser 0.3.1...
[INFO] testing binser-0.3.1 against 1.54.0 for beta-1.55-1
[INFO] extracting crate binser 0.3.1 into /workspace/builds/worker-6/source
[INFO] validating manifest of crates.io crate binser 0.3.1 on toolchain 1.54.0
[INFO] running `Command { std: "/workspace/cargo-home/bin/cargo" "+1.54.0" "metadata" "--manifest-path" "Cargo.toml" "--no-deps", kill_on_drop: false }`
[INFO] started tweaking crates.io crate binser 0.3.1
[INFO] finished tweaking crates.io crate binser 0.3.1
[INFO] tweaked toml for crates.io crate binser 0.3.1 written to /workspace/builds/worker-6/source/Cargo.toml
[INFO] running `Command { std: "/workspace/cargo-home/bin/cargo" "+1.54.0" "generate-lockfile" "--manifest-path" "Cargo.toml" "-Zno-index-update", kill_on_drop: false }`
[INFO] running `Command { std: "/workspace/cargo-home/bin/cargo" "+1.54.0" "fetch" "--manifest-path" "Cargo.toml", kill_on_drop: false }`
[INFO] [stderr]     Blocking waiting for file lock on package cache
[INFO] running `Command { std: "docker" "create" "-v" "/var/lib/crater-agent-workspace/builds/worker-6/target:/opt/rustwide/target:rw,Z" "-v" "/var/lib/crater-agent-workspace/builds/worker-6/source:/opt/rustwide/workdir:ro,Z" "-v" "/var/lib/crater-agent-workspace/cargo-home:/opt/rustwide/cargo-home:ro,Z" "-v" "/var/lib/crater-agent-workspace/rustup-home:/opt/rustwide/rustup-home:ro,Z" "-e" "SOURCE_DIR=/opt/rustwide/workdir" "-e" "CARGO_TARGET_DIR=/opt/rustwide/target" "-e" "CARGO_HOME=/opt/rustwide/cargo-home" "-e" "RUSTUP_HOME=/opt/rustwide/rustup-home" "-w" "/opt/rustwide/workdir" "-m" "1610612736" "--user" "0:0" "--network" "none" "ghcr.io/rust-lang/crates-build-env/linux@sha256:34b6a614d2c27851fe6cbf88fbd1137609cefab8b10d0615aaeb6fd47975d74e" "/opt/rustwide/cargo-home/bin/cargo" "+1.54.0" "metadata" "--no-deps" "--format-version=1", kill_on_drop: false }`
[INFO] [stdout] f5697e7b6efe2c9c522a70d5cd95a1aaca653125d4074420ed363257645c6115
[INFO] running `Command { std: "docker" "start" "-a" "f5697e7b6efe2c9c522a70d5cd95a1aaca653125d4074420ed363257645c6115", kill_on_drop: false }`
[INFO] running `Command { std: "docker" "inspect" "f5697e7b6efe2c9c522a70d5cd95a1aaca653125d4074420ed363257645c6115", kill_on_drop: false }`
[INFO] running `Command { std: "docker" "rm" "-f" "f5697e7b6efe2c9c522a70d5cd95a1aaca653125d4074420ed363257645c6115", kill_on_drop: false }`
[INFO] [stdout] f5697e7b6efe2c9c522a70d5cd95a1aaca653125d4074420ed363257645c6115
[INFO] running `Command { std: "docker" "create" "-v" "/var/lib/crater-agent-workspace/builds/worker-6/target:/opt/rustwide/target:rw,Z" "-v" "/var/lib/crater-agent-workspace/builds/worker-6/source:/opt/rustwide/workdir:ro,Z" "-v" "/var/lib/crater-agent-workspace/cargo-home:/opt/rustwide/cargo-home:ro,Z" "-v" "/var/lib/crater-agent-workspace/rustup-home:/opt/rustwide/rustup-home:ro,Z" "-e" "SOURCE_DIR=/opt/rustwide/workdir" "-e" "CARGO_TARGET_DIR=/opt/rustwide/target" "-e" "CARGO_INCREMENTAL=0" "-e" "RUST_BACKTRACE=full" "-e" "RUSTFLAGS=--cap-lints=warn" "-e" "CARGO_HOME=/opt/rustwide/cargo-home" "-e" "RUSTUP_HOME=/opt/rustwide/rustup-home" "-w" "/opt/rustwide/workdir" "-m" "1610612736" "--user" "0:0" "--network" "none" "ghcr.io/rust-lang/crates-build-env/linux@sha256:34b6a614d2c27851fe6cbf88fbd1137609cefab8b10d0615aaeb6fd47975d74e" "/opt/rustwide/cargo-home/bin/cargo" "+1.54.0" "build" "--frozen" "--message-format=json", kill_on_drop: false }`
[INFO] [stdout] 84c3cb07b11fdfb8be99a1fd572fed5dacf18461095cc23172a8f904a2b116c9
[INFO] running `Command { std: "docker" "start" "-a" "84c3cb07b11fdfb8be99a1fd572fed5dacf18461095cc23172a8f904a2b116c9", kill_on_drop: false }`
[INFO] [stderr]    Compiling binser-derive v0.2.1
[INFO] [stderr]    Compiling binser v0.3.1 (/opt/rustwide/workdir)
[INFO] [stderr]     Finished dev [unoptimized + debuginfo] target(s) in 3.01s
[INFO] running `Command { std: "docker" "inspect" "84c3cb07b11fdfb8be99a1fd572fed5dacf18461095cc23172a8f904a2b116c9", kill_on_drop: false }`
[INFO] running `Command { std: "docker" "rm" "-f" "84c3cb07b11fdfb8be99a1fd572fed5dacf18461095cc23172a8f904a2b116c9", kill_on_drop: false }`
[INFO] [stdout] 84c3cb07b11fdfb8be99a1fd572fed5dacf18461095cc23172a8f904a2b116c9
[INFO] running `Command { std: "docker" "create" "-v" "/var/lib/crater-agent-workspace/builds/worker-6/target:/opt/rustwide/target:rw,Z" "-v" "/var/lib/crater-agent-workspace/builds/worker-6/source:/opt/rustwide/workdir:ro,Z" "-v" "/var/lib/crater-agent-workspace/cargo-home:/opt/rustwide/cargo-home:ro,Z" "-v" "/var/lib/crater-agent-workspace/rustup-home:/opt/rustwide/rustup-home:ro,Z" "-e" "SOURCE_DIR=/opt/rustwide/workdir" "-e" "CARGO_TARGET_DIR=/opt/rustwide/target" "-e" "CARGO_INCREMENTAL=0" "-e" "RUST_BACKTRACE=full" "-e" "RUSTFLAGS=--cap-lints=warn" "-e" "CARGO_HOME=/opt/rustwide/cargo-home" "-e" "RUSTUP_HOME=/opt/rustwide/rustup-home" "-w" "/opt/rustwide/workdir" "-m" "1610612736" "--user" "0:0" "--network" "none" "ghcr.io/rust-lang/crates-build-env/linux@sha256:34b6a614d2c27851fe6cbf88fbd1137609cefab8b10d0615aaeb6fd47975d74e" "/opt/rustwide/cargo-home/bin/cargo" "+1.54.0" "test" "--frozen" "--no-run" "--message-format=json", kill_on_drop: false }`
[INFO] [stdout] c6bda698729c38afb74ae51f9a47598d60b3344ca8f55ac81741a58b8a1d6d2f
[INFO] running `Command { std: "docker" "start" "-a" "c6bda698729c38afb74ae51f9a47598d60b3344ca8f55ac81741a58b8a1d6d2f", kill_on_drop: false }`
[INFO] [stderr]    Compiling binser v0.3.1 (/opt/rustwide/workdir)
[INFO] [stderr]     Finished test [unoptimized + debuginfo] target(s) in 1.01s
[INFO] running `Command { std: "docker" "inspect" "c6bda698729c38afb74ae51f9a47598d60b3344ca8f55ac81741a58b8a1d6d2f", kill_on_drop: false }`
[INFO] running `Command { std: "docker" "rm" "-f" "c6bda698729c38afb74ae51f9a47598d60b3344ca8f55ac81741a58b8a1d6d2f", kill_on_drop: false }`
[INFO] [stdout] c6bda698729c38afb74ae51f9a47598d60b3344ca8f55ac81741a58b8a1d6d2f
[INFO] running `Command { std: "docker" "create" "-v" "/var/lib/crater-agent-workspace/builds/worker-6/target:/opt/rustwide/target:rw,Z" "-v" "/var/lib/crater-agent-workspace/builds/worker-6/source:/opt/rustwide/workdir:ro,Z" "-v" "/var/lib/crater-agent-workspace/cargo-home:/opt/rustwide/cargo-home:ro,Z" "-v" "/var/lib/crater-agent-workspace/rustup-home:/opt/rustwide/rustup-home:ro,Z" "-e" "SOURCE_DIR=/opt/rustwide/workdir" "-e" "CARGO_TARGET_DIR=/opt/rustwide/target" "-e" "CARGO_INCREMENTAL=0" "-e" "RUST_BACKTRACE=full" "-e" "RUSTFLAGS=--cap-lints=warn" "-e" "CARGO_HOME=/opt/rustwide/cargo-home" "-e" "RUSTUP_HOME=/opt/rustwide/rustup-home" "-w" "/opt/rustwide/workdir" "-m" "1610612736" "--user" "0:0" "--network" "none" "ghcr.io/rust-lang/crates-build-env/linux@sha256:34b6a614d2c27851fe6cbf88fbd1137609cefab8b10d0615aaeb6fd47975d74e" "/opt/rustwide/cargo-home/bin/cargo" "+1.54.0" "test" "--frozen", kill_on_drop: false }`
[INFO] [stdout] 6a74cdb84322d48f2c9c4195229bbd93562cb2dc054276ffc9c5b71536cc94ea
[INFO] running `Command { std: "docker" "start" "-a" "6a74cdb84322d48f2c9c4195229bbd93562cb2dc054276ffc9c5b71536cc94ea", kill_on_drop: false }`
[INFO] [stderr]     Finished test [unoptimized + debuginfo] target(s) in 0.10s
[INFO] [stderr]      Running unittests (/opt/rustwide/target/debug/deps/binser-2bd0145d6950ae7d)
[INFO] [stderr]    Doc-tests binser
[INFO] [stdout] 
[INFO] [stdout] running 0 tests
[INFO] [stdout] 
[INFO] [stdout] test result: ok. 0 passed; 0 failed; 0 ignored; 0 measured; 0 filtered out; finished in 0.00s
[INFO] [stdout] 
[INFO] [stdout] 
[INFO] [stdout] running 1 test
[INFO] [stdout] test src/size.rs - size::Size (line 6) ... FAILED
[INFO] [stdout] 
[INFO] [stdout] failures:
[INFO] [stdout] 
[INFO] [stdout] ---- src/size.rs - size::Size (line 6) stdout ----
[INFO] [stdout] error[E0433]: failed to resolve: use of undeclared type `Self`
[INFO] [stdout]  --> src/size.rs:9:33
[INFO] [stdout]   |
[INFO] [stdout] 5 | assert_eq!(writer.data().len(), Self::SIZE);
[INFO] [stdout]   |                                 ^^^^ use of undeclared type `Self`
[INFO] [stdout] 
[INFO] [stdout] error[E0433]: failed to resolve: use of undeclared type `Writer`
[INFO] [stdout]  --> src/size.rs:7:18
[INFO] [stdout]   |
[INFO] [stdout] 3 | let mut writer = Writer::new();
[INFO] [stdout]   |                  ^^^^^^ not found in this scope
[INFO] [stdout]   |
[INFO] [stdout] help: consider importing this struct
[INFO] [stdout]   |
[INFO] [stdout] 2 | use binser::Writer;
[INFO] [stdout]   |
[INFO] [stdout] 
[INFO] [stdout] error[E0425]: cannot find value `Self` in this scope
[INFO] [stdout]  --> src/size.rs:8:14
[INFO] [stdout]   |
[INFO] [stdout] 4 | writer.write(Self);
[INFO] [stdout]   |              ^^^^ not found in this scope
[INFO] [stdout] 
[INFO] [stdout] error: aborting due to 3 previous errors
[INFO] [stdout] 
[INFO] [stdout] Some errors have detailed explanations: E0425, E0433.
[INFO] [stdout] For more information about an error, try `rustc --explain E0425`.
[INFO] [stdout] Couldn't compile the test.
[INFO] [stdout] 
[INFO] [stdout] failures:
[INFO] [stdout]     src/size.rs - size::Size (line 6)
[INFO] [stdout] 
[INFO] [stdout] test result: FAILED. 0 passed; 1 failed; 0 ignored; 0 measured; 0 filtered out; finished in 0.10s
[INFO] [stdout] 
[INFO] [stderr] error: test failed, to rerun pass '--doc'
[INFO] running `Command { std: "docker" "inspect" "6a74cdb84322d48f2c9c4195229bbd93562cb2dc054276ffc9c5b71536cc94ea", kill_on_drop: false }`
[INFO] running `Command { std: "docker" "rm" "-f" "6a74cdb84322d48f2c9c4195229bbd93562cb2dc054276ffc9c5b71536cc94ea", kill_on_drop: false }`
[INFO] [stdout] 6a74cdb84322d48f2c9c4195229bbd93562cb2dc054276ffc9c5b71536cc94ea
